(4531,NULL,1,'42823181','AYELEN','TOROPOCO','GARATE','2000-10-06','NO INFORMADO',1,1,0,2,'MIGUEL GRAU 399 VALDIVIEZO','NO INFORMADO','150101','0000000','972022132','ayelentoropoco0610@gmail.com','AAG003018','','42823181','NO INFORMADO',2,NULL,NULL,NULL,NULL,NULL,1,NULL,NULL,'TOROPOCO GARATE AYELEN','TOROPOCO GARATE AYEL'),(4532,NULL,1,'73042317','SEBASTIAN EDUARDO','REQUENA','MEJIA','2001-06-01','LIMA',1,1,0,1,'URB LA MERCED MZ H LOTE 58','CALLE 5','150103','3498866','980864911','sebastianrequen0106@gmail.com','116695521','','73042317','ESTUDIANTE Y TRABAJADOR',5,NULL,NULL,NULL,NULL,NULL,1,NULL,NULL,'REQUENA MEJIA SEBASTIAN EDUARDO','REQUENA MEJIA SEBAST'),(4533,NULL,1,'10771737','HERNAN','VELARDE','MENDOZA','1978-02-16','LIMA',1,1,0,1,'JIRON LAREDO 386, DPTO. 101, SURCO','PARALELA CDRA.9 AV. LA ENCALADA ','150101','','999430235','hernan_velarde@yahoo.es','','','10771737','INGENIERO CIVIL',5,NULL,NULL,NULL,NULL,NULL,1,NULL,NULL,'VELARDE MENDOZA HERNAN','VELARDE MENDOZA HERN'),(4534,NULL,3,'75391286','ALISON DENISSE ','MALQUI','SALAZAR','1999-03-16','LIMA ',1,1,0,2,'JIRON APURIMAC 3648 ','ALTURA DE LA CUADRA 36 DE LA AV. PERÚ','150135','-','933420763','alisondms1603@gmail.com','-','','75391286','ESTUDIANTE UNIVERSITARIO ',2,NULL,NULL,NULL,NULL,NULL,1,NULL,NULL,'MALQUI SALAZAR ALISON DENISSE ','MALQUI SALAZAR ALISO'),(4535,NULL,1,'76278480','GRECIA','LOSTAUNAU','RAMOS','1996-11-02','LIMA',1,1,0,2,'AV. 25 DE SETIEMBRE MZ.N1 LT.46 - PUENTE PIEDRA','FRENTE A VIVIENDA DE LA MARINA','150125','0000000','920132351','lostaunauramosg@gmail.com','','','76278480','ESTUDIANTE UNIVERSITARIO',2,NULL,NULL,NULL,NULL,NULL,1,NULL,NULL,'LOSTAUNAU RAMOS GRECIA','LOSTAUNAU RAMOS GREC'),(4536,NULL,3,'44137079','Giulianna Coral','-','-','2021-01-01','NO INFORMADO',1,1,0,3,'NO INFORMADO','NO INFORMADO','-','0000000','999999999','giuli.coral@gmail.com',NULL,NULL,'44137079','NO INFORMADO',7,NULL,NULL,NULL,NULL,NULL,1,NULL,NULL,NULL,NULL),(4537,NULL,1,'75486370','DEYANIRE JHENIFER ','DE LA O ','BRAVO','2002-04-27','BREÑA',1,1,0,2,'SECTOR 6 GRUPO 3 MANZANA N LOTE 11 ','AV. PERÚ CON AV. PASTOR SEVILLA','150142','01-5039237','912370284','deyanire2704@gmail.com','','','75486370','ESTUDIANTE',2,NULL,NULL,NULL,NULL,NULL,1,NULL,NULL,'DE LA O  BRAVO DEYANIRE JHENIFER ','DE LA O  BRAVO DEYAN'),(4538,NULL,1,'77172319','VERA LUCÍA','CENTENO','RUIZ','1997-12-25','LIMA',1,1,0,2,'A.A.H.H. ARMANDO VILLANUEVA DEL CAMPO MZ. 57 LT. 4','A LA ESPALDA DE LA CDR 60 DE LA AV. UNIVERSITARIA','150117','0000000','961558787','veraluciadlacr25@gmail.com','','','77172319','ESTUDIANTE DE ARQUITECTURA',3,NULL,NULL,NULL,NULL,NULL,1,NULL,NULL,'CENTENO RUIZ VERA LUCÍA','CENTENO RUIZ VERA LU'),(4539,NULL,1,'42230872','JOSE LUIS ','RAMIREZ','PERICH','1984-02-23','LIMA',1,1,0,1,'AVENIDA RICARDO PALMA 1255 DPTO 404 MIRAFLORES','CRUCE RICARDO PALMA CON PANAMA','150122','0000000','987945293','jlramirezper@gmail.com','','','42230872','ECONOMISTA',5,NULL,NULL,NULL,NULL,NULL,1,NULL,NULL,'RAMIREZ PERICH JOSE LUIS ','RAMIREZ PERICH JOSE'),(4540,NULL,1,'76316168','FRANK SANDRO ','SOTO','SALAZAR','1999-03-26','LIMA ',1,1,0,1,'MZ. B LOTE 25 SAGRADO MADERO , PRDO. 15 DE LAS FLORES , SJL ','PARADERO 15 DE LAS FLORES ','150132','3752546','931596692','franksoto2637@gmail.com','116745937','','76316168','ESTUDIANTE ',2,NULL,NULL,NULL,NULL,NULL,1,NULL,NULL,'SOTO SALAZAR FRANK SANDRO ','SOTO SALAZAR FRANK S'),(4541,NULL,1,'41750120','FREDY ','CORZO ','RUIZ ','1982-02-07','NO INFORMADO',1,1,0,1,'NO INFORMADO','NO INFORMADO','150116','0000000','973834750','fredycorzoruiz@gmail.com','','EXAMEN DE CLASIFICACION 26/03/2021 BASE 5 INTENSIVO.','41750120','NO INFORMADO',2,NULL,NULL,NULL,NULL,NULL,252,NULL,NULL,'CORZO  RUIZ  FREDY ','CORZO  RUIZ  FREDY'),(4542,NULL,1,'70141344','VICTORIA DEL ROSARIO ','CASTRO','DE LA CRUZ ','1999-01-31','LIMA',1,1,0,2,'SOL DE SANTA ANITA','ENTRE COLECTORA Y QUIMICA SUIZA ','150137','0000000','933911999','castrodelacruzvictoria@gmail.com','','ALUMNA CLASIFICADA EL 26 MARZO 2021 AL BASE 8 REGULAR','70141344','ESTUDIANTE',5,NULL,NULL,NULL,NULL,NULL,269,NULL,NULL,'CASTRO DE LA CRUZ  VICTORIA DEL ROSARIO ','CASTRO DE LA CRUZ  V'),(4543,NULL,1,'71443423','MILENE ','BECERRA','SULLUCHUCO','2002-09-25','LIMA',1,1,0,2,'NO INFORMADO','NO INFORMADO','150101','4023723','987428326','domamian2125@gmail.com','','','71443423','ESTUDIANTE',2,NULL,NULL,NULL,NULL,NULL,1,NULL,NULL,'BECERRA SULLUCHUCO MILENE ','BECERRA SULLUCHUCO M'),(4544,NULL,1,'10238549','DIANA SUSY','SANCHEZ','SANCHEZ','1975-11-20','LIMA',1,1,0,2,'NO INFORMADO','NO INFORMADO','-','0000000','986007636','naralexss@hotmail.com ','','','10238549','AMA DE  CASA',4,NULL,NULL,NULL,NULL,NULL,1,NULL,NULL,'SANCHEZ SANCHEZ DIANA SUSY','SANCHEZ SANCHEZ DIAN'),(4545,NULL,1,'48164747','MARCIA LORENA','MURILLO','MARTINEZ','1994-03-05','ASUNCIÓN - PARAGUAY',1,1,0,2,'JIRON RODRIGO DE MAZUELOS 461 - DPTO 202','ALT. CUADRA 11 DE LA AV. SUCRE','150120','0000000','99320567','narelomar@hotmail.com','','','48164747','',2,NULL,NULL,NULL,NULL,NULL,1,NULL,NULL,'MURILLO MARTINEZ MARCIA LORENA','MURILLO MARTINEZ MAR'),(4546,NULL,1,'47503218','CRISTINE ','PERRET','FIORINI','1992-12-11','SAN BORJA - PERU',1,1,0,2,'CALLE ALBERTO ARCA PARRO 131, SAN ISIDRO','TRANSVERSAL CUADRA 9 DE CONQUISTADORES','150131','4221416','943970035','perretcristine@gmail.com','YB4649520','EXAMEN DE CLASIFICACION 26/03/2021 INTERMEDIO 1 INTENSIVO.','47503218','ADMINISTRADORA',6,NULL,NULL,NULL,NULL,NULL,253,NULL,NULL,'PERRET FIORINI CRISTINE ','PERRET FIORINI CRIST'),(4547,NULL,1,'72708927','PIERINA ','SARMIENTO','VALENZUELA','1996-04-24','ICA, PERU',1,1,0,2,'CALLE CARRASCO 150, MAGDALENA DEL MAR','NO INFORMADO','150101','0000000','933126523','psarmiento41@gmail.com','','','72708927','ESTUDIANTE DE DERECHO',3,NULL,NULL,NULL,NULL,NULL,1,NULL,NULL,'SARMIENTO VALENZUELA PIERINA ','SARMIENTO VALENZUELA'),(4548,NULL,1,'08267245','ADOLFO','PERRET','BERMUDEZ','1959-03-21','LIMA',1,1,0,1,'CALLE ALBERTO ARCA PARRO 131 SAN ISIDRO','NO INFORMADO','150131','0000000','961590200','adolfoperret@gmail.com','YA28959632','EXAMEN DE CLASIFICACION 26/03/2021 BASE 2 INTENSIVO.','08267245','CHEF',5,NULL,NULL,NULL,NULL,NULL,249,NULL,NULL,'PERRET BERMUDEZ ADOLFO','PERRET BERMUDEZ ADOL'),(4549,NULL,1,'07626385','MONICA PATRICIA','CHAVEZ','ARANA','1969-01-25','LIMA',1,1,0,2,'AV ALAMEDA DE MONTE UMBROSO','687 -DTO. 202','150140','0000000','991249920','chavez730@hotmail.com','5323342','EXAMEN DE CLASIFICACION 26/03/2021 BASE 2 INTENSIVO.','07626385','ABOGADA',5,NULL,NULL,NULL,NULL,NULL,264,NULL,NULL,'CHAVEZ ARANA MONICA PATRICIA','CHAVEZ ARANA MONICA'),(4550,NULL,3,'71262139','WENDY MILUSKA CAMPOS GONZALES','CAMPOS','GONZALES','1994-10-06','CHICLAYO - LAMBAYEQUE',1,1,0,2,'JIRON AGUARICO 1198 DPTO 202 - URB. AZCONA','A UNA CUADRA DEL COLEGIO MARIANO MELGAR BREÑA','150105','0000000','963334881','wmcgm1022@gmail.com','','','71262139','ECONOMISTA',2,NULL,NULL,NULL,NULL,NULL,1,NULL,NULL,'CAMPOS GONZALES WENDY MILUSKA CAMPOS GONZALES','CAMPOS GONZALES WEND'),(4551,NULL,1,'08713234',' ANA MARÍA LUCIA ','CABRERA ','SEGURA','1957-09-03','LIMA',1,1,0,2,'MONTE BLANCO 117','SANTIAGO DE SURCO','150101','','996408040','annhie2000@gmail.com','','RESERVA DE S/. 590 PARA ABRIL 2021 AUTORIZADA POR DIANA. UTILIZO` LA RESERVA. QUEDA UN SALDO A FAVOR DE S/. 180.','08713234','PROFESORA YOGA / INGENIERO',3,NULL,NULL,NULL,NULL,NULL,1,NULL,NULL,'CABRERA  SEGURA  ANA MARÍA LUCIA ','CABRERA  SEGURA  ANA'),(4552,NULL,3,'61033516','Antonietta Valentina','-','-','2021-01-01','NO INFORMADO',1,1,0,3,'NO INFORMADO','NO INFORMADO','-','0000000','999999999','chavez730@hotmail.com',NULL,NULL,'61033516','NO INFORMADO',7,NULL,NULL,NULL,NULL,NULL,1,NULL,NULL,NULL,NULL),(4553,NULL,1,'75212427','DIEGO FRANCISCO  ','ALARCON','REGALADO','2004-04-28','COMAS',1,1,0,1,'JR HUAYNA CAPAC 121 COMAS','AV MIICAELA','150110','0000000','960369452','luisarch_8@hotmail.com','','','75212427','ESTUDIANTE',2,NULL,NULL,NULL,NULL,NULL,1,NULL,NULL,'ALARCON REGALADO DIEGO FRANCISCO  ','ALARCON REGALADO DIE'),(4554,NULL,1,'75241582','FRANCISCO ALONSO ','MEZA','REGALADO','2000-04-20','NO INFORMADO',1,1,0,1,'JR YAHUAR HUACA 188','AV MICAELA','150110','960369452','960369452','Aalonsooregaladooq@outlook.es','','','75241582','ESTUDIANTE',5,NULL,NULL,NULL,NULL,NULL,1,NULL,NULL,'MEZA REGALADO FRANCISCO ALONSO ','MEZA REGALADO FRANCI'),(4555,NULL,1,'10643511','RUBEN ALEJANDRO','ESCALANTE','ESPILLCO','1977-04-17','NO INFORMADO',1,1,0,1,'AV. PROCERES  MZQ4 LTE 15 SJM','PARQUE 12 DE NOVIEMBRE','150101','-','945624772','rescalae.uni@hotmail.com','','','10643511','NO INFORMADO',3,NULL,NULL,NULL,NULL,NULL,1,NULL,NULL,'ESCALANTE ESPILLCO RUBEN ALEJANDRO','ESCALANTE ESPILLCO R'),(4556,NULL,1,'08786557','ROSAMARIA ','ALVAREZ GIL','HEREDIA','1960-10-17','LIMA',1,1,0,2,'LOS LAURELES 610','NO INFORMADO','150101','01 4224864','998096120','rosmea@gmail.com','','','08786557','CINEASTA',5,NULL,NULL,NULL,NULL,NULL,1,NULL,NULL,'ALVAREZ GIL HEREDIA ROSAMARIA ','ALVAREZ GIL HEREDIA'),(4557,NULL,1,'75211230','CHIARA STAGNARO','ESTREMADOYRO','STAGNARO','2004-08-19','PERÚ',1,1,0,2,'NO INFORMADO','NO INFORMADO','150101','51977153638','977153638','chiara.estremadoyro.stagnaro@gmail.com','','','75211230','ESTUDIANTE',3,NULL,NULL,NULL,NULL,NULL,1,NULL,NULL,'ESTREMADOYRO STAGNARO CHIARA STAGNARO','ESTREMADOYRO STAGNAR'),(4558,NULL,1,'45795967','KATHERINE LOURDES ','SÁNCHEZ','CAYCHO','1989-06-03','SAN VICENTE DE CAÑETE',1,1,0,2,'CALLE VALLADOLID Nº 144 - MAYORAZGO (ATE)','POR LA PRE DE LA UNIVERSIDAD DE LIMA','150103','0000000','954592803','klscaycho36@gmail.com','118570394','ALUMNA CLASIFICADA EL 29 MARZO 2021 AL BASE 4 REGULAR.','45795967','BIOLOGO',4,NULL,NULL,NULL,NULL,NULL,265,NULL,NULL,'SÁNCHEZ CAYCHO KATHERINE LOURDES ','SANCHEZ CAYCHO KATHE'),(4559,NULL,1,'73510636','SILVANA ','MARCHENA','SUAREZ','1995-03-09','LIMA',1,1,0,2,'CALLE LAS PALMAS 162, URB. LOS ALERCES','ALT. DE LA CUADRA 1 DE LA AV. CASUARINAS','150140','014098696','999933674','sil.marchena95@gmail.com','119136860','','73510636','ARQUITECTA',7,NULL,NULL,NULL,NULL,NULL,1,NULL,NULL,'MARCHENA SUAREZ SILVANA ','MARCHENA SUAREZ SILV'),(4560,NULL,1,'47617844','DANIE JACKSON ','ACUÑA','GUILLÉN','1991-06-01','NO INFORMADO',1,1,0,1,'NO INFORMADO','NO INFORMADO','150101','0000000','980594419','med.acunag.1@gmail.com','','','47617844','NO INFORMADO',2,NULL,NULL,NULL,NULL,NULL,1,NULL,NULL,'ACUÑA GUILLÉN DANIE JACKSON ','ACUNA GUILLEN DANIE'),(4561,NULL,1,'41964352','ERICK ALBERTO','QUISPE','LOAYZA','1981-10-04','LIMA',1,1,0,1,'LIMA','NO INFORMADO','-','0000000','982159126','erickquispe333@gmail.com','','','41964352','LICENCIADO EN ENFERMERIA',5,NULL,NULL,NULL,NULL,NULL,1,NULL,NULL,'QUISPE LOAYZA ERICK ALBERTO','QUISPE LOAYZA ERICK'),(4562,NULL,1,'47115874','BETSY MIRCIA ','ORELLANA',' ROJAS','1991-06-15','HUANCAYO',1,1,0,2,'AV. BRASIL 948','ALTURA CUADRA 9','150105','4235112','934761356','betsyorellanar@gmail.com','','','47115874','ING. INDUSTRIAL',4,NULL,NULL,NULL,NULL,NULL,1,NULL,NULL,'ORELLANA  ROJAS BETSY MIRCIA ','ORELLANA  ROJAS BETS'),(4563,NULL,1,'75132919','NAZIA ANTUANET','LÓPEZ','SERNA','2000-10-19','LIMA',1,1,0,2,'JR. ARTURO SUAREZ 1154 ZONA C-2 MZ. N-2 LT. 30','NO INFORMADO','150101','0000000','967426826','nadia_net_2000@hotmail.com','','','75132919','ESTUDIANTE DE DISEÑO DE MODA',2,NULL,NULL,NULL,NULL,NULL,1,NULL,NULL,'LÓPEZ SERNA NAZIA ANTUANET','LOPEZ SERNA NAZIA AN'),(4564,NULL,1,'47210490','RENZO MAURICIO','LEON','TREJO','1991-08-22','LIMA, LIMA, PERU',1,1,0,1,'JIRON DON BOSCO 375','ALTURA CUADRA 03 AV. BRASIL','150105','3678444','945094719','renzo.leont@gmail.com','','ALUMNO CLASIFICADO AL BASE 5 REGULAR EL 26 MARZO 2021','47210490','NO INFORMADO',2,NULL,NULL,NULL,NULL,NULL,266,NULL,NULL,'LEON TREJO RENZO MAURICIO','LEON TREJO RENZO MAU'),(4565,NULL,1,'21863086','PAULO JESUS','DEL RIO','ALTAMIRANO','1973-01-18','LIMA',1,1,0,1,'NO INFORMADO','NO INFORMADO','150113','0000000','992762264','paulojdelrioa@gmail.com','','','21863086','ABOGADO',7,NULL,NULL,NULL,NULL,NULL,1,NULL,NULL,'DEL RIO ALTAMIRANO PAULO JESUS','DEL RIO ALTAMIRANO P'),(4566,NULL,1,'73114802','ALDO ','SILVERA','COAQUERA','2000-02-21','LIMA',1,1,0,1,'ASOC.VIV.CULTURA PERUANA MODERNA ','ENTRE METROPOLITANA Y SANTA ANA','150137','0000000','913627603','aldo.silvera@tecsup.edu.pe','','','73114802','ESTUDIANTE',5,NULL,NULL,NULL,NULL,NULL,1,NULL,NULL,'SILVERA COAQUERA ALDO ','SILVERA COAQUERA ALD'),(4567,NULL,1,'70477883','GISELLE','ESCOBAR','VASQUEZ','1994-11-10','ARGENTINA',1,1,0,2,'QUETZAL 259','ALT. CUADRA 4 DE LA AV. SANTA ROSA','150101','0000000','992650075','giselleescobar.v@gmail.com','','RESERVA DE S/. 230 PARA MAYO 2021 (PAGO 01/04/2021).','70477883','ADMINISTRACIÓN DE TURISMO Y HOTELERÍA',5,NULL,NULL,NULL,NULL,NULL,1,NULL,NULL,'ESCOBAR VASQUEZ GISELLE','ESCOBAR VASQUEZ GISE'),(4568,NULL,3,'-','NO INFORMADO','NO INFORMADO','NO INFORMADO','2001-11-29','NO INFORMADO',1,1,0,2,'-','NO INFORMADO','150117','-','-','-','','','73093399','-',4,NULL,NULL,NULL,NULL,NULL,1,NULL,NULL,'NO INFORMADO NO INFORMADO NO INFORMADO','NO INFORMADO NO INFO'),(4569,NULL,1,'73124093','RODRIGO ANDRES','REATEGUI','MONTESINOS','2000-11-27','LIMA',1,1,0,1,'CALLE ENRIQUE CAMPOS 125 SURCO','ENTRE LAS CUADRAS 48 Y 49 DE BENAVIDES','150140','2753596','998544553','rodrigo.reategui321@gmail.com','YA4841505','','73124093','ESTUDIANTE',2,NULL,NULL,NULL,NULL,NULL,1,NULL,NULL,'REATEGUI MONTESINOS RODRIGO ANDRES','REATEGUI MONTESINOS'),(4570,NULL,1,'40951707','KATTY ELIZABETH','ALEJOS','YAURICASA','1981-05-20','LIMA',1,1,0,2,'LA PARRA 105, DEPARTAMENTO 202, SURCO','NO INFORMADO','150140','2664894','993626880','KATTY8866@HOTMAIL.COM','','','40951707','MEDICO OCUPACIONAL',6,NULL,NULL,NULL,NULL,NULL,1,NULL,NULL,'ALEJOS YAURICASA KATTY ELIZABETH','ALEJOS YAURICASA KAT'),(4571,NULL,1,'74762753','CARELYN KELLY ','MARCELO','ECHEVARRIA','1994-06-28','LIMA CLINICA MAISON DE SANTE',1,1,0,2,'JR.INDEPENDENCIA  N.930 VILLA MARIA','NO INFORMADO','150143','0000000','945501109','carelyn_15@hotmail.com','','EXAMEN DE CLASIFICACION 26/03/2021 BASE 3 INTENSIVO.','74762753','ESTUDIANTE',2,NULL,NULL,NULL,NULL,NULL,250,NULL,NULL,'MARCELO ECHEVARRIA CARELYN KELLY ','MARCELO ECHEVARRIA C'),(4572,NULL,1,'09531102','CAROLYN','HORNY','SIVERIO','1973-06-02','LIMA',1,1,0,2,'CAPITAN JOSE QUINONES 175 DPTO 401 MIRAFLORES','XXX','150101','4414762','998398781','carolyncastellano@yahoo.co.uk','','EXAMEN DE CLASIFICACION 26/03/2021 BASE 3 INTENSIVO.','09531102','ABOGADA',2,NULL,NULL,NULL,NULL,NULL,250,NULL,NULL,'HORNY SIVERIO CAROLYN','HORNY SIVERIO CAROLY'),(4573,NULL,1,'72796565','XIOMARA','PEREZ','SUAREZ','2001-10-11','NO INFORMADO',1,1,0,2,'AV. SANTA ROSA 613','NO INFORMADO','150143','','968947389','xiomaraps41@gmail.com','','','72796565','NO INFORMADO',4,NULL,NULL,NULL,NULL,NULL,1,NULL,NULL,'PEREZ SUAREZ XIOMARA','PEREZ SUAREZ XIOMARA'),(4574,NULL,1,'10301760','ANTOANETT','WALLISCH','HUAMAN','1975-08-08','LIMA',1,1,0,2,'ESTEBAN CAMERE 384 SURCO','AL LADO POSTA DE SALUD DE SAN ROQUE','150101','0000000','957603208','anett.wallisch@gmail.com','','','10301760','EMPLEADO',5,NULL,NULL,NULL,NULL,NULL,1,NULL,NULL,'WALLISCH HUAMAN ANTOANETT','WALLISCH HUAMAN ANTO'),(4575,NULL,1,'75508525','DIANNY ROSEMARY','LLACCTAHUAMÁN','MARCAS','1997-08-12','HUANCAYO',1,1,0,2,'DIAMANTE AZUL #158','NO INFORMADO','120114','','966922367','d.rosemary.97.12@gmail.com','','','75508525','ESTUDIANTE',6,NULL,NULL,NULL,NULL,NULL,1,NULL,NULL,'LLACCTAHUAMÁN MARCAS DIANNY ROSEMARY','LLACCTAHUAMAN MARCAS'),(4576,NULL,1,'47930245','MICHELI ROMY VALERIO AIRE','VALERIO ','AIRE','1992-06-18','HUANCAYO',1,1,0,2,'RESIDENCIAL SAN FELIPE 610- JESUS MARIA','NO INFORMADO','150113','0000000','989643354','valerioa.romy@gmail.com','','','47930245','ASISTENTA',6,NULL,NULL,NULL,NULL,NULL,1,NULL,NULL,'VALERIO  AIRE MICHELI ROMY VALERIO AIRE','VALERIO  AIRE MICHEL'),(4577,NULL,1,'70384759','GIULIANNA','RIVARA','ZAMORA','1991-10-28','LIMA',1,1,0,2,'MARTIN NAPANGA 211','NO INFORMADO','150122','','976357036','inita_rz@hotmail.com','','','70384759','NO INFORMADO',5,NULL,NULL,NULL,NULL,NULL,1,NULL,NULL,'RIVARA ZAMORA GIULIANNA','RIVARA ZAMORA GIULIA'),(4578,NULL,1,'74155489','MILUSKA','CORTEZ','REYES','1999-04-25','LIMA',1,1,0,2,'COOP.LA UNION MZ I LOTE 25 A','NO INFORMADO','150135','6575701','989089874','miluska_17@hotmail.com','','','74155489','ESTUDIANTE',4,NULL,NULL,NULL,NULL,NULL,1,NULL,NULL,'CORTEZ REYES MILUSKA','CORTEZ REYES MILUSKA'),(4579,NULL,1,'73133353','JHON JAIRO JOEL','JARA','MAUTINO','1995-06-22','HUARAZ',1,1,0,1,'JR. VILLANUEVA 1029 HUARAZ','HUARAZ-ANCASH','020101','0000000','943499878','u201522640@upc.edu.pe','','','73133353','ESTUDIANTE UNIVERSITARIO',5,NULL,NULL,NULL,NULL,NULL,1,NULL,NULL,'JARA MAUTINO JHON JAIRO JOEL','JARA MAUTINO JHON JA'),(4580,NULL,1,'70384782','ANTONELLA PAOLA','RIVARA','ZAMORA','1990-01-29','LIMA',1,1,0,2,'','NO INFORMADO','150101','0000000','966420931','apaola.90@hotmail.com','','','70384782','GERENTE',5,NULL,NULL,NULL,NULL,NULL,1,NULL,NULL,'RIVARA ZAMORA ANTONELLA PAOLA','RIVARA ZAMORA ANTONE'),(4581,NULL,1,'70360221','RAYSA SUE','JHONG','MANTILLA','2000-01-04','PISCO',1,1,0,2,'SAN MIGUEL JR. RAMON CASTILLA 203','NO INFORMADO','110101','0000000','951396105','raysajm8@gmail.com','','ALUMNA CUENTA CON UN SALDO A FAVOR DE 5 SOLES PARA EL CICLO DE MAYO 2021.','70360221','',3,NULL,NULL,NULL,NULL,NULL,1,NULL,NULL,'JHONG MANTILLA RAYSA SUE','JHONG MANTILLA RAYSA'),(4582,NULL,1,'47971179','SOL ISIS YAJAIRA ','BENAVIDES','MEZA','1993-07-08','PERÚ',1,1,0,2,'DOÑA ANA 396 DPTO 501','ENTRE LA 2 Y 3 DE LA AV AYACUCHO','150101','016888639','949235813','ybenavides007@gmail.com','','','47971179','MÚSICO',2,NULL,NULL,NULL,NULL,NULL,1,NULL,NULL,'BENAVIDES MEZA SOL ISIS YAJAIRA ','BENAVIDES MEZA SOL I'),(4583,NULL,3,'72181688','Margarita','-','-','2021-01-01','NO INFORMADO',1,1,0,3,'NO INFORMADO','NO INFORMADO','-','0000000','999999999','margarita_04ln@hotmail.com',NULL,NULL,'72181688','NO INFORMADO',7,NULL,NULL,NULL,NULL,NULL,1,NULL,NULL,NULL,NULL),(4584,NULL,1,'10220781','PAOLA LUCIA','AGUSTI','ROSAS','1975-06-14','LIMA',1,1,0,2,'NO INFORMADO','NO INFORMADO','150131','0000000','999913333','paolagusti@gmail.com','','','10220781','DOCENTE UNIVERSITARIO',6,NULL,NULL,NULL,NULL,NULL,1,NULL,NULL,'AGUSTI ROSAS PAOLA LUCIA','AGUSTI ROSAS PAOLA L'),(4585,NULL,1,'70493975','LYNN KATHERINE','ZAMBRANO','BRAVO','1989-10-02','LIMA',1,1,0,2,'CONDOMINIOS LOS LAURELES 1RA ETAPA, TORRE 5 DPTO 1204 - COMAS','CDRA. 11 AVENIDA MICAELA BASTIDAS','150110','01 3805367','943511304','lynn.psic@gmail.com','','','70493975','PSICÓLOGA',5,NULL,NULL,NULL,NULL,NULL,1,NULL,NULL,'ZAMBRANO BRAVO LYNN KATHERINE','ZAMBRANO BRAVO LYNN'),(4586,NULL,1,'76733092','DANIEL ','CERVANTES','BUSTAMANTE','1994-07-19','LIMA',1,1,0,1,'OQUENDO DE AMAT 124','NO INFORMADO','150101','0000000','988886884','cervantesbustamantedaniel@gmail.com','','','76733092','NAVAL',3,NULL,NULL,NULL,NULL,NULL,1,NULL,NULL,'CERVANTES BUSTAMANTE DANIEL ','CERVANTES BUSTAMANTE'),(4587,NULL,3,'47026362','Melissa ','-','-','2021-01-01','NO INFORMADO',1,1,0,3,'NO INFORMADO','NO INFORMADO','-','0000000','999999999','melu1309@gmail.com',NULL,NULL,'47026362','NO INFORMADO',7,NULL,NULL,NULL,NULL,NULL,1,NULL,NULL,NULL,NULL),(4588,NULL,1,'48394784','JAQUELINE NELLY','GARCIA','REYES','1994-06-30','VENEZUELA',1,1,0,2,'JR PABLO CHAVEZ 109','LA CASA SE ENCUENTRA EN UNA ESQUINA AL FRENTE DE UNA CANCHA DE FUTBOL \"MIGUEL IGLESIAS\"','150101','0000000','981560387','jaquelinegarciareyes4@gmail.com','','','48394784','ESTUDIANTE',2,NULL,NULL,NULL,NULL,NULL,1,NULL,NULL,'GARCIA REYES JAQUELINE NELLY','GARCIA REYES JAQUELI'),(4589,NULL,1,'71234779','ALESSANDRA ','ROBLES','ROSAS','2001-05-19','MIRAFLORES, LIMA',1,1,0,2,'AV. JOSÉ LEGUIA Y MELENDEZ 1578','NO INFORMADO','150121','4628992','992479873','alessandraroblesrosas@gmail.com','','','71234779','ESTUDIANTE',5,NULL,NULL,NULL,NULL,NULL,1,NULL,NULL,'ROBLES ROSAS ALESSANDRA ','ROBLES ROSAS ALESSAN'),(4590,NULL,1,'76919448','MIRELLA','MORAN','DE FREITAS','2002-07-21','',1,1,0,2,'NO INFORMADO','','150140','0000000','944234220','mirellamorandf@hotmail.com','','','76919448','ESTUDIANTE',2,NULL,NULL,NULL,NULL,NULL,1,NULL,NULL,'MORAN DE FREITAS MIRELLA','MORAN DE FREITAS MIR'),(4591,NULL,1,'76378890','MERLY BRIGITTE','ACHA','ARAUJO','2002-09-24','LIMA',1,1,0,2,'JR. YAHUAR HUACA 7267 URB. EL TREBOL ','NO INFORMADO','150117','','991490688','merly444@outlook.es','','','76378890','ESTUDIANTE',2,NULL,NULL,NULL,NULL,NULL,1,NULL,NULL,'ACHA ARAUJO MERLY BRIGITTE','ACHA ARAUJO MERLY BR'),(4592,NULL,1,'41980204','ROSARIO','MARTENSEN','MUÑOZ','1983-08-02','LIMA',1,1,0,2,'NO INFORMADO','NO INFORMADO','150101','0000000','993254260','pina.martensen@hotmail.com','','','41980204','NO INFORMADO',3,NULL,NULL,NULL,NULL,NULL,1,NULL,NULL,'MARTENSEN MUÑOZ ROSARIO','MARTENSEN MUNOZ ROSA'),(4593,NULL,3,'76353512','JOSÉ FABIO','GOMEZ','LEO','1999-06-18','AREQUIPA',1,1,0,1,'CALLE LOS ARCES 505 CONDOMINIO MONTEFLOR II CASA F','NO INFORMADO','040103','','976221942','jfgomezleo@gmail.com','','','76353512','ESTUDIANTE',3,NULL,NULL,NULL,NULL,NULL,1,NULL,NULL,'GOMEZ LEO JOSÉ FABIO','GOMEZ LEO JOSE FABIO'),(4594,NULL,1,'44330583','ALEXANDER JUNIOR','CHAVEZ','BALDEON','1987-06-08','LA OROYA - JUNIN ',1,1,0,1,'COOP. VIÑA SAN FRANCISCO MZ T LT 2','AV LA CULTURA ','150137','0000000','987114115','achavezb@pucp.pe','','','44330583','NO INFORMADO',7,NULL,NULL,NULL,NULL,NULL,1,NULL,NULL,'CHAVEZ BALDEON ALEXANDER JUNIOR','CHAVEZ BALDEON ALEXA'),(4595,NULL,1,'16142983','ULDA ','NAVARRETE','TICSE','1958-05-17','LIMA',1,1,0,2,'JUAN VELASCO','NO INFORMADO','150714','0000000','965372948','margarita_04ln@hotmail.com','','','16142983','AMA DE CASA',4,NULL,NULL,NULL,NULL,NULL,1,NULL,NULL,'NAVARRETE TICSE ULDA ','NAVARRETE TICSE ULDA'),(4596,NULL,1,'73255649','JOSUE','LOAYZA','VILLARROEL','2004-02-29','LIMA',1,1,0,1,'JUAN VELASCO','COMITE 2, MANZANA F, LOTE 17B','150714','','963017680','josue2loayza9villarroel@gmail.com','','','73255649','ESTUDIANTE',4,NULL,NULL,NULL,NULL,NULL,1,NULL,NULL,'LOAYZA VILLARROEL JOSUE','LOAYZA VILLARROEL JO'),(4597,NULL,1,'48085204','DIEGO JHONNY VIDAL ','SULCA','PUCHURI','1993-11-20','LIMA',1,1,0,1,'AV. REVOLUCIÓN 3341','COMAS','150110','5201747','931485532','puchuri.diego@gmail.com','118647167','','48085204','ELECTRICISTA',4,NULL,NULL,NULL,NULL,NULL,1,NULL,NULL,'SULCA PUCHURI DIEGO JHONNY VIDAL ','SULCA PUCHURI DIEGO'),(4598,NULL,1,'72042098','CARLO STEFANO','CERSSO','LAGOS','1996-06-13','JESUS MARIA',1,1,0,1,'CALLE CONDE DE SANTISTEBAN 196','ESPALDA DEL PARQUE LA TAPADA','150140','012743570','947555530','cscerssol@gmail.com','','','72042098','INGENIERO',6,NULL,NULL,NULL,NULL,NULL,1,NULL,NULL,'CERSSO LAGOS CARLO STEFANO','CERSSO LAGOS CARLO S'),(4599,NULL,1,'73204615','LORENA ','CALDERON ','BECERRA','1998-04-26','NO INFORMADO',1,1,0,2,'NO INFORMADO','NO INFORMADO','140101','0000000','924518884','cblorena26@hotmail.com','','','73204615','NO INFORMADO',2,NULL,NULL,NULL,NULL,NULL,1,NULL,NULL,'CALDERON  BECERRA LORENA ','CALDERON  BECERRA LO'),(4600,NULL,1,'72397264','RENATO SALVADOR BREÑA MENA','BREÑA','MENA','2002-12-28','NO INFORMADO',1,1,0,1,'','','150130','','968754016','rsalvador.bm@gmail.com','','','72397264','ESTUDIANTE',3,NULL,NULL,NULL,NULL,NULL,1,NULL,NULL,'BREÑA MENA RENATO SALVADOR BREÑA MENA','BRENA MENA RENATO SA'),(4601,NULL,1,'46266527',' LORENA PATRICIA','APARICIO','CONTRERAS','1990-02-17','LIMA',1,1,0,2,'NO INFORMADO','NO INFORMADO','150121','0000000','940961760','Lorenaaparicio2011@gmail.com ','','','46266527','ESTUDANTE',2,NULL,NULL,NULL,NULL,NULL,1,NULL,NULL,'APARICIO CONTRERAS  LORENA PATRICIA','APARICIO CONTRERAS'),(4602,NULL,1,'73518008','SUSAN JHONELA','BAÑON','JORGE','1996-05-22','PERÚ ',1,1,0,2,'NO INFORMADO','NO INFORMADO','150101','0000000','920049093','jhnsusan22.ciara.tyler@gmail.com','','','73518008','ESTUDIANTE ',6,NULL,NULL,NULL,NULL,NULL,1,NULL,NULL,'BAÑON JORGE SUSAN JHONELA','BANON JORGE SUSAN JH'),(4603,NULL,1,'47331118','LEONID','LLANTO','SEMINARIO','1992-01-03','LIMA',1,1,0,1,'CONDOMINIO CIUDAD NUEVA - TORRE C - DEP 601','FRENTE A TOTTUS DE LA AV.CANTA CALLAO ','070101','6020991','902359556','leonidllanse.arq@gmail.com','','','47331118','ARQUITECTO',2,NULL,NULL,NULL,NULL,NULL,1,NULL,NULL,'LLANTO SEMINARIO LEONID','LLANTO SEMINARIO LEO'),(4604,NULL,3,'76334740','ANTONELLA','SINISI','SALAS','2003-09-12','LIMA',1,1,0,2,'JR PUERTO ETÉN 191 DPTO D 302','ALTURA CDRA 11 AV MARISCAL CASTILLA','150140','0000000','981569163','antonellass03@gmail.com','','','76334740','ESTUDIANTE',2,NULL,NULL,NULL,NULL,NULL,1,NULL,NULL,'SINISI SALAS ANTONELLA','SINISI SALAS ANTONEL'),(4605,NULL,1,'75275212','JENNIFER WENDIE','GAVIDIA','OBREGON','1994-09-30','LIMA',1,1,0,2,'CALLE SAN SEBASTIAN 120 SURCO','A 4 CUADRAS DEL ESTADIO UNION DE BARRANCO','150140','0000000','924464096','wendie.gavidia@outlook.com','','','75275212','INGENIERA INDUSTRIAL',3,NULL,NULL,NULL,NULL,NULL,1,NULL,NULL,'GAVIDIA OBREGON JENNIFER WENDIE','GAVIDIA OBREGON JENN'),(4606,NULL,1,'41236341','CARLOS ENRIQUE','HUAMAN ','DE JESUS','1982-03-19','LIMA',1,1,0,1,'GENERAL SUAREZ 912','3 CUADRAS DEL PUENTE ANGAMOS','150101','0000000','924161934','woodhy19@hotmail.com','','','41236341','INGENIERO INDUSTRIAL',7,NULL,NULL,NULL,NULL,NULL,1,NULL,NULL,'HUAMAN  DE JESUS CARLOS ENRIQUE','HUAMAN  DE JESUS CAR'),(4607,NULL,1,'72115745','YADHIRA MAYZA','LARIENA','VASQUEZ','2002-10-16','LIMA',1,1,0,2,'JR VIÑA LARIENA MZ O LOTE 5-LOS PARRALES DE SURCO','NO INFORMADO','150101','0000000','939353425','mayza.vasquez@gmail.com','','','72115745','ESTUDIANTE',5,NULL,NULL,NULL,NULL,NULL,1,NULL,NULL,'LARIENA VASQUEZ YADHIRA MAYZA','LARIENA VASQUEZ YADH'),(4608,NULL,1,'74921304','MELANIE SOLANGE','CASTILLO','NAPANGA','2000-01-25','LIMA',1,1,0,2,'JR. EMILIO DE LOS RIOS 5408','NO INFORMADO','150117','7601032','997620558','mecastillon.25@gmail.com','','','74921304','ESTUDIANTE',6,NULL,NULL,NULL,NULL,NULL,1,NULL,NULL,'CASTILLO NAPANGA MELANIE SOLANGE','CASTILLO NAPANGA MEL'),(4609,NULL,3,'70670104','Andrea Fabiana Meza Yaulis','-','-','2021-01-01','NO INFORMADO',1,1,0,3,'NO INFORMADO','NO INFORMADO','-','0000000','999999999','fabimeza.fm7320@gmail.com',NULL,NULL,'70670104','NO INFORMADO',7,NULL,NULL,NULL,NULL,NULL,1,NULL,NULL,NULL,NULL),(4610,NULL,1,'73866375','CHIARA ANTONELLA','BENEDETTI','PUN','2000-02-01','LIMA',1,1,0,2,'NO INFORMADO','NO INFORMADO','150131','0000000','947467942','chiaraantonella@hotmail.com','','','73866375','ESTUDIANTE',7,NULL,NULL,NULL,NULL,NULL,1,NULL,NULL,'BENEDETTI PUN CHIARA ANTONELLA','BENEDETTI PUN CHIARA'),(4611,NULL,1,'40391926','PATRICIA','AMACIFUEN','VILCHEZ','1979-11-18','',1,1,0,2,'NO INFORMADO','NO INFORMADO','150140','0000000','999999999','triciaav@yahoo.com','','','40391926','NO INFORMADO',2,NULL,NULL,NULL,NULL,NULL,1,NULL,NULL,'AMACIFUEN VILCHEZ PATRICIA','AMACIFUEN VILCHEZ PA'),(4612,NULL,3,'75919850','FABRICIO ENRIQUE','GONZALES','ZEVALLOS','2003-08-03','LIMA',1,1,0,1,'MORRO SOLAR 944 SURCO','EN LA MISMA PANAMERICANA','150101','3728171','999566165','cristinagonzales2626@gmail.com','','','75919850','ESTUDIANTE',7,NULL,NULL,NULL,NULL,NULL,1,NULL,NULL,'GONZALES ZEVALLOS FABRICIO ENRIQUE','GONZALES ZEVALLOS FA'),(4613,NULL,1,'74698930','ENZO ALEJANDRO','OCOLA','CALLIRGOS','1999-12-14','LIMA',1,1,0,1,'PASEO DE LOS REYES 205','NO INFORMADO','150114','0000000','987121046','ocolaenzo@hotmail.com','','EXAMEN DE CLASIFICACION 26/03/2021 BASE 5 REGULAR.','74698930','ESTUDIANTE',2,NULL,NULL,NULL,NULL,NULL,266,NULL,NULL,'OCOLA CALLIRGOS ENZO ALEJANDRO','OCOLA CALLIRGOS ENZO'),(4614,NULL,1,'76508065','VIVIANA ','CRESPO','ESPINOZA','1995-08-24','LIMA',1,1,0,2,'AV.LA ENCALADA 1383','NO INFORMADO','150101','','997905271','crespo.viviana.e@gmail.com','','','76508065','',3,NULL,NULL,NULL,NULL,NULL,1,NULL,NULL,'CRESPO ESPINOZA VIVIANA ','CRESPO ESPINOZA VIVI'),(4615,NULL,1,'41840561','KARIM ','ABUID','CHEHADE','1983-06-27','LIMA',1,1,0,1,'CALLE PIURA 1043, DPTO 702','NO INFORMADO','150122','0000000','982068601','karimabuid@gmail.com','','','41840561','ABOGADO',3,NULL,NULL,NULL,NULL,NULL,1,NULL,NULL,'ABUID CHEHADE KARIM ','ABUID CHEHADE KARIM'),(4616,NULL,1,'47952726','RUBY ALMENDRA','IBAÑEZ','BERROCAL','1992-11-30','LIMA',1,1,0,2,'CALLE LOS MAGISTRADOS 157','INGRESO A CONDOMINIO A 1 CUADRA DEL OVALO LA FONTANA ','150114','','966008100','almendra.ib91@gmail.com','','','47952726','ARQUITECTA',2,NULL,NULL,NULL,NULL,NULL,1,NULL,NULL,'IBAÑEZ BERROCAL RUBY ALMENDRA','IBANEZ BERROCAL RUBY'),(4617,NULL,1,'45834467','HANIA PIERINA','PITA','IBAÑEZ','1989-03-08','MIRAFLORES',1,1,0,2,'AV. MARISCAL CASTILLA MZ I LT 106, URB LA CAPULLANA, SURCO','CRUCE DE MARISCAL CASTILLA CON VICUS','150101','0000000','942368619','h.pita@outlook.com','','','45834467','ING. INDUSTRIAL',2,NULL,NULL,NULL,NULL,NULL,1,NULL,NULL,'PITA IBAÑEZ HANIA PIERINA','PITA IBANEZ HANIA PI'),(4618,NULL,1,'72925538','ANGÉLICA MARÍA','VILLEGAS','CÁCEDA','2000-01-19','LIMA',1,1,0,2,'JR JOSE FAUSTINO SANCHEZ CARRION 346','NO INFORMADO','150101','0000000','980449841','angelicavillegas1906@gmail.com','','','72925538','ESTUDIANTE',4,NULL,NULL,NULL,NULL,NULL,1,NULL,NULL,'VILLEGAS CÁCEDA ANGÉLICA MARÍA','VILLEGAS CACEDA ANGE'),(4619,NULL,1,'73093399','NOELIA XIMENA','HERMOZA','TORRES','2001-11-29','LIMA',1,1,0,2,'MZ. F LT. 46 URB. PROLIMA - LOS OLIVOS','NO INFORMADO','150117','01 6317640','946494732','noelia.hermoza.13@gmail.com','','','73093399','ESTUDIANTE',3,NULL,NULL,NULL,NULL,NULL,1,NULL,NULL,'HERMOZA TORRES NOELIA XIMENA','HERMOZA TORRES NOELI'),(4620,NULL,1,'75355671','PAMELA ORTIZ CANALES','ORTIZ','CANALES','1998-11-03','MAGDALENA DEL MAR',1,1,0,2,'CALLE CASTEL MZ. F LT.30  SAN MARTIN DE PORRES','DOS CUADRAS ANTES DE AV. CANTA CALLAO','150135','015741212','933480795','kristell0311@gmail.com','','','75355671','ESTUDIANTE',4,NULL,NULL,NULL,NULL,NULL,1,NULL,NULL,'ORTIZ CANALES PAMELA ORTIZ CANALES','ORTIZ CANALES PAMELA'),(4621,NULL,1,'71378349','ATHINA ARLE','CHAVEZ','HUAMANI','2004-01-16','TUMBES',1,1,0,2,'PROLONGACION PASEO DE LA REPUBLICA 8871, DPTO 104','AV. PROCERES CUADRA 6','150140','0000000','991586785','reynahuamani@hotmail.com','','','71378349','ESTUDIANTE',2,NULL,NULL,NULL,NULL,NULL,1,NULL,NULL,'CHAVEZ HUAMANI ATHINA ARLE','CHAVEZ HUAMANI ATHIN'),(4622,NULL,1,'09263845','TEOFILA ELENA','HUANCA','PINTO','1967-09-17','LIMA ',1,1,0,2,'CALLE TENIENTE JIMENEZ MZ L1 LT6. COND. SANTA MARTHA BLOCK E-202','NO INFORMADO','150108','4670696','993013959','elenita_hu@hotmail.com','116289598','','09263845','TECNICA EN FARMACIA ',5,NULL,NULL,NULL,NULL,NULL,1,NULL,NULL,'HUANCA PINTO TEOFILA ELENA','HUANCA PINTO TEOFILA'),(4623,NULL,1,'72384415','GREYSY BRUNELA','MIO','YCO','1996-09-14','LAMBAYEQUE ',1,1,0,2,'JUAN MANUEL ITURREGUI ','NO INFORMADO','140112','0000000','942136972','brune3015@gmail.com','','','72384415','NO INFORMADO',7,NULL,NULL,NULL,NULL,NULL,1,NULL,NULL,'MIO YCO GREYSY BRUNELA','MIO YCO GREYSY BRUNE'),(4624,NULL,1,'76324535','ALEXANDRA CARMEN','CUEVA','CHAMAN','1998-02-15','LIMA',1,1,0,2,'ALAMEDA MONTE UMBROSO 470 DPTO 201. ','SANTIAGO DE SURCO','150140','0000000','940299647','alexandracueva123@gmail.com','','','76324535','ESTUDIANTE',2,NULL,NULL,NULL,NULL,NULL,1,NULL,NULL,'CUEVA CHAMAN ALEXANDRA CARMEN','CUEVA CHAMAN ALEXAND'),(4625,NULL,1,'46009200','LISETH AGUIRRE MENDOZA','AGUIRRE','MENDOZA','1989-09-06','LIMA',1,1,0,2,'CALLE LUIS MONTERO 3871 URB PANAMERICANA NORTE LOS OLIVOS','CDR 5 DE EAYZAGUIRRE','150101','5212198','997082568','lisetham1509@gmail.com','5774060','','46009200','DOCENTE',3,NULL,NULL,NULL,NULL,NULL,1,NULL,NULL,'AGUIRRE MENDOZA LISETH AGUIRRE MENDOZA','AGUIRRE MENDOZA LISE'),(4626,NULL,1,'09643104','VIELKA INDIRA','CASTELLARES','GONZALEZ','1970-05-27','CUSCO',1,1,0,2,'AV. PARDO 1580 - DPTO 801A','NO INFORMADO','150122','0000000','990188939','vielka.castellares@hotmail.com','','','09643104','ING CIVIL',2,NULL,NULL,NULL,NULL,NULL,1,NULL,NULL,'CASTELLARES GONZALEZ VIELKA INDIRA','CASTELLARES GONZALEZ'),(4627,NULL,1,'76201211','MAURIZIO ','PERASSO','SANCHEZ','1999-07-26','CALLAO',1,1,0,1,'AV BRIGIDA SILVA DE OCHOA 181','TOTTUS DE LA MARINA','150136','6237460','940242485','maurizio-perazzo@hotmail.com','','','76201211','ESTUDIANTE ',5,NULL,NULL,NULL,NULL,NULL,1,NULL,NULL,'PERASSO SANCHEZ MAURIZIO ','PERASSO SANCHEZ MAUR'),(4628,NULL,3,'47659931','Evelyn Garayar Cordova','-','-','2021-01-01','NO INFORMADO',1,1,0,3,'NO INFORMADO','NO INFORMADO','-','0000000','999999999','evygc1221@gmail.com',NULL,NULL,'47659931','NO INFORMADO',7,NULL,NULL,NULL,NULL,NULL,1,NULL,NULL,NULL,NULL),(4629,NULL,1,'73214246','JAIME AARÓN','HUAMANCHUMO','UBILLÚS','2001-12-28','LIMA',1,1,0,1,'MZA. O2 LT. 05 - \"RESIDENCIAL DERRAMA MAGISTERIAL\"','CAMINO A LAMBAYEQUE','150116','0000000','927424386','jaime.huamanchumo28@gmail.com','','','73214246','ESTUDIANTE',3,NULL,NULL,NULL,NULL,NULL,1,NULL,NULL,'HUAMANCHUMO UBILLÚS JAIME AARÓN','HUAMANCHUMO UBILLUS'),(4630,NULL,1,'16702991','ALAN','ALVAREZ DEL VILLAR','REINOSO','1970-12-21','CHICLAYO',1,1,0,1,'NO INFORMADO','NO INFORMADO','150101','0000000','940432723','aalvarezdelvil@hotmail.com','','','16702991','NO INFORMADO',3,NULL,NULL,NULL,NULL,NULL,1,NULL,NULL,'ALVAREZ DEL VILLAR REINOSO ALAN','ALVAREZ DEL VILLAR R'),(4631,NULL,1,'72562303','VALERIA ALESSANDRA','SUÁREZ','HEREDIA','1995-11-14','LIMA',1,1,0,2,'CALLE OLAVEGOYA 1871','FRENTE AL CANAL 2','150113','0000000','990205330','vasuarezheredia@gmail.com','','','72562303','EGRESADO',3,NULL,NULL,NULL,NULL,NULL,1,NULL,NULL,'SUÁREZ HEREDIA VALERIA ALESSANDRA','SUAREZ HEREDIA VALER'),(4632,NULL,1,'72921581','LILIANA NICOLE','VARGAS','RODRÍGUEZ','2001-01-18','LIMA',1,1,0,2,'ASOCIACIÓN PARAÍSO DORADO MZ. A LT. 15 - SAN MARTÍN DE PORRES','ALTURA DE LA CUADRA 27 DE AV. CARLOS IZAGUIRRE','150135','3634055','988885640','lini_1801@hotmail.com','','','72921581','ESTUDIANTE',2,NULL,NULL,NULL,NULL,NULL,1,NULL,NULL,'VARGAS RODRÍGUEZ LILIANA NICOLE','VARGAS RODRIGUEZ LIL'),(4633,NULL,1,'44547457','PAULITA','MORAN','SILVA','1987-07-22','PIURA',1,1,0,2,'NO INFORMADO','NO INFORMADO','150130','0000000','948857599','paulit.ms2207@gmail.com','','','44547457','HISTORIADORA Y GESTORA CULTURAL',7,NULL,NULL,NULL,NULL,NULL,1,NULL,NULL,'MORAN SILVA PAULITA','MORAN SILVA PAULITA'),(4634,NULL,1,'75048766','CARLA LUCIA','TISOC','SAENZ','2000-11-03','LIMA',1,1,0,2,'JIRON NAPO 998','ALT CDRA 12 AV ARICA','150101','0000000','946126109','carla.tisoc@gmail.com','','','75048766','ESTUDIANTE',4,NULL,NULL,NULL,NULL,NULL,1,NULL,NULL,'TISOC SAENZ CARLA LUCIA','TISOC SAENZ CARLA LU'),(4635,NULL,1,'43689075','CLARISA MELINA ','PEREZ','ALCANTARA','1986-03-28','TRUJILLO',1,1,0,2,'AREQUIPA','NO INFORMADO','130101','0000000','968399991','clarisa.melina@gmail.com','','','43689075','ASISTENTE SOCIAL',5,NULL,NULL,NULL,NULL,NULL,1,NULL,NULL,'PEREZ ALCANTARA CLARISA MELINA ','PEREZ ALCANTARA CLAR'),(4636,NULL,1,'72208732','YARA LUCIANA','YABAR ','PEÑA','2001-12-19','CUSCO',1,1,0,2,'URB. MATEO PUMACAHUA D-4','NO INFORMADO','080108','222176','980718071','lucianaya19@gmail.com','69802605','','72208732','ESTUDIANTE ',7,NULL,NULL,NULL,NULL,NULL,1,NULL,NULL,'YABAR  PEÑA YARA LUCIANA','YABAR  PENA YARA LUC'),(4637,NULL,1,'09611094','MARÍA DEL ROSARIO ','RAMÍREZ ','RODRÍGUEZ','1970-08-17','LIMA - JESUS MARÍA',1,1,0,2,'JR. HUANCAVELICA 3123','ALT. 31 AV. PERÚ','150135','5691417','993373925','ramirezrrm@hotmail.com','','','09611094','DOCENTE',2,NULL,NULL,NULL,NULL,NULL,1,NULL,NULL,'RAMÍREZ  RODRÍGUEZ MARÍA DEL ROSARIO ','RAMIREZ  RODRIGUEZ M'),(4638,NULL,1,'77092214','ANASHELLY ROSAFÉ ','ORE ','MALQUI','2000-06-10','LA LIBERTAD',1,1,0,2,'LAS MAGNOLIAS 02 URB. LOS JARDINES - LAREDO','','130106','','973471910','rosafe_anse@hotmail.com','','','77092214','ESTUDIANTE',2,NULL,NULL,NULL,NULL,NULL,1,NULL,NULL,'ORE  MALQUI ANASHELLY ROSAFÉ ','ORE  MALQUI ANASHELL'),(4639,NULL,1,'21576872','KATIA EVELYN','SARMIENTO','FLORES','1978-08-14','PERU',1,1,0,2,'NO INFORMADO','NO INFORMADO','-','0000000','\n+3538516','katiaruddle@hotmail.com','','','21576872','NO INFORMADO',5,NULL,NULL,NULL,NULL,NULL,1,NULL,NULL,'SARMIENTO FLORES KATIA EVELYN','SARMIENTO FLORES KAT'),(4640,NULL,1,'71729916','LUCIANO JUSTINIEN','D ANGELO','ALVA','2003-01-30','TRUJILLO/PERU',1,1,0,1,'CALLE LOS ALGARROBOS 173/ DPTO 201','PARALELA A PIO XXII','150140','0000000','965463924','luciano.dangeloalva30@gmail.com','','','71729916','ESTUDIANTE',5,NULL,NULL,NULL,NULL,NULL,1,NULL,NULL,'D ANGELO ALVA LUCIANO JUSTINIEN','D ANGELO ALVA LUCIAN'),(4641,NULL,1,'45432510','BARBARA','VARGAS','SCHEBESTA','1988-11-12','LIMA',1,1,0,2,'AVENIDA SANTA CATALINA 087, 2DO PISO LA VICTORIA','A LA ALTURA 9 DE LA AVENIDA CANADA','150115','-','941303843','Barbara_881211@hotmail.com','','','45432510','ASISTENTE ADMINISTRATIVO',2,NULL,NULL,NULL,NULL,NULL,1,NULL,NULL,'VARGAS SCHEBESTA BARBARA','VARGAS SCHEBESTA BAR'),(4642,NULL,1,'08779344','MARITZA ISABEL','ZAMORA','FLORES','1965-05-23','LIMA',1,1,0,2,'CALLE EL PORTAL MZ 19 LT 1 EL RINCON DE LA PLANICIE','ULTIMO CONTROL DE LA AV DEL PARQUE','150101','0000000','999133321','maritzamora1@hotmail.com','118543517','','08779344','AGENTE INMOBILIARIO',2,NULL,NULL,NULL,NULL,NULL,1,NULL,NULL,'ZAMORA FLORES MARITZA ISABEL','ZAMORA FLORES MARITZ'),(4643,NULL,1,'75239189','VANESSA','STEFANCIC','ALVA','1997-01-03','NO INFORMADO',1,1,0,2,'NO INFORMADO','NO INFORMADO','150101','0000000','953921136','vanessastefancic@hotmail.com','','ALUMNA CLASIFICADA EL 26 MARZO 2021 AL BASE 6 REGULAR.','75239189','NO INFORMADO',5,NULL,NULL,NULL,NULL,NULL,267,NULL,NULL,'STEFANCIC ALVA VANESSA','STEFANCIC ALVA VANES'),(4644,NULL,1,'43144845','JOSE LUIS ','MORALES','NERVI','1985-07-07','LIMA',1,1,0,1,'JIRON CARLOS ARRIETA 316 BARRANCO','NO INFORMADO','150116','0000000','991136261','joselmoralesn@gmail.com','','','43144845','FOTOGRAFO',5,NULL,NULL,NULL,NULL,NULL,1,NULL,NULL,'MORALES NERVI JOSE LUIS ','MORALES NERVI JOSE L'),(4645,NULL,1,'70033168','PIERO ALEXANDER','SIRLOPÚ','COTRINA','2000-09-01','LIMA',1,1,0,1,'LIMA','NO INFORMADO','140301','0000000','936190496','20200371@lamolina.edu.pe','','','70033168','UNIVERSITARIO',4,NULL,NULL,NULL,NULL,NULL,1,NULL,NULL,'SIRLOPÚ COTRINA PIERO ALEXANDER','SIRLOPU COTRINA PIER'),(4646,NULL,3,'43511712','Ingrid Grecia','-','-','2021-01-01','NO INFORMADO',1,1,0,3,'NO INFORMADO','NO INFORMADO','-','0000000','999999999','audiblack1616@gmail.com',NULL,NULL,'43511712','NO INFORMADO',7,NULL,NULL,NULL,NULL,NULL,1,NULL,NULL,NULL,NULL),(4647,NULL,1,'72613140','CINTHIA ','RENGIFO','AVILA','1992-03-15','LIMA',1,1,0,2,'CALLE SAN MIGUEL 177','CUADRA 15 DE LA AVENIDA RIVAGUERO','150111','3275966','965908247','cinthiareavi@hotmail.com','','','72613140','NO INFORMADO',3,NULL,NULL,NULL,NULL,NULL,1,NULL,NULL,'RENGIFO AVILA CINTHIA ','RENGIFO AVILA CINTHI'),(4648,NULL,1,'74716730','MARIA CRISTINA ','QUISPE','TITO','2021-01-01','LIMA',1,1,0,3,'JR. MANUEL BONEMAISON 236 - URB. VALDIVIEZO','ALTURA DEL PARQUE ZONAL CAHUIDE','150103','','961730981','crisq.9706@gmail.com','','','74716730','ENFERMERA',4,NULL,NULL,NULL,NULL,NULL,1,NULL,NULL,'QUISPE TITO MARIA CRISTINA ','QUISPE TITO MARIA CR'),(4649,NULL,1,'10280334','MANUEL','JULCA','RODRIGUEZ','1975-11-16','LIMA',1,1,0,1,'MZ B LOTE 18 DPTO 301 ','FINAL AV LAS PALMERAS','200101','0000000','959080103','manueljulcar@gmail.com','','','10280334','EMPRESARIO',2,NULL,NULL,NULL,NULL,NULL,1,NULL,NULL,'JULCA RODRIGUEZ MANUEL','JULCA RODRIGUEZ MANU'),(4650,NULL,1,'76607678','ANDREA','RAMOS ','HERMOZA','2002-04-01','NO INFORMADO',1,1,0,2,'NO INFORMADO','NO INFORMADO','-','0000000','937134747','andreale.rh@gmail.com','','','76607678','NO INFORMADO',2,NULL,NULL,NULL,NULL,NULL,1,NULL,NULL,'RAMOS  HERMOZA ANDREA','RAMOS  HERMOZA ANDRE'),(4651,NULL,1,'07463285','PABLO ','ALARCÓN','MUÑOZ','1978-10-27','LIMA',1,1,0,1,'CALLE SAN PEDRO 385 URB SAN ANDRES','AV LARCO','130101','','997391112','palarcon@britanico.edu.pe','','','07463285','ESTUDIANTE',2,NULL,NULL,NULL,NULL,NULL,1,NULL,NULL,'ALARCÓN MUÑOZ PABLO ','ALARCON MUNOZ PABLO'),(4652,NULL,1,'71632756','JORGE JHONATAN MANSILLA HUILLCA','MANSILLA','HUILLCA','1997-01-16','LIMA',1,1,0,1,'CALLE AMEZAGA S/N RESIDENCIA UNIVERSITARIA UNMSM ','UNIVERSIDAD NACIONAL MAYOR DE SAN MARCOS','-','0000000','916829394','jorge.mansilla2@unmsm.edu.pe','','EXAMEN DE CLASIFICACION 26/03/2021 BASE 2 INTENSIVO.','71632756','NO INFORMADO',2,NULL,NULL,NULL,NULL,NULL,249,NULL,NULL,'MANSILLA HUILLCA JORGE JHONATAN MANSILLA HUILLCA','MANSILLA HUILLCA JOR'),(4653,NULL,1,'25654409','DORIS','ZAVALETA','VALVERDE','1965-12-29','NO INFORMADO',1,1,0,2,'NO INFORMADO','NO INFORMADO','150101','0000000','997060765','dzavaletav@gmail.com','','','25654409','NO INFORMADO',2,NULL,NULL,NULL,NULL,NULL,1,NULL,NULL,'ZAVALETA VALVERDE DORIS','ZAVALETA VALVERDE DO'),(4654,NULL,1,'09278147','GIOVANNA','MINIZA','STOLL','1968-07-22',' LIMA PERU',1,1,0,2,'ALAMEDA LA NIÑA DEL MAR 118. LIMA 15067','LA ENCANTADA DE VILLA -CHORRILLOS','150101','2544127','940404030','giovannams2014@gmail.com','','','09278147','MARKETING',4,NULL,NULL,NULL,NULL,NULL,1,NULL,NULL,'MINIZA STOLL GIOVANNA','MINIZA STOLL GIOVANN'),(4655,NULL,1,'72438481','NIEVES FRANCESCA ','DEL AGUILA','CAM','2003-08-18','YURIMAGUAS',1,1,0,2,'AV. MARIANO CORNEJO 2256, DPTO 902, CERCADO DE LIMA','A MEDIA CUADRA DE LA PUERTA PRINCIPAL DE LA UNIVERSIDAD LA CATÓLICA','150101','0000000','965980866','francesca_nieves@icloud.com','','','72438481','ESTUDIANTE',2,NULL,NULL,NULL,NULL,NULL,1,NULL,NULL,'DEL AGUILA CAM NIEVES FRANCESCA ','DEL AGUILA CAM NIEVE'),(4656,NULL,1,'48259889','MIGUEL','MALAGA','ZAMORA','1994-02-13','LIMA',1,1,0,1,'CALLE EL PORTAL MZ 19 LOTE 1','TERCERA ETAPA DE LA PLANICIE','150114','3680341','999877684','mmalaga94@gmail.com','216383901','','48259889','CHEF',3,NULL,NULL,NULL,NULL,NULL,1,NULL,NULL,'MALAGA ZAMORA MIGUEL','MALAGA ZAMORA MIGUEL'),(4657,NULL,3,'81635958','KATERIN','-','-','2021-01-01','NO INFORMADO',1,1,0,3,'NO INFORMADO','NO INFORMADO','-','0000000','999999999','kromero809@gmail.com',NULL,NULL,'81635958','NO INFORMADO',7,NULL,NULL,NULL,NULL,NULL,1,NULL,NULL,NULL,NULL),(4658,NULL,1,'73258239','ARIANA ALESSANDRA ','RAZZETO','DELGADO','2003-09-28','LIMA',1,1,0,2,'UNIDAD VECINAL NUMERO 3 CHALET 25 F','AV. UNIVERSITARIA CON AV. COLONIAL','150101','43258239','953106742','asmprazzetodelgado@gmail.com','','','73258239','ESTUDIANTE',5,NULL,NULL,NULL,NULL,NULL,1,NULL,NULL,'RAZZETO DELGADO ARIANA ALESSANDRA ','RAZZETO DELGADO ARIA'),(4659,NULL,1,'72701454','CLAUDIA ANDREA','SOTOMAYOR','MICHUY','1999-11-10','LIMA',1,1,0,2,'AV LOS PROCERES 960 DPTO 104 SANTIAGO DE SURCO','AL FRENTE DE LA PARROQUIA NUESTRA SEÑORA DEL MONTE CARMELO','150140','0000000','970465803','claudiansomi@gmail.com','','','72701454','ESTUDIANTE UNIVERSITARIO',3,NULL,NULL,NULL,NULL,NULL,1,NULL,NULL,'SOTOMAYOR MICHUY CLAUDIA ANDREA','SOTOMAYOR MICHUY CLA'),(4660,NULL,3,'71415787','LENA MARIBEL CHURATA SALCEDO','-','-','2021-01-01','NO INFORMADO',1,1,0,3,'NO INFORMADO','NO INFORMADO','-','0000000','999999999','churata022@gmail.com',NULL,NULL,'71415787','NO INFORMADO',7,NULL,NULL,NULL,NULL,NULL,1,NULL,NULL,NULL,NULL),(4661,NULL,1,'74863243','MARIA PAULA ','ESPEJO','LLERENA','2005-12-13','SAN ISIDRO, LIMA',1,1,0,2,'AVENIDA MONTE DE LOS OLIVOS 807 DPTO 402','ALTURA CUADRA 21 AV. CAMINOS DEL INCA CRUCE CON AV ANDRES TINOCO','150140','0000000','996567959','espejopaula513@gmail.com','','','74863243','ESTUDIANTE',2,NULL,NULL,NULL,NULL,NULL,1,NULL,NULL,'ESPEJO LLERENA MARIA PAULA ','ESPEJO LLERENA MARIA'),(4662,NULL,1,'75142045','BRENDA FERNANDA','QUISPE','NIEVES','1998-05-24','LIMA',1,1,0,2,'CALLE LAS BEGONIAS MW.LOTE 41 URB.ALBORADA','PARADERO ACUARIO','150101','6475432','926600019','brendaq110@gmail.com','','','75142045','ESTUDIANTE',3,NULL,NULL,NULL,NULL,NULL,1,NULL,NULL,'QUISPE NIEVES BRENDA FERNANDA','QUISPE NIEVES BRENDA'),(4663,NULL,1,'40875197','JOSE FERDINANDO','CABRERA ','MIRANDA','1979-07-17','NO INFORMADO',1,1,0,1,'CALLE 2 DE MAYO 1091 LA PERLA CALLAO','NO INFORMADO','070101','XXXX','935148049','joseferdinandocabrera@gmail.com','','','40875197','INGENIERIA CIVIL',2,NULL,NULL,NULL,NULL,NULL,1,NULL,NULL,'CABRERA  MIRANDA JOSE FERDINANDO','CABRERA  MIRANDA JOS'),(4664,NULL,1,'76197601','MARIAN','TRINIDAD','MEZA','2001-02-19','HUACHO',1,1,0,2,'AV. MIGUEL GRAU 301','A UNA CUADRA DE LA POSTA DE PRIMAVERA','150812','0000000','984716543','mariantrinimeza@gmail.com','','EXAMEN DE CLASIFICACION 26/03/2021 BASE 2 INTENSIVO.','76197601','ESTUDIANTE',4,NULL,NULL,NULL,NULL,NULL,249,NULL,NULL,'TRINIDAD MEZA MARIAN','TRINIDAD MEZA MARIAN'),(4665,NULL,1,'45073290','DAMARIS','BONZANO','PELAEZ','1988-04-21','SAN MARTIN DE PORRAS',1,1,0,2,'JR. CAMANÁ 962','MEDIA CUADRA DE PLAZA FRANCIA','150101','0000000','986133082','damaris.bonzano@gmail.com','','EXAMEN DE CLASIFICACION 26/03/2021 INTERMEDIO 6 REGULAR.','45073290','GESTORA CULTURAL',2,NULL,NULL,NULL,NULL,NULL,277,NULL,NULL,'BONZANO PELAEZ DAMARIS','BONZANO PELAEZ DAMAR'),(4666,NULL,1,'75239200','CAMILLA','STEFANCIC','ALVA','1997-01-03','NO INFORMADO',1,1,0,2,'NO INFORMADO','NO INFORMADO','150140','0000000','953925049','camillastefancic@hotmail.com','','ALUMNA CLASIFICADA AL BASE 6 EL 26 MARZO 2021.','75239200','NO INFORMADO',5,NULL,NULL,NULL,NULL,NULL,267,NULL,NULL,'STEFANCIC ALVA CAMILLA','STEFANCIC ALVA CAMIL'),(4667,NULL,1,'75444345','SHEYLA JAZMIN','CHAPOÑAN','JULCA','2001-08-10','LIMA',1,1,0,2,'MZ G LOTE 7 URB. LOS JARDINES DE NARANJAL - ETAPA 1','CRUCE AV. CANTA CALLAO CON AV. LOS ALISOS','150135','-','961524793','sheylajazmin1008@gmail.com','','','75444345','BOMBERO VOLUNTARIO',2,NULL,NULL,NULL,NULL,NULL,1,NULL,NULL,'CHAPOÑAN JULCA SHEYLA JAZMIN','CHAPONAN JULCA SHEYL'),(4668,NULL,3,'42942343','ALHELI','MORENO','ROMAN','1985-02-27','LIMA',1,1,0,2,'AV. PETIT THOUARS 1255 DPTO. 1102','NO INFORMADO','150101','0000000','953939413','alheli18053@gmail.com','','','42942343','ING. ELECTRONICO',5,NULL,NULL,NULL,NULL,NULL,1,NULL,NULL,'MORENO ROMAN ALHELI','MORENO ROMAN ALHELI'),(4669,NULL,1,'75253567',' RENZO ','TORRES','BISSO','2002-08-24','CALLAO',1,1,0,1,'CONDOMINIO VILLA BONITA 4','CONDE DE LEMOS','070101','0000000','991883390','torresrenzo0824@gmail.com','','','75253567','ESTUDIANTE ',2,NULL,NULL,NULL,NULL,NULL,1,NULL,NULL,'TORRES BISSO  RENZO ','TORRES BISSO  RENZO'),(4670,NULL,1,'76391947','ENRIQUE DANIEL','HUAPAYA','CÁRDENAS','2003-03-09','LIMA',1,1,0,1,'CA. LAS PETUNIAS 134','NO INFORMADO','150140','4770793','994842975','ehc2k3@gmail.com','','','76391947','ESTUDIANTE',6,NULL,NULL,NULL,NULL,NULL,1,NULL,NULL,'HUAPAYA CÁRDENAS ENRIQUE DANIEL','HUAPAYA CARDENAS ENR'),(4671,NULL,1,'73024592','EVA RITA','DÍAZ','BERNALES','2004-03-18','LIMA',1,1,0,2,'PUMACURCO 157 URB. MARANGA - SAN MIGUEL','CDRA. 30 DE AV. LA MARINA','-','0000000','960445244','ritadiaz.1818@gmail.com','','','73024592','ESTUDIANTE',4,NULL,NULL,NULL,NULL,NULL,1,NULL,NULL,'DÍAZ BERNALES EVA RITA','DIAZ BERNALES EVA RI'),(4672,NULL,3,'74839216','Fiorella Wendy Ramirez Saenz ','-','-','2021-01-01','NO INFORMADO',1,1,0,3,'NO INFORMADO','NO INFORMADO','-','0000000','999999999','Ramirezsaenzfiorell@gmail.com',NULL,NULL,'74839216','NO INFORMADO',7,NULL,NULL,NULL,NULL,NULL,1,NULL,NULL,NULL,NULL),(4673,NULL,1,'76405037','ANDREA SILVANA','MOREANO','DÍAZ','1995-06-25','LIMA',1,1,0,2,'NO INFORMADO','NO INFORMADO','150101','0000000','902646180','mmore.tnt@gmail.com','','','76405037','NO INFORMADO',5,NULL,NULL,NULL,NULL,NULL,1,NULL,NULL,'MOREANO DÍAZ ANDREA SILVANA','MOREANO DIAZ ANDREA'),(4674,NULL,3,'73175735','FRANCISCO','HERNÁNDEZ','REYES','1998-01-21','LIMA',1,1,0,1,'AV. 1RO DE MAYO 1947','MDO. UNICACHI SUR','150101','0000000','947101731','fhernandezr11@gmail.com','','','73175735','NO INFORMADO',3,NULL,NULL,NULL,NULL,NULL,1,NULL,NULL,'HERNÁNDEZ REYES FRANCISCO','HERNANDEZ REYES FRAN'),(4675,NULL,1,'76904094','CAMILA','LORET DE MOLA','REYNOSO','1998-02-11','LIMA',1,1,0,2,'MIROQUESADA 158','NO INFORMADO','150131','2210347','974617712','c.loretdemolar@alum.up.edu.pe','','','76904094','ESTUDIANTE',2,NULL,NULL,NULL,NULL,NULL,1,NULL,NULL,'LORET DE MOLA REYNOSO CAMILA','LORET DE MOLA REYNOS'),(4676,NULL,1,'44656664','HERNÁN','SANABRIA','VERA','1987-11-29','NO INFORMADO',1,1,0,1,'NO INFORMADO','NO INFORMADO','150130','0000000','988834555','hernansv87@gmail.com','','','44656664','NO INFORMADO',4,NULL,NULL,NULL,NULL,NULL,1,NULL,NULL,'SANABRIA VERA HERNÁN','SANABRIA VERA HERNAN'),(4677,NULL,1,'71314265','ANDRÉS','CALAGUA','CERRÓN','2003-12-29','LIMA',1,1,0,1,'FRANCISCO DE TOLEDO MZ. L1 LOTE 6','MILAGROS CERRÓN','150140','940298109','940298109','mcerron71@gmail.com','S/','','71314265','NO INFORMADO',2,NULL,NULL,NULL,NULL,NULL,1,NULL,NULL,'CALAGUA CERRÓN ANDRÉS','CALAGUA CERRON ANDRE'),(4678,NULL,1,'45689279','ARTURO ANDRES','SEGOVIA','CABEZAS','1989-04-18','LIMA',1,1,0,1,'AV. DIEZ CANSECO 644 DPTO. 105','A UNA CUADRA DEL PARQUE TRADICIONES','150122','','966427231','arturo.segovia23@gmail.com','7082500','','45689279','INGENIERO',2,NULL,NULL,NULL,NULL,NULL,1,NULL,NULL,'SEGOVIA CABEZAS ARTURO ANDRES','SEGOVIA CABEZAS ARTU'),(4679,NULL,1,'75858415','MARIA DEBORAH ALEXANDRA ','GUTIERREZ','CASTILLO','1999-05-22','LIMA',1,1,0,2,'JIRON JUAN OCHOA 184','ESPALDA DE LA AVENIDA MIOTA','150133','','957969199','mariadebora22@hotmail.com','','','75858415','ESTUDIANTE',3,NULL,NULL,NULL,NULL,NULL,1,NULL,NULL,'GUTIERREZ CASTILLO MARIA DEBORAH ALEXANDRA ','GUTIERREZ CASTILLO M'),(4680,NULL,1,'70383295','IAN ANDRE','LLOSA','MONTES','2005-11-11','LIMA',1,1,0,1,'CALLE JOSE NEYRA 230','NO INFORMADO','150141','0000000','940132157','mmontes1121@gmail.com','','','70383295','ESTUDIANTE',2,NULL,NULL,NULL,NULL,NULL,1,NULL,NULL,'LLOSA MONTES IAN ANDRE','LLOSA MONTES IAN AND'),(4681,NULL,1,'73251877','ADOLF ABEL ','SCHULER','SUELDO','2003-07-26','CHANCHAMAYO',1,1,0,1,'JR. LOS ROBLES 498 - CHANCHAMAYO','NO INFORMADO','120301','0000000','949581381','adolfschuler90@gmail.com','YB1689449','','73251877','ESTUDIANTE',7,NULL,NULL,NULL,NULL,NULL,1,NULL,NULL,'SCHULER SUELDO ADOLF ABEL ','SCHULER SUELDO ADOLF'),(4682,NULL,1,'72164397','VALERIA TAIS ','HIDALGO','CRUZADO','2006-02-03','COMAS',1,1,0,2,'JR. MATEO CONDORI #251 #271','ENTRE LA 10 Y LA 11 DE LA AVENIDA ISABEL CHIMPU OCLLO','150101','-','953310354','sonia.cruzado@hotmail.com','','','72164397','NO INFORMADO',4,NULL,NULL,NULL,NULL,NULL,1,NULL,NULL,'HIDALGO CRUZADO VALERIA TAIS ','HIDALGO CRUZADO VALE'),(4683,NULL,1,'42905180','PATRICIA ','JUAREZ','SOUQUON ','1984-09-24','LIMA',1,1,0,2,'BREÑA','AV VENEZUELA','070102','0000000','942980399','Patricia.juarez@upch.pe','','','42905180','ENFERMERA',4,NULL,NULL,NULL,NULL,NULL,1,NULL,NULL,'JUAREZ SOUQUON  PATRICIA ','JUAREZ SOUQUON  PATR'),(4684,NULL,1,'47431239','MARÍA CRISTINA','MEJÍA','ZEVALLOS','1991-07-27','NO INFORMADO',1,1,0,2,'NO INFORMADO','NO INFORMADO','150101','0000000','912954378','crismejia841@gmail.com','','','47431239','NO INFORMADO',4,NULL,NULL,NULL,NULL,NULL,1,NULL,NULL,'MEJÍA ZEVALLOS MARÍA CRISTINA','MEJIA ZEVALLOS MARIA'),(4685,NULL,1,'46682860','VIOLETTA TERESA','TORRES','MACAZANA','1990-09-24','LIMA',1,1,0,2,'NO INFORMADO','NO INFORMADO','150101','','984378084','violetmacazana@gmail.com','','','46682860','NO INFORMADO',3,NULL,NULL,NULL,NULL,NULL,1,NULL,NULL,'TORRES MACAZANA VIOLETTA TERESA','TORRES MACAZANA VIOL'),(4686,NULL,1,'76668550','ANNABEL','RISCO','VASQUEZ','1995-03-13','LIMA',1,1,0,2,'JR PEREZ DE TUDELA 3268','NO INFORMADO','150101','','917627625','anna.risco95@gmail.com','','','76668550','NO INFORMADO',2,NULL,NULL,NULL,NULL,NULL,1,NULL,NULL,'RISCO VASQUEZ ANNABEL','RISCO VASQUEZ ANNABE'),(4687,NULL,1,'71079179','BELÉN XIMENA','HERRADA ','RUIZ','2002-08-06','NO INFORMADO',1,1,0,2,'MARTIN ALONSO DE MEZA 140, DPTO 501','','150121','0000000','940399073','beln_hr@outlook.com','','','71079179','ESTUDIANTE',2,NULL,NULL,NULL,NULL,NULL,1,NULL,NULL,'HERRADA  RUIZ BELÉN XIMENA','HERRADA  RUIZ BELEN'),(4688,NULL,3,'70597109','ANGIE MARLENE','GONZALES','LÓPEZ','2000-11-17','LIMA ',1,1,0,2,'JR. AGUARICO 173','A DOS CUADRAS DEL ESTADIO LOLO FERNANDEZ','150105','','991844773','gonzlop123@hotmail.com','','','70597109','ESTUDIANTE',7,NULL,NULL,NULL,NULL,NULL,1,NULL,NULL,'GONZALES LÓPEZ ANGIE MARLENE','GONZALES LOPEZ ANGIE'),(4689,NULL,1,'46096256','MARIELA ','SILVA','VARGAS','1989-11-17','NO INFORMADO',1,1,0,2,'NO INFORMADO','NO INFORMADO','-','0000000','991765339','cmariela.silva@gmail.com','D16003181','','46096256','DIPLOMÁTICO',7,NULL,NULL,NULL,NULL,NULL,1,NULL,NULL,'SILVA VARGAS MARIELA ','SILVA VARGAS MARIELA'),(4690,NULL,1,'70328972','INDIRA','MAGAN','ASENCIOS','2005-05-28','CHIMBOTE',1,1,0,2,'URB. EL BOSQUE MZ.A-34','A 3 CUADRAS DE LA PLAZA MAYOR DE NUEVO CHIMBOTE','021809','043-225374','949455438','indiramagan@yahoo.com','','','70328972','ESTUDIANTE',5,NULL,NULL,NULL,NULL,NULL,1,NULL,NULL,'MAGAN ASENCIOS INDIRA','MAGAN ASENCIOS INDIR'),(4691,NULL,1,'71561156','RICK STING','TAPIA JARAMILLO','TAPIA JARAMILLO','1998-12-03','LIMA',1,1,0,1,'NO INFORMADO','NO INFORMADO','150117','0000000','923844395','stingt12@gmail.com','','','71561156','NO INFORMADO',2,NULL,NULL,NULL,NULL,NULL,1,NULL,NULL,'TAPIA JARAMILLO TAPIA JARAMILLO RICK STING','TAPIA JARAMILLO TAPI'),(4692,NULL,1,'71036131','CARLOS FARIT ','TORRES','ROJAS','2003-04-01','JESUS MARIA ',1,1,0,1,'JR. BUENOS AIRES 136 ATE SICUANI ','AV. SEPARADORA CON AV. SANTA ROSA','150103','0000000','946252307','carlostorresm431@gmail.com','','','71036131','ESTUDIANTE',5,NULL,NULL,NULL,NULL,NULL,1,NULL,NULL,'TORRES ROJAS CARLOS FARIT ','TORRES ROJAS CARLOS'),(4693,NULL,1,'72359011','GUSTAVO ENRIQUE','CHAPARRO','PACHECO','2004-01-19','LIMA',1,1,0,1,'JR IGNACIO TOROTE 529','NO INFORMADO','150117','0000000','999570401','chaparrotavo1904@gmail.com','','','72359011','ESTUDIANTE',6,NULL,NULL,NULL,NULL,NULL,1,NULL,NULL,'CHAPARRO PACHECO GUSTAVO ENRIQUE','CHAPARRO PACHECO GUS'),(4694,NULL,1,'06792176','BERTHA','CHILQUILLO','FIOL','1972-07-29','HUARAL',1,1,0,2,'PUENTE PIEDRA','NO INFORMADO','150101','0000000','986949727','berthafiol@hotmail.com','','','06792176','NO INFORMADO',7,NULL,NULL,NULL,NULL,NULL,1,NULL,NULL,'CHILQUILLO FIOL BERTHA','CHILQUILLO FIOL BERT'),(4695,NULL,1,'25582286','IRIS','SALGUERO','COLETTI','1973-04-01','CALLAO',1,1,0,2,'CALLE EL HERRAJE 294 DPTO 301','URB ALAMOS DE MONTERRICO','150140','0000000','998441205','iris.salguero@gmail.com','116628422','','25582286','LIC ADMINISTRACIÓN',2,NULL,NULL,NULL,NULL,NULL,1,NULL,NULL,'SALGUERO COLETTI IRIS','SALGUERO COLETTI IRI'),(4696,NULL,3,'34270656','Xoana','-','-','2021-01-01','NO INFORMADO',1,1,0,3,'NO INFORMADO','NO INFORMADO','-','0000000','999999999','xoanaezundel@gmail.com',NULL,NULL,'34270656','NO INFORMADO',7,NULL,NULL,NULL,NULL,NULL,1,NULL,NULL,NULL,NULL),(4697,NULL,1,'71598760','CÉSAR AUGUSTO ','DE LA CRUZ','CARRASCO','1993-07-03','LIMA',1,1,0,1,'JR. JOSE BALTA 234 SMP','CERCA A LA DIRINCRI','150101','0000000','997735230','Cesar-cross246@hotmail.com','119213974','','71598760','NO INFORMADO',3,NULL,NULL,NULL,NULL,NULL,1,NULL,NULL,'DE LA CRUZ CARRASCO CÉSAR AUGUSTO ','DE LA CRUZ CARRASCO'),(4698,NULL,1,'44627959','ROCÍO','MANSILLA','MANRIQUE','1987-09-04','NO INFORMADO',1,1,0,2,'NO INFORMADO','NO INFORMADO','-','0000000','964407467','rociomans@hotmail.com','','','44627959','NO INFORMADO',2,NULL,NULL,NULL,NULL,NULL,1,NULL,NULL,'MANSILLA MANRIQUE ROCÍO','MANSILLA MANRIQUE RO'),(4699,NULL,1,'76948801','LUISIANA DANIELLA','SAMANAMUD','QUINO','1996-11-30','LIMA',1,1,0,2,'JIRON DANIEL ALOMÍA ROBLES 274','CENTRUM','150140','0000000','948940269','luisiana.samanamud@gmail.com','116957580','','76948801','ABOGADA',3,NULL,NULL,NULL,NULL,NULL,1,NULL,NULL,'SAMANAMUD QUINO LUISIANA DANIELLA','SAMANAMUD QUINO LUIS'),(4700,NULL,1,'42738634','NARDA  MARIELLA ','TORRES','MARCOS','1984-11-02','LIMA',1,1,0,2,'JIRON CENTENARIO 179, DPTO 408A, BARRANCO','EDIFICIO ATELIER','150101','2966013','923898957','narda.torres.marcos@gmail.com','','','42738634','EJECUTIVA BANCA ',2,NULL,NULL,NULL,NULL,NULL,1,NULL,NULL,'TORRES MARCOS NARDA  MARIELLA ','TORRES MARCOS NARDA'),(4701,NULL,3,'09435883','ROSSE MARIE ','ORTIZ ','SÀNCHEZ','1969-01-06','LIMA',1,1,0,2,'JR. LARCO HERRERA 1072 ','NO INFORMADO','150120','-','965663159','romanos.sro@gmail.com','','ALUMNA CLASIFICADA AL BASE 5 REGULAR EL 26 MARZO 2021.','09435883','PROFESORA DE BIOLOGIA',3,NULL,NULL,NULL,NULL,NULL,266,NULL,NULL,'ORTIZ  SÀNCHEZ ROSSE MARIE ','ORTIZ  SANCHEZ ROSSE'),(4702,NULL,1,'74985856','ANDREA ','ROSSI','CÉSPEDES','1998-08-10','NO INFORMADO',1,1,0,2,'NO INFORMADO','NO INFORMADO','150121','0000000','984486907','andrearossic1@gmail.com','','','74985856','NO INFORMADO',7,NULL,NULL,NULL,NULL,NULL,1,NULL,NULL,'ROSSI CÉSPEDES ANDREA ','ROSSI CESPEDES ANDRE'),(4703,NULL,1,'70399423','PEDRO FELIPE','RAMOS','TORRIANI','2000-05-16','PUEBLO LIBRE - LIMA',1,1,0,1,'AV. JOSE GALVEZ 115 BELLAVISTA-CALLAO','ALTURA OVALO DE LA REPUBLICANA','070101','4652460','947114450','Pedrofelipert3@gmail.com','','','70399423','ESTUDIANTE',2,NULL,NULL,NULL,NULL,NULL,1,NULL,NULL,'RAMOS TORRIANI PEDRO FELIPE','RAMOS TORRIANI PEDRO'),(4704,NULL,1,'06452961','ROSSANA','SECADA','DE AMAT Y LEON','1961-02-20','TALARA',1,1,0,2,'ALEJANDRO VELASCO ASTETE 1223 DPTO. 101','','150101','2509009','972089539','verita161116@gmail.com','','','06452961','JUBILADA',6,NULL,NULL,NULL,NULL,NULL,1,NULL,NULL,'SECADA DE AMAT Y LEON ROSSANA','SECADA DE AMAT Y LEO'),(4705,NULL,1,'10608583','ANA MARIA','OLIVERA','MENDOZA','1971-11-08','LIMA',1,1,0,2,'CALLE BARLOVENTO MZ 3LL LT3','WONG A DOS CUADRAS','150114','0000000','970339438','ana.benchmark@gmail.com','','','10608583','EMPLEADO',2,NULL,NULL,NULL,NULL,NULL,1,NULL,NULL,'OLIVERA MENDOZA ANA MARIA','OLIVERA MENDOZA ANA'),(4706,NULL,1,'46080408','WILMER ADRIAN ','INFANTE','ALVAREZ','1989-12-17','LA LIBERTAD',1,1,0,1,'CALLE SIGMA MZ F LOTE 37 URB JUAN XXIII SAN BORJA','ESPALDA MUNICIPALIDAD SAN BORJA','150101','0000000','989260280','wadrian.infante89@gmail.com','','','46080408','ECONOMISTA',3,NULL,NULL,NULL,NULL,NULL,1,NULL,NULL,'INFANTE ALVAREZ WILMER ADRIAN ','INFANTE ALVAREZ WILM'),(4707,NULL,1,'45218111','GIULIANA MARÍA FRANCIOSI TOVAR','FRANCIOSI','TOVAR','1988-08-04','LIMA',1,1,0,2,'CALLE JUAN ANTONIO PEZET 237, DPTO 301','AVENIDA BENAVIDES','150101','45218111','942748007','franciosi.gm@gmail.com','','','45218111','DOCENTE',5,NULL,NULL,NULL,NULL,NULL,1,NULL,NULL,'FRANCIOSI TOVAR GIULIANA MARÍA FRANCIOSI TOVAR','FRANCIOSI TOVAR GIUL'),(4708,NULL,3,'002338873','Elisa Aste','-','-','2021-01-01','NO INFORMADO',1,1,0,3,'NO INFORMADO','NO INFORMADO','-','0000000','999999999','elisa.aste@aci-peru.page',NULL,NULL,'002338873','NO INFORMADO',7,NULL,NULL,NULL,NULL,NULL,1,NULL,NULL,NULL,NULL),(4709,NULL,1,'73214274','ELSON JOSEPH','CHUPILLON','BAUTISTA','1997-03-16','CHICLAYO',1,1,0,1,'ENCALADA 1252','NO INFORMADO','150101','0000000','944940074','elson.chupillon.b@upch.pe','','','73214274','ESTUDIANTE',3,NULL,NULL,NULL,NULL,NULL,1,NULL,NULL,'CHUPILLON BAUTISTA ELSON JOSEPH','CHUPILLON BAUTISTA E'),(4710,NULL,1,'75717140','MÓNICA GABRIELA','DELGADO','GUERRA','1994-07-09','JESÚS MARÍA',1,1,0,2,'CALLE BERRUGUETTE ','A LA ESPALDA DEL MINISTERIO DE ENERGÍA Y MINAS','150130','012258560','949279518','mgdelgadoguerra@gmail.com','','','75717140','',5,NULL,NULL,NULL,NULL,NULL,1,NULL,NULL,'DELGADO GUERRA MÓNICA GABRIELA','DELGADO GUERRA MONIC'),(4711,NULL,1,'44805990','LIZ MARIBEL ','VILLAGOMEZ','CHANG','1987-09-13','ICA',1,1,0,2,'JIRÓN LAS ÁGUILAS 284','NO INFORMADO','070102','0000000','979346177','villagomezchangl@gmail.com','','','44805990','ENFERMERA',2,NULL,NULL,NULL,NULL,NULL,1,NULL,NULL,'VILLAGOMEZ CHANG LIZ MARIBEL ','VILLAGOMEZ CHANG LIZ'),(4712,NULL,3,'09926815','RODOLFO NAZARIO ','SEQUEIROS','PAIRAZAMAN','1973-03-17','LIMA',1,1,0,1,'JIRON PROLONGACION CUSCO 235 SAN MIGUEL LIMA','NO INFORMADO','150136','2626844','993438035','rodolfosequeiros@hotmail.com','','','09926815','INDEPENDIENTE',2,NULL,NULL,NULL,NULL,NULL,1,NULL,NULL,'SEQUEIROS PAIRAZAMAN RODOLFO NAZARIO ','SEQUEIROS PAIRAZAMAN'),(4713,NULL,3,'42557500','Jesus Alexis Aguilar vega ','-','-','2021-01-01','NO INFORMADO',1,1,0,3,'NO INFORMADO','NO INFORMADO','-','0000000','999999999','Jalexisaguilarv@gmail.com',NULL,NULL,'42557500','NO INFORMADO',7,NULL,NULL,NULL,NULL,NULL,1,NULL,NULL,NULL,NULL),(4714,NULL,3,'73062708','Kendal Karina Calle Antón','-','-','2021-01-01','NO INFORMADO',1,1,0,3,'NO INFORMADO','NO INFORMADO','-','0000000','999999999','k-lle_123@hotmail.com',NULL,NULL,'73062708','NO INFORMADO',7,NULL,NULL,NULL,NULL,NULL,1,NULL,NULL,NULL,NULL),(4715,NULL,3,'45415318','DIANA VANESSA','ESTRELLA','AHUANARI','1988-09-18','NO INFORMADO',1,1,0,3,'CALLE LAS AMAPOLAS 121','A 1 CUADRA DE LA ESTACION DE TREN ATOCONGO','150101','0000000','955316701','aerografiatortas@gmail.com','','','45415318','PASTELERIA',3,NULL,NULL,NULL,NULL,NULL,1,NULL,NULL,'ESTRELLA AHUANARI DIANA VANESSA','ESTRELLA AHUANARI DI'),(4716,NULL,1,'45707950','ANDREA','LINARES','BRACAMONTE','1989-03-24','PERU',1,1,0,2,'AV ALBERTO DEL CAMPO 414 DPTO 701','ALTURA PHARMAX','150131','0000000','992604292','linares.bracamonte@gmail.com','','','45707950','ECONOMISTA',5,NULL,NULL,NULL,NULL,NULL,1,NULL,NULL,'LINARES BRACAMONTE ANDREA','LINARES BRACAMONTE A'),(4717,NULL,1,'10130488','LUZ ','DIAZ','CRISOLOGO','1975-07-13','LIMA',1,1,0,2,'AV. CENTRAL MZ B1 LT 3','ESTACION SANTA ROSA ','150101','0000000','912625156','luzdiazcrisologo@gmail.com','','','10130488','NO INFORMADO',2,NULL,NULL,NULL,NULL,NULL,1,NULL,NULL,'DIAZ CRISOLOGO LUZ ','DIAZ CRISOLOGO LUZ'),(4718,NULL,1,'75127488','SANDRA ','BACA ','SANTILLÁN ','2000-07-24','LIMA',1,1,0,2,'NO INFORMADO','NO INFORMADO','150108','','939472997','sandrabs2407@gmail.com','','','75127488','ESTUDIANTE ',3,NULL,NULL,NULL,NULL,NULL,1,NULL,NULL,'BACA  SANTILLÁN  SANDRA ','BACA  SANTILLAN  SAN'),(4719,NULL,1,'4019623','CHRISTIAN MARTIN','TORRES','NUÑEZ','1979-03-06','LIMA',1,4,0,1,'CALLE LOS ROBLES 302 701','NO INFORMADO','150131','','997580584','cmtorresn@gmail.com','','','4019623','INGENIERO ',2,NULL,NULL,NULL,NULL,NULL,1,NULL,NULL,'TORRES NUÑEZ CHRISTIAN MARTIN','TORRES NUNEZ CHRISTI'),(4720,NULL,3,'40196213','Christian','-','-','2021-01-01','NO INFORMADO',1,1,0,3,'NO INFORMADO','NO INFORMADO','-','0000000','999999999','cmtorresn@gmail.com',NULL,NULL,'40196213','NO INFORMADO',7,NULL,NULL,NULL,NULL,NULL,1,NULL,NULL,NULL,NULL),(4721,NULL,3,'46220911','Georgann Arce Vasquez','-','-','2021-01-01','NO INFORMADO',1,1,0,3,'NO INFORMADO','NO INFORMADO','-','0000000','999999999','gstefani2@hotmail.com',NULL,NULL,'46220911','NO INFORMADO',7,NULL,NULL,NULL,NULL,NULL,1,NULL,NULL,NULL,NULL),(4722,NULL,3,'72795097','Angelina','-','-','2021-01-01','NO INFORMADO',1,1,0,3,'NO INFORMADO','NO INFORMADO','-','0000000','999999999','angelina.vassallo01@gmail.com',NULL,NULL,'72795097','NO INFORMADO',7,NULL,NULL,NULL,NULL,NULL,1,NULL,NULL,NULL,NULL),(4723,NULL,1,'48628177','MARCIA TRILLO','TRILLO','MONTES','1994-08-06','LIMA',1,1,0,2,'AVENIDA PASEO LA CASTELLANA 374, DPTO. 402','A 3 CUADRAS DEL ÓVALO HIGUERETA','150101','0000000','993716123','marcia060894@gmail.com','','','48628177','TRADUCTORA E INTÉRPRETE',3,NULL,NULL,NULL,NULL,NULL,1,NULL,NULL,'TRILLO MONTES MARCIA TRILLO','TRILLO MONTES MARCIA'),(4724,NULL,1,'25805661','LESLIE ','SANTILLANA','BAGARIC','1975-10-29','LIMA',1,1,0,2,'CALLE LOLA PARDO VARGAS 010 ','PARQUE RAMON CASTILLA','150101','0000000','972791788','lesliesantillana@hotmail.com','','','25805661','ADMINISTRADORA',3,NULL,NULL,NULL,NULL,NULL,1,NULL,NULL,'SANTILLANA BAGARIC LESLIE ','SANTILLANA BAGARIC L'),(4725,NULL,1,'60829347','NAYELLY','AROTNGO','PAUCAR','2001-05-20','LIMA',1,1,0,2,' MZ.Ñ1-LT.3 CALLE 42 SAN ANTONIO DE CARAPONGO','ZOOLOGICO DE HUACHIPA','-','0000000','957059811','nayellyzar5@gmail.com','','','60829347','ESTUDIANTE ',2,NULL,NULL,NULL,NULL,NULL,1,NULL,NULL,'AROTNGO PAUCAR NAYELLY','AROTNGO PAUCAR NAYEL'),(4726,NULL,1,'43903525','JIMENA LEDGARD','LEDGARD','AREVALO','1986-12-06','LIMA',1,1,0,2,'NO INFORMADO','NO INFORMADO','150131','0000000','987148312','jimena.ledgard@gmail.com','','','43903525','PERIODISTA',2,NULL,NULL,NULL,NULL,NULL,1,NULL,NULL,'LEDGARD AREVALO JIMENA LEDGARD','LEDGARD AREVALO JIME'),(4727,NULL,1,'76240801',' FABIANA','GOMEZ','TAYPE','2003-09-09','PERU',1,1,0,2,'MARIZCAL LUZURIAGA 342','METRO GARZON','150101','3663266','963278832','fabianagirl0606@gmail.com','117153879','','76240801','ESTUDIANTE',5,NULL,NULL,NULL,NULL,NULL,1,NULL,NULL,'GOMEZ TAYPE  FABIANA','GOMEZ TAYPE  FABIANA'),(4728,NULL,1,'43665939','CLAUDIA','AYLLÓN','ROSPIGLIOSI','1986-06-01','LIMA',1,1,0,2,'ALAMEDA MONTE UMBROSO 388, DPTO. 101 SURCO','A 3 CDRAS DE VELASCO ASTETE CON MONTE UMBROSO','150140','3724774','994650546','claudia.ayllon@hotmail.com','','','43665939','ADMINISTRACIÓN',2,NULL,NULL,NULL,NULL,NULL,1,NULL,NULL,'AYLLÓN ROSPIGLIOSI CLAUDIA','AYLLON ROSPIGLIOSI C'),(4729,NULL,3,'07719730','María Jesús Llaque Godard','-','-','2021-01-01','NO INFORMADO',1,1,0,3,'NO INFORMADO','NO INFORMADO','-','0000000','999999999','mariajesusllaque@yahoo.es',NULL,NULL,'07719730','NO INFORMADO',7,NULL,NULL,NULL,NULL,NULL,1,NULL,NULL,NULL,NULL),(4730,NULL,3,'47201787','Cristhian Gilberth Monsalve Monteza ','-','-','2021-01-01','NO INFORMADO',1,1,0,3,'NO INFORMADO','NO INFORMADO','-','0000000','999999999','crismon2@hotmail.com ',NULL,NULL,'47201787','NO INFORMADO',7,NULL,NULL,NULL,NULL,NULL,1,NULL,NULL,NULL,NULL),(4731,NULL,1,'41353972','KARIM ','PÉREZ','SUBAUSTE','1982-05-23','LIMA',1,1,0,2,'PASAJE MARACAIBO 152 JESÚS MARÍA','NO INFORMADO','150101','2614890','990135212','karimperezsubauste@gmail.com','','','41353972','ARTISTA PLÁSTICA',6,NULL,NULL,NULL,NULL,NULL,1,NULL,NULL,'PÉREZ SUBAUSTE KARIM ','PEREZ SUBAUSTE KARIM'),(4732,NULL,1,'46749362','SILVANA','CERDÀ','GABAROI','1974-03-06','BARCELONA',1,1,0,2,'3041 GRANT ROAD','NO INFORMADO','-','0000000','140546436','silvanacg@yahoo.com','','','46749362','PROFESORA DE ESPAÑOL',2,NULL,NULL,NULL,NULL,NULL,1,NULL,NULL,'CERDÀ GABAROI SILVANA','CERDA GABAROI SILVAN'),(4733,NULL,1,'10792448','SYLVIA ','LLOSA ','SCHIANTARELLI','1978-04-26','LIMA',1,1,0,2,'CALLE SANTANDER ','ALTURA 39 AV AREQUIPA ','150101','4210251','922050804','sylviallosaschiantarelli@gmail.com','','','10792448','ADMINISTRADORA ',6,NULL,NULL,NULL,NULL,NULL,1,NULL,NULL,'LLOSA  SCHIANTARELLI SYLVIA ','LLOSA  SCHIANTARELLI'),(4734,NULL,1,'47177686','CARLOS ENRIQUE','GÁRATE','SALVATIERRA','1991-09-28','NO INFORMADO',1,1,0,1,'NO INFORMADO','NO INFORMADO','-','0000000','990490695','carlosg.07gs@gmail.com','','','47177686','NO INFORMADO',7,NULL,NULL,NULL,NULL,NULL,1,NULL,NULL,'GÁRATE SALVATIERRA CARLOS ENRIQUE','GARATE SALVATIERRA C'),(4735,NULL,1,'10008574','MARIA DEL ROSARIO','BUENAÑO','VALDIGLESIAS','1973-01-17','LIMA',1,1,0,2,'VALENTIN ESPEJO 512 SAN JUAN DE MIRAFLORES','CLINICA SANTA MARTHA ','150133','940436156','940436156','rosario170173@yahoo.com','1167149547','','10008574','ADMINISTRADORA',2,NULL,NULL,NULL,NULL,NULL,1,NULL,NULL,'BUENAÑO VALDIGLESIAS MARIA DEL ROSARIO','BUENANO VALDIGLESIAS'),(4736,NULL,1,'40600424','SARITA ANGELICA','AGUIRRE','CABALLERO','1980-05-01','LIMA',1,1,0,2,'LURIN','CALLE CURAZAO MZ G LOTE 10 PROLONGACION JAHUAY ESQUINA CON KANKUM','150101','','952791732','saritacarasorella@gmail.com','','','40600424','NO INFORMADO',4,NULL,NULL,NULL,NULL,NULL,1,NULL,NULL,'AGUIRRE CABALLERO SARITA ANGELICA','AGUIRRE CABALLERO SA'),(4737,NULL,3,'48084389','ELIZABETH','GUILLEN','CACERES','1993-12-24','JESUS MARIA',1,1,0,2,'AVENIDA AREQUIPA 982 KM 11 COMAS','A 2 CUADRAS DE LA MUNICIPALIDAD DE COMAS','150101','5296717','946893916','gcliize@gmail.com','-','','48084389','LICENCIDA EN ADMINISTRACIÓN EN TURISMO Y HOTELERIA',7,NULL,NULL,NULL,NULL,NULL,1,NULL,NULL,'GUILLEN CACERES ELIZABETH','GUILLEN CACERES ELIZ'),(4738,NULL,3,'76572811','Liz Marquez Panuera','-','-','2021-01-01','NO INFORMADO',1,1,0,3,'NO INFORMADO','NO INFORMADO','-','0000000','999999999','esthef356@outlook.com',NULL,NULL,'76572811','NO INFORMADO',7,NULL,NULL,NULL,NULL,NULL,1,NULL,NULL,NULL,NULL),(4739,NULL,1,'74733410','JOSE LUIS','ESPINOZA','MESTANZA','1998-11-13','NO INFORMADO',1,1,0,1,'CALLE PERCY FAITH MZ Z LOTE 17 - SANTA LEONOR - CHORRILLOS','NO INFORMADO','150108','0000000','922092926','espinoza.josel@pucp.edu.pe','','','74733410','ESTUDIANTE UNIVERSITARIO',6,NULL,NULL,NULL,NULL,NULL,1,NULL,NULL,'ESPINOZA MESTANZA JOSE LUIS','ESPINOZA MESTANZA JO'),(4740,NULL,3,'72311164','Ada Gabriela Medina Policarpo','-','-','2021-01-01','NO INFORMADO',1,1,0,3,'NO INFORMADO','NO INFORMADO','-','0000000','999999999','adamedina85@gmail.com',NULL,NULL,'72311164','NO INFORMADO',7,NULL,NULL,NULL,NULL,NULL,1,NULL,NULL,NULL,NULL),(4741,NULL,1,'72041170','ALISON KAREN NICOLE','PINEDO','BALDOCEDA','2003-07-26','LIMA',1,1,0,2,'NO INFORMADO','NO INFORMADO','150110','0000000','978001353','alisonpinedo03@gmail.com','','','72041170','NO INFORMADO',6,NULL,NULL,NULL,NULL,NULL,1,NULL,NULL,'PINEDO BALDOCEDA ALISON KAREN NICOLE','PINEDO BALDOCEDA ALI'),(4742,NULL,1,'09544895','GLA','RAM','VE','1970-05-23','LIMA',1,1,0,2,'LIMA','NO INFORMADO','150101','966929289','966929289','alice.villamonter@gmail.com','','','09544895','SECR',7,NULL,NULL,NULL,NULL,NULL,1,NULL,NULL,'RAM VE GLA','RAM VE GLA'),(4743,NULL,3,'29721219','NELY MACEDO','-','-','2021-01-01','NO INFORMADO',1,1,0,3,'NO INFORMADO','NO INFORMADO','-','0000000','999999999','nelmac500@gmail.com',NULL,NULL,'29721219','NO INFORMADO',7,NULL,NULL,NULL,NULL,NULL,1,NULL,NULL,NULL,NULL),(4744,NULL,1,'42185107','FRANK ','PANDURO','MALPARTIDA','1983-08-10','HUANUCO',1,1,0,1,'NO INFORMADO','NO INFORMADO','040101','0000000','987729300','fpanduro.malpartida@hotmail.com','42185107','','42185107','INGENIERO',2,NULL,NULL,NULL,NULL,NULL,1,NULL,NULL,'PANDURO MALPARTIDA FRANK ','PANDURO MALPARTIDA F'),(4745,NULL,1,'77167360','TONY JORDAN ','CHAVEZ','FERNANDEZ','2000-01-21','LIMA',1,1,0,1,'CALLE 30 DE ABRIL #1100','PUERTA 06 DE LA UNI','150135','5347659','940062952','yotdan_2101@hotmail.com','','','77167360','ESTUDIANTE',2,NULL,NULL,NULL,NULL,NULL,1,NULL,NULL,'CHAVEZ FERNANDEZ TONY JORDAN ','CHAVEZ FERNANDEZ TON'),(4746,NULL,3,'71119471','SEBASTIAN GABRIEL VÁSQUEZ RAMÍREZ','VASQUEZ','RAMIREZ','2000-08-22','LIMA',1,1,0,1,'HENRAUD LEGER 194, DPTO 101, SANTIAGO DE SURCO, LIMA, PERÚ','ESQUINA CDRA 7 DE PRECIADOS','150140','6365413','922359185','karla.ramirez.camarena@gmail.com','','','71119471','ESTUDIANTE UNIVERSITARIO, UPC',2,NULL,NULL,NULL,NULL,NULL,1,NULL,NULL,'VASQUEZ RAMIREZ SEBASTIAN GABRIEL VÁSQUEZ RAMÍREZ','VASQUEZ RAMIREZ SEBA'),(4747,NULL,1,'73749865','JOSÉ SEBASTIÁN','PAMPA','BEJAR','2001-01-17','LIMA',1,1,0,1,'CALLE ALBIZIA MZ. F1 LT.4 PROLOG. SAN IGNACIO','NO INFORMADO','150101','0000000','940041702','josesebas1706@gmail.com','','','73749865','ESTUDIANTE',4,NULL,NULL,NULL,NULL,NULL,1,NULL,NULL,'PAMPA BEJAR JOSÉ SEBASTIÁN','PAMPA BEJAR JOSE SEB'),(4748,NULL,1,'71299219','STHEFANY ALEJANDRA','MAGUIÑA','ESPINOZA','2001-06-24','HUARAZ',1,1,0,2,'PJE. SÓCRATES MZ67 LT03','NO INFORMADO','020101','043604333','949326499','sthefany2402@hotmail.com','','','71299219','ESTUDIANTE',5,NULL,NULL,NULL,NULL,NULL,1,NULL,NULL,'MAGUIÑA ESPINOZA STHEFANY ALEJANDRA','MAGUINA ESPINOZA STH'),(4749,NULL,1,'70540003','ALESSANDRO','PEZ','GUBBINS','1995-02-18','LIMA',1,1,0,1,'ALAMEDA MONTE UMBROSO 384','CHACARILLA','150101','','960506719','alessandro.p.g19@gmaill.com','','','70540003','KEY ACCOUNT MANAGER ',7,NULL,NULL,NULL,NULL,NULL,1,NULL,NULL,'PEZ GUBBINS ALESSANDRO','PEZ GUBBINS ALESSAND'),(4750,NULL,1,'21868792','MARÍA ANGIOLINA ','RODRÍGUEZ','GALLUCCIO','1975-08-26','LIMA',1,1,0,2,'AV. LUIS GALVEZ CHIPOCO 114','CERCA CLINICA MARANATHA','110201','056263474','981410815','ma.angiolina@yahoo.es','YB0912264','','21868792','ADMINISTRADORA DE EMPRESAS',5,NULL,NULL,NULL,NULL,NULL,1,NULL,NULL,'RODRÍGUEZ GALLUCCIO MARÍA ANGIOLINA ','RODRIGUEZ GALLUCCIO'),(4751,NULL,1,'74087346','ARIANA ','RODRÍGUEZ ','VILLACORTA ','1998-09-30','LIMA',1,1,0,2,'MZ.J.LT6 ATE','SANTA CLARA','150103','0000000','916121956','ariana_500@hotmail.com ','','','74087346','ESTUDIANTE DE ECONOMÍA ',2,NULL,NULL,NULL,NULL,NULL,1,NULL,NULL,'RODRÍGUEZ  VILLACORTA  ARIANA ','RODRIGUEZ  VILLACORT'),(4752,NULL,1,'77958848','TAMARA','MARTINEZ','ELIAS','2013-01-07','LIMA',1,1,0,2,'COSMOS 441, DPT 301. LAS GARDENIAS SURCO','SURCO','150101','0000000','990922872','nurielias@gmail.com','YB5796410','','77958848','ESTUDIANTE',2,NULL,NULL,NULL,NULL,NULL,1,NULL,NULL,'MARTINEZ ELIAS TAMARA','MARTINEZ ELIAS TAMAR'),(4753,NULL,1,'77051641','ESTRELLA DEL CIELO','CASTILLO','CUBAS','2000-05-12','MATERNIDAD DE LIMA',1,1,0,2,'MARIANO NECOCHA 580 ','RETABLO','-','0000000','992509165','Cielo_10_luna@hotmail.com','','','77051641','NO INFORMADO',5,NULL,NULL,NULL,NULL,NULL,1,NULL,NULL,'CASTILLO CUBAS ESTRELLA DEL CIELO','CASTILLO CUBAS ESTRE'),(4754,NULL,1,'40964656','MARIA FABIOLA','AGUIRRE','NUÑEZ','1981-06-27','NO INFORMADO',1,1,0,2,'NO INFORMADO','NO INFORMADO','150122','0000000','966424277','fabiola.aguirre81@gmail.com','','','40964656','NO INFORMADO',5,NULL,NULL,NULL,NULL,NULL,1,NULL,NULL,'AGUIRRE NUÑEZ MARIA FABIOLA','AGUIRRE NUNEZ MARIA'),(4755,NULL,1,'43829547','DENNIS RICARDO ','VÁSQUEZ','ARIAS','1986-10-20','LIMA',1,1,0,1,'PJE. FRANCISCO DE ZELA 142, SAN GABRIEL ALTO, VILLA MARÍA DEL TRIUNFO','ALT. CUADRA 25 AV. JOSÉ CARLOS MARIATEGUI','150143','12835443','945831640','rvasquez.arias9@gmail.com','','','43829547','INGENIERO QUÍMICO',3,NULL,NULL,NULL,NULL,NULL,1,NULL,NULL,'VÁSQUEZ ARIAS DENNIS RICARDO ','VASQUEZ ARIAS DENNIS'),(4756,NULL,1,'45690595','ANDRÉS','BUSE','CABRERA','1989-02-07','LIMA PERU',1,1,0,1,'PIURA','NO INFORMADO','200101','0000000','988863333','andres_buse@yahoo.com','','','45690595','INGENIERO',2,NULL,NULL,NULL,NULL,NULL,1,NULL,NULL,'BUSE CABRERA ANDRÉS','BUSE CABRERA ANDRES'),(4757,NULL,1,'73323421','JOAO ATHIRSON','VASQUEZ','RAMIREZ','2000-03-26','LIMA',1,1,0,1,'AV. GASTÓN GARCIA RADA MZ C1 LOTE 31 DISTRITO DE PUNTA HERMOSA','MINIMARKET KAMADO PUERTA CHICA','150101','0000000','932577878','joaovasram@gmail.com','','','73323421','ESTUDIANTE',6,NULL,NULL,NULL,NULL,NULL,1,NULL,NULL,'VASQUEZ RAMIREZ JOAO ATHIRSON','VASQUEZ RAMIREZ JOAO'),(4758,NULL,1,'72472185','ALEXANDRA SOPHIA ','ARTEAGA','CHÁVEZ','1997-05-11','',1,1,0,2,'NO INFORMADO','NO INFORMADO','-','0000000','933071611','asach97@gmail.com','','','72472185','NO INFORMADO',2,NULL,NULL,NULL,NULL,NULL,1,NULL,NULL,'ARTEAGA CHÁVEZ ALEXANDRA SOPHIA ','ARTEAGA CHAVEZ ALEXA'),(4759,NULL,3,'73223458','María José Torres del Castillo','-','-','2021-01-01','NO INFORMADO',1,1,0,3,'NO INFORMADO','NO INFORMADO','-','0000000','999999999','majot3108@gmail.com',NULL,NULL,'73223458','NO INFORMADO',7,NULL,NULL,NULL,NULL,NULL,1,NULL,NULL,NULL,NULL),(4760,NULL,1,'09336281','ALFONSO FERNANDO','GAVILANO','LLOSA','1959-11-30','LIMA',1,1,0,1,'MANUEL SALAZAR 267 ','NO INFORMADO','150131','2645335','998749515','alfergallo@yahoo.com','','','09336281','NO INFORMADO',2,NULL,NULL,NULL,NULL,NULL,1,NULL,NULL,'GAVILANO LLOSA ALFONSO FERNANDO','GAVILANO LLOSA ALFON'),(4761,NULL,1,'45728872','GINA ISABEL','VARGAS','HERRERA','1989-03-28','JESÚS MARÍA',1,1,0,2,'JIRÓN ARICA 395 DPTO 502, MAGDALENA DEL MAR','AL FRENTE DE LA CASA ESPITIRUAL SAN JOSÉ DE CLUNY','150101','4050433','965829458','gavgisa@gmail.com','','','45728872','ABOGADA',3,NULL,NULL,NULL,NULL,NULL,1,NULL,NULL,'VARGAS HERRERA GINA ISABEL','VARGAS HERRERA GINA'),(4762,NULL,1,'70748502','JENNIFER','HUAMAN ','LEGUIA ','2000-04-02','RIMAC',1,1,0,2,'AV. CARABAYLLO 525 URB SANTA ISOLINA','EL PARRAL','150110','5253838','986451938','jennifernh2000@gmail.com','6792572','','70748502','ESTUDIANTE ',3,NULL,NULL,NULL,NULL,NULL,1,NULL,NULL,'HUAMAN  LEGUIA  JENNIFER','HUAMAN  LEGUIA  JENN'),(4763,NULL,1,'70717627','MIAVALENTINA','TRAVEZAÑO','GUTIERREZ','2007-02-07','LIMA',1,1,0,2,'RAMIREZ CARRASCO 861','PALACIO DE LA JUVENTUD','150101','0000000','995354564','valentikadecoraciones@gmail.com','','','70717627','ESTUDIANTE',4,NULL,NULL,NULL,NULL,NULL,1,NULL,NULL,'TRAVEZAÑO GUTIERREZ MIAVALENTINA','TRAVEZANO GUTIERREZ'),(4764,NULL,1,'70753870','LUCELLY XIOMARA SUNSHINE ','CESPEDES','HUARANGA','1994-02-21','HUANUCO',1,1,0,2,'JR. HUMBOLT N° 700 ','PARALELO A OBREROS','150101','','962791773','xiomara_16_05@hotmail.com','','','70753870','ABOGADO',6,NULL,NULL,NULL,NULL,NULL,1,NULL,NULL,'CESPEDES HUARANGA LUCELLY XIOMARA SUNSHINE ','CESPEDES HUARANGA LU'),(4765,NULL,1,'43736431','JENNY MARGARITA ','VARE','PABLICH','1986-08-12','LIMA',1,1,0,2,'MZ P LOTE 04 AA.HH VILLA LIMATAMBO','COLEGIO 7106 ALTURA','150143','986710831','941361659','Jennyvapb@gmail.com','','','43736431','NO INFORMADO',2,NULL,NULL,NULL,NULL,NULL,1,NULL,NULL,'VARE PABLICH JENNY MARGARITA ','VARE PABLICH JENNY M'),(4766,NULL,1,'70193287','CARLOS ANTONIO ESCUDERO CIPRIANI','ESCUDERO','CIPRIANI','1991-06-15','JESUS MARÍA',1,1,0,1,'NO INFORMADO','NO INFORMADO','-','3795032','956371772','c_escudero91@hotmail.com','','','70193287','ADMINISTRADOR DE NEGOCIOS INTERNACIONALES',5,NULL,NULL,NULL,NULL,NULL,1,NULL,NULL,'ESCUDERO CIPRIANI CARLOS ANTONIO ESCUDERO CIPRIANI','ESCUDERO CIPRIANI CA'),(4767,NULL,1,'10350745','MAURA ELISA ESCUDERO CIPRIANI','ESCUDERO','CIPRIANI','1976-02-18','LIMA',1,1,0,3,'NO INFORMADO','NO INFORMADO','-','0000000','993098101','maeli1826@yahoo.com','','','10350745','ASISTENTA SOCIAL / AGENTE INMOBILIARIO',5,NULL,NULL,NULL,NULL,NULL,1,NULL,NULL,'ESCUDERO CIPRIANI MAURA ELISA ESCUDERO CIPRIANI','ESCUDERO CIPRIANI MA'),(4768,NULL,1,'08081315','ENRIQUE ARMANDO','PERAMÁS','DÍAZ','1966-06-05','LIMA',1,1,0,1,'JR ESTADOS UNIDOS 135, DPTO 201 JESUS MARIA','ALT. CDRA 19 AV BRASIL','150113','014050967','996590950','abogadoeperamas@hotmail.com','','','08081315','ABOGADO',2,NULL,NULL,NULL,NULL,NULL,1,NULL,NULL,'PERAMÁS DÍAZ ENRIQUE ARMANDO','PERAMAS DIAZ ENRIQUE'),(4769,NULL,1,'72446282','GABRIELA RONCAL','RONCAL','MALLMA','1993-03-01','LIMA',1,1,0,2,'AV DOMINGO ORUE 565 SURQUILLO','NO INFORMADO','150101','0000000','902843630','gabriela.roncal93@gmail.com','','','72446282','ADMINISTRADORA',2,NULL,NULL,NULL,NULL,NULL,1,NULL,NULL,'RONCAL MALLMA GABRIELA RONCAL','RONCAL MALLMA GABRIE'),(4770,NULL,1,'44427890','ANDREA TARAZONA','TARAZONA','BENEDETTI','1987-07-23','LIMA',1,1,0,2,'NO INFORMADO','NO INFORMADO','150113','015961455','942170231','andrea.tarazona23@gmail.com','','','44427890','EMPRESARIA',2,NULL,NULL,NULL,NULL,NULL,1,NULL,NULL,'TARAZONA BENEDETTI ANDREA TARAZONA','TARAZONA BENEDETTI A'),(4771,NULL,1,'10139128','GABILÚ KATHERINE','FONSECA','BURGA','1975-06-16','LIMA',1,1,0,2,'LARRABURE Y UNANUE 299 DPTO 602 ','ENTRE 4 Y 5 AV AREQUIPA','150113','0000000','991897774','gabilu@gmail.com','','','10139128','TRADUCTORA',6,NULL,NULL,NULL,NULL,NULL,1,NULL,NULL,'FONSECA BURGA GABILÚ KATHERINE','FONSECA BURGA GABILU'),(4772,NULL,1,'77162994','DIEGO CARLOS','GOMEZ','TAYPE','2001-11-30','HOSPITAL SANTA ROSA',1,1,0,1,'JR.MARISCAL LUZURIAGA #342','ALTURA DE AV.BRASIL CUADRA 14','150113','3663266','950798906','diegho2712@gmail.com','--','','77162994','ESTUDIANTE',5,NULL,NULL,NULL,NULL,NULL,1,NULL,NULL,'GOMEZ TAYPE DIEGO CARLOS','GOMEZ TAYPE DIEGO CA'),(4773,NULL,1,'73360516','KARINA LIZBETH','LINARES','COJAL','1995-03-28','LIMA',1,1,0,2,'JR. MIGUEL ORTIZ 534 - LOS OLIVOS','','150117','','955050833','kl.linaresc@gmail.com','','','73360516','INDEPENDIENTE',4,NULL,NULL,NULL,NULL,NULL,1,NULL,NULL,'LINARES COJAL KARINA LIZBETH','LINARES COJAL KARINA'),(4774,NULL,1,'44622025','LUCIANO ENRICO','RIOJA','GHIOTTO','1987-07-18','LIMA',1,1,0,1,'AV SALAVERRY 2580 DPTO 301','','150113','','933040576','lucianorioja@gmail.com','','','44622025','ECONOMISTA',7,NULL,NULL,NULL,NULL,NULL,1,NULL,NULL,'RIOJA GHIOTTO LUCIANO ENRICO','RIOJA GHIOTTO LUCIAN'),(4775,NULL,3,'10386932','Gustavo ricardo vega barrientos','-','-','2021-01-01','NO INFORMADO',1,1,0,3,'NO INFORMADO','NO INFORMADO','-','0000000','999999999','grvb76@gmail.com',NULL,NULL,'10386932','NO INFORMADO',7,NULL,NULL,NULL,NULL,NULL,1,NULL,NULL,NULL,NULL),(4776,NULL,1,'73601224','CELESTE ','VERA','DELGADO','2002-07-23','PERÚ',1,1,0,2,'AV. ALEJANDRO VELASCO ASTETE 1040 SURCO','NO INFORMADO','150101','0000000','970475202','celesteverade@gmail.com','','','73601224','ESTUDIANTE',2,NULL,NULL,NULL,NULL,NULL,1,NULL,NULL,'VERA DELGADO CELESTE ','VERA DELGADO CELESTE'),(4777,NULL,1,'44533064','SANDRA','HITTMEYER','MORENO','1987-09-30','NO INFORMADO',1,1,0,2,'NO INFORMADO','NO INFORMADO','150101','0000000','999456531','sandra_hittmeyer@hotmail.com','','','44533064','NO INFORMADO',5,NULL,NULL,NULL,NULL,NULL,1,NULL,NULL,'HITTMEYER MORENO SANDRA','HITTMEYER MORENO SAN'),(4778,NULL,1,'44175141','CARLOS ENRIQUE','BUENO','GOMEZ','1987-03-26','LIMA',1,1,0,1,'SECTOR 6 GRUPO 9 MZ A LOTE 4 VILLA EL SALVADOR','NO INFORMADO','150101','0000000','997738748','nuevaesperanza260387@gmail.com','','','44175141','NO INFORMADO',2,NULL,NULL,NULL,NULL,NULL,1,NULL,NULL,'BUENO GOMEZ CARLOS ENRIQUE','BUENO GOMEZ CARLOS E'),(4779,NULL,1,'71225514','ROBERTO CARLOS IVAN ','SALAS','OLIVOS','1995-02-03','NO INFORMADO',1,1,0,1,'NELSON GUIA GONZALES 465 EDIF. DPTO. 703 DINASTIA, SURCO','NO INFORMADO','150122','2823048','933377512','rciso5155@gmail.com','','','71225514','OFICIAL FAP',3,NULL,NULL,NULL,NULL,NULL,1,NULL,NULL,'SALAS OLIVOS ROBERTO CARLOS IVAN ','SALAS OLIVOS ROBERTO'),(4780,NULL,1,'72858064','VALERY ALEXIA','ROLDÁN','RODRÍGUEZ','2000-11-13','LIMA',1,1,0,2,'NO INFORMADO','NO INFORMADO','150101','0000000','999008096','valeryalexia2000@hotmail.com','','','72858064','ESTUDIANTE',2,NULL,NULL,NULL,NULL,NULL,1,NULL,NULL,'ROLDÁN RODRÍGUEZ VALERY ALEXIA','ROLDAN RODRIGUEZ VAL'),(4781,NULL,1,'44058646','FIORELLA ','CUEVA ','SÁNCHEZ','1986-06-17','PIURANA',1,1,0,2,'JIRÓN COSTA RICA N° 140 DPTO 501, JESÚS MARÍA','ATRÁS DE LA CLÍNICA SAN FELIPE','200101','0000000','943356799','fiore.cueva@gmail.com','','','44058646','CONTADORA',2,NULL,NULL,NULL,NULL,NULL,1,NULL,NULL,'CUEVA  SÁNCHEZ FIORELLA ','CUEVA  SANCHEZ FIORE'),(4782,NULL,1,'78013881','JOHAIRA KATIUSKA FLORES QUISPE','FLORES','QUISPE','1996-09-02','COLLIQUE COMAS',1,1,0,2,'MZ 68 LOTE 22 URBANIZACION TORREBLANCA CARABAYLLO','CARRETERA CANTA ','150106','0000000','918729627','johaira2996@gmail.com','','','78013881','ESTUDIANTE',4,NULL,NULL,NULL,NULL,NULL,1,NULL,NULL,'FLORES QUISPE JOHAIRA KATIUSKA FLORES QUISPE','FLORES QUISPE JOHAIR'),(4783,NULL,1,'72207294','GEMA MARÍA DEL PILAR ','FALCON ','PADILLA','1996-10-25','LIMA',1,1,0,2,'MZ. J.13 LT.21 NUEVA VENECIA, CALLE LAS CAMELIAS','NO INFORMADO','150132','6330868','918734668','gemafalconpadilla@gmail.com','','','72207294','ESTUDIANTE',5,NULL,NULL,NULL,NULL,NULL,1,NULL,NULL,'FALCON  PADILLA GEMA MARÍA DEL PILAR ','FALCON  PADILLA GEMA'),(4784,NULL,3,'60822777','Adriana Morella Valentina Barrientos Huamani','-','-','2021-01-01','NO INFORMADO',1,1,0,3,'NO INFORMADO','NO INFORMADO','-','0000000','999999999','adrianabarrientos150918@gmail.com',NULL,NULL,'60822777','NO INFORMADO',7,NULL,NULL,NULL,NULL,NULL,1,NULL,NULL,NULL,NULL),(4785,NULL,1,'73044756','LUCIA XIMENA ','PRATI','OBLITAS','2000-03-30','NO INFORMADO',1,1,0,2,'NO INFORMADO','NO INFORMADO','150101','0000000','941403425','lucia30_marzo@hotmail.com','','','73044756','NO INFORMADO',2,NULL,NULL,NULL,NULL,NULL,1,NULL,NULL,'PRATI OBLITAS LUCIA XIMENA ','PRATI OBLITAS LUCIA'),(4786,NULL,1,'07631637','MARY','ROJAS ','CUESTA','1996-11-17','SAN MARTÍN',1,1,0,2,'CALLE LOS DATILEROS 350 - B; LA MOLINA','ENTRE LA AV. LOS FRUTALES Y LA AV. JAVIER PRADO','220301','0000000','999003562','marojascuesta@gmail.com','','','07631637','ABOGADA',3,NULL,NULL,NULL,NULL,NULL,1,NULL,NULL,'ROJAS  CUESTA MARY','ROJAS  CUESTA MARY'),(4787,NULL,1,'75429181','MARIELENA KARINA','CASTRO','RONDON','1998-05-28','LIMA',1,1,0,2,'CALLE LOS GERANIOS MZ K LTE 7 ','VILLA MARIA DEL TRIUNFO','150101','0000000','955571929','mariecastro612@gmail.com','116704728','','75429181','NO INFORMADO',5,NULL,NULL,NULL,NULL,NULL,1,NULL,NULL,'CASTRO RONDON MARIELENA KARINA','CASTRO RONDON MARIEL'),(4788,NULL,1,'73442172','CAMILA CABELLO','CABELLO','OLIVÉ','2006-06-14','',1,1,0,2,'NO INFORMADO','NO INFORMADO','150140','','995549814','ccabelloolive@gmail.com','','','73442172','ESTUDIANTE',2,NULL,NULL,NULL,NULL,NULL,1,NULL,NULL,'CABELLO OLIVÉ CAMILA CABELLO','CABELLO OLIVE CAMILA'),(4789,NULL,1,'73412260','ARIANA LYNET','LESCANO','SUAREZ','2019-07-07','JESUS MARIA',1,1,0,2,'JR. RIO TARICA 5287','ALT. 52 Y 53 DE AV PALMERAS','150101','0000000','932226251','larrylescano@outlook.com','','','73412260','ESTUDIANTE',2,NULL,NULL,NULL,NULL,NULL,1,NULL,NULL,'LESCANO SUAREZ ARIANA LYNET','LESCANO SUAREZ ARIAN'),(4790,NULL,1,'74208288','FRANCESCA','CAMOGLIANO','RIVERA','2005-02-25','LIMA',1,1,0,2,'','NO INFORMADO','150101','0000000','980060725','fcamoglianorivera@gmail.com','','','74208288','ESTUDIANTE',3,NULL,NULL,NULL,NULL,NULL,1,NULL,NULL,'CAMOGLIANO RIVERA FRANCESCA','CAMOGLIANO RIVERA FR');

--
-- Table structure for table `alumnos_nivel_menos_uno`
--

CREATE TABLE `alumnos_nivel_menos_uno` (
  `Id_alu` int(15) DEFAULT NULL,
  `CursoMenosUno` int(15) DEFAULT NULL
) ENGINE=InnoDB DEFAULT CHARSET=utf8;

--
-- Dumping data for table `alumnos_nivel_menos_uno`
--

INSERT INTO `alumnos_nivel_menos_uno` (`Id_alu`, `CursoMenosUno`) VALUES (2,254),(3,258),(4,287),(6,264),(8,265),(10,257),(11,254),(13,266),(15,268),(16,254),(18,270),(19,281),(20,269),(21,244),(23,256),(24,1),(25,265),(27,252),(28,279),(29,252),(31,269),(32,252),(33,258),(34,254),(37,256),(39,268),(41,266),(42,264),(43,269),(48,279),(54,266),(58,254),(59,264),(61,272),(62,255),(68,261),(70,264),(71,250),(73,279),(76,254),(79,250),(84,281),(88,259),(92,255),(93,264),(99,253),(100,287),(101,254),(102,249),(104,268),(107,267),(108,255),(113,259),(114,269),(116,257),(117,256),(118,250),(122,256),(123,268),(124,281),(125,268),(126,261),(127,267),(129,277),(132,258),(133,1),(137,276),(138,257),(139,252),(142,1),(146,261),(148,281),(150,256),(153,281),(154,257),(155,254),(158,255),(159,273),(160,255),(161,281),(167,287),(168,261),(169,257),(170,285),(172,259),(174,254),(175,256),(176,281),(177,270),(186,272),(187,265),(188,253),(191,258),(192,273),(194,254),(197,255),(198,254),(204,279),(209,281),(210,273),(211,281),(212,277),(220,266),(225,273),(227,254),(231,271),(232,252),(233,244),(235,261),(238,276),(240,254),(245,258),(246,255),(248,1),(249,259),(251,277),(253,264),(255,250),(260,261),(262,259),(264,281),(268,259),(271,270),(272,285),(274,279),(275,253),(276,285),(277,277),(280,266),(281,252),(282,285),(283,285),(284,268),(287,268),(288,271),(289,281),(290,259),(292,287),(293,279),(295,258),(297,285),(298,254),(299,271),(302,252),(303,255),(304,287),(305,255),(306,285),(309,287),(310,265),(313,259),(315,272),(319,271),(323,285),(324,287),(325,287),(326,287),(327,287),(329,273),(332,279),(333,287),(334,287),(335,265),(336,270),(337,254),(338,281),(340,1),(341,285),(342,261),(344,285),(345,251),(346,258),(348,287),(349,281),(350,261),(352,281),(353,281),(355,285),(356,281),(357,273),(358,287),(360,277),(361,279),(364,281),(365,277),(367,259),(370,267),(371,254),(372,281),(373,254),(374,281),(375,287),(376,285),(377,256),(378,281),(382,285),(383,281),(387,251),(388,279),(390,277),(391,269),(393,269),(396,259),(399,277),(404,250),(405,279),(409,287),(410,276),(416,261),(417,287),(420,242),(421,270),(422,267),(426,281),(427,256),(429,285),(429,1),(430,254),(434,267),(436,261),(438,268),(439,287),(441,281),(442,268),(444,279),(445,261),(446,256),(447,254),(448,256),(455,241),(456,281),(458,259),(459,259),(462,281),(463,249),(464,254),(466,277),(467,281),(470,261),(473,281),(474,281),(478,281),(483,279),(484,257),(486,259),(489,279),(496,251),(497,259),(498,255),(499,276),(501,281),(502,269),(505,250),(506,279),(508,281),(509,281),(510,258),(511,279),(512,281),(516,285),(517,256),(520,268),(521,273),(522,267),(523,273),(526,273),(527,1),(531,258),(535,276),(536,243),(538,261),(543,261),(544,281),(547,261),(549,277),(550,255),(553,258),(555,255),(560,268),(561,261),(564,241),(567,281),(568,268),(571,265),(572,254),(573,279),(574,252),(577,259),(580,276),(581,277),(582,254),(583,276),(584,252),(588,277),(589,261),(593,250),(595,253),(597,261),(598,261),(599,273),(600,254),(602,253),(603,276),(604,255),(605,266),(606,272),(607,255),(608,266),(609,255),(611,255),(613,249),(616,265),(620,279),(622,276),(623,261),(624,266),(625,251),(626,259),(627,271),(629,252),(630,254),(632,259),(637,261),(638,272),(639,265),(641,258),(642,259),(645,272),(647,259),(650,268),(651,259),(652,273),(654,273),(659,257),(661,273),(662,261),(666,259),(668,254),(670,255),(671,273),(672,272),(673,270),(675,259),(678,255),(679,258),(680,268),(681,250),(686,256),(688,271),(693,256),(694,256),(696,273),(698,277),(700,258),(701,273),(702,251),(703,266),(704,258),(705,258),(706,259),(708,252),(709,1),(710,273),(711,277),(714,272),(715,255),(717,273),(719,257),(721,259),(724,258),(725,271),(727,261),(728,273),(730,273),(731,259),(732,272),(736,261),(738,258),(739,272),(741,254),(746,254),(747,1),(748,273),(751,254),(758,276),(759,271),(761,1),(766,254),(768,256),(769,254),(772,267),(773,268),(778,272),(779,258),(781,251),(788,267),(789,258),(792,271),(793,271),(794,272),(796,271),(797,253),(798,253),(803,272),(804,272),(806,1),(807,273),(809,268),(810,259),(811,252),(814,258),(817,257),(818,254),(819,257),(820,253),(821,253),(822,251),(828,258),(830,277),(832,257),(834,273),(835,256),(836,254),(837,257),(838,256),(839,256),(841,258),(842,272),(844,253),(845,256),(847,256),(848,257),(849,255),(853,271),(854,271),(855,266),(857,271),(858,259),(862,268),(863,279),(864,281),(865,257),(867,254),(868,250),(869,257),(870,255),(874,253),(875,259),(876,257),(877,271),(879,256),(880,242),(883,255),(884,271),(888,255),(889,250),(891,272),(893,270),(894,270),(896,254),(897,256),(899,256),(902,1),(903,256),(904,270),(906,269),(907,256),(910,273),(914,256),(916,254),(917,269),(918,269),(919,267),(923,1),(923,256),(924,270),(926,270),(929,255),(931,268),(932,267),(933,269),(937,254),(944,256),(945,268),(946,255),(949,256),(951,255),(952,270),(956,279),(957,255),(959,270),(960,256),(961,268),(964,269),(965,270),(967,270),(971,266),(972,256),(973,257),(974,270),(992,256),(998,268),(1006,270),(1009,1),(1010,256),(1015,256),(1028,269),(1029,255),(1032,253),(1036,255),(1040,255),(1043,255),(1044,253),(1046,251),(1051,269),(1053,254),(1055,254),(1058,1),(1061,254),(1065,265),(1067,255),(1070,253),(1072,269),(1074,255),(1076,249),(1078,269),(1080,254),(1082,269),(1083,253),(1084,255),(1085,255),(1086,255),(1087,255),(1088,255),(1089,269),(1091,255),(1094,255),(1095,254),(1096,267),(1099,255),(1102,268),(1104,255),(1113,268),(1114,252),(1115,255),(1117,255),(1125,254),(1126,254),(1127,254),(1129,254),(1130,255),(1131,255),(1132,255),(1133,269),(1134,256),(1139,269),(1141,269),(1146,269),(1147,254),(1148,266),(1152,252),(1153,255),(1158,269),(1160,255),(1163,255),(1164,255),(1166,268),(1167,254),(1171,269),(1173,269),(1175,255),(1177,254),(1179,269),(1182,255),(1183,253),(1184,252),(1185,277),(1186,254),(1187,254),(1189,1),(1189,255),(1194,269),(1196,255),(1198,267),(1199,268),(1203,255),(1206,253),(1208,254),(1210,255),(1212,269),(1216,269),(1219,268),(1221,243),(1227,254),(1229,254),(1231,268),(1233,254),(1234,254),(1235,268),(1236,252),(1237,252),(1239,268),(1243,268),(1244,251),(1245,254),(1247,254),(1250,252),(1255,268),(1256,252),(1257,254),(1260,268),(1262,244),(1266,268),(1272,268),(1274,254),(1276,254),(1283,254),(1284,251),(1285,254),(1286,267),(1287,268),(1290,254),(1291,269),(1292,269),(1294,254),(1296,268),(1297,254),(1298,268),(1299,252),(1301,254),(1302,268),(1303,254),(1311,253),(1312,254),(1316,254),(1317,254),(1319,268),(1324,253),(1325,1),(1325,254),(1327,254),(1328,254),(1330,268),(1331,267),(1332,252),(1333,254),(1337,254),(1343,267),(1347,267),(1348,254),(1351,269),(1353,253),(1357,268),(1359,254),(1360,255),(1361,268),(1363,253),(1365,254),(1369,254),(1370,254),(1372,259),(1374,256),(1379,268),(1380,255),(1381,266),(1384,268),(1386,272),(1388,256),(1389,273),(1392,254),(1393,257),(1395,281),(1399,255),(1402,277),(1407,266),(1408,252),(1412,267),(1414,250),(1415,253),(1421,253),(1423,267),(1425,253),(1426,267),(1430,251),(1431,267),(1432,254),(1433,253),(1434,253),(1435,253),(1440,267),(1442,253),(1443,253),(1444,1),(1444,244),(1445,253),(1447,267),(1448,251),(1449,253),(1450,267),(1451,254),(1452,254),(1453,267),(1455,267),(1456,267),(1457,252),(1458,267),(1461,242),(1463,267),(1464,254),(1464,1),(1465,253),(1467,1),(1469,267),(1471,253),(1473,253),(1475,266),(1478,254),(1479,253),(1482,267),(1484,251),(1485,253),(1488,266),(1489,253),(1491,267),(1492,267),(1493,253),(1494,251),(1496,244),(1497,252),(1498,267),(1500,267),(1503,265),(1506,267),(1507,267),(1508,244),(1510,266),(1511,254),(1512,253),(1517,244),(1518,267),(1519,253),(1520,266),(1524,253),(1525,267),(1526,253),(1529,267),(1530,254),(1531,253),(1532,253),(1533,267),(1537,253),(1539,251),(1541,253),(1542,253),(1546,253),(1549,252),(1550,255),(1551,267),(1557,266),(1558,253),(1561,271),(1562,253),(1563,252),(1564,254),(1570,242),(1574,252),(1575,267),(1576,252),(1577,267),(1578,251),(1579,254),(1581,267),(1582,253),(1583,255),(1584,265),(1585,253),(1586,267),(1588,253),(1595,267),(1596,267),(1597,253),(1599,266),(1601,267),(1605,257),(1607,252),(1611,267),(1614,264),(1615,267),(1616,250),(1617,250),(1619,267),(1620,272),(1625,266),(1626,244),(1628,252),(1633,266),(1634,266),(1635,251),(1636,252),(1637,252),(1639,252),(1641,252),(1642,252),(1643,266),(1644,266),(1645,252),(1646,266),(1647,252),(1648,266),(1651,266),(1653,251),(1654,252),(1657,266),(1659,266),(1661,252),(1662,265),(1663,266),(1667,252),(1668,252),(1671,266),(1672,266),(1673,252),(1675,266),(1676,252),(1680,266),(1682,244),(1684,244),(1686,266),(1687,266),(1688,266),(1689,266),(1690,244),(1692,252),(1693,252),(1697,252),(1699,252),(1701,253),(1702,244),(1703,252),(1705,251),(1706,266),(1708,244),(1709,252),(1710,252),(1712,1),(1714,266),(1718,252),(1719,252),(1721,266),(1722,250),(1726,266),(1728,244),(1730,269),(1731,266),(1735,253),(1738,251),(1743,252),(1744,268),(1746,266),(1747,252),(1749,252),(1750,252),(1753,243),(1754,252),(1755,265),(1758,265),(1759,252),(1760,252),(1761,266),(1762,266),(1764,252),(1766,252),(1767,244),(1769,266),(1772,252),(1773,252),(1775,252),(1777,242),(1778,252),(1780,273),(1782,266),(1784,266),(1785,266),(1788,251),(1789,252),(1790,252),(1792,266),(1793,252),(1794,244),(1795,251),(1796,266),(1797,266),(1799,251),(1800,266),(1801,266),(1802,252),(1804,252),(1805,252),(1806,266),(1807,266),(1808,252),(1810,266),(1813,253),(1814,252),(1815,252),(1819,266),(1820,265),(1823,266),(1825,265),(1826,266),(1829,266),(1830,266),(1831,266),(1832,266),(1833,266),(1834,252),(1836,253),(1838,252),(1840,252),(1841,252),(1846,251),(1852,255),(1855,254),(1856,252),(1858,252),(1861,252),(1862,252),(1865,253),(1866,270),(1868,251),(1869,252),(1871,253),(1875,266),(1876,257),(1877,265),(1879,252),(1881,266),(1882,266),(1883,265),(1885,266),(1888,265),(1889,258),(1890,264),(1892,266),(1893,265),(1894,266),(1895,249),(1897,265),(1898,265),(1899,251),(1900,265),(1901,265),(1902,265),(1904,265),(1905,251),(1906,251),(1907,265),(1908,251),(1909,265),(1911,250),(1912,265),(1914,265),(1915,251),(1917,251),(1918,243),(1919,243),(1921,265),(1922,265),(1923,265),(1925,265),(1926,265),(1928,265),(1929,251),(1930,251),(1931,265),(1934,251),(1936,267),(1940,251),(1941,265),(1942,265),(1943,265),(1945,251),(1946,251),(1954,265),(1955,265),(1956,251),(1957,265),(1958,251),(1959,265),(1963,243),(1966,251),(1967,251),(1970,268),(1971,265),(1972,265),(1973,251),(1974,264),(1975,251),(1977,251),(1981,273),(1983,264),(1984,242),(1985,243),(1986,265),(1987,265),(1990,251),(1992,251),(1994,251),(1996,250),(1997,251),(1998,264),(1999,250),(2000,251),(2001,249),(2002,251),(2004,265),(2005,251),(2006,265),(2007,264),(2009,265),(2010,265),(2013,251),(2015,251),(2017,251),(2018,251),(2019,265),(2020,265),(2021,251),(2022,265),(2023,250),(2025,250),(2026,251),(2027,265),(2029,265),(2030,254),(2035,251),(2036,265),(2038,268),(2039,268),(2040,265),(2041,264),(2042,265),(2045,263),(2047,251),(2051,265),(2053,265),(2055,265),(2056,250),(2062,252),(2063,252),(2066,251),(2067,264),(2068,265),(2071,266),(2073,265),(2074,243),(2076,251),(2077,243),(2078,251),(2079,265),(2081,256),(2082,254),(2083,254),(2084,251),(2085,264),(2086,249),(2087,251),(2088,251),(2093,271),(2094,265),(2100,256),(2102,265),(2103,267),(2104,251),(2106,251),(2107,250),(2112,265),(2113,265),(2115,251),(2117,264),(2119,251),(2120,265),(2121,265),(2123,250),(2124,265),(2125,265),(2126,265),(2127,264),(2128,264),(2130,265),(2131,242),(2132,265),(2135,265),(2136,250),(2137,250),(2138,265),(2139,264),(2140,264),(2142,242),(2144,250),(2145,250),(2147,250),(2150,250),(2151,242),(2152,250),(2158,264),(2159,242),(2162,250),(2164,264),(2165,264),(2166,264),(2168,264),(2169,264),(2170,264),(2172,250),(2173,264),(2174,264),(2175,264),(2176,263),(2177,249),(2178,264),(2179,250),(2180,264),(2181,250),(2182,264),(2186,265),(2187,250),(2188,250),(2189,250),(2190,264),(2191,264),(2192,242),(2193,249),(2194,264),(2195,266),(2198,264),(2199,242),(2200,250),(2201,264),(2202,264),(2204,264),(2206,264),(2208,264),(2209,250),(2210,242),(2211,264),(2212,264),(2213,250),(2214,264),(2216,264),(2217,250),(2218,264),(2221,249),(2222,264),(2223,242),(2224,250),(2225,250),(2226,250),(2227,264),(2230,264),(2231,250),(2232,264),(2233,249),(2234,264),(2235,264),(2236,264),(2237,264),(2238,250),(2240,264),(2241,266),(2242,264),(2245,242),(2246,264),(2247,242),(2249,241),(2252,250),(2253,250),(2254,250),(2255,264),(2257,1),(2258,264),(2259,249),(2260,257),(2261,251),(2262,254),(2263,267),(2264,250),(2265,249),(2266,250),(2267,264),(2268,266),(2270,255),(2271,264),(2272,264),(2273,250),(2274,267),(2276,242),(2277,250),(2278,250),(2279,264),(2280,250),(2281,250),(2284,242),(2286,264),(2287,263),(2289,264),(2290,251),(2291,263),(2294,263),(2295,249),(2296,249),(2297,241),(2298,249),(2299,241),(2300,241),(2301,249),(2302,249),(2303,241),(2304,249),(2305,249),(2306,249),(2307,249),(2308,249),(2309,263),(2311,249),(2312,249),(2313,249),(2314,249),(2315,241),(2316,249),(2317,249),(2320,249),(2321,241),(2322,263),(2323,249),(2324,241),(2325,255),(2326,249),(2327,242),(2328,249),(2330,263),(2331,249),(2332,241),(2333,249),(2334,249),(2335,249),(2336,264),(2338,249),(2339,241),(2543,1),(2544,1),(2545,1),(2546,1),(2547,270),(2548,1),(2549,1),(2550,1),(2551,1),(2552,1),(2553,277),(2554,1),(2555,1),(2556,1),(2557,1),(2558,1),(2559,252),(2560,1),(2561,1),(2562,1),(2563,255),(2564,253),(2565,1),(2566,249),(2567,1),(2568,1),(2569,251),(2570,1),(2571,1),(2572,1),(2573,254),(2574,1),(2575,1),(2576,269),(2577,1),(2578,1),(2579,1),(2580,1),(2581,265),(2582,273),(2583,250),(2584,255),(2585,1),(2586,1),(2587,253),(2588,1),(2589,1),(2590,1),(2591,1),(2592,1),(2593,1),(2594,1),(2595,1),(2596,1),(2597,1),(2598,1),(2599,264),(2600,263),(2601,1),(2602,1),(2603,1),(2604,1),(2605,1),(2606,1),(2607,1),(2608,1),(2609,1),(2610,1),(2611,1),(2612,1),(2613,1),(2614,1),(2615,1),(2616,1),(2617,255),(2618,1),(2619,1),(2620,1),(2621,1),(2622,263),(2623,1),(2624,1),(2625,1),(2626,1),(2627,1),(2628,1),(2629,1),(2630,1),(2631,1),(2632,1),(2633,1),(2634,1),(2635,1),(2636,1),(2637,1),(2638,1),(2639,1),(2640,1),(2641,1),(2642,1),(2643,1),(2644,263),(2645,1),(2646,263),(2647,1),(2648,1),(2649,1),(2650,1),(2651,263),(2652,263),(2653,263),(2654,263),(2655,1),(2656,1),(2657,1),(2658,266),(2659,1),(2660,263),(2661,1),(2662,263),(2663,1),(2664,1),(2665,263),(2666,1),(2667,263),(2668,1),(2669,1),(2670,263),(2671,1),(2671,1),(2672,1),(2673,1),(2674,1),(2675,1),(2676,1),(2677,1),(2678,1),(2679,1),(2680,1),(2681,250),(2682,1),(2683,1),(2684,1),(2685,1),(2686,1),(2687,1),(2688,1),(2689,1),(2690,1),(2691,1),(2692,1),(2693,1),(2694,1),(2695,1),(2696,1),(2697,1),(2698,1),(2699,1),(2700,1),(2701,1),(2702,1),(2703,1),(2704,1),(2705,1),(2706,1),(2707,1),(2708,1),(2709,1),(2710,1),(2711,1),(2712,1),(2713,1),(2714,1),(2715,1),(2716,1),(2717,1),(2718,1),(2719,1),(2720,1),(2721,1),(2722,1),(2723,1),(2724,1),(2725,1),(2726,1),(2727,1),(2728,1),(2729,1),(2730,1),(2731,1),(2732,1),(2733,1),(2734,1),(2735,1),(2736,1),(2737,1),(2738,1),(2739,1),(2740,1),(2741,1),(2742,1),(2743,1),(2744,1),(2745,1),(2746,1),(2747,1),(2748,1),(2749,1),(2750,1),(2751,1),(2752,1),(2753,1),(2754,1),(2755,1),(2756,1),(2757,1),(2758,1),(2759,1),(2760,1),(2761,1),(2762,1),(2763,1),(2764,1),(2765,1),(2766,1),(2767,1),(2768,1),(2769,1),(2770,1),(2771,1),(2772,1),(2773,1),(2774,1),(2775,1),(2776,1),(2777,1),(2778,1),(2779,1),(2780,1),(2781,1),(2782,1),(2783,1),(2784,1),(2785,1),(2786,1),(2787,1),(2788,1),(2789,1),(2790,1),(2791,1),(2792,1),(2793,1),(2794,1),(2795,1),(2796,1),(2797,1),(2798,1),(2799,1),(2800,1),(2801,1),(2802,1),(2803,1),(2804,1),(2805,1),(2806,1),(2807,1),(2808,1),(2809,253),(2810,1),(2811,1),(2812,1),(2813,1),(2814,1),(2815,1),(2816,1),(2817,1),(2818,1),(2819,1),(2820,1),(2821,1),(2822,1),(2823,252),(2824,1),(2825,1),(2826,1),(2827,1),(2828,1),(2829,1),(2830,1),(2831,1),(2832,1),(2833,1),(2834,1),(2835,1),(2836,1),(2837,1),(2838,1),(2839,1),(2840,266),(2841,1),(2842,1),(2843,1),(2844,1),(2845,1),(2846,1),(2847,1),(2848,1),(2849,1),(2850,1),(2851,1),(2852,1),(2853,1),(2854,1),(2855,1),(2856,1),(2857,1),(2858,1),(2859,1),(2860,1),(2861,1),(2862,249),(2863,1),(2864,1),(2865,1),(2866,1),(2867,1),(2868,1),(2869,1),(2870,1),(2871,1),(2872,1),(2873,1),(2874,1),(2875,1),(2876,1),(2877,1),(2878,1),(2879,263),(2880,1),(2881,1),(2882,1),(2883,1),(2884,1),(2885,1),(2886,1),(2887,1),(2888,1),(2889,1),(2890,1),(2891,1),(2892,1),(2893,1),(2894,1),(2895,1),(2896,1),(2897,1),(2898,1),(2899,1),(2900,1),(2901,1),(2902,1),(2903,1),(2904,1),(2905,1),(2906,1),(2907,1),(2908,1),(2909,1),(2910,1),(2911,1),(2912,1),(2913,1),(2914,1),(2915,1),(2916,1),(2917,1),(2918,1),(2919,1),(2920,1),(2921,1),(2922,1),(2923,1),(2924,1),(2925,1),(2926,1),(2927,1),(2928,1),(2929,1),(2930,1),(2931,1),(2932,1),(2933,1),(2934,1),(2935,1),(2936,1),(2937,1),(2938,1),(2939,1),(2940,1),(2941,1),(2942,1),(2943,1),(2944,1),(2945,1),(2946,1),(2947,1),(2948,1),(2949,1),(2950,1),(2951,1),(2952,1),(2953,1),(2954,1),(2955,1),(2956,1),(2957,1),(2958,1),(2959,1),(2960,1),(2961,1),(2962,1),(2963,1),(2964,1),(2965,1),(2966,1),(2967,1),(2968,1),(2969,1),(2970,1),(2971,1),(2972,1),(2973,1),(2974,1),(2975,1),(2976,1),(2977,1),(2978,1),(2979,1),(2980,1),(2981,1),(2982,1),(2983,1),(2984,1),(2985,1),(2986,1),(2987,1),(2988,251),(2989,1),(2990,1),(2991,1),(2992,1),(2993,1),(2994,1),(2995,1),(2996,1),(2997,1),(2998,1),(2999,1),(3000,1),(3001,1),(3002,1),(3003,1),(3004,1),(3005,1),(3006,1),(3007,1),(3008,1),(3009,1),(3010,1),(3011,1),(3012,1),(3013,1),(3014,1),(3015,1),(3016,1),(3017,1),(3018,1),(3019,1),(3020,1),(3021,1),(3022,1),(3023,1),(3024,1);

--
-- Table structure for table `anios`
--

CREATE TABLE `anios` (
  `Des_anio` int(15) NOT NULL AUTO_INCREMENT,
  PRIMARY KEY (`Des_anio`)
) ENGINE=InnoDB AUTO_INCREMENT=2041 DEFAULT CHARSET=utf8 COLLATE=utf8_spanish_ci;

--
-- Dumping data for table `anios`
--

INSERT INTO `anios` (`Des_anio`) VALUES (2000),(2001),(2002),(2003),(2004),(2005),(2006),(2007),(2008),(2009),(2010),(2011),(2012),(2013),(2014),(2015),(2016),(2017),(2018),(2019),(2020),(2021),(2022),(2023),(2024),(2025),(2026),(2027),(2028),(2029),(2030),(2031),(2032),(2033),(2034),(2035),(2036),(2037),(2038),(2039),(2040);

--
-- Table structure for table `asistencia_traslados`
--

CREATE TABLE `asistencia_traslados` (
  `Id_atra` int(15) NOT NULL AUTO_INCREMENT,
  `Clao_atra` int(15) NOT NULL,
  `Clad_atra` int(15) NOT NULL,
  `Alu_atra` int(15) NOT NULL,
  `Sta_atra` int(15) NOT NULL,
  `Tem_atra` varchar(255) COLLATE utf8_spanish_ci NOT NULL,
  `Fec_atra` date NOT NULL,
  `Hin_atra` time NOT NULL,
  `Hfi_atra` time NOT NULL,
  `FecTxt_atra` char(10) COLLATE utf8_spanish_ci NOT NULL,
  `Not_atra` varchar(1000) COLLATE utf8_spanish_ci NOT NULL,
  PRIMARY KEY (`Id_atra`),
  UNIQUE KEY `Clao_atra_Alu_atra_FecTxt_atra` (`Clao_atra`,`Alu_atra`,`FecTxt_atra`)
) ENGINE=InnoDB AUTO_INCREMENT=11 DEFAULT CHARSET=utf8 COLLATE=utf8_spanish_ci;

--
-- Dumping data for table `asistencia_traslados`
--

INSERT INTO `asistencia_traslados` (`Id_atra`, `Clao_atra`, `Clad_atra`, `Alu_atra`, `Sta_atra`, `Tem_atra`, `Fec_atra`, `Hin_atra`, `Hfi_atra`, `FecTxt_atra`, `Not_atra`) VALUES (10,126,193,3309,2,'INIZIO','2021-02-02','08:00:00','09:30:00','12022021','PRUEBA');

--
-- Table structure for table `aulas`
--

CREATE TABLE `aulas` (
  `Id_aula` int(15) NOT NULL AUTO_INCREMENT,
  `Abr_aula` varchar(5) COLLATE utf8_spanish_ci NOT NULL,
  `Des_aula` varchar(50) COLLATE utf8_spanish_ci NOT NULL,
  `Cap_aula` int(10) NOT NULL,
  `Not_aula` varchar(1000) COLLATE utf8_spanish_ci DEFAULT NULL,
  PRIMARY KEY (`Id_aula`)
) ENGINE=InnoDB AUTO_INCREMENT=7 DEFAULT CHARSET=utf8 COLLATE=utf8_spanish_ci;

--
-- Dumping data for table `aulas`
--

INSERT INTO `aulas` (`Id_aula`, `Abr_aula`, `Des_aula`, `Cap_aula`, `Not_aula`) VALUES (2,'AVIR','AULA VIRTUAL',19,'');

--
-- Temporary table structure for view `bank_out_concepts`
--

/*!50001 DROP VIEW IF EXISTS `bank_out_concepts`*/;
/*!50001 CREATE TABLE `bank_out_concepts` (
  `CONCEPT` tinyint NOT NULL
) ENGINE=MyISAM */;

--
-- Temporary table structure for view `bank_out_detail_dscto_prma`
--

/*!50001 DROP VIEW IF EXISTS `bank_out_detail_dscto_prma`*/;
/*!50001 CREATE TABLE `bank_out_detail_dscto_prma` (
  `DETAIL` tinyint NOT NULL,
  `CICLO` tinyint NOT NULL
) ENGINE=MyISAM */;

--
-- Temporary table structure for view `bank_out_detail_imp_prma`
--

/*!50001 DROP VIEW IF EXISTS `bank_out_detail_imp_prma`*/;
/*!50001 CREATE TABLE `bank_out_detail_imp_prma` (
  `DETAIL` tinyint NOT NULL,
  `CICLO` tinyint NOT NULL
) ENGINE=MyISAM */;

--
-- Temporary table structure for view `bank_out_detail_lib_prma`
--

/*!50001 DROP VIEW IF EXISTS `bank_out_detail_lib_prma`*/;
/*!50001 CREATE TABLE `bank_out_detail_lib_prma` (
  `DETAIL` tinyint NOT NULL,
  `CICLO` tinyint NOT NULL
) ENGINE=MyISAM */;

--
-- Temporary table structure for view `bank_out_detail_mat_prma`
--

/*!50001 DROP VIEW IF EXISTS `bank_out_detail_mat_prma`*/;
/*!50001 CREATE TABLE `bank_out_detail_mat_prma` (
  `DETAIL` tinyint NOT NULL,
  `CICLO` tinyint NOT NULL
) ENGINE=MyISAM */;

--
-- Temporary table structure for view `bank_out_detail_mora_prma`
--

/*!50001 DROP VIEW IF EXISTS `bank_out_detail_mora_prma`*/;
/*!50001 CREATE TABLE `bank_out_detail_mora_prma` (
  `DETAIL` tinyint NOT NULL,
  `CICLO` tinyint NOT NULL
) ENGINE=MyISAM */;

--
-- Temporary table structure for view `bank_out_full_csv`
--

/*!50001 DROP VIEW IF EXISTS `bank_out_full_csv`*/;
/*!50001 CREATE TABLE `bank_out_full_csv` (
  `CSV_LINE` tinyint NOT NULL
) ENGINE=MyISAM */;

--
-- Temporary table structure for view `bank_out_header`
--

/*!50001 DROP VIEW IF EXISTS `bank_out_header`*/;
/*!50001 CREATE TABLE `bank_out_header` (
  `CICLO` tinyint NOT NULL,
  `HEADER` tinyint NOT NULL
) ENGINE=MyISAM */;

--
-- Table structure for table `ciclos`
--

CREATE TABLE `ciclos` (
  `Id_cic` int(15) NOT NULL AUTO_INCREMENT,
  `Abr_cic` varchar(8) COLLATE utf8_spanish_ci NOT NULL,
  `Des_cic` varchar(50) COLLATE utf8_spanish_ci NOT NULL,
  `Anio_cic` int(15) NOT NULL,
  `Mes_cic` int(15) NOT NULL,
  `Ord_cic` int(20) NOT NULL,
  `Act_cic` int(1) NOT NULL,
  PRIMARY KEY (`Id_cic`)
) ENGINE=InnoDB AUTO_INCREMENT=28 DEFAULT CHARSET=utf8 COLLATE=utf8_spanish_ci;

--
-- Dumping data for table `ciclos`
--

INSERT INTO `ciclos` (`Id_cic`, `Abr_cic`, `Des_cic`, `Anio_cic`, `Mes_cic`, `Ord_cic`, `Act_cic`) VALUES (16,'2021-1','2021-ENE',2021,1,1,0),(17,'2021-2','2021-FEB',2021,2,13,0),(18,'2021-3','2021-MAR',2021,3,36,0),(19,'2021-4','2021-ABR',2021,4,43,0),(20,'2021-5','2021-MAY',2021,5,44,1),(21,'2021-6','2021-JUN',2021,6,6,0),(22,'2021-7','2021-JUL',2021,7,7,0),(23,'2021-8','2021-AGO',2021,8,8,0),(24,'2021-9','2021-SEP',2021,9,9,0),(25,'2021-10','2021-OCT',2021,10,10,0),(26,'2021-11','2021-NOV',2021,11,11,0),(27,'2021-12','2021-DIC',2021,12,12,0);

--
-- Table structure for table `clases`
--

CREATE TABLE `clases` (
  `Id_cla` int(15) NOT NULL AUTO_INCREMENT,
  `Abr_cla` varchar(60) COLLATE utf8_spanish_ci NOT NULL,
  `Des_cla` varchar(150) COLLATE utf8_spanish_ci NOT NULL,
  `Cic_cla` int(15) NOT NULL,
  `Cur_cla` int(15) NOT NULL,
  `Grp_cla` int(15) NOT NULL,
  `Aula_cla` int(15) NOT NULL,
  `Pro_cla` int(15) DEFAULT NULL,
  `Not_cla` varchar(1000) COLLATE utf8_spanish_ci DEFAULT NULL,
  `Fin_cla` date DEFAULT NULL,
  `Ffi_cla` date DEFAULT NULL,
  `Sta_cla` int(15) NOT NULL,
  `EdadMin_cla` int(11) DEFAULT NULL,
  `EdadMax_cla` int(11) DEFAULT NULL,
  `Lun_cla` int(1) NOT NULL,
  `Mar_cla` int(1) NOT NULL,
  `Mie_cla` int(1) NOT NULL,
  `Jue_cla` int(1) NOT NULL,
  `Vie_cla` int(1) NOT NULL,
  `Sab_cla` int(1) NOT NULL,
  `Dom_cla` int(1) NOT NULL,
  `Hin_cla` time NOT NULL,
  `Hfi_cla` time NOT NULL,
  `Fno_cla` int(15) NOT NULL,
  `Hor_cla` int(5) NOT NULL,
  `Cprm_cla` int(15) NOT NULL,
  PRIMARY KEY (`Id_cla`),
  KEY `Cic_cla` (`Cic_cla`),
  KEY `Cur_cla` (`Cur_cla`),
  KEY `Aula_cla` (`Aula_cla`),
  KEY `Pro_cla` (`Pro_cla`),
  KEY `Sta_cla` (`Sta_cla`),
  KEY `Fno_cla` (`Fno_cla`),
  CONSTRAINT `clases_ibfk_1` FOREIGN KEY (`Cic_cla`) REFERENCES `ciclos` (`Id_cic`),
  CONSTRAINT `clases_ibfk_2` FOREIGN KEY (`Cur_cla`) REFERENCES `cursos` (`Id_cur`),
  CONSTRAINT `clases_ibfk_3` FOREIGN KEY (`Aula_cla`) REFERENCES `aulas` (`Id_aula`),
  CONSTRAINT `clases_ibfk_4` FOREIGN KEY (`Pro_cla`) REFERENCES `profesores` (`Id_pro`),
  CONSTRAINT `clases_ibfk_5` FOREIGN KEY (`Sta_cla`) REFERENCES `status_de_clases` (`Id_sta`),
  CONSTRAINT `clases_ibfk_6` FOREIGN KEY (`Fno_cla`) REFERENCES `formula_clases_notas` (`Id_fno`)
) ENGINE=InnoDB AUTO_INCREMENT=526 DEFAULT CHARSET=utf8 COLLATE=utf8_spanish_ci;

--
-- Dumping data for table `clases`
--

INSERT INTO `clases` (`Id_cla`, `Abr_cla`, `Des_cla`, `Cic_cla`, `Cur_cla`, `Grp_cla`, `Aula_cla`, `Pro_cla`, `Not_cla`, `Fin_cla`, `Ffi_cla`, `Sta_cla`, `EdadMin_cla`, `EdadMax_cla`, `Lun_cla`, `Mar_cla`, `Mie_cla`, `Jue_cla`, `Vie_cla`, `Sab_cla`, `Dom_cla`, `Hin_cla`, `Hfi_cla`, `Fno_cla`, `Hor_cla`, `Cprm_cla`) VALUES (1,'PENDIENTE DE ASIGNAR','PENDIENTE DE ASIGNAR',17,293,1,2,1,'','2022-01-01','2022-01-01',1,15,70,0,0,0,0,0,0,0,'00:00:00','00:00:00',1,0,119),(8,'SIN-VIR-BAS-1 | 2021-1 | A | AVIR | LMXJV | 09:30-12:30 | Ad','SUPER INTENSIVO VIRTUAL BASE 1 | 2021-ENE | GRUPO A | AULA VIRTUAL | L-V | 09:30-12:30 | Adultos',16,241,2,2,6,'','2021-01-05','2021-01-25',1,15,70,1,1,1,1,1,0,0,'09:30:00','12:30:00',7,45,10),(9,'SIN-VIR-BAS-1 | 2021-1 | B | AVIR | LMXJV | 09:30-12:30 | Ad','SUPER INTENSIVO VIRTUAL BASE 1 | 2021-ENE | GRUPO B | AULA VIRTUAL | L-V | 09:30-12:30 | Adultos',16,241,3,2,15,'','2021-01-05','2021-01-25',1,15,70,1,1,1,1,1,0,0,'09:30:00','12:30:00',7,45,10),(10,'SIN-VIR-BAS-2 | 2021-1 | - | AVIR | LMXJV | 09:30-12:30 | Ad','SUPER INTENSIVO VIRTUAL BASE 2 | 2021-ENE | GRUPO - | AULA VIRTUAL | L-V | 09:30-12:30 | Adultos',16,242,1,2,21,'','2021-01-05','2021-01-25',1,15,70,1,1,1,1,1,0,0,'09:30:00','12:30:00',7,45,11),(11,'SIN-VIR-BAS-3 | 2021-1 | - | AVIR | LMXJV | 09:30-12:30 | Ad','SUPER INTENSIVO VIRTUAL BASE 3 | 2021-ENE | GRUPO - | AULA VIRTUAL | L-V | 09:30-12:30 | Adultos',16,243,1,2,22,'','2021-01-05','2021-01-27',1,15,70,1,1,1,1,1,0,0,'09:30:00','12:30:00',7,45,12),(12,'SIN-VIR-BAS-4 | 2021-1 | - | AVIR | LMXJV | 09:30-12:30 | Ad','SUPER INTENSIVO VIRTUAL BASE 4 | 2021-ENE | GRUPO - | AULA VIRTUAL | L-V | 09:30-12:30 | Adultos',16,244,1,2,27,'','2021-01-06','2021-01-26',1,15,70,1,1,1,1,1,0,0,'09:30:00','12:30:00',7,45,13),(13,'SIN-VIR-ITM-1 | 2021-1 | - | AVIR | LMXJV | 09:30-12:30 | Ad','SUPER INTENSIVO VIRTUAL INTERMEDIO 1 | 2021-ENE | GRUPO - | AULA VIRTUAL | L-V | 09:30-12:30 | Adultos',16,245,1,2,33,'','2021-01-05','2021-01-25',1,15,70,1,1,1,1,1,0,0,'09:30:00','12:30:00',7,45,14),(14,'INT-VIR-BAS-1 | 2021-1 | LMXJV | 07:00-09:00 | Ad | A | AVIR','INTENSIVO VIRTUAL BASE 01 | 2021-ENE | L-V | 07:00-09:00 | Adultos | GRUPO A | AULA VIRTUAL',16,249,2,2,30,'','2021-01-05','2021-01-27',1,15,70,1,1,1,1,1,0,0,'07:00:00','09:00:00',8,34,15),(15,'INT-VIR-BAS-1 | 2021-1 | LMXJV | 07:00-09:00 | Ad | B | AVIR','INTENSIVO VIRTUAL BASE 01 | 2021-ENE | L-V | 07:00-09:00 | Adultos | GRUPO B | AULA VIRTUAL',16,249,3,2,45,'','2021-01-05','2021-01-27',1,15,70,1,1,1,1,1,0,0,'07:00:00','09:00:00',8,34,15),(16,'INT-VIR-BAS-1 | 2021-1 | C | AVIR | LMXJV | 07:00-09:00 | Ad','INTENSIVO VIRTUAL BASE 1 | 2021-ENE | GRUPO C | AULA VIRTUAL | L-V | 07:00-09:00 | Adultos',16,249,4,2,49,'','2021-01-05','2021-01-27',1,15,70,1,1,1,1,1,0,0,'07:00:00','09:00:00',8,34,15),(17,'INT-VIR-BAS-2 | 2021-1 | A | AVIR | LMXJV | 07:00-09:00 | Ad','INTENSIVO VIRTUAL BASE 2 | 2021-ENE | GRUPO A | AULA VIRTUAL | L-V | 07:00-09:00 | Adultos',16,250,2,2,11,'','2021-01-05','2021-01-27',1,15,70,1,1,1,1,1,0,0,'07:00:00','09:00:00',8,34,19),(18,'INT-VIR-BAS-2 | 2021-1 | B | AVIR | LMXJV | 07:00-09:00 | Ad','INTENSIVO VIRTUAL BASE 2 | 2021-ENE | GRUPO B | AULA VIRTUAL | L-V | 07:00-09:00 | Adultos',16,250,3,2,40,'','2021-01-05','2021-01-27',1,15,70,1,1,1,1,1,0,0,'07:00:00','09:00:00',8,34,19),(19,'INT-VIR-BAS-2 | 2021-1 | - | AVIR | LMXJV | 16:30-18:30 | Ad','INTENSIVO VIRTUAL BASE 2 | 2021-ENE | GRUPO - | AULA VIRTUAL | L-V | 16:30-18:30 | Adultos',16,250,1,2,24,'','2021-01-05','2021-01-27',1,15,70,1,1,1,1,1,0,0,'16:30:00','18:30:00',8,34,20),(20,'INT-VIR-BAS-1 | 2021-1 | - | AVIR | LMXJV | 14:00-16:00 | Ad','INTENSIVO VIRTUAL BASE 1 | 2021-ENE | GRUPO - | AULA VIRTUAL | L-V | 14:00-16:00 | Adultos',16,249,1,2,7,'','2021-01-05','2021-01-27',1,15,70,1,1,1,1,1,0,0,'14:00:00','16:00:00',8,34,17),(21,'INT-VIR-BAS-3 | 2021-1 | A | AVIR | LMXJV | 11:00-13:00 | Ad','INTENSIVO VIRTUAL BASE 3 | 2021-ENE | GRUPO A | AULA VIRTUAL | L-V | 11:00-13:00 | Adultos',16,251,2,2,31,'','2021-01-05','2021-01-27',1,15,70,1,1,1,1,1,0,0,'11:00:00','13:00:00',8,34,21),(22,'INT-VIR-BAS-3 | 2021-1 | B | AVIR | LMXJV | 11:00-13:00 | Ad','INTENSIVO VIRTUAL BASE 3 | 2021-ENE | GRUPO B | AULA VIRTUAL | L-V | 11:00-13:00 | Adultos',16,251,3,2,47,'','2021-01-05','2021-01-27',1,15,70,1,1,1,1,1,0,0,'11:00:00','13:00:00',8,34,21),(23,'INT-VIR-BAS-3 | 2021-1 | - | AVIR | LMXJV | 14:00-16:00 | Ad','INTENSIVO VIRTUAL BASE 3 | 2021-ENE | GRUPO - | AULA VIRTUAL | L-V | 14:00-16:00 | Adultos',16,251,1,2,21,'','2021-01-05','2021-01-27',1,15,70,1,1,1,1,1,0,0,'14:00:00','16:00:00',8,34,22),(24,'INT-VIR-BAS-4 | 2021-1 | A | AVIR | LMXJV | 07:00-09:00 | Ad','INTENSIVO VIRTUAL BASE 4 | 2021-ENE | GRUPO A | AULA VIRTUAL | L-V | 07:00-09:00 | Adultos',16,252,2,2,53,'','2021-01-05','2021-01-27',1,15,70,1,1,1,1,1,0,0,'07:00:00','09:00:00',8,34,24),(25,'INT-VIR-BAS-4 | 2021-1 | B | AVIR | LMXJV | 07:00-09:00 | Ad','INTENSIVO VIRTUAL BASE 4 | 2021-ENE | GRUPO B | AULA VIRTUAL | L-V | 07:00-09:00 | Adultos',16,252,3,2,39,'','2021-01-05','2021-01-27',1,15,70,1,1,1,1,1,0,0,'07:00:00','09:00:00',8,34,24),(26,'INT-VIR-BAS-4 | 2021-1 | - | AVIR | LMXJV | 14:00-16:00 | Ad','INTENSIVO VIRTUAL BASE 4 | 2021-ENE | GRUPO - | AULA VIRTUAL | L-V | 14:00-16:00 | Adultos',16,252,1,2,22,'','2021-01-05','2021-01-27',1,15,70,1,1,1,1,1,0,0,'14:00:00','16:00:00',8,34,26),(27,'INT-VIR-BAS-5 | 2021-1 | - | AVIR | LMXJV | 16:30-18:30 | Ad','INTENSIVO VIRTUAL BASE 5 | 2021-ENE | GRUPO - | AULA VIRTUAL | L-V | 16:30-18:30 | Adultos',16,253,1,2,7,'','2021-01-06','2021-01-28',1,15,70,1,1,1,1,1,0,0,'16:30:00','18:30:00',8,34,29),(28,'INT-VIR-BAS-5 | 2021-1 | A | AVIR | LMXJV | 19:00-21:00 | Ad','INTENSIVO VIRTUAL BASE 5 | 2021-ENE | GRUPO A | AULA VIRTUAL | L-V | 19:00-21:00 | Adultos',16,253,2,2,15,'','2021-01-05','2021-01-27',1,15,70,1,1,1,1,1,0,0,'19:00:00','21:00:00',8,34,30),(29,'INT-VIR-BAS-5 | 2021-1 | B | AVIR | LMXJV | 19:00-21:00 | Ad','INTENSIVO VIRTUAL BASE 5 | 2021-ENE | GRUPO B | AULA VIRTUAL | L-V | 19:00-21:00 | Adultos',16,253,3,2,16,'','2021-01-05','2021-01-31',1,15,70,1,1,1,1,1,0,0,'19:00:00','21:00:00',8,34,30),(30,'INT-VIR-BAS-5 | 2021-1 | C | AVIR | LMXJV | 19:00-21:00 | Ad','INTENSIVO VIRTUAL BASE 5 | 2021-ENE | GRUPO C | AULA VIRTUAL | L-V | 19:00-21:00 | Adultos',16,253,4,2,40,'','2021-01-05','2021-01-27',1,15,70,1,1,1,1,1,0,0,'19:00:00','21:00:00',8,34,30),(31,'INT-VIR-ITM-1 | 2021-1 | A | AVIR | LMXJV | 07:00-09:00 | Ad','INTENSIVO VIRTUAL INTERMEDIO 1 | 2021-ENE | GRUPO A | AULA VIRTUAL | L-V | 07:00-09:00 | Adultos',16,254,2,2,14,'','2021-01-05','2021-01-27',1,15,70,1,1,1,1,1,0,0,'07:00:00','09:00:00',8,34,31),(32,'INT-VIR-ITM-1 | 2021-1 | B | AVIR | LMXJV | 07:00-09:00 | Ad','INTENSIVO VIRTUAL INTERMEDIO 1 | 2021-ENE | GRUPO B | AULA VIRTUAL | L-V | 07:00-09:00 | Adultos',16,254,3,2,48,'','2021-01-05','2021-01-28',1,15,70,1,1,1,1,1,0,0,'07:00:00','09:00:00',8,34,31),(33,'INT-VIR-ITM-1 | 2021-1 | - | AVIR | LMXJV | 14:00-16:00 | Ad','INTENSIVO VIRTUAL INTERMEDIO 1 | 2021-ENE | GRUPO - | AULA VIRTUAL | L-V | 14:00-16:00 | Adultos',16,254,1,2,32,'','2021-01-05','2021-01-27',1,15,70,1,1,1,1,1,0,0,'14:00:00','16:00:00',8,34,32),(34,'INT-VIR-ITM-2 | 2021-1 | A | AVIR | LMXJV | 07:00-09:00 | Ad','INTENSIVO VIRTUAL INTERMEDIO 2 | 2021-ENE | GRUPO A | AULA VIRTUAL | L-V | 07:00-09:00 | Adultos',16,255,2,2,21,'','2021-01-05','2021-01-27',1,15,70,1,1,1,1,1,0,0,'07:00:00','09:00:00',8,34,35),(35,'INT-VIR-ITM-2 | 2021-1 | B | AVIR | LMXJV | 07:00-09:00 | Ad','INTENSIVO VIRTUAL INTERMEDIO 2 | 2021-ENE | GRUPO B | AULA VIRTUAL | L-V | 07:00-09:00 | Adultos',16,255,3,2,51,'','2021-01-05','2021-01-27',1,15,70,1,1,1,1,1,0,0,'07:00:00','09:00:00',8,34,35),(36,'INT-VIR-ITM-2 | 2021-1 | - | AVIR | LMXJV | 16:30-18:30 | Ad','INTENSIVO VIRTUAL INTERMEDIO 2 | 2021-ENE | GRUPO - | AULA VIRTUAL | L-V | 16:30-18:30 | Adultos',16,255,1,2,14,'','2021-01-05','2021-01-27',1,15,70,1,1,1,1,1,0,0,'16:30:00','18:30:00',8,34,36),(37,'INT-VIR-ITM-3 | 2021-1 | A | AVIR | LMXJV | 07:00-09:00 | Ad','INTENSIVO VIRTUAL INTERMEDIO 3 | 2021-ENE | GRUPO A | AULA VIRTUAL | L-V | 07:00-09:00 | Adultos',16,256,2,2,33,'','2021-01-05','2021-01-27',1,15,70,1,1,1,1,1,0,0,'07:00:00','09:00:00',8,34,38),(38,'INT-VIR-ITM-3 | 2021-1 | B | AVIR | LMXJV | 07:00-09:00 | Ad','INTENSIVO VIRTUAL INTERMEDIO 3 | 2021-ENE | GRUPO B | AULA VIRTUAL | L-V | 07:00-09:00 | Adultos',16,256,3,2,36,'','2021-01-05','2021-01-28',1,15,70,1,1,1,1,1,0,0,'07:00:00','09:00:00',8,34,38),(39,'INT-VIR-ITM-3 | 2021-1 | - | AVIR | LMXJV | 14:00-16:00 | Ad','INTENSIVO VIRTUAL INTERMEDIO 3 | 2021-ENE | GRUPO - | AULA VIRTUAL | L-V | 14:00-16:00 | Adultos',16,256,1,2,25,'','2021-01-05','2021-01-27',1,15,70,1,1,1,1,1,0,0,'14:00:00','16:00:00',8,34,39),(40,'INT-VIR-ITM-4 | 2021-1 | LMXJV | 07:00-09:00 | Ad | A | AVIR','INTENSIVO VIRTUAL INTERMEDIO 4 | 2021-ENE | L-V | 07:00-09:00 | Adultos | GRUPO A | AULA VIRTUAL',16,257,2,2,28,'','2021-01-05','2021-01-27',1,15,70,1,1,1,1,1,0,0,'07:00:00','09:00:00',8,34,41),(41,'INT-VIR-ITM-4 | 2021-1 | B | AVIR | LMXJV | 07:00-09:00 | Ad','INTENSIVO VIRTUAL INTERMEDIO 4 | 2021-ENE | GRUPO B | AULA VIRTUAL | L-V | 07:00-09:00 | Adultos',16,257,3,2,34,'','2021-01-05','2021-01-27',1,15,70,1,1,1,1,1,0,0,'07:00:00','09:00:00',8,34,41),(42,'INT-VIR-ITM-4 | 2021-1 | - | AVIR | LMXJV | 19:00-21:00 | Ad','INTENSIVO VIRTUAL INTERMEDIO 4 | 2021-ENE | GRUPO - | AULA VIRTUAL | L-V | 19:00-21:00 | Adultos',16,257,1,2,25,'','2021-01-05','2021-01-27',1,15,70,1,1,1,1,1,0,0,'19:00:00','21:00:00',8,34,42),(43,'INT-VIR-ITM-5 | 2021-1 | - | AVIR | LMXJV | 19:00-21:00 | Ad','INTENSIVO VIRTUAL INTERMEDIO 5 | 2021-ENE | GRUPO - | AULA VIRTUAL | L-V | 19:00-21:00 | Adultos',16,258,1,2,19,'','2021-01-05','2021-01-27',1,15,70,1,1,1,1,1,0,0,'19:00:00','21:00:00',8,34,43),(44,'INT-VIR-ADV-1 | 2021-1 | A | AVIR | LMXJV | 19:00-21:00 | Ad','INTENSIVO VIRTUAL AVANZATO 1 | 2021-ENE | GRUPO A | AULA VIRTUAL | L-V | 19:00-21:00 | Adultos',16,259,2,2,5,'','2021-01-05','2021-01-25',1,15,70,1,1,1,1,1,0,0,'19:00:00','21:00:00',8,30,44),(45,'INT-VIR-ADV-1 | 2021-1 | B | AVIR | LMXJV | 19:00-21:00 | Ad','INTENSIVO VIRTUAL AVANZATO 1 | 2021-ENE | GRUPO B | AULA VIRTUAL | L-V | 19:00-21:00 | Adultos',16,259,3,2,24,'','2021-01-05','2021-01-25',1,15,70,1,1,1,1,1,0,0,'19:00:00','21:00:00',8,30,44),(46,'INT-VIR-ADV-2 | 2021-1 | - | AVIR | LMXJV | 16:30-18:30 | Ad','INTENSIVO VIRTUAL AVANZATO 2 | 2021-ENE | GRUPO - | AULA VIRTUAL | L-V | 16:30-18:30 | Adultos',16,260,1,2,19,'','2021-01-05','2021-01-25',1,15,70,1,1,1,1,1,0,0,'16:30:00','18:30:00',8,30,45),(47,'INT-VIR-ADV-4 | 2021-1 | A | AVIR | LMXJV | 19:00-21:00 | Ad','INTENSIVO VIRTUAL AVANZATO 4 | 2021-ENE | GRUPO A | AULA VIRTUAL | L-V | 19:00-21:00 | Adultos',16,262,2,2,14,'','2021-01-05','2021-01-25',1,15,70,1,1,1,1,1,0,0,'19:00:00','21:00:00',8,30,47),(48,'INT-VIR-ADV-4 | 2021-1 | B | AVIR | LMXJV | 19:00-21:00 | Ad','INTENSIVO VIRTUAL AVANZATO 4 | 2021-ENE | GRUPO B | AULA VIRTUAL | L-V | 19:00-21:00 | Adultos',16,262,3,2,51,'','2021-01-05','2021-01-25',1,15,70,1,1,1,1,1,0,0,'19:00:00','21:00:00',8,30,47),(49,'REG-VIR-BAS-1 | 2021-1 | - | AVIR | LX | 15:30-18:00 | Ad','REGOLARE VIRTUAL BASE 1 | 2021-ENE | GRUPO - | AULA VIRTUAL | LX | 15:30-18:00 | Adultos',16,263,1,2,38,'','2021-01-06','2021-01-27',1,15,70,1,0,1,0,0,0,0,'15:30:00','18:00:00',9,17,48),(50,'REG-VIR-BAS-1 | 2021-1 | A | AVIR | LX | 19:00-21:30 | Ad','REGOLARE VIRTUAL BASE 1 | 2021-ENE | GRUPO A | AULA VIRTUAL | LX | 19:00-21:30 | Adultos',16,263,2,2,18,'','2021-01-06','2021-01-27',1,15,70,1,0,1,0,0,0,0,'19:00:00','21:30:00',9,17,49),(51,'REG-VIR-BAS-1 | 2021-1 | B | AVIR | LX | 19:00-21:30 | Ad','REGOLARE VIRTUAL BASE 1 | 2021-ENE | GRUPO B | AULA VIRTUAL | LX | 19:00-21:30 | Adultos',16,263,3,2,44,'','2021-01-06','2021-01-27',1,15,70,1,0,1,0,0,0,0,'19:00:00','21:30:00',9,17,49),(52,'REG-VIR-BAS-3 | 2021-1 | - | AVIR | LX | 15:30-18:00 | Ad','REGOLARE VIRTUAL BASE 3 | 2021-ENE | GRUPO - | AULA VIRTUAL | LX | 15:30-18:00 | Adultos',16,265,1,2,47,'','2021-01-06','2021-01-27',1,15,70,1,0,1,0,0,0,0,'15:30:00','18:00:00',9,17,50),(53,'REG-VIR-BAS-4 | 2021-1 | - | AVIR | LX | 19:00-21:30 | Ad','REGOLARE VIRTUAL BASE 4 | 2021-ENE | GRUPO - | AULA VIRTUAL | LX | 19:00-21:30 | Adultos',16,266,1,2,50,'','2021-01-06','2021-01-27',1,15,70,1,0,1,0,0,0,0,'19:00:00','21:30:00',9,17,51),(54,'REG-VIR-BAS-5 | 2021-1 | - | AVIR | LX | 19:00-21:30 | Ad','REGOLARE VIRTUAL BASE 5 | 2021-ENE | GRUPO - | AULA VIRTUAL | LX | 19:00-21:30 | Adultos',16,267,1,2,11,'','2021-01-06','2021-01-27',1,15,70,1,0,1,0,0,0,0,'19:00:00','21:30:00',9,17,52),(55,'REG-VIR-BAS-6 | 2021-1 | - | AVIR | LX | 19:00-21:30 | Ad','REGOLARE VIRTUAL BASE 6 | 2021-ENE | GRUPO - | AULA VIRTUAL | LX | 19:00-21:30 | Adultos',16,268,1,2,12,'','2021-01-06','2021-01-27',1,15,70,1,0,1,0,0,0,0,'19:00:00','21:30:00',9,17,53),(56,'REG-VIR-BAS-7 | 2021-1 | - | AVIR | LX | 19:00-21:30 | Ad','REGOLARE VIRTUAL BASE 7 | 2021-ENE | GRUPO - | AULA VIRTUAL | LX | 19:00-21:30 | Adultos',16,269,1,2,34,'','2021-01-06','2021-01-27',1,15,70,1,0,1,0,0,0,0,'19:00:00','21:30:00',9,17,54),(57,'REG-VIR-BAS-8 | 2021-1 | - | AVIR | LX | 19:00-21:30 | Ad','REGOLARE VIRTUAL BASE 8 | 2021-ENE | GRUPO - | AULA VIRTUAL | LX | 19:00-21:30 | Adultos',16,270,1,2,36,'','2021-01-06','2021-01-27',1,15,70,1,0,1,0,0,0,0,'19:00:00','21:30:00',9,17,55),(58,'REG-VIR-BAS-9 | 2021-1 | - | AVIR | LX | 19:00-21:30 | Ad','REGOLARE VIRTUAL BASE 9 | 2021-ENE | GRUPO - | AULA VIRTUAL | LX | 19:00-21:30 | Adultos',16,271,1,2,48,'','2021-01-06','2021-01-27',1,15,70,1,0,1,0,0,0,0,'19:00:00','21:30:00',9,17,56),(59,'REG-VIR-BAS-10 | 2021-1 | - | AVIR | LX | 19:00-21:30 | Ad','REGOLARE VIRTUAL BASE 10 | 2021-ENE | GRUPO - | AULA VIRTUAL | LX | 19:00-21:30 | Adultos',16,272,1,2,27,'','2021-01-06','2021-01-27',1,15,70,1,0,1,0,0,0,0,'19:00:00','21:30:00',9,17,57),(60,'REG-VIR-ITM-2 | 2021-1 | - | AVIR | LX | 19:00-21:30 | Ad','REGOLARE VIRTUAL INTERMEDIO 2 | 2021-ENE | GRUPO - | AULA VIRTUAL | LX | 19:00-21:30 | Adultos',16,274,1,2,41,'','2021-01-06','2021-01-27',1,15,70,1,0,1,0,0,0,0,'19:00:00','21:30:00',9,17,58),(61,'REG-VIR-ITM-6 | 2021-1 | - | AVIR | LX | 19:00-21:30 | Ad','REGOLARE VIRTUAL INTERMEDIO 6 | 2021-ENE | GRUPO - | AULA VIRTUAL | LX | 19:00-21:30 | Adultos',16,278,1,2,56,'','2021-01-06','2021-01-27',1,15,70,1,0,1,0,0,0,0,'19:00:00','21:30:00',9,17,59),(62,'REG-VIR-ITM-10 | 2021-1 | - | AVIR | LX | 19:00-21:30 | Ad','REGOLARE VIRTUAL INTERMEDIO 10 | 2021-ENE | GRUPO - | AULA VIRTUAL | LX | 19:00-21:30 | Adultos',16,282,1,2,28,'','2021-01-06','2021-01-27',1,15,70,1,0,1,0,0,0,0,'19:00:00','21:30:00',9,17,60),(63,'REG-VIR-ADV-6 | 2021-1 | - | AVIR | LX | 19:00-21:30 | Ad','REGOLARE VIRTUAL AVANZATO 6 | 2021-ENE | GRUPO - | AULA VIRTUAL | LX | 19:00-21:30 | Adultos',16,288,1,2,10,'','2021-01-06','2021-01-27',1,15,70,1,0,1,0,0,0,0,'19:00:00','21:30:00',9,17,61),(64,'INT-VIR-ADV-2 | 2021-1 | - | AVIR | LMXJV | 19:00-21:00 | Ad','INTENSIVO VIRTUAL AVANZATO 2 | 2021-ENE | GRUPO - | AULA VIRTUAL | L-V | 19:00-21:00 | Adultos',16,260,1,2,31,'','2021-01-05','2021-01-27',1,15,70,1,1,1,1,1,0,0,'19:00:00','21:00:00',8,30,46),(66,'INT-VIR-BAS-1 | 2021-1 | - | AVIR | LMXJV | 16:30-18:30 | Ad','INTENSIVO VIRTUAL BASE 1 | 2021-ENE | GRUPO - | AULA VIRTUAL | L-V | 16:30-18:30 | Adultos',16,249,1,2,26,'','2021-01-05','2021-01-28',1,15,70,1,1,1,1,1,0,0,'16:30:00','18:30:00',8,34,18),(67,'INT-VIR-BAS-1 | 2021-1 | A | AVIR | LMXJV | 19:00-21:00 | Ad','INTENSIVO VIRTUAL BASE 1 | 2021-ENE | GRUPO A | AULA VIRTUAL | L-V | 19:00-21:00 | Adultos',16,249,2,2,26,'','2021-01-05','2021-01-28',1,18,70,1,1,1,1,1,0,0,'19:00:00','21:00:00',8,34,94),(68,'INT-VIR-BAS-1 | 2021-1 | B | AVIR | LMXJV | 19:00-21:00 | Ad','INTENSIVO VIRTUAL BASE 1 | 2021-ENE | GRUPO B | AULA VIRTUAL | L-V | 19:00-21:00 | Adultos',16,249,3,2,30,'','2021-01-05','2021-01-25',1,18,70,1,1,1,1,1,0,0,'19:00:00','21:00:00',8,34,94),(69,'INT-VIR-BAS-1 | 2021-1 | C | AVIR | LMXJV | 19:00-21:00 | Ad','INTENSIVO VIRTUAL BASE 1 | 2021-ENE | GRUPO C | AULA VIRTUAL | L-V | 19:00-21:00 | Adultos',16,249,4,2,54,'','2021-01-05','2021-01-27',1,18,70,1,1,1,1,1,0,0,'19:00:00','21:00:00',8,34,94),(70,'INT-VIR-BAS-1 | 2021-1 | A | AVIR | LMXJV | 09:30-11:30 | Ad','INTENSIVO VIRTUAL BASE 1 | 2021-ENE | GRUPO A | AULA VIRTUAL | L-V | 09:30-11:30 | Adultos',16,249,2,2,14,'','2021-01-05','2021-01-27',1,15,70,1,1,1,1,1,0,0,'09:30:00','11:30:00',8,34,16),(71,'INT-VIR-BAS-1 | 2021-1 | B | AVIR | LMXJV | 09:30-11:30 | Ad','INTENSIVO VIRTUAL BASE 1 | 2021-ENE | GRUPO B | AULA VIRTUAL | L-V | 09:30-11:30 | Adultos',16,249,3,2,20,'','2021-01-05','2021-01-27',1,15,70,1,1,1,1,1,0,0,'09:30:00','11:30:00',8,34,16),(72,'INT-VIR-BAS-4 | 2021-1 | - | AVIR | LMXJV | 16:30-18:30 | Ad','INTENSIVO VIRTUAL BASE 4 | 2021-ENE | GRUPO - | AULA VIRTUAL | L-V | 16:30-18:30 | Adultos',16,252,1,2,21,'','2021-01-05','2021-01-27',1,15,70,1,1,1,1,1,0,0,'16:30:00','18:30:00',8,34,25),(73,'INT-VIR-BAS-4 | 2021-1 | - | AVIR | LMXJV | 19:00-21:00 | Ad','INTENSIVO VIRTUAL BASE 4 | 2021-ENE | GRUPO - | AULA VIRTUAL | L-V | 19:00-21:00 | Adultos',16,252,1,2,42,'','2021-01-05','2021-01-27',1,15,70,1,1,1,1,1,0,0,'19:00:00','21:00:00',8,34,27),(74,'INT-VIR-BAS-5 | 2021-1 | A | AVIR | LMXJV | 07:00-09:00 | Ad','INTENSIVO VIRTUAL BASE 5 | 2021-ENE | GRUPO A | AULA VIRTUAL | L-V | 07:00-09:00 | Adultos',16,253,2,2,20,'','2021-01-05','2021-01-27',1,15,70,1,1,1,1,1,0,0,'07:00:00','09:00:00',8,34,28),(75,'INT-VIR-BAS-5 | 2021-1 | B | AVIR | LMXJV | 07:00-09:00 | Ad','INTENSIVO VIRTUAL BASE 5 | 2021-ENE | GRUPO B | AULA VIRTUAL | L-V | 07:00-09:00 | Adultos',16,253,3,2,50,'','2021-01-05','2021-01-27',1,15,70,1,1,1,1,1,0,0,'07:00:00','09:00:00',8,34,28),(76,'INT-VIR-ITM-1 | 2021-1 | - | AVIR | LMXJV | 19:00-21:00 | Ad','INTENSIVO VIRTUAL INTERMEDIO 1 | 2021-ENE | GRUPO - | AULA VIRTUAL | L-V | 19:00-21:00 | Adultos',16,254,1,2,33,'','2021-01-05','2021-01-27',1,15,70,1,1,1,1,1,0,0,'19:00:00','21:00:00',8,34,34),(77,'INT-VIR-ITM-1 | 2021-1 | - | AVIR | LMXJV | 16:30-18:30 | Ad','INTENSIVO VIRTUAL INTERMEDIO 1 | 2021-ENE | GRUPO - | AULA VIRTUAL | L-V | 16:30-18:30 | Adultos',16,254,1,2,41,'','2021-01-05','2021-01-27',1,15,70,1,1,1,1,1,0,0,'16:30:00','18:30:00',8,34,33),(78,'INT-VIR-ITM-2 | 2021-1 | A | AVIR | LMXJV | 19:00-21:00 | Ad','INTENSIVO VIRTUAL INTERMEDIO 2 | 2021-ENE | GRUPO A | AULA VIRTUAL | L-V | 19:00-21:00 | Adultos',16,255,2,2,20,'','2021-01-05','2021-01-27',1,15,70,1,1,1,1,1,0,0,'19:00:00','21:00:00',8,34,37),(79,'INT-VIR-ITM-2 | 2021-1 | B | AVIR | LMXJV | 19:00-21:00 | Ad','INTENSIVO VIRTUAL INTERMEDIO 2 | 2021-ENE | GRUPO B | AULA VIRTUAL | L-V | 19:00-21:00 | Adultos',16,255,3,2,53,'','2021-01-05','2021-01-27',1,15,70,1,1,1,1,1,0,0,'19:00:00','21:00:00',8,34,37),(80,'INT-VIR-ITM-3 | 2021-1 | A | AVIR | LMXJV | 19:00-21:00 | Ad','INTENSIVO VIRTUAL INTERMEDIO 3 | 2021-ENE | GRUPO A | AULA VIRTUAL | L-V | 19:00-21:00 | Adultos',16,256,2,2,46,'','2021-01-05','2021-01-27',1,15,70,1,1,1,1,1,0,0,'19:00:00','21:00:00',8,34,40),(81,'INT-VIR-ITM-3 | 2021-1 | B | AVIR | LMXJV | 19:00-21:00 | Ad','INTENSIVO VIRTUAL INTERMEDIO 3 | 2021-ENE | GRUPO B | AULA VIRTUAL | L-V | 19:00-21:00 | Adultos',16,256,3,2,37,'','2021-01-05','2021-01-27',1,15,70,1,1,1,1,1,0,0,'19:00:00','21:00:00',8,34,40),(82,'REG-VIR-ADV-4 | 2021-1 | - | AVIR | MJ | 19:00-21:30 | Ad','REGOLARE VIRTUAL AVANZATO 4 | 2021-ENE | GRUPO - | AULA VIRTUAL | MJ | 19:00-21:30 | Adultos',16,286,1,2,28,'','2021-01-05','2021-01-26',1,15,70,0,1,0,1,0,0,0,'19:00:00','21:30:00',9,17,70),(83,'REG-VIR-BAS-1 | 2021-1 | A | AVIR | LXV | 11:30-13:15 | Ad','REGOLARE VIRTUAL BASE 1 | 2021-ENE | GRUPO A | AULA VIRTUAL | LXV | 11:30-13:15 | Adultos',16,263,2,2,29,'','2021-01-06','2021-01-27',1,15,70,1,0,1,0,1,0,0,'11:30:00','13:15:00',9,17,72),(84,'REG-VIR-BAS-1 | 2021-1 | B | AVIR | LXV | 11:30-13:15 | Ad','REGOLARE VIRTUAL BASE 1 | 2021-ENE | GRUPO B | AULA VIRTUAL | LXV | 11:30-13:15 | Adultos',16,263,3,2,44,'','2021-01-06','2021-01-27',1,15,70,1,0,1,0,1,0,0,'11:30:00','13:15:00',9,17,72),(85,'REG-VIR-BAS-1 | 2021-1 | A | AVIR | LXV | 07:00-08:45 | Ad','REGOLARE VIRTUAL BASE 1 | 2021-ENE | GRUPO A | AULA VIRTUAL | LXV | 07:00-08:45 | Adultos',16,263,2,2,44,'','2021-01-06','2021-01-27',1,15,70,1,0,1,0,1,0,0,'07:00:00','08:45:00',9,17,71),(86,'REG-VIR-BAS-1 | 2021-1 | B | AVIR | LXV | 07:00-08:45 | Ad','REGOLARE VIRTUAL BASE 1 | 2021-ENE | GRUPO B | AULA VIRTUAL | LXV | 07:00-08:45 | Adultos',16,263,3,2,29,'','2021-01-06','2021-01-27',1,15,70,1,0,1,0,1,0,0,'07:00:00','08:45:00',9,17,71),(87,'REG-VIR-BAS-1 | 2021-1 | A | AVIR | MJ | 19:00-21:30 | Ad','REGOLARE VIRTUAL BASE 1 | 2021-ENE | GRUPO A | AULA VIRTUAL | MJ | 19:00-21:30 | Adultos',16,263,2,2,50,'','2021-01-05','2021-01-26',1,15,70,0,1,0,1,0,0,0,'19:00:00','21:30:00',9,17,62),(88,'REG-VIR-BAS-1 | 2021-1 | B | AVIR | MJ | 19:00-21:30 | Ad','REGOLARE VIRTUAL BASE 1 | 2021-ENE | GRUPO B | AULA VIRTUAL | MJ | 19:00-21:30 | Adultos',16,263,3,2,36,'','2021-01-05','2021-01-26',1,15,70,0,1,0,1,0,0,0,'19:00:00','21:30:00',9,17,62),(90,'REG-VIR-BAS-1 | 2021-1 | A | AVIR | S | 08:30-13:15 | Ad','REGOLARE VIRTUAL BASE 1 | 2021-ENE | GRUPO A | AULA VIRTUAL | S | 08:30-13:15 | Adultos',16,263,2,2,18,'','2021-01-09','2021-01-30',1,15,70,0,0,0,0,0,1,0,'08:30:00','13:15:00',9,17,80),(91,'REG-VIR-BAS-2 | 2021-1 | A | AVIR | LXV | 07:00-08:45 | Ad','REGOLARE VIRTUAL BASE 2 | 2021-ENE | GRUPO A | AULA VIRTUAL | LXV | 07:00-08:45 | Adultos',16,264,2,2,43,'','2021-01-06','2021-01-27',1,15,70,1,0,1,0,1,0,0,'07:00:00','08:45:00',9,17,73),(92,'REG-VIR-BAS-2 | 2021-1 | B | AVIR | LXV | 07:00-08:45 | Ad','REGOLARE VIRTUAL BASE 2 | 2021-ENE | GRUPO B | AULA VIRTUAL | LXV | 07:00-08:45 | Adultos',16,264,3,2,47,'','2021-01-06','2021-01-27',1,15,70,1,0,1,0,1,0,0,'07:00:00','08:45:00',9,17,73),(93,'REG-VIR-BAS-3 | 2021-1 | - | AVIR | S | 08:30-13:15 | Ad','REGOLARE VIRTUAL BASE 3 | 2021-ENE | GRUPO - | AULA VIRTUAL | S | 08:30-13:15 | Adultos',16,265,1,2,11,'','2021-01-09','2021-02-03',1,15,70,0,0,0,0,0,1,0,'08:30:00','13:15:00',9,17,82),(94,'REG-VIR-BAS-3 | 2021-1 | - | AVIR | LXV | 11:30-13:15 | Ad','REGOLARE VIRTUAL BASE 3 | 2021-ENE | GRUPO - | AULA VIRTUAL | LXV | 11:30-13:15 | Adultos',16,265,1,2,11,'','2021-01-06','2021-01-27',1,15,70,1,0,1,0,1,0,0,'11:30:00','13:15:00',9,17,75),(95,'REG-VIR-BAS-4 | 2021-1 | A | AVIR | LXV | 07:00-08:45 | Ad','REGOLARE VIRTUAL BASE 4 | 2021-ENE | GRUPO A | AULA VIRTUAL | LXV | 07:00-08:45 | Adultos',16,266,2,2,35,'','2021-01-06','2021-01-27',1,15,70,1,0,1,0,1,0,0,'07:00:00','08:45:00',9,17,76),(96,'REG-VIR-BAS-3 | 2021-1 | A | AVIR | LXV | 07:00-08:45 | Ad','REGOLARE VIRTUAL BASE 3 | 2021-ENE | GRUPO A | AULA VIRTUAL | LXV | 07:00-08:45 | Adultos',16,265,2,2,57,'','2021-01-06','2021-01-27',1,15,70,1,0,1,0,1,0,0,'07:00:00','08:45:00',9,17,74),(97,'REG-VIR-BAS-3 | 2021-1 | B | AVIR | LXV | 07:00-08:45 | Ad','REGOLARE VIRTUAL BASE 3 | 2021-ENE | GRUPO B | AULA VIRTUAL | LXV | 07:00-08:45 | Adultos',16,265,3,2,54,'','2021-01-06','2021-01-27',1,15,70,1,0,1,0,1,0,0,'07:00:00','08:45:00',9,17,74),(98,'REG-VIR-BAS-4 | 2021-1 | A | AVIR | MJ | 19:00-21:30 | Ad','REGOLARE VIRTUAL BASE 4 | 2021-ENE | GRUPO A | AULA VIRTUAL | MJ | 19:00-21:30 | Adultos',16,266,2,2,11,'','2021-01-05','2021-01-26',1,15,70,0,1,0,1,0,0,0,'19:00:00','21:30:00',9,17,63),(99,'REG-VIR-BAS-4 | 2021-1 | B | AVIR | MJ | 19:00-21:30 | Ad','REGOLARE VIRTUAL BASE 4 | 2021-ENE | GRUPO B | AULA VIRTUAL | MJ | 19:00-21:30 | Adultos',16,266,3,2,18,'','2021-01-05','2021-01-26',1,15,70,0,1,0,1,0,0,0,'19:00:00','21:30:00',9,17,63),(100,'REG-VIR-BAS-4 | 2021-1 | - | AVIR | S | 08:30-13:15 | Ad','REGOLARE VIRTUAL BASE 4 | 2021-ENE | GRUPO - | AULA VIRTUAL | S | 08:30-13:15 | Adultos',16,266,1,2,12,'','2021-01-09','2021-01-30',1,15,70,0,0,0,0,0,1,0,'08:30:00','13:15:00',9,17,83),(101,'REG-VIR-BAS-5 | 2021-1 | - | AVIR | S | 08:30-13:15 | Ad','REGOLARE VIRTUAL BASE 5 | 2021-ENE | GRUPO - | AULA VIRTUAL | S | 08:30-13:15 | Adultos',16,267,1,2,57,'','2021-01-09','2021-01-30',1,15,70,0,0,0,0,0,1,0,'08:30:00','13:15:00',9,17,84),(102,'REG-VIR-BAS-5 | 2021-1 | - | AVIR | LXV | 07:00-08:45 | Ad','REGOLARE VIRTUAL BASE 5 | 2021-ENE | GRUPO - | AULA VIRTUAL | LXV | 07:00-08:45 | Adultos',16,267,1,2,6,'','2021-01-06','2021-01-27',1,15,70,1,0,1,0,1,0,0,'07:00:00','08:45:00',9,17,77),(103,'REG-VIR-BAS-5 | 2021-1 | - | AVIR | MJ | 19:00-21:30 | Ad','REGOLARE VIRTUAL BASE 5 | 2021-ENE | GRUPO - | AULA VIRTUAL | MJ | 19:00-21:30 | Adultos',16,267,1,2,7,'','2021-01-05','2021-01-26',1,15,70,0,1,0,1,0,0,0,'19:00:00','21:30:00',9,17,64),(104,'REG-VIR-BAS-6 | 2021-1 | - | AVIR | S | 08:30-13:15 | Ad','REGOLARE VIRTUAL BASE 6 | 2021-ENE | GRUPO - | AULA VIRTUAL | S | 08:30-13:15 | Adultos',16,268,1,2,20,'','2021-01-09','2021-01-30',1,15,70,0,0,0,0,0,1,0,'08:30:00','13:15:00',9,17,85),(105,'REG-VIR-BAS-6 | 2021-1 | - | AVIR | LXV | 07:00-08:45 | Ad','REGOLARE VIRTUAL BASE 6 | 2021-ENE | GRUPO - | AULA VIRTUAL | LXV | 07:00-08:45 | Adultos',16,268,1,2,19,'','2021-01-06','2021-01-27',1,15,70,1,0,1,0,1,0,0,'07:00:00','08:45:00',9,17,78),(106,'REG-VIR-BAS-7 | 2021-1 | - | AVIR | LXV | 07:00-08:45 | Ad','REGOLARE VIRTUAL BASE 7 | 2021-ENE | GRUPO - | AULA VIRTUAL | LXV | 07:00-08:45 | Adultos',16,269,1,2,32,'','2021-01-06','2021-01-27',1,15,70,1,0,1,0,1,0,0,'07:00:00','08:45:00',9,17,79),(107,'REG-VIR-BAS-7 | 2021-1 | - | AVIR | MJ | 19:00-21:30 | Ad','REGOLARE VIRTUAL BASE 7 | 2021-ENE | GRUPO - | AULA VIRTUAL | MJ | 19:00-21:30 | Adultos',16,269,1,2,12,'','2021-01-05','2021-01-26',1,15,70,0,1,0,1,0,0,0,'19:00:00','21:30:00',9,17,66),(108,'REG-VIR-BAS-8 | 2021-1 | - | AVIR | MJ | 19:00-21:30 | Ad','REGOLARE VIRTUAL BASE 8 | 2021-ENE | GRUPO - | AULA VIRTUAL | MJ | 19:00-21:30 | Adultos',16,270,1,2,22,'','2021-01-05','2021-01-26',1,15,70,0,1,0,1,0,0,0,'19:00:00','21:30:00',9,17,67),(109,'REG-VIR-BAS-9 | 2021-1 | - | AVIR | MJ | 19:00-21:30 | Ad','REGOLARE VIRTUAL BASE 9 | 2021-ENE | GRUPO - | AULA VIRTUAL | MJ | 19:00-21:30 | Adultos',16,271,1,2,41,'','2021-01-05','2021-01-26',1,15,70,0,1,0,1,0,0,0,'19:00:00','21:30:00',9,17,68),(110,'REG-VIR-ITM-1 | 2021-1 | - | AVIR | MJ | 19:00-21:30 | Ad','REGOLARE VIRTUAL INTERMEDIO 1 | 2021-ENE | GRUPO - | AULA VIRTUAL | MJ | 19:00-21:30 | Adultos',16,273,1,2,39,'','2021-01-05','2021-01-26',1,15,70,0,1,0,1,0,0,0,'19:00:00','21:30:00',9,17,69),(111,'REG-VIR-ITM-10 | 2021-1 | S | 08:30-13:15 | Ad | - | AVIR','REGOLARE VIRTUAL INTERMEDIO 10 | 2021-ENE | S | 08:30-13:15 | Adultos | GRUPO - | AULA VIRTUAL',16,282,1,2,22,'','2021-01-09','2021-01-30',1,15,70,0,0,0,0,0,1,0,'08:30:00','13:15:00',9,17,90),(112,'REG-VIR-ITM-2 | 2021-1 | - | AVIR | S | 08:30-13:15 | Ad','REGOLARE VIRTUAL INTERMEDIO 2 | 2021-ENE | GRUPO - | AULA VIRTUAL | S | 08:30-13:15 | Adultos',16,274,1,2,10,'','2021-01-09','2021-01-30',1,15,70,0,0,0,0,0,1,0,'08:30:00','13:15:00',9,17,87),(113,'REG-VIR-ITM-5 | 2021-1 | - | AVIR | S | 08:30-13:15 | Ad','REGOLARE VIRTUAL INTERMEDIO 5 | 2021-ENE | GRUPO - | AULA VIRTUAL | S | 08:30-13:15 | Adultos',16,277,1,2,5,'','2021-01-09','2021-01-30',1,15,70,0,0,0,0,0,1,0,'08:30:00','13:15:00',9,17,88),(114,'REG-VIR-ITM-8 | 2021-1 | - | AVIR | S | 08:30-13:15 | Ad','REGOLARE VIRTUAL INTERMEDIO 8 | 2021-ENE | GRUPO - | AULA VIRTUAL | S | 08:30-13:15 | Adultos',16,280,1,2,33,'','2021-01-09','2021-01-30',1,15,70,0,0,0,0,0,1,0,'08:30:00','13:15:00',9,17,89),(115,'REG-VIR-BAS-1 | 2021-1 | B | AVIR | S | 08:30-13:15 | Ad','REGOLARE VIRTUAL BASE 1 | 2021-ENE | GRUPO B | AULA VIRTUAL | S | 08:30-13:15 | Adultos',16,263,3,2,35,'','2021-01-09','2021-01-30',1,15,70,0,0,0,0,0,1,0,'08:30:00','13:15:00',9,17,80),(116,'RAG VIR L1-3 | 2021-1 | MJ | 16:30-18:00 | Jo | - | AVIR','RAGAZZI VIRTUALE LIBRO 1 - 3 | 2021-ENE | MJ | 16:30-18:00 | Jóvenes | GRUPO - | AULA VIRTUAL',16,307,1,2,29,'','2021-01-05','2021-02-25',1,12,15,0,1,0,1,0,0,0,'16:30:00','18:00:00',10,24,101),(117,'RAG VIR L1-2 | 2021-1 | MJ | 16:30-18:00 | Jo | - | AVIR','RAGAZZI VIRTUALE LIBRO 1 - 2 | 2021-ENE | MJ | 16:30-18:00 | Jóvenes | GRUPO - | AULA VIRTUAL',16,306,1,2,39,'','2021-01-05','2021-02-25',1,12,15,0,1,0,1,0,0,0,'16:30:00','18:00:00',10,24,100),(118,'RAG VIR L1-1 | 2021-1 | MJ | 16:30-18:00 | Jo | A | AVIR','RAGAZZI VIRTUALE LIBRO 1 - 1 | 2021-ENE | MJ | 16:30-18:00 | Jóvenes | GRUPO A | AULA VIRTUAL',16,305,2,2,13,'','2021-01-05','2021-02-25',1,12,15,0,1,0,1,0,0,0,'16:30:00','18:00:00',10,24,99),(119,'RAG VIR L1-6 | 2021-1 | S | 11:00-14:00 | Jo | - | AVIR','RAGAZZI VIRTUALE LIBRO 1 - 6 | 2021-ENE | S | 11:00-14:00 | Jóvenes | GRUPO - | AULA VIRTUAL',16,310,1,2,13,'','2021-01-16','2021-02-27',1,8,11,0,0,0,0,0,1,0,'11:00:00','14:00:00',10,24,98),(120,'RAG VIR L1-1 | 2021-1 | MJ | 16:30-18:00 | Jo | B | AVIR','RAGAZZI VIRTUALE LIBRO 1 - 1 | 2021-ENE | MJ | 16:30-18:00 | Jóvenes | GRUPO B | AULA VIRTUAL',16,305,3,2,37,'','2021-01-05','2021-02-25',1,12,15,0,1,0,1,0,0,0,'16:30:00','18:00:00',10,24,99),(121,'CONVERSA | 2021-1 | - | AVIR | S | 08:30-10:30 | Ad','CORSO DI CONVERSAZIONE E CULTURA ITALIANA | 2021-ENE | GRUPO - | AULA VIRTUAL | S | 08:30-10:30 | Adultos',16,330,1,2,14,'','2021-01-09','2021-02-27',1,15,70,0,0,0,0,0,1,0,'08:30:00','10:30:00',1,16,110),(122,'CONVERSA | 2021-1 | - | AVIR | S | 11:00-13:00 | Ad','CORSO DI CONVERSAZIONE E CULTURA ITALIANA | 2021-ENE | GRUPO - | AULA VIRTUAL | S | 11:00-13:00 | Adultos',16,330,1,2,14,'','2021-01-09','2021-02-27',1,15,70,0,0,0,0,0,1,0,'11:00:00','13:00:00',1,16,111),(124,'INT-VIR-BAS-1 | 2021-2 | A | AVIR | LMXJV | 19:00-21:00 | Ad','INTENSIVO VIRTUAL BASE 1 | 2021-FEB | GRUPO A | AULA VIRTUAL | L-V | 19:00-21:00 | Adultos',17,249,2,2,26,'','2021-02-02','2021-02-24',1,15,70,1,1,1,1,1,0,0,'19:00:00','21:00:00',8,34,121),(125,'INT-VIR-BAS-1 | 2021-2 | B | AVIR | LMXJV | 19:00-21:00 | Ad','INTENSIVO VIRTUAL BASE 1 | 2021-FEB | GRUPO B | AULA VIRTUAL | L-V | 19:00-21:00 | Adultos',17,249,3,2,54,'','2021-02-02','2021-02-24',1,15,70,1,1,1,1,1,0,0,'19:00:00','21:00:00',8,34,121),(126,'INT-VIR-BAS-1 | 2021-2 | C | AVIR | LMXJV | 19:00-21:00 | Ad','INTENSIVO VIRTUAL BASE 1 | 2021-FEB | GRUPO C | AULA VIRTUAL | L-V | 19:00-21:00 | Adultos',17,249,4,2,57,'','2021-02-02','2021-02-24',1,15,70,1,1,1,1,1,0,0,'19:00:00','21:00:00',8,34,121),(127,'REG-VIR-BAS-1 | 2021-2 | S | 14:00-18:45 | Ad | - | AVIR','REGOLARE VIRTUAL BASE 1 | 2021-FEB | S | 14:00-18:45 | Adultos | GRUPO - | AULA VIRTUAL',17,263,1,2,42,'','2021-02-06','2021-02-27',1,15,70,0,0,0,0,0,1,0,'14:00:00','18:45:00',9,17,190),(128,'INT-VIR-BAS-2 | 2021-2 | - | AVIR | LMXJV | 16:30-18:30 | Ad','INTENSIVO VIRTUAL BASE 2 | 2021-FEB | GRUPO - | AULA VIRTUAL | L-V | 16:30-18:30 | Adultos',17,250,1,2,21,'','2021-02-02','2021-02-24',1,15,70,1,1,1,1,1,0,0,'16:30:00','18:30:00',8,34,127),(129,'SIN-VIR-BAS-1 | 2021-2 | A | AVIR | LMXJV | 09:30-12:30 | Ad','SUPER INTENSIVO VIRTUAL BASE 1 | 2021-FEB | GRUPO A | AULA VIRTUAL | L-V | 09:30-12:30 | Adultos',17,241,2,2,6,'','2021-02-02','2021-02-22',1,15,70,1,1,1,1,1,0,0,'09:30:00','12:30:00',7,45,103),(130,'SIN-VIR-BAS-1 | 2021-2 | B | AVIR | LMXJV | 09:30-12:30 | Ad','SUPER INTENSIVO VIRTUAL BASE 1 | 2021-FEB | GRUPO B | AULA VIRTUAL | L-V | 09:30-12:30 | Adultos',17,241,3,2,22,'','2021-02-02','2021-02-22',1,15,70,1,1,1,1,1,0,0,'09:30:00','12:30:00',7,45,103),(131,'SIN-VIR-BAS-1 | 2021-2 | C | AVIR | LMXJV | 09:30-12:30 | Ad','SUPER INTENSIVO VIRTUAL BASE 1 | 2021-FEB | GRUPO C | AULA VIRTUAL | L-V | 09:30-12:30 | Adultos',17,241,4,2,27,'','2021-02-02','2021-02-22',1,15,70,1,1,1,1,1,0,0,'09:30:00','12:30:00',7,45,103),(132,'SIN-VIR-BAS-2 | 2021-2 | A | AVIR | LMXJV | 09:30-12:30 | Ad','SUPER INTENSIVO VIRTUAL BASE 2 | 2021-FEB | GRUPO A | AULA VIRTUAL | L-V | 09:30-12:30 | Adultos',17,242,2,2,15,'','2021-02-02','2021-02-22',1,15,70,1,1,1,1,1,0,0,'09:30:00','12:30:00',7,45,113),(133,'SIN-VIR-BAS-2 | 2021-2 | B | AVIR | LMXJV | 09:30-12:30 | Ad','SUPER INTENSIVO VIRTUAL BASE 2 | 2021-FEB | GRUPO B | AULA VIRTUAL | L-V | 09:30-12:30 | Adultos',17,242,3,2,20,'','2021-02-02','2021-02-22',1,15,70,1,1,1,1,1,0,0,'09:30:00','12:30:00',7,45,113),(135,'SIN-VIR-BAS-4 | 2021-2 | - | AVIR | LMXJV | 09:30-12:30 | Ad','SUPER INTENSIVO VIRTUAL BASE 4 | 2021-FEB | GRUPO - | AULA VIRTUAL | L-V | 09:30-12:30 | Adultos',17,244,1,2,33,'','2021-02-02','2021-02-22',1,15,70,1,1,1,1,1,0,0,'09:30:00','12:30:00',8,45,115),(137,'SIN-VIR-ITM-2 | 2021-2 | - | AVIR | LMXJV | 09:30-12:30 | Ad','SUPER INTENSIVO VIRTUAL INTERMEDIO 2 | 2021-FEB | GRUPO - | AULA VIRTUAL | L-V | 09:30-12:30 | Adultos',17,246,1,2,21,'','2021-02-02','2021-02-22',1,15,70,1,1,1,1,1,0,0,'09:30:00','12:30:00',7,45,117),(138,'INT-VIR-BAS-1 | 2021-2 | A | AVIR | LMXJV | 07:00-09:00 | Ad','INTENSIVO VIRTUAL BASE 1 | 2021-FEB | GRUPO A | AULA VIRTUAL | L-V | 07:00-09:00 | Adultos',17,249,2,2,30,'','2021-02-02','2021-02-24',1,15,70,1,1,1,1,1,0,0,'07:00:00','09:00:00',8,34,102),(139,'INT-VIR-BAS-1 | 2021-2 | B | AVIR | LMXJV | 07:00-09:00 | Ad','INTENSIVO VIRTUAL BASE 1 | 2021-FEB | GRUPO B | AULA VIRTUAL | L-V | 07:00-09:00 | Adultos',17,249,3,2,15,'','2021-02-02','2021-02-24',1,15,70,1,1,1,1,1,0,0,'07:00:00','09:00:00',8,34,102),(140,'INT-VIR-BAS-1 | 2021-2 | A | AVIR | LMXJV | 09:30-11:30 | Ad','INTENSIVO VIRTUAL BASE 1 | 2021-FEB | GRUPO A | AULA VIRTUAL | L-V | 09:30-11:30 | Adultos',17,249,2,2,14,'','2021-02-02','2021-02-24',1,15,70,1,1,1,1,1,0,0,'09:30:00','11:30:00',8,34,118),(141,'INT-VIR-BAS-1 | 2021-2 | B | AVIR | LMXJV | 09:30-11:30 | Ad','INTENSIVO VIRTUAL BASE 1 | 2021-FEB | GRUPO B | AULA VIRTUAL | L-V | 09:30-11:30 | Adultos',17,249,3,2,53,'','2021-02-02','2021-02-24',1,15,70,1,1,1,1,1,0,0,'09:30:00','11:30:00',8,34,118),(142,'INT-VIR-BAS-1 | 2021-2 | C | AVIR | LMXJV | 09:30-11:30 | Ad','INTENSIVO VIRTUAL BASE 1 | 2021-FEB | GRUPO C | AULA VIRTUAL | L-V | 09:30-11:30 | Adultos',17,249,4,2,30,'','2021-02-02','2021-02-24',1,15,70,1,1,1,1,1,0,0,'09:30:00','11:30:00',8,34,118),(143,'INT-VIR-BAS-1 | 2021-2 | - | AVIR | LMXJV | 14:00-16:00 | Ad','INTENSIVO VIRTUAL BASE 1 | 2021-FEB | GRUPO - | AULA VIRTUAL | L-V | 14:00-16:00 | Adultos',17,249,1,2,40,'','2021-02-02','2021-02-24',1,15,70,1,1,1,1,1,0,0,'14:00:00','16:00:00',8,34,119),(144,'INT-VIR-BAS-1 | 2021-2 | A | AVIR | LMXJV | 16:30-18:30 | Ad','INTENSIVO VIRTUAL BASE 1 | 2021-FEB | GRUPO A | AULA VIRTUAL | L-V | 16:30-18:30 | Adultos',17,249,2,2,26,'','2021-02-02','2021-02-24',1,15,70,1,1,1,1,1,0,0,'16:30:00','18:30:00',8,34,120),(145,'INT-VIR-BAS-1 | 2021-2 | B | AVIR | LMXJV | 16:30-18:30 | Ad','INTENSIVO VIRTUAL BASE 1 | 2021-FEB | GRUPO B | AULA VIRTUAL | L-V | 16:30-18:30 | Adultos',17,249,3,2,19,'','2021-02-02','2021-02-24',1,15,70,1,1,1,1,1,0,0,'16:30:00','18:30:00',8,34,120),(146,'INT-VIR-BAS-2 | 2021-2 | A | AVIR | LMXJV | 07:00-09:00 | Ad','INTENSIVO VIRTUAL BASE 2 | 2021-FEB | GRUPO A | AULA VIRTUAL | L-V | 07:00-09:00 | Adultos',17,250,2,2,11,'','2021-02-02','2021-02-24',1,15,70,1,1,1,1,1,0,0,'07:00:00','09:00:00',8,34,123),(147,'INT-VIR-BAS-2 | 2021-2 | LMXJV | 07:00-09:00 | Ad | C | AVIR','INTENSIVO VIRTUAL BASE 2 | 2021-FEB | L-V | 07:00-09:00 | Adultos | GRUPO C | AULA VIRTUAL',17,250,4,2,27,'','2021-02-02','2021-02-24',1,15,70,1,1,1,1,1,0,0,'07:00:00','09:00:00',8,34,123),(148,'INT-VIR-BAS-2 | 2021-2 | B | AVIR | LMXJV | 07:00-09:00 | Ad','INTENSIVO VIRTUAL BASE 2 | 2021-FEB | GRUPO B | AULA VIRTUAL | L-V | 07:00-09:00 | Adultos',17,250,3,2,50,'','2021-02-02','2021-02-24',1,15,70,1,1,1,1,1,0,0,'07:00:00','09:00:00',8,34,123),(149,'INT-VIR-BAS-2 | 2021-2 | A | AVIR | LMXJV | 09:30-11:30 | Ad','INTENSIVO VIRTUAL BASE 2 | 2021-FEB | GRUPO A | AULA VIRTUAL | L-V | 09:30-11:30 | Adultos',17,250,2,2,36,'','2021-02-02','2021-02-24',1,15,70,1,1,1,1,1,0,0,'09:30:00','11:30:00',8,34,124),(150,'INT-VIR-BAS-2 | 2021-2 | B | AVIR | LMXJV | 09:30-11:30 | Ad','INTENSIVO VIRTUAL BASE 2 | 2021-FEB | GRUPO B | AULA VIRTUAL | L-V | 09:30-11:30 | Adultos',17,250,3,2,12,'','2021-02-02','2021-02-24',1,15,70,1,1,1,1,1,0,0,'09:30:00','11:30:00',8,34,124),(151,'INT-VIR-BAS-2 | 2021-2 | A | AVIR | LMXJV | 14:00-16:00 | Ad','INTENSIVO VIRTUAL BASE 2 | 2021-FEB | GRUPO A | AULA VIRTUAL | L-V | 14:00-16:00 | Adultos',17,250,2,2,20,'','2021-02-02','2021-02-24',1,15,70,1,1,1,1,1,0,0,'14:00:00','16:00:00',8,34,125),(153,'REG-VIR-BAS-2 | 2021-2 | - | AVIR | LX | 15:30-18:00 | Ad','REGOLARE VIRTUAL BASE 2 | 2021-FEB | GRUPO - | AULA VIRTUAL | LX | 15:30-18:00 | Adultos',17,264,1,2,57,'','2021-02-03','2021-02-24',1,15,70,1,0,1,0,0,0,0,'15:30:00','18:00:00',9,17,104),(154,'INT-VIR-BAS-2 | 2021-2 | B | AVIR | LMXJV | 14:00-16:00 | Ad','INTENSIVO VIRTUAL BASE 2 | 2021-FEB | GRUPO B | AULA VIRTUAL | L-V | 14:00-16:00 | Adultos',17,250,3,2,7,'','2021-02-02','2021-02-24',1,15,70,1,1,1,1,1,0,0,'14:00:00','16:00:00',8,34,125),(155,'INT-VIR-BAS-2 | 2021-2 | A | AVIR | LMXJV | 19:00-21:00 | Ad','INTENSIVO VIRTUAL BASE 2 | 2021-FEB | GRUPO A | AULA VIRTUAL | L-V | 19:00-21:00 | Adultos',17,250,2,2,59,'','2021-02-02','2021-02-24',1,15,70,1,1,1,1,1,0,0,'19:00:00','21:00:00',8,34,130),(156,'INT-VIR-BAS-2 | 2021-2 | B | AVIR | LMXJV | 19:00-21:00 | Ad','INTENSIVO VIRTUAL BASE 2 | 2021-FEB | GRUPO B | AULA VIRTUAL | L-V | 19:00-21:00 | Adultos',17,250,3,2,18,'','2021-02-02','2021-02-24',1,15,70,1,1,1,1,1,0,0,'19:00:00','21:00:00',8,34,130),(157,'INT-VIR-BAS-3 | 2021-2 | - | AVIR | LMXJV | 07:00-09:00 | Ad','INTENSIVO VIRTUAL BASE 3 | 2021-FEB | GRUPO - | AULA VIRTUAL | L-V | 07:00-09:00 | Adultos',17,251,1,2,44,'','2021-02-02','2021-02-24',1,15,70,1,1,1,1,1,0,0,'07:00:00','09:00:00',8,34,132),(158,'INT-VIR-BAS-3 | 2021-2 | - | AVIR | LMXJV | 16:30-18:30 | Ad','INTENSIVO VIRTUAL BASE 3 | 2021-FEB | GRUPO - | AULA VIRTUAL | L-V | 16:30-18:30 | Adultos',17,251,1,2,14,'','2021-02-02','2021-02-24',1,15,70,1,1,1,1,1,0,0,'16:30:00','18:30:00',8,34,133),(159,'INT-VIR-BAS-4 | 2021-2 | LMXJV | 11:00-13:00 | Ad | A | AVIR','INTENSIVO VIRTUAL BASE 04 | 2021-FEB | L-V | 11:00-13:00 | Adultos | GRUPO A | AULA VIRTUAL',17,252,2,2,28,'','2021-02-02','2021-02-24',1,15,70,1,1,1,1,1,0,0,'11:00:00','13:00:00',8,34,136),(160,'INT-VIR-BAS-4 | 2021-2 | B | AVIR | LMXJV | 11:00-13:00 | Ad','INTENSIVO VIRTUAL BASE 4 | 2021-FEB | GRUPO B | AULA VIRTUAL | L-V | 11:00-13:00 | Adultos',17,252,3,2,47,'','2021-02-02','2021-02-24',1,15,70,1,1,1,1,1,0,0,'11:00:00','13:00:00',8,34,136),(161,'INT-VIR-BAS-4 | 2021-2 | A | AVIR | LMXJV | 14:00-16:00 | Ad','INTENSIVO VIRTUAL BASE 4 | 2021-FEB | GRUPO A | AULA VIRTUAL | L-V | 14:00-16:00 | Adultos',17,252,2,2,27,'','2021-02-02','2021-02-24',1,15,70,1,1,1,1,1,0,0,'14:00:00','16:00:00',8,34,108),(163,'INT-VIR-BAS-5 | 2021-2 | - | AVIR | LMXJV | 07:00-09:00 | Ad','INTENSIVO VIRTUAL BASE 5 | 2021-FEB | GRUPO - | AULA VIRTUAL | L-V | 07:00-09:00 | Adultos',17,253,1,2,20,'','2021-02-02','2021-02-24',1,15,70,1,1,1,1,1,0,0,'07:00:00','09:00:00',8,34,139),(164,'INT-VIR-BAS-5 | 2021-2 | - | AVIR | LMXJV | 14:00-16:00 | Ad','INTENSIVO VIRTUAL BASE 5 | 2021-FEB | GRUPO - | AULA VIRTUAL | L-V | 14:00-16:00 | Adultos',17,253,1,2,25,'','2021-02-02','2021-02-24',1,15,70,1,1,1,1,1,0,0,'14:00:00','16:00:00',8,34,141),(165,'INT-VIR-BAS-5 | 2021-2 | - | AVIR | LMXJV | 16:30-18:30 | Ad','INTENSIVO VIRTUAL BASE 5 | 2021-FEB | GRUPO - | AULA VIRTUAL | L-V | 16:30-18:30 | Adultos',17,253,1,2,22,'','2021-02-02','2021-02-24',1,15,70,1,1,1,1,1,0,0,'16:30:00','18:30:00',8,34,143),(166,'INT-VIR-BAS-5 | 2021-2 | A | AVIR | LMXJV | 19:00-21:00 | Ad','INTENSIVO VIRTUAL BASE 5 | 2021-FEB | GRUPO A | AULA VIRTUAL | L-V | 19:00-21:00 | Adultos',17,253,2,2,52,'','2021-02-02','2021-02-24',1,15,70,1,1,1,1,1,0,0,'19:00:00','21:00:00',8,34,144),(168,'INT-VIR-ITM-1 | 2021-2 | A | AVIR | LMXJV | 07:00-09:00 | Ad','INTENSIVO VIRTUAL INTERMEDIO 1 | 2021-FEB | GRUPO A | AULA VIRTUAL | L-V | 07:00-09:00 | Adultos',17,254,2,2,53,'','2021-02-02','2021-02-24',1,15,70,1,1,1,1,1,0,0,'07:00:00','09:00:00',8,34,145),(169,'INT-VIR-ITM-1 | 2021-2 | LMXJV | 07:00-09:00 | Ad | B | AVIR','INTENSIVO VIRTUAL INTERMEDIO 1 | 2021-FEB | L-V | 07:00-09:00 | Adultos | GRUPO B | AULA VIRTUAL',17,254,3,2,48,'','2021-02-02','2021-02-24',1,15,70,1,1,1,1,1,0,0,'07:00:00','09:00:00',8,34,145),(171,'INT-VIR-ITM-1 | 2021-2 | LMXJV | 19:00-21:00 | Ad | A | AVIR','INTENSIVO VIRTUAL INTERMEDIO 1 | 2021-FEB | L-V | 19:00-21:00 | Adultos | GRUPO A | AULA VIRTUAL',17,254,2,2,37,'','2021-02-02','2021-02-25',1,15,70,1,1,1,1,1,0,0,'19:00:00','21:00:00',8,34,147),(172,'INT-VIR-ITM-1 | 2021-2 | LMXJV | 19:00-21:00 | Ad | B | AVIR','INTENSIVO VIRTUAL INTERMEDIO 1 | 2021-FEB | L-V | 19:00-21:00 | Adultos | GRUPO B | AULA VIRTUAL',17,254,3,2,51,'','2021-02-02','2021-02-25',1,15,70,1,1,1,1,1,0,0,'19:00:00','21:00:00',8,34,147),(173,'INT-VIR-ITM-2 | 2021-2 | A | AVIR | LMXJV | 07:00-09:00 | Ad','INTENSIVO VIRTUAL INTERMEDIO 2 | 2021-FEB | GRUPO A | AULA VIRTUAL | L-V | 07:00-09:00 | Adultos',17,255,2,2,34,'','2021-02-02','2021-02-24',1,15,70,1,1,1,1,1,0,0,'07:00:00','09:00:00',8,34,148),(174,'INT-VIR-ITM-2 | 2021-2 | B | AVIR | LMXJV | 07:00-09:00 | Ad','INTENSIVO VIRTUAL INTERMEDIO 2 | 2021-FEB | GRUPO B | AULA VIRTUAL | L-V | 07:00-09:00 | Adultos',17,255,3,2,36,'','2021-02-02','2021-02-24',1,15,70,1,1,1,1,1,0,0,'07:00:00','09:00:00',8,34,148),(176,'INT-VIR-ITM-2 | 2021-2 | - | AVIR | LMXJV | 16:30-18:30 | Ad','INTENSIVO VIRTUAL INTERMEDIO 2 | 2021-FEB | GRUPO - | AULA VIRTUAL | L-V | 16:30-18:30 | Adultos',17,255,1,2,7,'','2021-02-02','2021-02-24',1,15,70,1,1,1,1,1,0,0,'16:30:00','18:30:00',8,34,151),(177,'INT-VIR-ITM-2 | 2021-2 | A | AVIR | LMXJV | 19:00-21:00 | Ad','INTENSIVO VIRTUAL INTERMEDIO 2 | 2021-FEB | GRUPO A | AULA VIRTUAL | L-V | 19:00-21:00 | Adultos',17,255,2,2,14,'','2021-02-02','2021-02-24',1,15,70,1,1,1,1,1,0,0,'19:00:00','21:00:00',8,34,152),(178,'INT-VIR-ITM-3 | 2021-2 | A | AVIR | LMXJV | 07:00-09:00 | Ad','INTENSIVO VIRTUAL INTERMEDIO 3 | 2021-FEB | GRUPO A | AULA VIRTUAL | L-V | 07:00-09:00 | Adultos',17,256,2,2,33,'','2021-02-02','2021-02-24',1,15,70,1,1,1,1,1,0,0,'07:00:00','09:00:00',8,34,153),(179,'INT-VIR-ITM-3 | 2021-2 | B | AVIR | LMXJV | 07:00-09:00 | Ad','INTENSIVO VIRTUAL INTERMEDIO 3 | 2021-FEB | GRUPO B | AULA VIRTUAL | L-V | 07:00-09:00 | Adultos',17,256,3,2,14,'','2021-02-02','2021-02-24',1,15,70,1,1,1,1,1,0,0,'07:00:00','09:00:00',8,34,153),(181,'INT-VIR-ITM-3 | 2021-2 | A | AVIR | LMXJV | 19:00-21:00 | Ad','INTENSIVO VIRTUAL INTERMEDIO 3 | 2021-FEB | GRUPO A | AULA VIRTUAL | L-V | 19:00-21:00 | Adultos',17,256,2,2,5,'','2021-02-02','2021-02-24',1,15,70,1,1,1,1,1,0,0,'19:00:00','21:00:00',8,34,155),(182,'INT-VIR-ITM-3 | 2021-2 | B | AVIR | LMXJV | 19:00-21:00 | Ad','INTENSIVO VIRTUAL INTERMEDIO 3 | 2021-FEB | GRUPO B | AULA VIRTUAL | L-V | 19:00-21:00 | Adultos',17,256,3,2,20,'','2021-02-02','2021-02-24',1,15,70,1,1,1,1,1,0,0,'19:00:00','21:00:00',8,34,155),(183,'INT-VIR-ITM-4 | 2021-2 | - | AVIR | LMXJV | 07:00-09:00 | Ad','INTENSIVO VIRTUAL INTERMEDIO 4 | 2021-FEB | GRUPO - | AULA VIRTUAL | L-V | 07:00-09:00 | Adultos',17,257,1,2,32,'','2021-02-02','2021-02-24',1,15,70,1,1,1,1,1,0,0,'07:00:00','09:00:00',8,34,156),(184,'INT-VIR-ITM-4 | 2021-2 | - | AVIR | LMXJV | 14:00-16:00 | Ad','INTENSIVO VIRTUAL INTERMEDIO 4 | 2021-FEB | GRUPO - | AULA VIRTUAL | L-V | 14:00-16:00 | Adultos',17,257,1,2,21,'','2021-02-02','2021-02-24',1,15,70,1,1,1,1,1,0,0,'14:00:00','16:00:00',8,34,157),(185,'INT-VIR-ITM-4 | 2021-2 | A | AVIR | LMXJV | 19:00-21:00 | Ad','INTENSIVO VIRTUAL INTERMEDIO 4 | 2021-FEB | GRUPO A | AULA VIRTUAL | L-V | 19:00-21:00 | Adultos',17,257,2,2,25,'','2021-02-02','2021-02-24',1,15,70,1,1,1,1,1,0,0,'19:00:00','21:00:00',8,34,158),(186,'INT-VIR-ITM-4 | 2021-2 | B | AVIR | LMXJV | 19:00-21:00 | Ad','INTENSIVO VIRTUAL INTERMEDIO 4 | 2021-FEB | GRUPO B | AULA VIRTUAL | L-V | 19:00-21:00 | Adultos',17,257,3,2,15,'','2021-02-02','2021-02-25',1,15,70,1,1,1,1,1,0,0,'19:00:00','21:00:00',8,34,158),(187,'INT-VIR-ITM-5 | 2021-2 | - | AVIR | LMXJV | 07:00-09:00 | Ad','INTENSIVO VIRTUAL INTERMEDIO 5 | 2021-FEB | GRUPO - | AULA VIRTUAL | L-V | 07:00-09:00 | Adultos',17,258,1,2,21,'','2021-02-02','2021-02-24',1,15,70,1,1,1,1,1,0,0,'07:00:00','09:00:00',8,34,159),(188,'INT-VIR-ITM-5 | 2021-2 | - | AVIR | LMXJV | 19:00-21:00 | Ad','INTENSIVO VIRTUAL INTERMEDIO 5 | 2021-FEB | GRUPO - | AULA VIRTUAL | L-V | 19:00-21:00 | Adultos',17,258,1,2,19,'','2021-02-02','2021-02-24',1,15,70,1,1,1,1,1,0,0,'19:00:00','21:00:00',8,34,160),(189,'INT-VIR-ADV-1 | 2021-2 | - | AVIR | LMXJV | 19:00-21:00 | Ad','INTENSIVO VIRTUAL AVANZATO 1 | 2021-FEB | GRUPO - | AULA VIRTUAL | L-V | 19:00-21:00 | Adultos',17,259,1,2,34,'','2021-02-02','2021-02-22',1,15,70,1,1,1,1,1,0,0,'19:00:00','21:00:00',8,30,161),(190,'INT-VIR-ADV-2 | 2021-2 | LMXJV | 19:00-21:00 | Ad | A | AVIR','INTENSIVO VIRTUAL AVANZATO 2 | 2021-FEB | L-V | 19:00-21:00 | Adultos | GRUPO A | AULA VIRTUAL',17,260,2,2,33,'','2021-02-02','2021-02-22',1,15,70,1,1,1,1,1,0,0,'19:00:00','21:00:00',8,30,162),(192,'INT-VIR-ADV-3 | 2021-2 | LMXJV | 16:30-18:30 | Ad | - | AVIR','INTENSIVO VIRTUAL AVANZATO 3 | 2021-FEB | L-V | 16:30-18:30 | Adultos | GRUPO - | AULA VIRTUAL',17,261,1,2,24,'','2021-02-02','2021-02-22',1,15,70,1,1,1,1,1,0,0,'16:30:00','18:30:00',8,30,163),(193,'INT-VIR-ADV-3 | 2021-2 | - | AVIR | LMXJV | 19:00-21:00 | AD','INTENSIVO VIRTUAL AVANZATO 3 | 2021-FEB | GRUPO - | AULA VIRTUAL | L-V | 19:00-21:00 | ADULTOS',17,261,1,2,16,'','2021-02-02','2021-02-22',1,15,70,1,1,1,1,1,0,0,'19:00:00','21:00:00',8,30,164),(195,'REG-VIR-BAS-1 | 2021-2 | A | AVIR | LX | 15:30-18:00 | Ad','REGOLARE VIRTUAL BASE 1 | 2021-FEB | GRUPO A | AULA VIRTUAL | LX | 15:30-18:00 | Adultos',17,263,2,2,44,'','2021-02-03','2021-02-24',1,15,70,1,0,1,0,0,0,0,'15:30:00','18:00:00',9,17,122),(196,'REG-VIR-BAS-1 | 2021-2 | B | AVIR | LX | 15:30-18:00 | Ad','REGOLARE VIRTUAL BASE 1 | 2021-FEB | GRUPO B | AULA VIRTUAL | LX | 15:30-18:00 | Adultos',17,263,3,2,45,'','2021-02-03','2021-02-24',1,15,70,1,0,1,0,0,0,0,'15:30:00','18:00:00',9,17,122),(197,'REG-VIR-BAS-1 | 2021-2 | A | AVIR | LXV | 07:00-08:45 | Ad','REGOLARE VIRTUAL BASE 1 | 2021-FEB | GRUPO A | AULA VIRTUAL | LXV | 07:00-08:45 | Adultos',17,263,2,2,43,'','2021-02-03','2021-02-24',1,15,70,1,0,1,0,1,0,0,'07:00:00','08:45:00',9,17,177),(198,'REG-VIR-BAS-1 | 2021-2 | B | AVIR | LXV | 07:00-08:45 | Ad','REGOLARE VIRTUAL BASE 1 | 2021-FEB | GRUPO B | AULA VIRTUAL | LXV | 07:00-08:45 | Adultos',17,263,3,2,45,'','2021-02-03','2021-02-24',1,15,70,1,0,1,0,1,0,0,'07:00:00','08:45:00',9,17,177),(199,'REG-VIR-BAS-1 | 2021-2 | C | AVIR | LXV | 07:00-08:45 | Ad','REGOLARE VIRTUAL BASE 1 | 2021-FEB | GRUPO C | AULA VIRTUAL | LXV | 07:00-08:45 | Adultos',17,263,4,2,59,'','2021-02-03','2021-02-24',1,15,70,1,0,1,0,1,0,0,'07:00:00','08:45:00',9,17,177),(200,'REG-VIR-BAS-1 | 2021-2 | A | AVIR | S | 08:30-13:15 | Ad','REGOLARE VIRTUAL BASE 1 | 2021-FEB | GRUPO A | AULA VIRTUAL | S | 08:30-13:15 | Adultos',17,263,2,2,18,'','2021-02-06','2021-02-27',1,15,70,0,0,0,0,0,1,0,'08:30:00','13:15:00',9,17,189),(201,'REG-VIR-BAS-1 | 2021-2 | B | AVIR | S | 08:30-13:15 | Ad','REGOLARE VIRTUAL BASE 1 | 2021-FEB | GRUPO B | AULA VIRTUAL | S | 08:30-13:15 | Adultos',17,263,3,2,45,'','2021-02-06','2021-02-27',1,15,70,0,0,0,0,0,1,0,'08:30:00','13:15:00',9,17,189),(202,'REG-VIR-BAS-1 | 2021-2 | A | AVIR | LXV | 11:30-13:15 | Ad','REGOLARE VIRTUAL BASE 1 | 2021-FEB | GRUPO A | AULA VIRTUAL | LXV | 11:30-13:15 | Adultos',17,263,2,2,44,'','2021-02-03','2021-02-24',1,15,70,1,0,1,0,1,0,0,'11:30:00','13:15:00',9,17,178),(203,'REG-VIR-BAS-1 | 2021-2 | B | AVIR | LXV | 11:30-13:15 | Ad','REGOLARE VIRTUAL BASE 1 | 2021-FEB | GRUPO B | AULA VIRTUAL | LXV | 11:30-13:15 | Adultos',17,263,3,2,43,'','2021-02-03','2021-02-24',1,15,70,1,0,1,0,1,0,0,'11:30:00','13:15:00',9,17,178),(204,'REG-VIR-BAS-2 | 2021-2 | A | AVIR | MJ | 19:00-21:30 | Ad','REGOLARE VIRTUAL BASE 2 | 2021-FEB | GRUPO A | AULA VIRTUAL | MJ | 19:00-21:30 | Adultos',17,264,2,2,47,'','2021-02-02','2021-02-23',1,15,70,0,1,0,1,0,0,0,'19:00:00','21:30:00',9,17,169),(206,'REG-VIR-BAS-2 | 2021-2 | - | AVIR | LXV | 07:00-08:45 | Ad','REGOLARE VIRTUAL BASE 2 | 2021-FEB | GRUPO - | AULA VIRTUAL | LXV | 07:00-08:45 | Adultos',17,264,1,2,54,'','2021-02-03','2021-02-24',1,15,70,1,0,1,0,1,0,0,'07:00:00','08:45:00',9,17,179),(207,'REG-VIR-BAS-2 | 2021-2 | LXV | 11:30-13:15 | Ad | A | AVIR','REGOLARE VIRTUAL BASE 2 | 2021-FEB | LXV | 11:30-13:15 | Adultos | GRUPO A | AULA VIRTUAL',17,264,2,2,11,'','2021-02-03','2021-02-24',1,15,70,1,0,1,0,1,0,0,'11:30:00','13:15:00',9,17,180),(208,'REG-VIR-BAS-2 | 2021-2 | B | AVIR | LXV | 11:30-13:15 | Ad','REGOLARE VIRTUAL BASE 2 | 2021-FEB | GRUPO B | AULA VIRTUAL | LXV | 11:30-13:15 | Adultos',17,264,3,2,41,'','2021-02-03','2021-02-24',1,15,70,1,0,1,0,1,0,0,'11:30:00','13:15:00',9,17,180),(209,'REG-VIR-BAS-2 | 2021-2 | - | AVIR | S | 08:30-13:15 | Ad','REGOLARE VIRTUAL BASE 2 | 2021-FEB | GRUPO - | AULA VIRTUAL | S | 08:30-13:15 | Adultos',17,264,1,2,59,'','2021-02-06','2021-02-27',1,15,70,0,0,0,0,0,1,0,'08:30:00','13:15:00',9,17,191),(210,'REG-VIR-BAS-3 | 2021-2 | - | AVIR | LXV | 07:00-08:45 | Ad','REGOLARE VIRTUAL BASE 3 | 2021-FEB | GRUPO - | AULA VIRTUAL | LXV | 07:00-08:45 | Adultos',17,265,1,2,57,'','2021-02-03','2021-02-24',1,15,70,1,0,1,0,1,0,0,'07:00:00','08:45:00',9,17,181),(211,'REG-VIR-BAS-4 | 2021-2 | LXV | 07:00-08:45 | Ad | - | AVIR','REGOLARE VIRTUAL BASE 4 | 2021-FEB | LXV | 07:00-08:45 | Adultos | GRUPO - | AULA VIRTUAL',17,266,1,2,28,'','2021-02-03','2021-02-24',1,15,70,1,0,1,0,1,0,0,'07:00:00','08:45:00',9,17,182),(213,'REG-VIR-BAS-4 | 2021-2 | - | AVIR | LX | 15:30-18:00 | Ad','REGOLARE VIRTUAL BASE 4 | 2021-FEB | GRUPO - | AULA VIRTUAL | LX | 15:30-18:00 | Adultos',17,266,1,2,11,'','2021-02-03','2021-02-24',1,15,70,1,0,1,0,0,0,0,'15:30:00','18:00:00',9,17,128),(214,'REG-VIR-BAS-5 | 2021-2 | - | AVIR | LX | 19:00-21:30 | Ad','REGOLARE VIRTUAL BASE 5 | 2021-FEB | GRUPO - | AULA VIRTUAL | LX | 19:00-21:30 | Adultos',17,267,1,2,45,'','2021-02-03','2021-02-24',1,15,70,1,0,1,0,0,0,0,'19:00:00','21:30:00',9,17,129),(215,'REG-VIR-BAS-5 | 2021-2 | LXV | 07:00-08:45 | Ad | - | AVIR','REGOLARE VIRTUAL BASE 5 | 2021-FEB | LXV | 07:00-08:45 | Adultos | GRUPO - | AULA VIRTUAL',17,267,1,2,16,'','2021-02-03','2021-02-24',1,15,70,1,0,1,0,1,0,0,'07:00:00','08:45:00',9,17,184),(217,'REG-VIR-BAS-5 | 2021-2 | - | AVIR | MJ | 19:00-21:30 | Ad','REGOLARE VIRTUAL BASE 5 | 2021-FEB | GRUPO - | AULA VIRTUAL | MJ | 19:00-21:30 | Adultos',17,267,1,2,7,'','2021-02-02','2021-02-23',1,15,70,0,1,0,1,0,0,0,'19:00:00','21:30:00',9,17,170),(218,'REG-VIR-BAS-6 | 2021-2 | - | AVIR | LX | 19:00-21:30 | Ad','REGOLARE VIRTUAL BASE 6 | 2021-FEB | GRUPO - | AULA VIRTUAL | LX | 19:00-21:30 | Adultos',17,268,1,2,42,'','2021-02-03','2021-02-24',1,15,70,1,0,1,0,0,0,0,'19:00:00','21:30:00',9,17,131),(219,'REG-VIR-BAS-6 | 2021-2 | - | AVIR | MJ | 19:00-21:30 | Ad','REGOLARE VIRTUAL BASE 6 | 2021-FEB | GRUPO - | AULA VIRTUAL | MJ | 19:00-21:30 | Adultos',17,268,1,2,12,'','2021-02-02','2021-02-23',1,15,70,0,1,0,1,0,0,0,'19:00:00','21:30:00',9,17,171),(220,'REG-VIR-BAS-6 | 2021-2 | - | AVIR | LXV | 07:00-08:45 | Ad','REGOLARE VIRTUAL BASE 6 | 2021-FEB | GRUPO - | AULA VIRTUAL | LXV | 07:00-08:45 | Adultos',17,268,1,2,22,'','2021-02-03','2021-02-24',1,15,70,1,0,1,0,1,0,0,'07:00:00','08:45:00',9,17,185),(221,'REG-VIR-BAS-6 | 2021-2 | - | AVIR | S | 08:30-13:15 | Ad','REGOLARE VIRTUAL BASE 6 | 2021-FEB | GRUPO - | AULA VIRTUAL | S | 08:30-13:15 | Adultos',17,268,1,2,11,'','2021-02-06','2021-02-27',1,15,70,0,0,0,0,0,1,0,'08:30:00','13:15:00',9,17,195),(222,'REG-VIR-BAS-7 | 2021-2 | - | AVIR | LX | 19:00-21:30 | Ad','REGOLARE VIRTUAL BASE 7 | 2021-FEB | GRUPO - | AULA VIRTUAL | LX | 19:00-21:30 | Adultos',17,269,1,2,50,'','2021-02-03','2021-02-24',1,15,70,1,0,1,0,0,0,0,'19:00:00','21:30:00',9,17,134),(223,'REG-VIR-BAS-7 | 2021-2 | - | AVIR | LXV | 07:00-08:45 | Ad','REGOLARE VIRTUAL BASE 7 | 2021-FEB | GRUPO - | AULA VIRTUAL | LXV | 07:00-08:45 | Adultos',17,269,1,2,6,'','2021-02-03','2021-02-24',1,15,70,1,0,1,0,1,0,0,'07:00:00','08:45:00',9,17,186),(225,'REG-VIR-BAS-8 | 2021-2 | - | AVIR | LX | 19:00-21:30 | Ad','REGOLARE VIRTUAL BASE 8 | 2021-FEB | GRUPO - | AULA VIRTUAL | LX | 19:00-21:30 | Adultos',17,270,1,2,11,'','2021-02-03','2021-02-24',1,15,70,1,0,1,0,0,0,0,'19:00:00','21:30:00',9,17,135),(226,'REG-VIR-BAS-8 | 2021-2 | - | AVIR | LXV | 07:00-08:45 | Ad','REGOLARE VIRTUAL BASE 8 | 2021-FEB | GRUPO - | AULA VIRTUAL | LXV | 07:00-08:45 | Adultos',17,270,1,2,19,'','2021-02-03','2021-02-24',1,15,70,1,0,1,0,1,0,0,'07:00:00','08:45:00',9,17,187),(227,'REG-VIR-BAS-8 | 2021-2 | - | AVIR | MJ | 19:00-21:30 | Ad','REGOLARE VIRTUAL BASE 8 | 2021-FEB | GRUPO - | AULA VIRTUAL | MJ | 19:00-21:30 | Adultos',17,270,1,2,39,'','2021-02-02','2021-02-23',1,15,70,0,1,0,1,0,0,0,'19:00:00','21:30:00',9,17,172),(228,'REG-VIR-BAS-9 | 2021-2 | - | AVIR | LX | 19:00-21:30 | Ad','REGOLARE VIRTUAL BASE 9 | 2021-FEB | GRUPO - | AULA VIRTUAL | LX | 19:00-21:30 | Adultos',17,271,1,2,7,'','2021-02-03','2021-02-24',1,15,70,1,0,1,0,0,0,0,'19:00:00','21:30:00',9,17,138),(229,'REG-VIR-BAS-9 | 2021-2 | - | AVIR | MJ | 19:00-21:30 | Ad','REGOLARE VIRTUAL BASE 9 | 2021-FEB | GRUPO - | AULA VIRTUAL | MJ | 19:00-21:30 | Adultos',17,271,1,2,50,'','2021-02-02','2021-02-23',1,15,70,0,1,0,1,0,0,0,'19:00:00','21:30:00',9,17,173),(231,'REG-VIR-BAS-10 | 2021-2 | - | AVIR | MJ | 19:00-21:30 | Ad','REGOLARE VIRTUAL BASE 10 | 2021-FEB | GRUPO - | AULA VIRTUAL | MJ | 19:00-21:30 | Adultos',17,272,1,2,29,'','2021-02-02','2021-02-23',1,15,70,0,1,0,1,0,0,0,'19:00:00','21:30:00',9,17,174),(232,'REG-VIR-ITM-1 | 2021-2 | - | AVIR | LX | 19:00-21:30 | Ad','REGOLARE VIRTUAL INTERMEDIO 1 | 2021-FEB | GRUPO - | AULA VIRTUAL | LX | 19:00-21:30 | Adultos',17,273,1,2,24,'','2021-02-03','2021-02-24',1,15,70,1,0,1,0,0,0,0,'19:00:00','21:30:00',9,17,142),(233,'REG-VIR-ITM-2 | 2021-2 | MJ | 19:00-21:30 | Ad | - | AVIR','REGOLARE VIRTUAL INTERMEDIO 2 | 2021-FEB | MJ | 19:00-21:30 | Adultos | GRUPO - | AULA VIRTUAL',17,274,1,2,28,'','2021-02-02','2021-02-23',1,15,70,0,1,0,1,0,0,0,'19:00:00','21:30:00',9,17,175),(234,'REG-VIR-ITM-3 | 2021-2 | - | AVIR | LX | 19:00-21:30 | Ad','REGOLARE VIRTUAL INTERMEDIO 3 | 2021-FEB | GRUPO - | AULA VIRTUAL | LX | 19:00-21:30 | Adultos',17,275,1,2,39,'','2021-02-03','2021-02-24',1,15,70,1,0,1,0,0,0,0,'19:00:00','21:30:00',9,17,166),(235,'REG-VIR-ITM-3 | 2021-2 | S | 08:30-13:15 | Ad | - | AVIR','REGOLARE VIRTUAL INTERMEDIO 3 | 2021-FEB | S | 08:30-13:15 | Adultos | GRUPO - | AULA VIRTUAL',17,275,1,2,37,'','2021-02-06','2021-02-27',1,15,70,0,0,0,0,0,1,0,'08:30:00','13:15:00',9,17,196),(236,'REG-VIR-ITM-6 | 2021-2 | - | AVIR | S | 08:30-13:15 | Ad','REGOLARE VIRTUAL INTERMEDIO 6 | 2021-FEB | GRUPO - | AULA VIRTUAL | S | 08:30-13:15 | Adultos',17,278,1,2,10,'','2021-02-06','2021-02-27',1,15,70,0,0,0,0,0,1,0,'08:30:00','13:15:00',9,17,197),(237,'REG-VIR-ITM-7 | 2021-2 | - | AVIR | LX | 19:00-21:30 | Ad','REGOLARE VIRTUAL INTERMEDIO 7 | 2021-FEB | GRUPO - | AULA VIRTUAL | LX | 19:00-21:30 | Adultos',17,279,1,2,56,'','2021-02-03','2021-02-24',1,15,70,1,0,1,0,0,0,0,'19:00:00','21:30:00',9,17,167),(238,'REG-VIR-ITM-9 | 2021-2 | - | AVIR | S | 08:30-13:15 | Ad','REGOLARE VIRTUAL INTERMEDIO 9 | 2021-FEB | GRUPO - | AULA VIRTUAL | S | 08:30-13:15 | Adultos',17,281,1,2,5,'','2021-02-06','2021-02-27',1,15,70,0,0,0,0,0,1,0,'08:30:00','13:15:00',9,17,199),(239,'REG-VIR-ADV-1 | 2021-2 | - | AVIR | LX | 19:00-21:30 | Ad','REGOLARE VIRTUAL AVANZATO 1 | 2021-FEB | GRUPO - | AULA VIRTUAL | LX | 19:00-21:30 | Adultos',17,283,1,2,10,'','2021-02-03','2021-02-24',1,15,70,1,0,1,0,0,0,0,'19:00:00','21:30:00',9,17,168),(240,'REG-VIR-ADV-1 | 2021-2 | - | AVIR | S | 08:30-13:15 | Ad','REGOLARE VIRTUAL AVANZATO 1 | 2021-FEB | GRUPO - | AULA VIRTUAL | S | 08:30-13:15 | Adultos',17,283,1,2,33,'','2021-02-06','2021-02-27',1,15,70,0,0,0,0,0,1,0,'08:30:00','13:15:00',9,17,198),(241,'REG-VIR-ADV-5 | 2021-2 | - | AVIR | MJ | 19:00-21:30 | Ad','REGOLARE VIRTUAL AVANZATO 5 | 2021-FEB | GRUPO - | AULA VIRTUAL | MJ | 19:00-21:30 | Adultos',17,287,1,2,22,'','2021-02-02','2021-02-23',1,15,70,0,1,0,1,0,0,0,'19:00:00','21:30:00',9,17,176),(242,'INT-VIR-ITM-3 | 2021-2 | C | AVIR | LMXJV | 07:00-09:00 | Ad','INTENSIVO VIRTUAL INTERMEDIO 3 | 2021-FEB | GRUPO C | AULA VIRTUAL | L-V | 07:00-09:00 | Adultos',17,256,4,2,41,'','2021-02-02','2021-02-24',1,15,70,1,1,1,1,1,0,0,'07:00:00','09:00:00',8,34,153),(243,'INT-VIR-BAS-4 | 2021-2 | B | AVIR | LMXJV | 14:00-16:00 | Ad','INTENSIVO VIRTUAL BASE 4 | 2021-FEB | GRUPO B | AULA VIRTUAL | L-V | 14:00-16:00 | Adultos',17,252,3,2,34,'','2021-02-02','2021-02-24',1,15,70,1,1,1,1,1,0,0,'14:00:00','16:00:00',8,34,108),(244,'REG-VIR-BAS-2 | 2021-2 | B | AVIR | MJ | 19:00-21:30 | Ad','REGOLARE VIRTUAL BASE 2 | 2021-FEB | GRUPO B | AULA VIRTUAL | MJ | 19:00-21:30 | Adultos',17,264,3,2,41,'','2021-02-02','2021-02-23',1,15,70,0,1,0,1,0,0,0,'19:00:00','21:30:00',9,17,169),(245,'INT-VIR-ITM-2 | 2021-2 | B | AVIR | LMXJV | 19:00-21:00 | Ad','INTENSIVO VIRTUAL INTERMEDIO 2 | 2021-FEB | GRUPO B | AULA VIRTUAL | L-V | 19:00-21:00 | Adultos',17,255,3,2,40,'','2021-02-02','2021-02-24',1,15,70,1,1,1,1,1,0,0,'19:00:00','21:00:00',8,34,152),(246,'REG-VIR-BAS-4 | 2021-2 | - | AVIR | S | 08:30-13:15 | Ad','REGOLARE VIRTUAL BASE 4 | 2021-FEB | GRUPO - | AULA VIRTUAL | S | 08:30-13:15 | Adultos',17,266,1,2,12,'','2021-02-06','2021-02-27',1,15,70,0,0,0,0,0,1,0,'08:30:00','13:15:00',9,17,193),(247,'INT-VIR-ITM-1 | 2021-2 | C | AVIR | LMXJV | 19:00-21:00 | Ad','INTENSIVO VIRTUAL INTERMEDIO 1 | 2021-FEB | GRUPO C | AULA VIRTUAL | L-V | 19:00-21:00 | Adultos',17,254,4,2,27,'se partió el viernes 5/02/2021 a la cuarta clase','2021-02-02','2021-02-24',1,15,70,1,1,1,1,1,0,0,'19:00:00','21:00:00',8,34,147),(248,'REG-VIR-BAS-2 | 2021-2 | B | AVIR | S | 08:30-13:15 | Ad','REGOLARE VIRTUAL BASE 2 | 2021-FEB | GRUPO B | AULA VIRTUAL | S | 08:30-13:15 | Adultos',17,264,3,2,20,'','2021-02-06','2021-02-27',1,15,70,0,0,0,0,0,1,0,'08:30:00','13:15:00',9,17,191),(251,'SIN-VIR-BAS-1 | 2021-3 | LMXJV | 09:30-12:30 | Ad | A | AVIR','SUPER INTENSIVO VIRTUAL BASE 1 | 2021-MAR | L-V | 09:30-12:30 | Adultos | GRUPO A | AULA VIRTUAL',18,241,2,2,21,'','2021-03-02','2021-03-22',1,15,70,1,1,1,1,1,0,0,'09:30:00','12:30:00',7,45,203),(252,'SIN-VIR-BAS-2 | 2021-3 | LMXJV | 09:30-12:30 | Ad | A | AVIR','SUPER INTENSIVO VIRTUAL BASE 2 | 2021-MAR | L-V | 09:30-12:30 | Adultos | GRUPO A | AULA VIRTUAL',18,242,2,2,15,'','2021-03-02','2021-03-22',1,15,70,1,1,1,1,1,0,0,'09:30:00','12:30:00',7,45,204),(253,'SIN-VIR-BAS-3 | 2021-3 | LMXJV | 09:30-12:30 | Ad | A | AVIR','SUPER INTENSIVO VIRTUAL BASE 3 | 2021-MAR | L-V | 09:30-12:30 | Adultos | GRUPO A | AULA VIRTUAL',18,243,2,2,6,'','2021-03-02','2021-03-22',1,15,70,1,1,1,1,1,0,0,'09:30:00','12:30:00',7,45,205),(254,'SIN-VIR-ITM-1 | 2021-3 | LMXJV | 09:30-12:30 | Ad | - | AVIR','SUPER INTENSIVO VIRTUAL INTERMEDIO 1 | 2021-MAR | L-V | 09:30-12:30 | Adultos | GRUPO - | AULA VIRTUAL',18,245,1,2,53,'','2021-03-02','2021-03-22',1,15,70,1,1,1,1,1,0,0,'09:30:00','12:30:00',7,45,206),(255,'SIN-VIR-ITM-3 | 2021-3 | LMXJV | 09:30-12:30 | Ad | - | AVIR','SUPER INTENSIVO VIRTUAL INTERMEDIO 3 | 2021-MAR | L-V | 09:30-12:30 | Adultos | GRUPO - | AULA VIRTUAL',18,247,1,2,22,'','2021-03-02','2021-03-22',1,15,70,1,1,1,1,1,0,0,'09:30:00','12:30:00',7,45,207),(256,'INT-VIR-BAS-1 | 2021-3 | LMXJV | 07:00-09:00 | Ad | A | AVIR','INTENSIVO VIRTUAL BASE 01 | 2021-MAR | L-V | 07:00-09:00 | Adultos | GRUPO A | AULA VIRTUAL',18,249,2,2,44,'Se aplaza de 1 día la fecha de fin de curso por problema con el internet el día 16/03/21','2021-03-02','2021-03-25',1,15,70,1,1,1,1,1,0,0,'07:00:00','09:00:00',8,34,208),(257,'INT-VIR-BAS-1 | 2021-3 | LMXJV | 09:30-11:30 | Ad | A | AVIR','INTENSIVO VIRTUAL BASE 1 | 2021-MAR | L-V | 09:30-11:30 | Adultos | GRUPO A | AULA VIRTUAL',18,249,2,2,59,'','2021-03-02','2021-03-24',1,15,70,1,1,1,1,1,0,0,'09:30:00','11:30:00',8,34,209),(258,'INT-VIR-BAS-1 | 2021-3 | LMXJV | 14:00-16:00 | Ad | - | AVIR','INTENSIVO VIRTUAL BASE 1 | 2021-MAR | L-V | 14:00-16:00 | Adultos | GRUPO - | AULA VIRTUAL',18,249,1,2,59,'','2021-03-02','2021-03-24',1,15,70,1,1,1,1,1,0,0,'14:00:00','16:00:00',8,34,210),(259,'INT-VIR-BAS-1 | 2021-3 | LMXJV | 16:30-18:30 | Ad | A | AVIR','INTENSIVO VIRTUAL BASE 1 | 2021-MAR | L-V | 16:30-18:30 | Adultos | GRUPO A | AULA VIRTUAL',18,249,2,2,26,'','2021-03-02','2021-03-24',1,15,70,1,1,1,1,1,0,0,'16:30:00','18:30:00',8,34,211),(260,'INT-VIR-BAS-1 | 2021-3 | LMXJV | 19:00-21:00 | Ad | A | AVIR','INTENSIVO VIRTUAL BASE 1 | 2021-MAR | L-V | 19:00-21:00 | Adultos | GRUPO A | AULA VIRTUAL',18,249,2,2,26,'','2021-03-02','2021-03-24',1,15,70,1,1,1,1,1,0,0,'19:00:00','21:00:00',8,34,212),(261,'INT-VIR-BAS-2 | 2021-3 | LMXJV | 07:00-09:00 | Ad | A | AVIR','INTENSIVO VIRTUAL BASE 2 | 2021-MAR | L-V | 07:00-09:00 | Adultos | GRUPO A | AULA VIRTUAL',18,250,2,2,27,'','2021-03-02','2021-03-24',1,15,70,1,1,1,1,1,0,0,'07:00:00','09:00:00',8,34,215),(262,'INT-VIR-BAS-2 | 2021-3 | LMXJV | 09:30-11:30 | Ad | A | AVIR','INTENSIVO VIRTUAL BASE 2 | 2021-MAR | L-V | 09:30-11:30 | Adultos | GRUPO A | AULA VIRTUAL',18,250,2,2,14,'','2021-03-02','2021-03-24',1,15,70,1,1,1,1,1,0,0,'09:30:00','11:30:00',8,34,216),(263,'INT-VIR-BAS-2 | 2021-3 | LMXJV | 14:00-16:00 | Ad | - | AVIR','INTENSIVO VIRTUAL BASE 2 | 2021-MAR | L-V | 14:00-16:00 | Adultos | GRUPO - | AULA VIRTUAL',18,250,1,2,47,'','2021-03-02','2021-03-24',1,15,70,1,1,1,1,1,0,0,'14:00:00','16:00:00',8,34,217),(264,'INT-VIR-BAS-2 | 2021-3 | LMXJV | 16:30-18:30 | Ad | - | AVIR','INTENSIVO VIRTUAL BASE 2 | 2021-MAR | L-V | 16:30-18:30 | Adultos | GRUPO - | AULA VIRTUAL',18,250,1,2,21,'','2021-03-02','2021-03-24',1,15,70,1,1,1,1,1,0,0,'16:30:00','18:30:00',8,34,218),(265,'INT-VIR-BAS-2 | 2021-3 | LMXJV | 19:00-21:00 | Ad | A | AVIR','INTENSIVO VIRTUAL BASE 02 | 2021-MAR | L-V | 19:00-21:00 | Adultos | GRUPO A | AULA VIRTUAL',18,250,2,2,27,'','2021-03-02','2021-03-24',1,15,70,1,1,1,1,1,0,0,'19:00:00','21:00:00',8,34,219),(266,'INT-VIR-BAS-3 | 2021-3 | LMXJV | 07:00-09:00 | Ad | A | AVIR','INTENSIVO VIRTUAL BASE 3 | 2021-MAR | L-V | 07:00-09:00 | Adultos | GRUPO A | AULA VIRTUAL',18,251,2,2,50,'','2021-03-02','2021-03-24',1,15,70,1,1,1,1,1,0,0,'07:00:00','09:00:00',8,34,220),(267,'INT-VIR-BAS-3 | 2021-3 | LMXJV | 09:30-11:30 | Ad | A | AVIR','INTENSIVO VIRTUAL BASE 03 | 2021-MAR | L-V | 09:30-11:30 | Adultos | GRUPO A | AULA VIRTUAL',18,251,2,2,11,'','2021-03-02','2021-03-24',1,15,70,1,1,1,1,1,0,0,'09:30:00','11:30:00',8,34,221),(268,'INT-VIR-BAS-3 | 2021-3 | LMXJV | 14:00-16:00 | Ad | - | AVIR','INTENSIVO VIRTUAL BASE 3 | 2021-MAR | L-V | 14:00-16:00 | Adultos | GRUPO - | AULA VIRTUAL',18,251,1,2,22,'','2021-03-02','2021-03-24',1,15,70,1,1,1,1,1,0,0,'14:00:00','16:00:00',8,34,222),(269,'INT-VIR-BAS-3 | 2021-3 | LMXJV | 16:30-18:30 | Ad | - | AVIR','INTENSIVO VIRTUAL BASE 3 | 2021-MAR | L-V | 16:30-18:30 | Adultos | GRUPO - | AULA VIRTUAL',18,251,1,2,33,'','2021-03-02','2021-03-24',1,15,70,1,1,1,1,1,0,0,'16:30:00','18:30:00',8,34,223),(270,'INT-VIR-BAS-3 | 2021-3 | LMXJV | 19:00-21:00 | Ad | A | AVIR','INTENSIVO VIRTUAL BASE 3 | 2021-MAR | L-V | 19:00-21:00 | Adultos | GRUPO A | AULA VIRTUAL',18,251,2,2,50,'','2021-03-02','2021-03-24',1,15,70,1,1,1,1,1,0,0,'19:00:00','21:00:00',8,34,224),(271,'INT-VIR-BAS-4 | 2021-3 | LMXJV | 07:00-09:00 | Ad | A | AVIR','INTENSIVO VIRTUAL BASE 4 | 2021-MAR | L-V | 07:00-09:00 | Adultos | GRUPO A | AULA VIRTUAL',18,252,2,2,11,'','2021-03-02','2021-03-24',1,15,70,1,1,1,1,1,0,0,'07:00:00','09:00:00',8,34,225),(272,'INT-VIR-BAS-4 | 2021-3 | LMXJV | 16:30-18:30 | Ad | - | AVIR','INTENSIVO VIRTUAL BASE 4 | 2021-MAR | L-V | 16:30-18:30 | Adultos | GRUPO - | AULA VIRTUAL',18,252,1,2,14,'','2021-03-02','2021-03-24',1,15,70,1,1,1,1,1,0,0,'16:30:00','18:30:00',8,34,226),(273,'INT-VIR-BAS-5 | 2021-3 | LMXJV | 11:00-13:00 | Ad | A | AVIR','INTENSIVO VIRTUAL BASE 5 | 2021-MAR | L-V | 11:00-13:00 | Adultos | GRUPO A | AULA VIRTUAL',18,253,2,2,30,'','2021-03-02','2021-03-24',1,15,70,1,1,1,1,1,0,0,'11:00:00','13:00:00',8,34,227),(274,'INT-VIR-BAS-5 | 2021-3 | LMXJV | 14:00-16:00 | Ad | - | AVIR','INTENSIVO VIRTUAL BASE 5 | 2021-MAR | L-V | 14:00-16:00 | Adultos | GRUPO - | AULA VIRTUAL',18,253,1,2,21,'','2021-03-02','2021-03-24',1,15,70,1,1,1,1,1,0,0,'14:00:00','16:00:00',8,34,228),(275,'INT-VIR-ITM-1 | 2021-3 | LMXJV | 07:00-09:00 | Ad | - | AVIR','INTENSIVO VIRTUAL INTERMEDIO 01 | 2021-MAR | L-V | 07:00-09:00 | Adultos | GRUPO - | AULA VIRTUAL',18,254,1,2,36,'La profesora no pudo dictar la clase del día 10 de marzo por motivos familiares, se modifica la fecha de fin de curso al 25 de marzo.','2021-03-02','2021-03-25',1,15,70,1,1,1,1,1,0,0,'07:00:00','09:00:00',8,34,229),(277,'INT-VIR-ITM-1 | 2021-3 | LMXJV | 16:30-18:30 | Ad | - | AVIR','INTENSIVO VIRTUAL INTERMEDIO 1 | 2021-MAR | L-V | 16:30-18:30 | Adultos | GRUPO - | AULA VIRTUAL',18,254,1,2,24,'','2021-03-02','2021-03-24',1,15,70,1,1,1,1,1,0,0,'16:30:00','18:30:00',8,34,231),(278,'INT-VIR-ITM-1 | 2021-3 | LMXJV | 19:00-21:00 | Ad | A | AVIR','INTENSIVO VIRTUAL INTERMEDIO 01 | 2021-MAR | L-V | 19:00-21:00 | Adultos | GRUPO A | AULA VIRTUAL',18,254,2,2,15,'Se modifica la fecha de fin de curso al 25 de marzo porque no se ha dictado la clase del 12 de marzo por problemas con internet.','2021-03-02','2021-03-25',1,15,70,1,1,1,1,1,0,0,'19:00:00','21:00:00',8,34,232),(279,'INT-VIR-ITM-2 | 2021-3 | LMXJV | 07:00-09:00 | Ad | A | AVIR','INTENSIVO VIRTUAL INTERMEDIO 2 | 2021-MAR | L-V | 07:00-09:00 | Adultos | GRUPO A | AULA VIRTUAL',18,255,2,2,19,'','2021-03-02','2021-03-24',1,15,70,1,1,1,1,1,0,0,'07:00:00','09:00:00',8,34,233),(280,'INT-VIR-ITM-2 | 2021-3 | LMXJV | 19:00-21:00 | Ad | A | AVIR','INTENSIVO VIRTUAL INTERMEDIO 2 | 2021-MAR | L-V | 19:00-21:00 | Adultos | GRUPO A | AULA VIRTUAL',18,255,2,2,33,'','2021-03-02','2021-03-24',1,15,70,1,1,1,1,1,0,0,'19:00:00','21:00:00',8,34,234),(281,'INT-VIR-ITM-3 | 2021-3 | LMXJV | 07:00-09:00 | Ad | A | AVIR','INTENSIVO VIRTUAL INTERMEDIO 3 | 2021-MAR | L-V | 07:00-09:00 | Adultos | GRUPO A | AULA VIRTUAL',18,256,2,2,33,'','2021-03-02','2021-03-24',1,15,70,1,1,1,1,1,0,0,'07:00:00','09:00:00',8,34,235),(283,'INT-VIR-ITM-3 | 2021-3 | LMXJV | 19:00-21:00 | Ad | A | AVIR','INTENSIVO VIRTUAL INTERMEDIO 03 | 2021-MAR | L-V | 19:00-21:00 | Adultos | GRUPO A | AULA VIRTUAL',18,256,2,2,32,'el día 03 de marzo no pudo dictar clase. El día 18 de marzo no realizó clase por problemas de internet.','2021-03-02','2021-03-26',1,15,70,1,1,1,1,1,0,0,'19:00:00','21:00:00',8,34,237),(284,'INT-VIR-ITM-4 | 2021-3 | LMXJV | 07:00-09:00 | Ad | A | AVIR','INTENSIVO VIRTUAL INTERMEDIO 4 | 2021-MAR | L-V | 07:00-09:00 | Adultos | GRUPO A | AULA VIRTUAL',18,257,2,2,48,'','2021-03-02','2021-03-24',1,15,70,1,1,1,1,1,0,0,'07:00:00','09:00:00',8,34,238),(285,'INT-VIR-ITM-4 | 2021-3 | LMXJV | 19:00-21:00 | Ad | A | AVIR','INTENSIVO VIRTUAL INTERMEDIO 4 | 2021-MAR | L-V | 19:00-21:00 | Adultos | GRUPO A | AULA VIRTUAL',18,257,2,2,16,'','2021-03-02','2021-03-24',1,15,70,1,1,1,1,1,0,0,'19:00:00','21:00:00',8,34,239),(286,'INT-VIR-ITM-5 | 2021-3 | LMXJV | 07:00-09:00 | Ad | A | AVIR','INTENSIVO VIRTUAL INTERMEDIO 5 | 2021-MAR | L-V | 07:00-09:00 | Adultos | GRUPO A | AULA VIRTUAL',18,258,2,2,14,'','2021-03-02','2021-03-24',1,15,70,1,1,1,1,1,0,0,'07:00:00','09:00:00',8,34,240),(287,'INT-VIR-ITM-5 | 2021-3 | LMXJV | 14:00-16:00 | Ad | - | AVIR','INTENSIVO VIRTUAL INTERMEDIO 5 | 2021-MAR | L-V | 14:00-16:00 | Adultos | GRUPO - | AULA VIRTUAL',18,258,1,2,25,'','2021-03-02','2021-03-24',1,15,70,1,1,1,1,1,0,0,'14:00:00','16:00:00',8,34,241),(288,'INT-VIR-ITM-5 | 2021-3 | LMXJV | 19:00-21:00 | Ad | A | AVIR','INTENSIVO VIRTUAL INTERMEDIO 05 | 2021-MAR | L-V | 19:00-21:00 | Adultos | GRUPO A | AULA VIRTUAL',18,258,2,2,14,'','2021-03-02','2021-03-24',1,15,70,1,1,1,1,1,0,0,'19:00:00','21:00:00',8,34,242),(289,'INT-VIR-ADV-1 | 2021-3 | LMXJV | 07:00-09:00 | Ad | - | AVIR','INTENSIVO VIRTUAL AVANZATO 1 | 2021-MAR | L-V | 07:00-09:00 | Adultos | GRUPO - | AULA VIRTUAL',18,259,1,2,34,'','2021-03-02','2021-03-22',1,15,70,1,1,1,1,1,0,0,'07:00:00','09:00:00',8,30,243),(290,'INT-VIR-ADV-1 | 2021-3 | LMXJV | 19:00-21:00 | Ad | - | AVIR','INTENSIVO VIRTUAL AVANZATO 1 | 2021-MAR | L-V | 19:00-21:00 | Adultos | GRUPO - | AULA VIRTUAL',18,259,1,2,51,'','2021-03-02','2021-03-22',1,15,70,1,1,1,1,1,0,0,'19:00:00','21:00:00',8,30,244),(291,'INT-VIR-ADV-2 | 2021-3 | LMXJV | 19:00-21:00 | Ad | - | AVIR','INTENSIVO VIRTUAL AVANZATO 2 | 2021-MAR | L-V | 19:00-21:00 | Adultos | GRUPO - | AULA VIRTUAL',18,260,1,2,24,'','2021-03-02','2021-03-22',1,15,70,1,1,1,1,1,0,0,'19:00:00','21:00:00',8,30,245),(292,'INT-VIR-ADV-3 | 2021-3 | LMXJV | 19:00-21:00 | Ad | A | AVIR','INTENSIVO VIRTUAL AVANZATO 3 | 2021-MAR | L-V | 19:00-21:00 | Adultos | GRUPO A | AULA VIRTUAL',18,261,2,2,5,'','2021-03-02','2021-03-22',1,15,70,1,1,1,1,1,0,0,'19:00:00','21:00:00',8,30,246),(293,'INT-VIR-ADV-4 | 2021-3 | LMXJV | 16:30-18:30 | Ad | - | AVIR','INTENSIVO VIRTUAL AVANZATO 4 | 2021-MAR | L-V | 16:30-18:30 | Adultos | GRUPO - | AULA VIRTUAL',18,262,1,2,19,'','2021-03-02','2021-03-22',1,15,70,1,1,1,1,1,0,0,'16:30:00','18:30:00',8,30,247),(294,'INT-VIR-ADV-4 | 2021-3 | LMXJV | 19:00-21:00 | Ad | - | AVIR','INTENSIVO VIRTUAL AVANZATO 4 | 2021-MAR | L-V | 19:00-21:00 | Adultos | GRUPO - | AULA VIRTUAL',18,262,1,2,19,'','2021-03-02','2021-03-22',1,15,70,1,1,1,1,1,0,0,'19:00:00','21:00:00',8,30,248),(295,'REG-VIR-BAS-1 | 2021-3 | MJ | 19:00-21:30 | Ad | A | AVIR','REGOLARE VIRTUAL BASE 1 | 2021-MAR | MJ | 19:00-21:30 | Adultos | GRUPO A | AULA VIRTUAL',18,263,2,2,40,'','2021-03-02','2021-03-23',1,15,70,0,1,0,1,0,0,0,'19:00:00','21:30:00',9,17,263),(296,'REG-VIR-BAS-3 | 2021-3 | MJ | 19:00-21:30 | Ad | A | AVIR','REGOLARE VIRTUAL BASE 3 | 2021-MAR | MJ | 19:00-21:30 | Adultos | GRUPO A | AULA VIRTUAL',18,265,2,2,12,'','2021-03-02','2021-03-23',1,15,70,0,1,0,1,0,0,0,'19:00:00','21:30:00',9,17,264),(297,'REG-VIR-BAS-6 | 2021-3 | MJ | 19:00-21:30 | Ad | - | AVIR','REGOLARE VIRTUAL BASE 6 | 2021-MAR | MJ | 19:00-21:30 | Adultos | GRUPO - | AULA VIRTUAL',18,268,1,2,29,'','2021-03-02','2021-03-23',1,15,70,0,1,0,1,0,0,0,'19:00:00','21:30:00',9,17,265),(298,'REG-VIR-BAS-7 | 2021-3 | MJ | 19:00-21:30 | Ad | - | AVIR','REGOLARE VIRTUAL BASE 7 | 2021-MAR | MJ | 19:00-21:30 | Adultos | GRUPO - | AULA VIRTUAL',18,269,1,2,7,'','2021-03-02','2021-03-23',1,15,70,0,1,0,1,0,0,0,'19:00:00','21:30:00',9,17,266),(299,'REG-VIR-BAS-9 | 2021-3 | MJ | 19:00-21:30 | Ad | - | AVIR','REGOLARE VIRTUAL BASE 9 | 2021-MAR | MJ | 19:00-21:30 | Adultos | GRUPO - | AULA VIRTUAL',18,271,1,2,28,'','2021-03-02','2021-03-23',1,15,70,0,1,0,1,0,0,0,'19:00:00','21:30:00',9,17,267),(300,'REG-VIR-BAS-10 | 2021-3 | MJ | 19:00-21:30 | Ad | - | AVIR','REGOLARE VIRTUAL BASE 10 | 2021-MAR | MJ | 19:00-21:30 | Adultos | GRUPO - | AULA VIRTUAL',18,272,1,2,39,'','2021-03-02','2021-03-23',1,15,70,0,1,0,1,0,0,0,'19:00:00','21:30:00',9,17,268),(301,'REG-VIR-ITM-1 | 2021-3 | MJ | 19:00-21:30 | Ad | - | AVIR','REGOLARE VIRTUAL INTERMEDIO 01 | 2021-MAR | MJ | 19:00-21:30 | Adultos | GRUPO - | AULA VIRTUAL',18,273,1,2,31,'','2021-03-02','2021-03-23',1,15,70,0,1,0,1,0,0,0,'19:00:00','21:30:00',9,0,269),(302,'REG-VIR-ITM-3 | 2021-3 | MJ | 19:00-21:30 | Ad | - | AVIR','REGOLARE VIRTUAL INTERMEDIO 03 | 2021-MAR | MJ | 19:00-21:30 | Adultos | GRUPO - | AULA VIRTUAL',18,275,1,2,37,'','2021-03-02','2021-03-23',1,15,70,0,1,0,1,0,0,0,'19:00:00','21:30:00',9,17,270),(303,'REG-VIR-ADV-6 | 2021-3 | MJ | 19:00-21:30 | Ad | - | AVIR','REGOLARE VIRTUAL AVANZATO 06 | 2021-MAR | MJ | 19:00-21:30 | Adultos | GRUPO - | AULA VIRTUAL',18,288,1,2,22,'','2021-03-02','2021-03-23',1,15,70,0,1,0,1,0,0,0,'19:00:00','21:30:00',9,17,271),(304,'REG-VIR-BAS-1 | 2021-3 | LX | 15:30-18:00 | Ad | - | AVIR','REGOLARE VIRTUAL BASE 1 | 2021-MAR | LX | 15:30-18:00 | Adultos | GRUPO - | AULA VIRTUAL',18,263,1,2,45,'','2021-03-03','2021-03-24',1,15,70,1,0,1,0,0,0,0,'15:30:00','18:00:00',9,17,249),(305,'REG-VIR-BAS-1 | 2021-3 | LX | 19:00-21:30 | Ad | A | AVIR','REGOLARE VIRTUAL BASE 1 | 2021-MAR | LX | 19:00-21:30 | Adultos | GRUPO A | AULA VIRTUAL',18,263,2,2,12,'','2021-03-03','2021-03-24',1,15,70,1,0,1,0,0,0,0,'19:00:00','21:30:00',9,17,250),(306,'REG-VIR-BAS-2 | 2021-3 | LX | 15:30-18:00 | Ad | - | AVIR','REGOLARE VIRTUAL BASE 2 | 2021-MAR | LX | 15:30-18:00 | Adultos | GRUPO - | AULA VIRTUAL',18,264,1,2,54,'','2021-03-03','2021-03-24',1,15,70,1,0,1,0,0,0,0,'15:30:00','18:00:00',9,17,251),(307,'REG-VIR-BAS-3 | 2021-3 | LX | 15:30-18:00 | Ad | - | AVIR','REGOLARE VIRTUAL BASE 03 | 2021-MAR | LX | 15:30-18:00 | Adultos | GRUPO - | AULA VIRTUAL',18,265,1,2,7,'','2021-03-03','2021-03-24',1,15,70,1,0,1,0,0,0,0,'15:30:00','18:00:00',9,17,252),(308,'REG-VIR-BAS-5 | 2021-3 | LX | 15:30-18:00 | Ad | - | AVIR','REGOLARE VIRTUAL BASE 5 | 2021-MAR | LX | 15:30-18:00 | Adultos | GRUPO - | AULA VIRTUAL',18,267,1,2,38,'','2021-03-03','2021-03-24',1,15,70,1,0,1,0,0,0,0,'15:30:00','18:00:00',9,17,253),(309,'REG-VIR-BAS-6 | 2021-3 | LX | 19:00-21:30 | Ad | - | AVIR','REGOLARE VIRTUAL BASE 6 | 2021-MAR | LX | 19:00-21:30 | Adultos | GRUPO - | AULA VIRTUAL',18,268,1,2,7,'','2021-03-03','2021-03-24',1,15,70,1,0,1,0,0,0,0,'19:00:00','21:30:00',9,17,254),(310,'REG-VIR-BAS-7 | 2021-3 | LX | 19:00-21:30 | Ad | - | AVIR','REGOLARE VIRTUAL BASE 7 | 2021-MAR | LX | 19:00-21:30 | Adultos | GRUPO - | AULA VIRTUAL',18,269,1,2,41,'','2021-03-03','2021-03-24',1,15,70,1,0,1,0,0,0,0,'19:00:00','21:30:00',9,17,255),(311,'REG-VIR-BAS-8 | 2021-3 | LX | 19:00-21:30 | Ad | - | AVIR','REGOLARE VIRTUAL BASE 8 | 2021-MAR | LX | 19:00-21:30 | Adultos | GRUPO - | AULA VIRTUAL',18,270,1,2,40,'','2021-03-03','2021-03-24',1,15,70,1,0,1,0,0,0,0,'19:00:00','21:30:00',9,17,256),(312,'REG-VIR-BAS-9 | 2021-3 | LX | 19:00-21:30 | Ad | - | AVIR','REGOLARE VIRTUAL BASE 9 | 2021-MAR | LX | 19:00-21:30 | Adultos | GRUPO - | AULA VIRTUAL',18,271,1,2,39,'','2021-03-03','2021-03-24',1,15,70,1,0,1,0,0,0,0,'19:00:00','21:30:00',9,17,257),(313,'REG-VIR-BAS-10 | 2021-3 | LX | 19:00-21:30 | Ad | - | AVIR','REGOLARE VIRTUAL BASE 10 | 2021-MAR | LX | 19:00-21:30 | Adultos | GRUPO - | AULA VIRTUAL',18,272,1,2,25,'','2021-03-03','2021-03-24',1,15,70,1,0,1,0,0,0,0,'19:00:00','21:30:00',9,17,258),(314,'REG-VIR-ITM-2 | 2021-3 | LX | 19:00-21:30 | Ad | - | AVIR','REGOLARE VIRTUAL INTERMEDIO 2 | 2021-MAR | LX | 19:00-21:30 | Adultos | GRUPO - | AULA VIRTUAL',18,274,1,2,31,'','2021-03-03','2021-03-24',1,15,70,1,0,1,0,0,0,0,'19:00:00','21:30:00',9,17,259),(315,'REG-VIR-ITM-8 | 2021-3 | LX | 19:00-21:30 | Ad | - | AVIR','REGOLARE VIRTUAL INTERMEDIO 08 | 2021-MAR | LX | 19:00-21:30 | Adultos | GRUPO - | AULA VIRTUAL',18,280,1,2,37,'','2021-03-03','2021-03-24',1,15,70,1,0,1,0,0,0,0,'19:00:00','21:30:00',9,17,261),(316,'REG-VIR-ADV-2 | 2021-3 | LX | 19:00-21:30 | Ad | - | AVIR','REGOLARE VIRTUAL AVANZATO 2 | 2021-MAR | LX | 19:00-21:30 | Adultos | GRUPO - | AULA VIRTUAL',18,284,1,2,56,'','2021-03-03','2021-03-24',1,15,70,1,0,1,0,0,0,0,'19:00:00','21:30:00',9,17,262),(317,'REG-VIR-ITM-4 | 2021-3 | LX | 19:00-21:30 | Ad | - | AVIR','REGOLARE VIRTUAL INTERMEDIO 4 | 2021-MAR | LX | 19:00-21:30 | Adultos | GRUPO - | AULA VIRTUAL',18,276,1,2,10,'','2021-03-03','2021-03-24',1,15,70,1,0,1,0,0,0,0,'19:00:00','21:30:00',9,17,260),(318,'REG-VIR-BAS-1 | 2021-3 | LXV | 07:00-08:45 | Ad | - | AVIR','REGOLARE VIRTUAL BASE 01 | 2021-MAR | LXV | 07:00-08:45 | Adultos | GRUPO - | AULA VIRTUAL',18,263,1,2,57,'','2021-03-03','2021-03-24',1,15,70,1,0,1,0,1,0,0,'07:00:00','08:45:00',9,17,272),(319,'REG-VIR-BAS-1 | 2021-3 | LXV | 11:30-13:15 | Ad | - | AVIR','REGOLARE VIRTUAL BASE 1 | 2021-MAR | LXV | 11:30-13:15 | Adultos | GRUPO - | AULA VIRTUAL',18,263,1,2,20,'','2021-03-03','2021-03-24',1,15,70,1,0,1,0,1,0,0,'11:30:00','13:15:00',9,17,273),(320,'REG-VIR-BAS-2 | 2021-3 | LXV | 07:00-08:45 | Ad | A | AVIR','REGOLARE VIRTUAL BASE 2 | 2021-MAR | LXV | 07:00-08:45 | Adultos | GRUPO A | AULA VIRTUAL',18,264,2,2,35,'','2021-03-03','2021-03-24',1,15,70,1,0,1,0,1,0,0,'07:00:00','08:45:00',9,17,274),(321,'REG-VIR-BAS-2 | 2021-3 | LXV | 11:30-13:15 | Ad | - | AVIR','REGOLARE VIRTUAL BASE 2 | 2021-MAR | LXV | 11:30-13:15 | Adultos | GRUPO - | AULA VIRTUAL',18,264,1,2,57,'','2021-03-03','2021-03-24',1,15,70,1,0,1,0,1,0,0,'11:30:00','13:15:00',9,17,275),(322,'REG-VIR-BAS-3 | 2021-3 | LXV | 07:00-08:45 | Ad | - | AVIR','REGOLARE VIRTUAL BASE 3 | 2021-MAR | LXV | 07:00-08:45 | Adultos | GRUPO - | AULA VIRTUAL',18,265,1,2,43,'','2021-03-03','2021-03-24',1,15,70,1,0,1,0,1,0,0,'07:00:00','08:45:00',9,17,276),(323,'REG-VIR-BAS-3 | 2021-3 | LXV | 11:30-13:15 | Ad | - | AVIR','REGOLARE VIRTUAL BASE 3 | 2021-MAR | LXV | 11:30-13:15 | Adultos | GRUPO - | AULA VIRTUAL',18,265,1,2,43,'','2021-03-03','2021-03-24',1,15,70,1,0,1,0,1,0,0,'11:30:00','13:15:00',9,17,277),(324,'REG-VIR-BAS-4 | 2021-3 | LXV | 07:00-08:45 | Ad | - | AVIR','REGOLARE VIRTUAL BASE 4 | 2021-MAR | LXV | 07:00-08:45 | Adultos | GRUPO - | AULA VIRTUAL',18,266,1,2,6,'','2021-03-03','2021-03-24',1,15,70,1,0,1,0,1,0,0,'07:00:00','08:45:00',9,17,278),(325,'REG-VIR-BAS-5 | 2021-3 | LXV | 07:00-08:45 | Ad | - | AVIR','REGOLARE VIRTUAL BASE 5 | 2021-MAR | LXV | 07:00-08:45 | Adultos | GRUPO - | AULA VIRTUAL',18,267,1,2,38,'','2021-03-03','2021-03-24',1,15,70,1,0,1,0,1,0,0,'07:00:00','08:45:00',9,17,279),(326,'REG-VIR-BAS-6 | 2021-3 | LXV | 07:00-08:45 | Ad | - | AVIR','REGOLARE VIRTUAL BASE 6 | 2021-MAR | LXV | 07:00-08:45 | Adultos | GRUPO - | AULA VIRTUAL',18,268,1,2,22,'','2021-03-03','2021-03-24',1,15,70,1,0,1,0,1,0,0,'07:00:00','08:45:00',9,17,280),(327,'REG-VIR-BAS-7 | 2021-3 | LXV | 07:00-08:45 | Ad | - | AVIR','REGOLARE VIRTUAL BASE 7 | 2021-MAR | LXV | 07:00-08:45 | Adultos | GRUPO - | AULA VIRTUAL',18,269,1,2,32,'','2021-03-03','2021-03-24',1,15,70,1,0,1,0,1,0,0,'07:00:00','08:45:00',9,17,281),(328,'REG-VIR-BAS-8 | 2021-3 | LXV | 07:00-08:45 | Ad | - | AVIR','REGOLARE VIRTUAL BASE 8 | 2021-MAR | LXV | 07:00-08:45 | Adultos | GRUPO - | AULA VIRTUAL',18,270,1,2,53,'','2021-03-03','2021-03-24',1,15,70,1,0,1,0,1,0,0,'07:00:00','08:45:00',9,17,282),(329,'REG-VIR-BAS-9 | 2021-3 | LXV | 07:00-08:45 | Ad | - | AVIR','REGOLARE VIRTUAL BASE 9 | 2021-MAR | LXV | 07:00-08:45 | Adultos | GRUPO - | AULA VIRTUAL',18,271,1,2,10,'','2021-03-03','2021-03-24',1,15,70,1,0,1,0,1,0,0,'07:00:00','08:45:00',9,17,283),(332,'REG-VIR-BAS-1 | 2021-3 | S | 08:30-13:15 | Ad | A | AVIR','REGOLARE VIRTUAL BASE 1 | 2021-MAR | S | 08:30-13:15 | Adultos | GRUPO A | AULA VIRTUAL',18,263,2,2,32,'','2021-03-06','2021-03-27',1,15,70,0,0,0,0,0,1,0,'08:30:00','13:15:00',9,17,284),(333,'REG-VIR-BAS-1 | 2021-3 | S | 08:30-13:15 | Ad | B | AVIR','REGOLARE VIRTUAL BASE 1 | 2021-MAR | S | 08:30-13:15 | Adultos | GRUPO B | AULA VIRTUAL',18,263,3,2,54,'','2021-03-06','2021-03-27',1,15,70,0,0,0,0,0,1,0,'08:30:00','13:15:00',9,17,284),(334,'REG-VIR-BAS-1 | 2021-3 | S | 14:00-18:45 | Ad | - | AVIR','REGOLARE VIRTUAL BASE 1 | 2021-MAR | S | 14:00-18:45 | Adultos | GRUPO - | AULA VIRTUAL',18,263,1,2,42,'','2021-03-06','2021-03-27',1,15,70,0,0,0,0,0,1,0,'14:00:00','18:45:00',9,17,285),(335,'REG-VIR-BAS-2 | 2021-3 | S | 08:30-13:15 | Ad | - | AVIR','REGOLARE VIRTUAL BASE 2 | 2021-MAR | S | 08:30-13:15 | Adultos | GRUPO - | AULA VIRTUAL',18,264,1,2,11,'','2021-03-06','2021-03-27',1,15,70,0,0,0,0,0,1,0,'08:30:00','13:15:00',9,17,286),(336,'REG-VIR-BAS-3 | 2021-3 | S | 08:30-13:15 | Ad | A | AVIR','REGOLARE VIRTUAL BASE 3 | 2021-MAR | S | 08:30-13:15 | Adultos | GRUPO A | AULA VIRTUAL',18,265,2,2,45,'','2021-03-06','2021-03-27',1,15,70,0,0,0,0,0,1,0,'08:30:00','13:15:00',9,17,288),(337,'REG-VIR-BAS-5 | 2021-3 | S | 08:30-13:15 | Ad | - | AVIR','REGOLARE VIRTUAL BASE 5 | 2021-MAR | S | 08:30-13:15 | Adultos | GRUPO - | AULA VIRTUAL',18,267,1,2,57,'','2021-03-06','2021-03-27',1,15,70,0,0,0,0,0,1,0,'08:30:00','13:15:00',9,17,289),(338,'REG-VIR-BAS-7 | 2021-3 | S | 08:30-13:15 | Ad | A | AVIR','REGOLARE VIRTUAL BASE 7 | 2021-MAR | S | 08:30-13:15 | Adultos | GRUPO A | AULA VIRTUAL',18,269,2,2,37,'','2021-03-06','2021-03-27',1,15,70,0,0,0,0,0,1,0,'08:30:00','13:15:00',9,17,290),(339,'REG-VIR-BAS-7 | 2021-3 | S | 08:30-13:15 | Ad | B | AVIR','REGOLARE VIRTUAL BASE 7 | 2021-MAR | S | 08:30-13:15 | Adultos | GRUPO B | AULA VIRTUAL',18,269,3,2,20,'','2021-03-06','2021-03-27',1,15,70,0,0,0,0,0,1,0,'08:30:00','13:15:00',9,17,290),(341,'REG-VIR-ITM-7 | 2021-3 | S | 08:30-13:15 | Ad | - | AVIR','REGOLARE VIRTUAL INTERMEDIO 7 | 2021-MAR | S | 08:30-13:15 | Adultos | GRUPO - | AULA VIRTUAL',18,279,1,2,16,'','2021-03-06','2021-03-27',1,15,70,0,0,0,0,0,1,0,'08:30:00','13:15:00',9,17,292),(342,'REG-VIR-ITM-10 | 2021-3 | S | 08:30-13:15 | Ad | - | AVIR','REGOLARE VIRTUAL INTERMEDIO 10 | 2021-MAR | S | 08:30-13:15 | Adultos | GRUPO - | AULA VIRTUAL',18,282,1,2,21,'','2021-03-06','2021-03-27',1,15,70,0,0,0,0,0,1,0,'08:30:00','13:15:00',9,17,293),(343,'REG-VIR-ADV-2 | 2021-3 | S | 08:30-13:15 | Ad | - | AVIR','REGOLARE VIRTUAL AVANZATO 2 | 2021-MAR | S | 08:30-13:15 | Adultos | GRUPO - | AULA VIRTUAL',18,284,1,2,5,'','2021-03-06','2021-03-27',1,15,70,0,0,0,0,0,1,0,'08:30:00','13:15:00',9,17,294),(345,'BAM VIR L1-6 | 2021-3 | S | 08:00-11:00 | Jo | - | AVIR','BAMBINI VIRTUALE LIBRO 1 - 6 | 2021-MAR | S | 08:00-11:00 | Jóvenes | GRUPO - | AULA VIRTUAL',18,298,1,2,13,'','2021-03-06','2021-05-08',1,8,10,0,0,0,0,0,1,0,'08:00:00','11:00:00',9,24,305),(346,'RAG VIR L1-1 | 2021-3 | S | 11:00-14:00 | Jo | - | AVIR','RAGAZZI VIRTUALE LIBRO 1 - 1 | 2021-MAR | S | 11:00-14:00 | Jóvenes | GRUPO - | AULA VIRTUAL',18,305,1,2,18,'','2021-03-06','2021-05-08',1,11,14,0,0,0,0,0,1,0,'11:00:00','14:00:00',9,24,296),(347,'RAG VIR L1-1 | 2021-3 | LX | 16:30-18:00 | Jo | - | AVIR','RAGAZZI VIRTUALE LIBRO 1 - 1 | 2021-MAR | LX | 16:30-18:00 | Jóvenes | GRUPO - | AULA VIRTUAL',18,305,1,2,37,'','2021-03-03','2021-04-26',1,11,14,1,0,1,0,0,0,0,'16:30:00','18:00:00',9,24,298),(348,'RAG VIR L1-2 | 2021-3 | MJ | 16:30-18:00 | Jo | A | AVIR','RAGAZZI VIRTUALE LIBRO 1 - 2 | 2021-MAR | MJ | 16:30-18:00 | Jóvenes | GRUPO A | AULA VIRTUAL',18,306,2,2,39,'','2021-03-02','2021-04-27',1,11,14,0,1,0,1,0,0,0,'16:30:00','18:00:00',9,24,299),(349,'RAG VIR L1-3 | 2021-3 | MJ | 16:30-18:00 | Jo | - | AVIR','RAGAZZI VIRTUALE LIBRO 1 - 3 | 2021-MAR | MJ | 16:30-18:00 | Jóvenes | GRUPO - | AULA VIRTUAL',18,307,1,2,29,'','2021-03-02','2021-04-27',1,11,14,0,1,0,1,0,0,0,'16:30:00','18:00:00',9,24,300),(350,'RAG VIR L1-4 | 2021-3 | MJ | 16:30-18:00 | Jo | - | AVIR','RAGAZZI VIRTUALE LIBRO 1 - 4 | 2021-MAR | MJ | 16:30-18:00 | Jóvenes | GRUPO - | AULA VIRTUAL',18,308,1,2,37,'','2021-03-02','2021-04-27',1,11,14,0,1,0,1,0,0,0,'16:30:00','18:00:00',9,24,301),(351,'SIN-VIR-BAS-1 | 2021-3 | LMXJV | 09:30-12:30 | Ad | B | AVIR','SUPER INTENSIVO VIRTUAL BASE 1 | 2021-MAR | L-V | 09:30-12:30 | Adultos | GRUPO B | AULA VIRTUAL',18,241,3,2,27,'','2021-03-02','2021-03-22',1,15,70,1,1,1,1,1,0,0,'09:30:00','12:30:00',7,45,203),(352,'SIN-VIR-BAS-2 | 2021-3 | LMXJV | 09:30-12:30 | Ad | B | AVIR','SUPER INTENSIVO VIRTUAL BASE 2 | 2021-MAR | L-V | 09:30-12:30 | Adultos | GRUPO B | AULA VIRTUAL',18,242,3,2,33,'','2021-03-02','2021-03-22',1,15,70,1,1,1,1,1,0,0,'09:30:00','12:30:00',7,45,204),(353,'SIN-VIR-BAS-3 | 2021-3 | LMXJV | 09:30-12:30 | Ad | B | AVIR','SUPER INTENSIVO VIRTUAL BASE 3 | 2021-MAR | L-V | 09:30-12:30 | Adultos | GRUPO B | AULA VIRTUAL',18,243,3,2,28,'','2021-03-02','2021-03-22',1,15,70,1,1,1,1,1,0,0,'09:30:00','12:30:00',7,45,205),(354,'INT-VIR-BAS-1 | 2021-3 | LMXJV | 07:00-09:00 | Ad | B | AVIR','INTENSIVO VIRTUAL BASE 1 | 2021-MAR | L-V | 07:00-09:00 | Adultos | GRUPO B | AULA VIRTUAL',18,249,3,2,30,'','2021-03-02','2021-03-24',1,15,70,1,1,1,1,1,0,0,'07:00:00','09:00:00',8,34,208),(355,'INT-VIR-BAS-1 | 2021-3 | LMXJV | 09:30-11:30 | Ad | B | AVIR','INTENSIVO VIRTUAL BASE 01 | 2021-MAR | L-V | 09:30-11:30 | Adultos | GRUPO B | AULA VIRTUAL',18,249,3,2,20,'','2021-03-02','2021-03-24',1,15,70,1,1,1,1,1,0,0,'09:30:00','11:30:00',8,34,209),(357,'INT-VIR-BAS-1 | 2021-3 | LMXJV | 19:00-21:00 | Ad | B | AVIR','INTENSIVO VIRTUAL BASE 1 | 2021-MAR | L-V | 19:00-21:00 | Adultos | GRUPO B | AULA VIRTUAL',18,249,3,2,18,'','2021-03-02','2021-03-24',1,15,70,1,1,1,1,1,0,0,'19:00:00','21:00:00',8,34,212),(358,'REG-VIR-BAS-3 | 2021-3 | MJ | 19:00-21:30 | Ad | B | AVIR','REGOLARE VIRTUAL BASE 3 | 2021-MAR | MJ | 19:00-21:30 | Adultos | GRUPO B | AULA VIRTUAL',18,265,3,2,35,'','2021-03-02','2021-03-23',1,15,70,0,1,0,1,0,0,0,'19:00:00','21:30:00',9,17,264),(359,'INT-VIR-BAS-1 | 2021-3 | LMXJV | 19:00-21:00 | Ad | C | AVIR','INTENSIVO VIRTUAL BASE 1 | 2021-MAR | L-V | 19:00-21:00 | Adultos | GRUPO C | AULA VIRTUAL',18,249,4,2,38,'','2021-03-02','2021-03-24',1,15,70,1,1,1,1,1,0,0,'19:00:00','21:00:00',8,34,212),(361,'INT-VIR-BAS-5 | 2021-3 | LMXJV | 11:00-13:00 | Ad | B | AVIR','INTENSIVO VIRTUAL BASE 05 | 2021-MAR | L-V | 11:00-13:00 | Adultos | GRUPO B | AULA VIRTUAL',18,253,3,2,7,'','2021-03-02','2021-03-24',1,15,70,1,1,1,1,1,0,0,'11:00:00','13:00:00',8,34,227),(362,'INT-VIR-ITM-1 | 2021-3 | LMXJV | 19:00-21:00 | Ad | B | AVIR','INTENSIVO VIRTUAL INTERMEDIO 1 | 2021-MAR | L-V | 19:00-21:00 | Adultos | GRUPO B | AULA VIRTUAL',18,254,3,2,11,'','2021-03-02','2021-03-24',1,15,70,1,1,1,1,1,0,0,'19:00:00','21:00:00',8,34,232),(363,'INT-VIR-BAS-2 | 2021-3 | LMXJV | 09:30-11:30 | Ad | B | AVIR','INTENSIVO VIRTUAL BASE 2 | 2021-MAR | L-V | 09:30-11:30 | Adultos | GRUPO B | AULA VIRTUAL',18,250,3,2,36,'','2021-03-02','2021-03-24',1,15,70,1,1,1,1,1,0,0,'09:30:00','11:30:00',8,34,216),(364,'INT-VIR-ITM-3 | 2021-3 | LMXJV | 19:00-21:00 | Ad | B | AVIR','INTENSIVO VIRTUAL INTERMEDIO 3 | 2021-MAR | L-V | 19:00-21:00 | Adultos | GRUPO B | AULA VIRTUAL',18,256,3,2,52,'no dictó clase el 3 de marzo-no tuvo internet.','2021-03-02','2021-03-25',1,15,70,1,1,1,1,1,0,0,'19:00:00','21:00:00',8,34,237),(366,'INT-VIR-BAS-2 | 2021-3 | LMXJV | 19:00-21:00 | Ad | B | AVIR','INTENSIVO VIRTUAL BASE 2 | 2021-MAR | L-V | 19:00-21:00 | Adultos | GRUPO B | AULA VIRTUAL',18,250,3,2,42,'','2021-03-02','2021-03-24',1,15,70,1,1,1,1,1,0,0,'19:00:00','21:00:00',8,34,219),(367,'INT-VIR-BAS-2 | 2021-3 | LMXJV | 19:00-21:00 | Ad | C | AVIR','INTENSIVO VIRTUAL BASE 2 | 2021-MAR | L-V | 19:00-21:00 | Adultos | GRUPO C | AULA VIRTUAL',18,250,4,2,57,'','2021-03-02','2021-03-24',1,15,70,1,1,1,1,1,0,0,'19:00:00','21:00:00',8,34,219),(369,'INT-VIR-ITM-5 | 2021-3 | LMXJV | 19:00-21:00 | Ad | B | AVIR','INTENSIVO VIRTUAL INTERMEDIO 5 | 2021-MAR | L-V | 19:00-21:00 | Adultos | GRUPO B | AULA VIRTUAL',18,258,3,2,61,'','2021-03-02','2021-03-24',1,15,70,1,1,1,1,1,0,0,'19:00:00','21:00:00',8,34,242),(372,'INT-VIR-BAS-3 | 2021-3 | LMXJV | 07:00-09:00 | Ad | B | AVIR','INTENSIVO VIRTUAL BASE 3 | 2021-MAR | L-V | 07:00-09:00 | Adultos | GRUPO B | AULA VIRTUAL',18,251,3,2,12,'','2021-03-02','2021-03-24',1,15,70,1,1,1,1,1,0,0,'07:00:00','09:00:00',8,34,220),(374,'INT-VIR-BAS-3 | 2021-3 | LMXJV | 19:00-21:00 | Ad | B | AVIR','INTENSIVO VIRTUAL BASE 3 | 2021-MAR | L-V | 19:00-21:00 | Adultos | GRUPO B | AULA VIRTUAL',18,251,3,2,20,'','2021-03-02','2021-03-24',1,15,70,1,1,1,1,1,0,0,'19:00:00','21:00:00',8,34,224),(375,'INT-VIR-BAS-2 | 2021-3 | LMXJV | 07:00-09:00 | Ad | B | AVIR','INTENSIVO VIRTUAL BASE 2 | 2021-MAR | L-V | 07:00-09:00 | Adultos | GRUPO B | AULA VIRTUAL',18,250,3,2,45,'','2021-03-02','2021-03-24',1,15,70,1,1,1,1,1,0,0,'07:00:00','09:00:00',8,34,215),(376,'INT-VIR-ITM-2 | 2021-3 | LMXJV | 07:00-09:00 | Ad | B | AVIR','INTENSIVO VIRTUAL INTERMEDIO 02 | 2021-MAR | L-V | 07:00-09:00 | Adultos | GRUPO B | AULA VIRTUAL',18,255,3,2,41,'','2021-03-03','2021-03-24',1,15,70,1,1,1,1,1,0,0,'07:00:00','09:00:00',8,34,233),(377,'INT-VIR-ITM-2 | 2021-3 | LMXJV | 19:00-21:00 | Ad | B | AVIR','INTENSIVO VIRTUAL INTERMEDIO 2 | 2021-MAR | L-V | 19:00-21:00 | Adultos | GRUPO B | AULA VIRTUAL',18,255,3,2,34,'','2021-03-02','2021-03-24',1,15,70,1,1,1,1,1,0,0,'19:00:00','21:00:00',8,34,234),(378,'INT-VIR-ITM-3 | 2021-3 | LMXJV | 07:00-09:00 | Ad | B | AVIR','INTENSIVO VIRTUAL INTERMEDIO 3 | 2021-MAR | L-V | 07:00-09:00 | Adultos | GRUPO B | AULA VIRTUAL',18,256,3,2,21,'','2021-03-02','2021-03-24',1,15,70,1,1,1,1,1,0,0,'07:00:00','09:00:00',8,34,235),(379,'CONVERSA | 2021-3 | S | 08:30-10:30 | Ad | - | AVIR','CORSO DI CONVERSAZIONE E CULTURA ITALIANA | 2021-MAR | S | 08:30-10:30 | Adultos | GRUPO - | AULA VIRTUAL',18,330,1,2,22,'','2021-03-06','2021-05-08',1,15,70,0,0,0,0,0,1,0,'08:30:00','10:30:00',1,0,302),(380,'CONVERSA | 2021-3 | S | 11:00-13:00 | Ad | A | AVIR','CORSO DI CONVERSAZIONE E CULTURA ITALIANA | 2021-MAR | S | 11:00-13:00 | Adultos | GRUPO A | AULA VIRTUAL',18,330,2,2,22,'','2021-03-06','2021-05-08',1,15,70,0,0,0,0,0,1,0,'11:00:00','13:00:00',1,0,303),(381,'GRAMMA | 2021-3 | S | 08:30-10:30 | Ad | - | AVIR','GRAMMATICA E FONETICA | 2021-MAR | S | 08:30-10:30 | Adultos | GRUPO - | AULA VIRTUAL',18,331,1,2,14,'','2021-03-06','2021-05-08',1,15,70,0,0,0,0,0,1,0,'08:30:00','10:30:00',1,16,304),(382,'INT-VIR-ITM-4 | 2021-3 | LMXJV | 07:00-09:00 | Ad | B | AVIR','INTENSIVO VIRTUAL INTERMEDIO 4 | 2021-MAR | L-V | 07:00-09:00 | Adultos | GRUPO B | AULA VIRTUAL',18,257,3,2,15,'','2021-03-02','2021-03-24',1,15,70,1,1,1,1,1,0,0,'07:00:00','09:00:00',8,34,238),(384,'REG-VIR-BAS-1 | 2021-3 | MJ | 19:00-21:30 | Ad | B | AVIR','REGOLARE VIRTUAL BASE 1 | 2021-MAR | MJ | 19:00-21:30 | Adultos | GRUPO B | AULA VIRTUAL',18,263,3,2,54,'','2021-03-02','2021-03-23',1,15,70,0,1,0,1,0,0,0,'19:00:00','21:30:00',9,17,263),(385,'REG-VIR-BAS-2 | 2021-3 | LXV | 07:00-08:45 | Ad | B | AVIR','REGOLARE VIRTUAL BASE 2 | 2021-MAR | LXV | 07:00-08:45 | Adultos | GRUPO B | AULA VIRTUAL',18,264,3,2,47,'','2021-03-03','2021-03-24',1,15,70,1,0,1,0,1,0,0,'07:00:00','08:45:00',9,17,274),(386,'REG-VIR-BAS-1 | 2021-3 | LX | 19:00-21:30 | Ad | B | AVIR','REGOLARE VIRTUAL BASE 1 | 2021-MAR | LX | 19:00-21:30 | Adultos | GRUPO B | AULA VIRTUAL',18,263,3,2,47,'','2021-03-03','2021-03-24',1,15,70,1,0,1,0,0,0,0,'19:00:00','21:30:00',9,17,250),(388,'RAG VIR L1-2 | 2021-3 | MJ | 16:30-18:00 | Jo | B | AVIR','RAGAZZI VIRTUALE LIBRO 1 - 2 | 2021-MAR | MJ | 16:30-18:00 | Jóvenes | GRUPO B | AULA VIRTUAL',18,306,3,2,13,'','2021-03-02','2021-04-27',1,11,14,0,1,0,1,0,0,0,'16:30:00','18:00:00',9,24,299),(389,'REG-VIR-BAS-3 | 2021-3 | S | 08:30-13:15 | Ad | B | AVIR','REGOLARE VIRTUAL BASE 3 | 2021-MAR | S | 08:30-13:15 | Adultos | GRUPO B | AULA VIRTUAL',18,265,3,2,10,'','2021-03-06','2021-03-27',1,15,70,0,0,0,0,0,1,0,'08:30:00','13:15:00',9,17,288),(390,'REG-VIR-BAS-2 | 2021-3 | S | 14:00-18:45 | Ad | - | AVIR','REGOLARE VIRTUAL BASE 2 | 2021-MAR | S | 14:00-18:45 | Adultos | GRUPO - | AULA VIRTUAL',18,264,1,2,11,'','2021-03-06','2021-03-27',1,15,70,0,0,0,0,0,1,0,'14:00:00','18:45:00',9,17,287),(391,'RAG VIR L2-1 | 2021-3 | S | 11:00-14:00 | Jo | - | AVIR','RAGAZZI VIRTUALE LIBRO 2 - 1 | 2021-MAR | S | 11:00-14:00 | Jóvenes | GRUPO - | AULA VIRTUAL',18,311,1,2,13,'','2021-03-06','2021-05-08',1,10,14,0,0,0,0,0,1,0,'11:00:00','14:00:00',9,24,306),(393,'SIN-VIR-BAS-1 | 2021-4 | LMXJV | 09:30-12:30 | Ad | A | AVIR','SUPER INTENSIVO VIRTUAL BASE 01 | 2021-ABR | L-V | 09:30-12:30 | Adultos | GRUPO A | AULA VIRTUAL',19,241,2,2,27,'','2021-04-06','2021-04-26',1,15,70,1,1,1,1,1,0,0,'09:30:00','12:30:00',8,45,307),(394,'SIN-VIR-BAS-1 | 2021-4 | LMXJV | 15:30-18:30 | Ad | - | AVIR','SUPER INTENSIVO VIRTUAL BASE 01 | 2021-ABR | L-V | 15:30-18:30 | Adultos | GRUPO - | AULA VIRTUAL',19,241,1,2,21,'','2021-04-06','2021-04-26',1,15,70,1,1,1,1,1,0,0,'15:30:00','18:30:00',7,45,308),(395,'SIN-VIR-BAS-1 | 2021-4 | LMXJV | 09:30-12:30 | Ad | B | AVIR','SUPER INTENSIVO VIRTUAL BASE 01 | 2021-ABR | L-V | 09:30-12:30 | Adultos | GRUPO B | AULA VIRTUAL',19,241,3,2,44,'','2021-04-06','2021-04-26',1,15,70,1,1,1,1,1,0,0,'09:30:00','12:30:00',8,45,307),(396,'SIN-VIR-BAS-2 | 2021-4 | LMXJV | 09:30-12:30 | Ad | - | AVIR','SUPER INTENSIVO VIRTUAL BASE 02 | 2021-ABR | L-V | 09:30-12:30 | Adultos | GRUPO - | AULA VIRTUAL',19,242,1,2,21,'','2021-04-06','2021-04-26',1,15,70,1,1,1,1,1,0,0,'09:30:00','12:30:00',7,45,309),(397,'SIN-VIR-BAS-3 | 2021-4 | LMXJV | 09:30-12:30 | Ad | - | AVIR','SUPER INTENSIVO VIRTUAL BASE 03 | 2021-ABR | L-V | 09:30-12:30 | Adultos | GRUPO - | AULA VIRTUAL',19,243,1,2,6,'','2021-04-06','2021-04-26',1,15,70,1,1,1,1,1,0,0,'09:30:00','12:30:00',7,45,310),(398,'SIN-VIR-BAS-4 | 2021-4 | LMXJV | 09:30-12:30 | Ad | A | AVIR','SUPER INTENSIVO VIRTUAL BASE 04 | 2021-ABR | L-V | 09:30-12:30 | Adultos | GRUPO A | AULA VIRTUAL',19,244,2,2,32,'','2021-04-06','2021-04-26',1,15,70,1,1,1,1,1,0,0,'09:30:00','12:30:00',7,45,311),(399,'SIN-VIR-BAS-4 | 2021-4 | LMXJV | 09:30-12:30 | Ad | B | AVIR','SUPER INTENSIVO VIRTUAL BASE 04 | 2021-ABR | L-V | 09:30-12:30 | Adultos | GRUPO B | AULA VIRTUAL',19,244,3,2,22,'','2021-04-06','2021-04-26',1,15,70,1,1,1,1,1,0,0,'09:30:00','12:30:00',7,45,311),(400,'SIN-VIR-ITM-2 | 2021-4 | LMXJV | 09:30-12:30 | Ad | - | AVIR','SUPER INTENSIVO VIRTUAL INTERMEDIO 02 | 2021-ABR | L-V | 09:30-12:30 | Adultos | GRUPO - | AULA VIRTUAL',19,246,1,2,15,'','2021-04-06','2021-04-26',1,15,70,1,1,1,1,1,0,0,'09:30:00','12:30:00',7,45,312),(401,'SIN-VIR-ITM-4 | 2021-4 | LMXJV | 09:30-12:30 | Ad | - | AVIR','SUPER INTENSIVO VIRTUAL INTERMEDIO 04 | 2021-ABR | L-V | 09:30-12:30 | Adultos | GRUPO - | AULA VIRTUAL',19,248,1,2,33,'','2021-04-06','2021-04-26',1,15,70,1,1,1,1,1,0,0,'09:30:00','12:30:00',7,45,313),(402,'INT-VIR-BAS-1 | 2021-4 | LMXJV | 07:00-09:00 | Ad | A | AVIR','INTENSIVO VIRTUAL BASE 01 | 2021-ABR | L-V | 07:00-09:00 | Adultos | GRUPO A | AULA VIRTUAL',19,249,2,2,30,'','2021-04-06','2021-04-28',1,15,70,1,1,1,1,1,0,0,'07:00:00','09:00:00',7,34,314),(403,'INT-VIR-BAS-1 | 2021-4 | LMXJV | 07:00-09:00 | Ad | B | AVIR','INTENSIVO VIRTUAL BASE 01 | 2021-ABR | L-V | 07:00-09:00 | Adultos | GRUPO B | AULA VIRTUAL',19,249,3,2,45,'','2021-04-06','2021-04-28',1,15,70,1,1,1,1,1,0,0,'07:00:00','09:00:00',7,34,314),(405,'INT-VIR-BAS-1 | 2021-4 | LMXJV | 09:30-11:30 | Ad | A | AVIR','INTENSIVO VIRTUAL BASE 01 | 2021-ABR | L-V | 09:30-11:30 | Adultos | GRUPO A | AULA VIRTUAL',19,249,2,2,30,'','2021-04-06','2021-04-28',1,15,70,1,1,1,1,1,0,0,'09:30:00','11:30:00',7,34,315),(406,'INT-VIR-BAS-1 | 2021-4 | LMXJV | 09:30-11:30 | Ad | B | AVIR','INTENSIVO VIRTUAL BASE 01 | 2021-ABR | L-V | 09:30-11:30 | Adultos | GRUPO B | AULA VIRTUAL',19,249,3,2,59,'','2021-04-06','2021-04-28',1,15,70,1,1,1,1,1,0,0,'09:30:00','11:30:00',7,34,315),(407,'INT-VIR-BAS-1 | 2021-4 | LMXJV | 14:00-16:00 | Ad | A | AVIR','INTENSIVO VIRTUAL BASE 01 | 2021-ABR | L-V | 14:00-16:00 | Adultos | GRUPO A | AULA VIRTUAL',19,249,2,2,34,'','2021-04-06','2021-04-28',1,15,70,1,1,1,1,1,0,0,'14:00:00','16:00:00',7,34,316),(408,'INT-VIR-BAS-1 | 2021-4 | LMXJV | 14:00-16:00 | Ad | B | AVIR','INTENSIVO VIRTUAL BASE 01 | 2021-ABR | L-V | 14:00-16:00 | Adultos | GRUPO B | AULA VIRTUAL',19,249,3,2,40,'','2021-04-06','2021-04-28',1,15,70,1,1,1,1,1,0,0,'14:00:00','16:00:00',7,34,316),(409,'INT-VIR-BAS-1 | 2021-4 | LMXJV | 16:30-18:30 | Ad | A | AVIR','INTENSIVO VIRTUAL BASE 01 | 2021-ABR | L-V | 16:30-18:30 | Adultos | GRUPO A | AULA VIRTUAL',19,249,2,2,26,'','2021-04-06','2021-04-28',1,15,70,1,1,1,1,1,0,0,'16:30:00','18:30:00',7,34,317),(410,'INT-VIR-BAS-1 | 2021-4 | LMXJV | 16:30-18:30 | Ad | B | AVIR','INTENSIVO VIRTUAL BASE 01 | 2021-ABR | L-V | 16:30-18:30 | Adultos | GRUPO B | AULA VIRTUAL',19,249,3,2,40,'','2021-04-06','2021-04-28',1,15,70,1,1,1,1,1,0,0,'16:30:00','18:30:00',7,34,317),(411,'INT-VIR-BAS-2 | 2021-4 | LMXJV | 07:00-09:00 | Ad | A | AVIR','INTENSIVO VIRTUAL BASE 02 | 2021-ABR | L-V | 07:00-09:00 | Adultos | GRUPO A | AULA VIRTUAL',19,250,2,2,11,'','2021-04-06','2021-04-28',1,15,70,1,1,1,1,1,0,0,'07:00:00','09:00:00',7,34,318),(412,'INT-VIR-BAS-2 | 2021-4 | LMXJV | 07:00-09:00 | Ad | B | AVIR','INTENSIVO VIRTUAL BASE 02 | 2021-ABR | L-V | 07:00-09:00 | Adultos | GRUPO B | AULA VIRTUAL',19,250,3,2,50,'','2021-04-06','2021-04-28',1,15,70,1,1,1,1,1,0,0,'07:00:00','09:00:00',7,34,318),(413,'INT-VIR-BAS-2 | 2021-4 | LMXJV | 09:30-11:30 | Ad | A | AVIR','INTENSIVO VIRTUAL BASE 02 | 2021-ABR | L-V | 09:30-11:30 | Adultos | GRUPO A | AULA VIRTUAL',19,250,2,2,38,'El curso inicia un día después por problemas técnicos de la docente.  Se cambia la fecha de inicio y fin de clases.','2021-04-07','2021-04-29',1,15,70,1,1,1,1,1,0,0,'09:30:00','11:30:00',7,34,319),(414,'INT-VIR-BAS-2 | 2021-4 | LMXJV | 09:30-11:30 | Ad | B | AVIR','INTENSIVO VIRTUAL BASE 02 | 2021-ABR | L-V | 09:30-11:30 | Adultos | GRUPO B | AULA VIRTUAL',19,250,3,2,7,'','2021-04-06','2021-04-28',1,15,70,1,1,1,1,1,0,0,'09:30:00','11:30:00',7,34,319),(415,'INT-VIR-BAS-2 | 2021-4 | LMXJV | 14:00-16:00 | Ad | - | AVIR','INTENSIVO VIRTUAL BASE 02 | 2021-ABR | L-V | 14:00-16:00 | Adultos | GRUPO - | AULA VIRTUAL',19,250,1,2,7,'','2021-04-06','2021-04-28',1,15,70,1,1,1,1,1,0,0,'14:00:00','16:00:00',7,34,320),(416,'INT-VIR-BAS-2 | 2021-4 | LMXJV | 16:30-18:30 | Ad | - | AVIR','INTENSIVO VIRTUAL BASE 02 | 2021-ABR | L-V | 16:30-18:30 | Adultos | GRUPO - | AULA VIRTUAL',19,250,1,2,47,'El día 15 de abril se asigna la clase a la prof. Karen Niño, por motivos de salud de la prof. Daniela Perdisci.','2021-04-06','2021-04-28',1,15,70,1,1,1,1,1,0,0,'16:30:00','18:30:00',7,34,321),(417,'INT-VIR-BAS-2 | 2021-4 | LMXJV | 19:00-21:00 | Ad | A | AVIR','INTENSIVO VIRTUAL BASE 02 | 2021-ABR | L-V | 19:00-21:00 | Adultos | GRUPO A | AULA VIRTUAL',19,250,2,2,14,'','2021-04-06','2021-04-28',1,15,70,1,1,1,1,1,0,0,'19:00:00','21:00:00',7,34,322),(418,'INT-VIR-BAS-2 | 2021-4 | LMXJV | 19:00-21:00 | Ad | B | AVIR','INTENSIVO VIRTUAL BASE 02 | 2021-ABR | L-V | 19:00-21:00 | Adultos | GRUPO B | AULA VIRTUAL',19,250,3,2,42,'','2021-04-06','2021-04-28',1,15,70,1,1,1,1,1,0,0,'19:00:00','21:00:00',7,34,322),(419,'INT-VIR-BAS-2 | 2021-4 | LMXJV | 19:00-21:00 | Ad | C | AVIR','INTENSIVO VIRTUAL BASE 02 | 2021-ABR | L-V | 19:00-21:00 | Adultos | GRUPO C | AULA VIRTUAL',19,250,4,2,27,'','2021-04-06','2021-04-28',1,15,70,1,1,1,1,1,0,0,'19:00:00','21:00:00',7,34,322),(420,'INT-VIR-BAS-3 | 2021-4 | LMXJV | 07:00-09:00 | Ad | A | AVIR','INTENSIVO VIRTUAL BASE 03 | 2021-ABR | L-V | 07:00-09:00 | Adultos | GRUPO A | AULA VIRTUAL',19,251,2,2,12,'','2021-04-06','2021-04-28',1,15,70,1,1,1,1,1,0,0,'07:00:00','09:00:00',7,34,323),(421,'INT-VIR-BAS-3 | 2021-4 | LMXJV | 07:00-09:00 | Ad | B | AVIR','INTENSIVO VIRTUAL BASE 03 | 2021-ABR | L-V | 07:00-09:00 | Adultos | GRUPO B | AULA VIRTUAL',19,251,3,2,62,'','2021-04-06','2021-04-28',1,15,70,1,1,1,1,1,0,0,'07:00:00','09:00:00',7,34,323),(422,'INT-VIR-BAS-3 | 2021-4 | LMXJV | 09:30-11:30 | Ad | - | AVIR','INTENSIVO VIRTUAL BASE 03 | 2021-ABR | L-V | 09:30-11:30 | Adultos | GRUPO - | AULA VIRTUAL',19,251,1,2,53,'','2021-04-06','2021-04-28',1,15,70,1,1,1,1,1,0,0,'09:30:00','11:30:00',7,34,324),(423,'INT-VIR-BAS-3 | 2021-4 | LMXJV | 14:00-16:00 | Ad | - | AVIR','INTENSIVO VIRTUAL BASE 03 | 2021-ABR | L-V | 14:00-16:00 | Adultos | GRUPO - | AULA VIRTUAL',19,251,1,2,59,'','2021-04-06','2021-04-28',1,15,70,1,1,1,1,1,0,0,'14:00:00','16:00:00',7,34,325),(425,'INT-VIR-BAS-3 | 2021-4 | LMXJV | 19:00-21:00 | Ad | A | AVIR','INTENSIVO VIRTUAL BASE 03 | 2021-ABR | L-V | 19:00-21:00 | Adultos | GRUPO A | AULA VIRTUAL',19,251,2,2,26,'','2021-04-06','2021-04-28',1,15,70,1,1,1,1,1,0,0,'19:00:00','21:00:00',7,34,327),(426,'INT-VIR-BAS-3 | 2021-4 | LMXJV | 19:00-21:00 | Ad | B | AVIR','INTENSIVO VIRTUAL BASE 03 | 2021-ABR | L-V | 19:00-21:00 | Adultos | GRUPO B | AULA VIRTUAL',19,251,3,2,18,'','2021-04-06','2021-04-28',1,15,70,1,1,1,1,1,0,0,'19:00:00','21:00:00',7,34,327),(427,'INT-VIR-BAS-3 | 2021-4 | LMXJV | 19:00-21:00 | Ad | C | AVIR','INTENSIVO VIRTUAL BASE 03 | 2021-ABR | L-V | 19:00-21:00 | Adultos | GRUPO C | AULA VIRTUAL',19,251,4,2,50,'','2021-04-06','2021-04-28',1,15,70,1,1,1,1,1,0,0,'19:00:00','21:00:00',7,34,327),(428,'INT-VIR-BAS-4 | 2021-4 | LMXJV | 07:00-09:00 | Ad | A | AVIR','INTENSIVO VIRTUAL BASE 04 | 2021-ABR | L-V | 07:00-09:00 | Adultos | GRUPO A | AULA VIRTUAL',19,252,2,2,27,'','2021-04-06','2021-04-28',1,15,70,1,1,1,1,1,0,0,'07:00:00','09:00:00',7,34,328),(429,'INT-VIR-BAS-4 | 2021-4 | LMXJV | 07:00-09:00 | Ad | B | AVIR','INTENSIVO VIRTUAL BASE 04 | 2021-ABR | L-V | 07:00-09:00 | Adultos | GRUPO B | AULA VIRTUAL',19,252,3,2,41,'','2021-04-06','2021-04-28',1,15,70,1,1,1,1,1,0,0,'07:00:00','09:00:00',7,34,328),(430,'INT-VIR-BAS-4 | 2021-4 | LMXJV | 09:30-11:30 | Ad | - | AVIR','INTENSIVO VIRTUAL BASE 04 | 2021-ABR | L-V | 09:30-11:30 | Adultos | GRUPO - | AULA VIRTUAL',19,252,1,2,35,'','2021-04-06','2021-04-28',1,15,70,1,1,1,1,1,0,0,'09:30:00','11:30:00',7,34,329),(431,'INT-VIR-BAS-4 | 2021-4 | LMXJV | 14:00-16:00 | Ad | - | AVIR','INTENSIVO VIRTUAL BASE 04 | 2021-ABR | L-V | 14:00-16:00 | Adultos | GRUPO - | AULA VIRTUAL',19,252,1,2,22,'','2021-04-06','2021-04-28',1,15,70,1,1,1,1,1,0,0,'14:00:00','16:00:00',7,34,330),(433,'INT-VIR-BAS-4 | 2021-4 | LMXJV | 19:00-21:00 | Ad | A | AVIR','INTENSIVO VIRTUAL BASE 04 | 2021-ABR | L-V | 19:00-21:00 | Adultos | GRUPO A | AULA VIRTUAL',19,252,2,2,20,'','2021-04-06','2021-04-28',1,15,70,1,1,1,1,1,0,0,'19:00:00','21:00:00',7,34,332),(434,'INT-VIR-BAS-4 | 2021-4 | LMXJV | 19:00-21:00 | Ad | B | AVIR','INTENSIVO VIRTUAL BASE 04 | 2021-ABR | L-V | 19:00-21:00 | Adultos | GRUPO B | AULA VIRTUAL',19,252,3,2,40,'','2021-04-06','2021-04-28',1,15,70,1,1,1,1,1,0,0,'19:00:00','21:00:00',7,34,332),(435,'INT-VIR-BAS-5 | 2021-4 | LMXJV | 07:00-09:00 | Ad | - | AVIR','INTENSIVO VIRTUAL BASE 05 | 2021-ABR | L-V | 07:00-09:00 | Adultos | GRUPO - | AULA VIRTUAL',19,253,1,2,20,'','2021-04-06','2021-04-28',1,15,70,1,1,1,1,1,0,0,'07:00:00','09:00:00',7,34,333),(436,'INT-VIR-BAS-5 | 2021-4 | LMXJV | 16:30-18:30 | Ad | - | AVIR','INTENSIVO VIRTUAL BASE 05 | 2021-ABR | L-V | 16:30-18:30 | Adultos | GRUPO - | AULA VIRTUAL',19,253,1,2,24,'','2021-04-06','2021-04-28',1,15,70,1,1,1,1,1,0,0,'16:30:00','18:30:00',7,34,334),(437,'INT-VIR-ITM-1 | 2021-4 | LMXJV | 11:00-13:00 | Ad | - | AVIR','INTENSIVO VIRTUAL INTERMEDIO 01 | 2021-ABR | L-V | 11:00-13:00 | Adultos | GRUPO - | AULA VIRTUAL',19,254,1,2,36,'','2021-04-06','2021-04-28',1,15,70,1,1,1,1,1,0,0,'11:00:00','13:00:00',7,34,335),(438,'INT-VIR-ITM-1 | 2021-4 | LMXJV | 14:00-16:00 | Ad | - | AVIR','INTENSIVO VIRTUAL INTERMEDIO 01 | 2021-ABR | L-V | 14:00-16:00 | Adultos | GRUPO - | AULA VIRTUAL',19,254,1,2,25,'','2021-04-06','2021-04-28',1,15,70,1,1,1,1,1,0,0,'14:00:00','16:00:00',7,34,336),(439,'INT-VIR-ITM-2 | 2021-4 | LMXJV | 07:00-09:00 | Ad | - | AVIR','INTENSIVO VIRTUAL INTERMEDIO 02 | 2021-ABR | L-V | 07:00-09:00 | Adultos | GRUPO - | AULA VIRTUAL',19,255,1,2,53,'','2021-04-06','2021-04-28',1,15,70,1,1,1,1,1,0,0,'07:00:00','09:00:00',7,34,337),(440,'INT-VIR-ITM-2 | 2021-4 | LMXJV | 16:30-18:30 | Ad | - | AVIR','INTENSIVO VIRTUAL INTERMEDIO 02 | 2021-ABR | L-V | 16:30-18:30 | Adultos | GRUPO - | AULA VIRTUAL',19,255,1,2,46,'','2021-04-06','2021-04-28',1,15,70,1,1,1,1,1,0,0,'16:30:00','18:30:00',7,34,338),(441,'INT-VIR-ITM-2 | 2021-4 | LMXJV | 19:00-21:00 | Ad | A | AVIR','INTENSIVO VIRTUAL INTERMEDIO 02 | 2021-ABR | L-V | 19:00-21:00 | Adultos | GRUPO A | AULA VIRTUAL',19,255,2,2,46,'','2021-04-06','2021-04-28',1,15,70,1,1,1,1,1,0,0,'19:00:00','21:00:00',7,34,339),(443,'INT-VIR-ITM-3 | 2021-4 | LMXJV | 07:00-09:00 | Ad | A | AVIR','INTENSIVO VIRTUAL INTERMEDIO 03 | 2021-ABR | L-V | 07:00-09:00 | Adultos | GRUPO A | AULA VIRTUAL',19,256,2,2,21,'','2021-04-06','2021-04-28',1,15,70,1,1,1,1,1,0,0,'07:00:00','09:00:00',7,34,340),(444,'INT-VIR-ITM-3 | 2021-4 | LMXJV | 07:00-09:00 | Ad | B | AVIR','INTENSIVO VIRTUAL INTERMEDIO 03 | 2021-ABR | L-V | 07:00-09:00 | Adultos | GRUPO B | AULA VIRTUAL',19,256,3,2,15,'','2021-04-06','2021-04-28',1,15,70,1,1,1,1,1,0,0,'07:00:00','09:00:00',7,34,340),(445,'INT-VIR-ITM-3 | 2021-4 | LMXJV | 19:00-21:00 | Ad | A | AVIR','INTENSIVO VIRTUAL INTERMEDIO 03 | 2021-ABR | L-V | 19:00-21:00 | Adultos | GRUPO A | AULA VIRTUAL',19,256,2,2,16,'E día 7/04 no hubo clase por problemas de internet del profesor, los estudiante decidieron recuperar el sábado 10/04 en el horario 19:00-21:00.','2021-04-06','2021-04-28',1,15,70,1,1,1,1,1,0,0,'19:00:00','21:00:00',7,34,341),(446,'INT-VIR-ITM-3 | 2021-4 | LMXJV | 19:00-21:00 | Ad | B | AVIR','INTENSIVO VIRTUAL INTERMEDIO 03 | 2021-ABR | L-V | 19:00-21:00 | Adultos | GRUPO B | AULA VIRTUAL',19,256,3,2,25,'','2021-04-06','2021-04-28',1,15,70,1,1,1,1,1,0,0,'19:00:00','21:00:00',7,34,341),(448,'INT-VIR-ITM-4 | 2021-4 | LMXJV | 07:00-09:00 | Ad | A | AVIR','INTENSIVO VIRTUAL INTERMEDIO 04 | 2021-ABR | L-V | 07:00-09:00 | Adultos | GRUPO A | AULA VIRTUAL',19,257,2,2,36,'','2021-04-06','2021-04-28',1,15,70,1,1,1,1,1,0,0,'07:00:00','09:00:00',7,34,342),(449,'INT-VIR-ITM-4 | 2021-4 | LMXJV | 07:00-09:00 | Ad | B | AVIR','INTENSIVO VIRTUAL INTERMEDIO 04 | 2021-ABR | L-V | 07:00-09:00 | Adultos | GRUPO B | AULA VIRTUAL',19,257,3,2,48,'','2021-04-06','2021-04-28',1,15,70,1,1,1,1,1,0,0,'07:00:00','09:00:00',7,34,342),(450,'INT-VIR-ITM-4 | 2021-4 | LMXJV | 19:00-21:00 | Ad | A | AVIR','INTENSIVO VIRTUAL INTERMEDIO 04 | 2021-ABR | L-V | 19:00-21:00 | Adultos | GRUPO A | AULA VIRTUAL',19,257,2,2,37,'el curso inicia un día después por problemas técnicos de la prof.  Se actualizan las fechas.','2021-04-07','2021-04-29',1,15,70,1,1,1,1,1,0,0,'19:00:00','21:00:00',7,34,343),(451,'INT-VIR-ITM-5 | 2021-4 | LMXJV | 07:00-09:00 | Ad | A | AVIR','INTENSIVO VIRTUAL INTERMEDIO 05 | 2021-ABR | L-V | 07:00-09:00 | Adultos | GRUPO A | AULA VIRTUAL',19,258,2,2,34,'','2021-04-06','2021-04-28',1,15,70,1,1,1,1,1,0,0,'07:00:00','09:00:00',7,34,344),(452,'INT-VIR-ITM-5 | 2021-4 | LMXJV | 07:00-09:00 | Ad | B | AVIR','INTENSIVO VIRTUAL INTERMEDIO 05 | 2021-ABR | L-V | 07:00-09:00 | Adultos | GRUPO B | AULA VIRTUAL',19,258,3,2,28,'','2021-04-06','2021-04-28',1,15,70,1,1,1,1,1,0,0,'07:00:00','09:00:00',7,34,344),(453,'INT-VIR-ITM-5 | 2021-4 | LMXJV | 19:00-21:00 | Ad | - | AVIR','INTENSIVO VIRTUAL INTERMEDIO 05 | 2021-ABR | L-V | 19:00-21:00 | Adultos | GRUPO - | AULA VIRTUAL',19,258,1,2,61,'','2021-04-06','2021-04-28',1,15,70,1,1,1,1,1,0,0,'19:00:00','21:00:00',7,34,345),(454,'INT-VIR-ADV-1 | 2021-4 | LMXJV | 07:00-09:00 | Ad | - | AVIR','INTENSIVO VIRTUAL AVANZATO 01 | 2021-ABR | L-V | 07:00-09:00 | Adultos | GRUPO - | AULA VIRTUAL',19,259,1,2,33,'','2021-04-06','2021-04-26',1,15,70,1,1,1,1,1,0,0,'07:00:00','09:00:00',7,30,346),(455,'INT-VIR-ADV-1 | 2021-4 | LMXJV | 19:00-21:00 | Ad | - | AVIR','INTENSIVO VIRTUAL AVANZATO 01 | 2021-ABR | L-V | 19:00-21:00 | Adultos | GRUPO - | AULA VIRTUAL',19,259,1,2,33,'','2021-04-06','2021-04-26',1,15,70,1,1,1,1,1,0,0,'19:00:00','21:00:00',7,30,348),(456,'INT-VIR-ADV-2 | 2021-4 | LMXJV | 07:00-09:00 | Ad | - | AVIR','INTENSIVO VIRTUAL AVANZATO 02 | 2021-ABR | L-V | 07:00-09:00 | Adultos | GRUPO - | AULA VIRTUAL',19,260,1,2,14,'','2021-04-06','2021-04-27',1,15,70,1,1,1,1,1,0,0,'07:00:00','09:00:00',7,30,349),(457,'INT-VIR-ADV-2 | 2021-4 | LMXJV | 19:00-21:00 | Ad | - | AVIR','INTENSIVO VIRTUAL AVANZATO 02 | 2021-ABR | L-V | 19:00-21:00 | Adultos | GRUPO - | AULA VIRTUAL',19,260,1,2,24,'','2021-04-06','2021-04-26',1,15,70,1,1,1,1,1,0,0,'19:00:00','21:00:00',7,30,350),(458,'INT-VIR-ADV-3 | 2021-4 | LMXJV | 19:00-21:00 | Ad | - | AVIR','INTENSIVO VIRTUAL AVANZATO 03 | 2021-ABR | L-V | 19:00-21:00 | Adultos | GRUPO - | AULA VIRTUAL',19,261,1,2,34,'','2021-04-06','2021-04-26',1,15,70,1,1,1,1,1,0,0,'19:00:00','21:00:00',7,30,351),(459,'INT-VIR-ADV-4 | 2021-4 | LMXJV | 19:00-21:00 | Ad | - | AVIR','INTENSIVO VIRTUAL AVANZATO 04 | 2021-ABR | L-V | 19:00-21:00 | Adultos | GRUPO - | AULA VIRTUAL',19,262,1,2,5,'','2021-04-06','2021-04-26',1,15,70,1,1,1,1,1,0,0,'19:00:00','21:00:00',7,30,352),(460,'REG-VIR-BAS-1 | 2021-4 | MJ | 19:00-21:30 | Ad | A | AVIR','REGOLARE VIRTUAL BASE 01 | 2021-ABR | MJ | 19:00-21:30 | Adultos | GRUPO A | AULA VIRTUAL',19,263,2,2,47,'','2021-04-06','2021-04-27',1,15,70,0,1,0,1,0,0,0,'19:00:00','21:30:00',9,17,353),(461,'REG-VIR-BAS-1 | 2021-4 | MJ | 19:00-21:30 | Ad | B | AVIR','REGOLARE VIRTUAL BASE 01 | 2021-ABR | MJ | 19:00-21:30 | Adultos | GRUPO B | AULA VIRTUAL',19,263,3,2,54,'','2021-04-06','2021-04-27',1,15,70,0,1,0,1,0,0,0,'19:00:00','21:30:00',9,17,353),(462,'REG-VIR-BAS-1 | 2021-4 | MJ | 19:00-21:30 | Ad | C | AVIR','REGOLARE VIRTUAL BASE 01 | 2021-ABR | MJ | 19:00-21:30 | Adultos | GRUPO C | AULA VIRTUAL',19,263,4,2,57,'','2021-04-06','2021-04-27',1,15,70,0,1,0,1,0,0,0,'19:00:00','21:30:00',9,17,353),(463,'REG-VIR-BAS-2 | 2021-4 | MJ | 19:00-21:30 | Ad | A | AVIR','REGOLARE VIRTUAL BASE 02 | 2021-ABR | MJ | 19:00-21:30 | Adultos | GRUPO A | AULA VIRTUAL',19,264,2,2,11,'','2021-04-06','2021-04-27',1,15,70,0,1,0,1,0,0,0,'19:00:00','21:30:00',9,17,354),(464,'REG-VIR-BAS-2 | 2021-4 | MJ | 19:00-21:30 | Ad | B | AVIR','REGOLARE VIRTUAL BASE 02 | 2021-ABR | MJ | 19:00-21:30 | Adultos | GRUPO B | AULA VIRTUAL',19,264,3,2,35,'','2021-04-06','2021-04-27',1,15,70,0,1,0,1,0,0,0,'19:00:00','21:30:00',9,17,354),(465,'REG-VIR-BAS-4 | 2021-4 | MJ | 19:00-21:30 | Ad | A | AVIR','REGOLARE VIRTUAL BASE 04 | 2021-ABR | MJ | 19:00-21:30 | Adultos | GRUPO A | AULA VIRTUAL',19,266,2,2,31,'','2021-04-06','2021-04-27',1,15,70,0,1,0,1,0,0,0,'19:00:00','21:30:00',9,17,355),(466,'REG-VIR-BAS-4 | 2021-4 | MJ | 19:00-21:30 | Ad | B | AVIR','REGOLARE VIRTUAL BASE 04 | 2021-ABR | MJ | 19:00-21:30 | Adultos | GRUPO B | AULA VIRTUAL',19,266,3,2,7,'','2021-04-06','2021-04-27',1,15,70,0,1,0,1,0,0,0,'19:00:00','21:30:00',9,17,355),(467,'REG-VIR-BAS-7 | 2021-4 | MJ | 19:00-21:30 | Ad | - | AVIR','REGOLARE VIRTUAL BASE 07 | 2021-ABR | MJ | 19:00-21:30 | Adultos | GRUPO - | AULA VIRTUAL',19,269,1,2,32,'','2021-04-06','2021-04-27',1,15,70,0,1,0,1,0,0,0,'19:00:00','21:30:00',9,17,356),(468,'REG-VIR-BAS-8 | 2021-4 | MJ | 19:30-21:30 | Ad | - | AVIR','REGOLARE VIRTUAL BASE 08 | 2021-ABR | MJ | 19:30-21:30 | Adultos | GRUPO - | AULA VIRTUAL',19,270,1,2,28,'','2021-04-06','2021-04-27',1,15,70,0,1,0,1,0,0,0,'19:30:00','21:30:00',9,17,357),(469,'REG-VIR-BAS-10 | 2021-4 | MJ | 19:00-21:30 | Ad | - | AVIR','REGOLARE VIRTUAL BASE 10 | 2021-ABR | MJ | 19:00-21:30 | Adultos | GRUPO - | AULA VIRTUAL',19,272,1,2,41,'','2021-04-06','2021-04-27',1,15,70,0,1,0,1,0,0,0,'19:00:00','21:30:00',9,17,358),(470,'REG-VIR-ITM-1 | 2021-4 | MJ | 19:00-21:30 | Ad | - | AVIR','REGOLARE VIRTUAL INTERMEDIO 01 | 2021-ABR | MJ | 19:00-21:30 | Adultos | GRUPO - | AULA VIRTUAL',19,273,1,2,22,'','2021-04-06','2021-04-27',1,15,70,0,1,0,1,0,0,0,'19:00:00','21:30:00',9,17,359),(471,'REG-VIR-ITM-2 | 2021-4 | MJ | 19:00-21:30 | Ad | - | AVIR','REGOLARE VIRTUAL INTERMEDIO 02 | 2021-ABR | MJ | 19:00-21:30 | Adultos | GRUPO - | AULA VIRTUAL',19,274,1,2,39,'','2021-04-06','2021-04-27',1,15,70,0,1,0,1,0,0,0,'19:00:00','21:30:00',9,17,360),(472,'REG-VIR-ITM-4 | 2021-4 | MJ | 19:00-21:30 | Ad | - | AVIR','REGOLARE VIRTUAL INTERMEDIO 04 | 2021-ABR | MJ | 19:00-21:30 | Adultos | GRUPO - | AULA VIRTUAL',19,276,1,2,51,'','2021-04-06','2021-04-27',1,15,70,0,1,0,1,0,0,0,'19:00:00','21:30:00',9,17,361),(473,'REG-VIR-BAS-1 | 2021-4 | LX | 15:30-18:00 | Ad | A | AVIR','REGOLARE VIRTUAL BASE 01 | 2021-ABR | LX | 15:30-18:00 | Adultos | GRUPO A | AULA VIRTUAL',19,263,2,2,54,'','2021-04-07','2021-04-28',1,15,70,1,0,1,0,0,0,0,'15:30:00','18:00:00',9,17,362),(474,'REG-VIR-BAS-2 | 2021-4 | LX | 15:30-18:00 | Ad | - | AVIR','REGOLARE VIRTUAL BASE 02 | 2021-ABR | LX | 15:30-18:00 | Adultos | GRUPO - | AULA VIRTUAL',19,264,1,2,11,'','2021-04-07','2021-04-28',1,15,70,1,0,1,0,0,0,0,'15:30:00','18:00:00',9,17,363),(475,'REG-VIR-BAS-2 | 2021-4 | LX | 19:00-21:30 | Ad | A | AVIR','REGOLARE VIRTUAL BASE 02 | 2021-ABR | LX | 19:00-21:30 | Adultos | GRUPO A | AULA VIRTUAL',19,264,2,2,44,'','2021-04-07','2021-04-28',1,15,70,1,0,1,0,0,0,0,'19:00:00','21:30:00',9,17,364),(476,'REG-VIR-BAS-3 | 2021-4 | LX | 15:30-18:00 | Ad | - | AVIR','REGOLARE VIRTUAL BASE 03 | 2021-ABR | LX | 15:30-18:00 | Adultos | GRUPO - | AULA VIRTUAL',19,265,1,2,45,'','2021-04-07','2021-04-28',1,15,70,1,0,1,0,0,0,0,'15:30:00','18:00:00',9,17,365),(478,'REG-VIR-BAS-6 | 2021-4 | LX | 15:30-18:00 | Ad | - | AVIR','REGOLARE VIRTUAL BASE 06 | 2021-ABR | LX | 15:30-18:00 | Adultos | GRUPO - | AULA VIRTUAL',19,268,1,2,61,'','2021-04-07','2021-04-28',1,15,70,1,0,1,0,0,0,0,'15:30:00','18:00:00',9,17,367),(479,'REG-VIR-BAS-7 | 2021-4 | LX | 19:00-21:30 | Ad | - | AVIR','REGOLARE VIRTUAL BASE 07 | 2021-ABR | LX | 19:00-21:30 | Adultos | GRUPO - | AULA VIRTUAL',19,269,1,2,11,'','2021-04-07','2021-04-28',1,15,70,1,0,1,0,0,0,0,'19:00:00','21:30:00',9,17,368),(480,'REG-VIR-BAS-8 | 2021-4 | LX | 19:00-21:30 | Ad | - | AVIR','REGOLARE VIRTUAL BASE 08 | 2021-ABR | LX | 19:00-21:30 | Adultos | GRUPO - | AULA VIRTUAL',19,270,1,2,54,'','2021-04-07','2021-04-28',1,15,70,1,0,1,0,0,0,0,'19:00:00','21:30:00',9,17,369),(481,'REG-VIR-BAS-9 | 2021-4 | LX | 19:00-21:30 | Ad | - | AVIR','REGOLARE VIRTUAL BASE 09 | 2021-ABR | LX | 19:00-21:30 | Adultos | GRUPO - | AULA VIRTUAL',19,271,1,2,10,'','2021-04-07','2021-04-28',1,15,70,1,0,1,0,0,0,0,'19:00:00','21:30:00',9,17,370),(482,'REG-VIR-BAS-10 | 2021-4 | LX | 19:00-21:30 | Ad | - | AVIR','REGOLARE VIRTUAL BASE 10 | 2021-ABR | LX | 19:00-21:30 | Adultos | GRUPO - | AULA VIRTUAL',19,272,1,2,12,'','2021-04-07','2021-04-28',1,15,70,1,0,1,0,0,0,0,'19:00:00','21:30:00',9,17,371),(483,'REG-VIR-ITM-1 | 2021-4 | LX | 19:00-21:30 | Ad | A | AVIR','REGOLARE VIRTUAL INTERMEDIO 01 | 2021-ABR | LX | 19:00-21:30 | Adultos | GRUPO A | AULA VIRTUAL',19,273,2,2,28,'','2021-04-07','2021-04-28',1,15,70,1,0,1,0,0,0,0,'19:00:00','21:30:00',9,17,372),(484,'REG-VIR-ITM-1 | 2021-4 | LX | 19:00-21:30 | Ad | B | AVIR','REGOLARE VIRTUAL INTERMEDIO 01 | 2021-ABR | LX | 19:00-21:30 | Adultos | GRUPO B | AULA VIRTUAL',19,273,3,2,41,'','2021-04-07','2021-04-28',1,15,70,1,0,1,0,0,0,0,'19:00:00','21:30:00',9,17,372),(485,'REG-VIR-ITM-3 | 2021-4 | LX | 19:00-21:30 | Ad | - | AVIR','REGOLARE VIRTUAL INTERMEDIO 03 | 2021-ABR | LX | 19:00-21:30 | Adultos | GRUPO - | AULA VIRTUAL',19,275,1,2,56,'','2021-04-07','2021-04-28',1,15,70,1,0,1,0,0,0,0,'19:00:00','21:30:00',9,17,373),(486,'REG-VIR-ITM-5 | 2021-4 | LX | 19:00-21:30 | Ad | - | AVIR','REGOLARE VIRTUAL INTERMEDIO 05 | 2021-ABR | LX | 19:00-21:30 | Adultos | GRUPO - | AULA VIRTUAL',19,277,1,2,51,'','2021-04-07','2021-04-28',1,15,70,1,0,1,0,0,0,0,'19:00:00','21:30:00',9,17,374),(487,'REG-VIR-ITM-9 | 2021-4 | LX | 19:00-21:30 | Ad | - | AVIR','REGOLARE VIRTUAL INTERMEDIO 09 | 2021-ABR | LX | 19:00-21:30 | Adultos | GRUPO - | AULA VIRTUAL',19,281,1,2,52,'','2021-04-07','2021-04-28',1,15,70,1,0,1,0,0,0,0,'19:00:00','21:30:00',9,17,375),(491,'REG-VIR-BAS-1 | 2021-4 | LXV | 07:00-08:45 | Ad | A | AVIR','REGOLARE VIRTUAL BASE 01 | 2021-ABR | LXV | 07:00-08:45 | Adultos | GRUPO A | AULA VIRTUAL',19,263,2,2,43,'','2021-04-07','2021-04-28',1,15,70,1,0,1,0,1,0,0,'07:00:00','08:45:00',9,17,377),(492,'REG-VIR-BAS-1 | 2021-4 | LXV | 07:00-08:45 | Ad | B | AVIR','REGOLARE VIRTUAL BASE 01 | 2021-ABR | LXV | 07:00-08:45 | Adultos | GRUPO B | AULA VIRTUAL',19,263,3,2,47,'','2021-04-07','2021-04-28',1,15,70,1,0,1,0,1,0,0,'07:00:00','08:45:00',9,17,377),(493,'REG-VIR-BAS-1 | 2021-4 | LXV | 11:30-13:15 | Ad | - | AVIR','REGOLARE VIRTUAL BASE 01 | 2021-ABR | LXV | 11:30-13:15 | Adultos | GRUPO - | AULA VIRTUAL',19,263,1,2,43,'','2021-04-07','2021-04-28',1,15,70,1,0,1,0,1,0,0,'11:30:00','13:15:00',9,17,378),(494,'REG-VIR-BAS-2 | 2021-4 | LXV | 07:00-08:45 | Ad | A | AVIR','REGOLARE VIRTUAL BASE 02 | 2021-ABR | LXV | 07:00-08:45 | Adultos | GRUPO A | AULA VIRTUAL',19,264,2,2,38,'','2021-04-07','2021-04-28',1,15,70,1,0,1,0,1,0,0,'07:00:00','08:45:00',9,17,379),(495,'REG-VIR-BAS-2 | 2021-4 | LXV | 11:30-13:15 | Ad | - | AVIR','REGOLARE VIRTUAL BASE 02 | 2021-ABR | LXV | 11:30-13:15 | Adultos | GRUPO - | AULA VIRTUAL',19,264,1,2,57,'','2021-04-07','2021-04-28',1,15,70,1,0,1,0,1,0,0,'11:30:00','13:15:00',9,17,380),(496,'REG-VIR-BAS-3 | 2021-4 | LXV | 07:00-08:45 | Ad | A | AVIR','REGOLARE VIRTUAL BASE 03 | 2021-ABR | LXV | 07:00-08:45 | Adultos | GRUPO A | AULA VIRTUAL',19,265,2,2,6,'','2021-04-07','2021-04-28',1,15,70,1,0,1,0,1,0,0,'07:00:00','08:45:00',9,17,381),(497,'REG-VIR-BAS-3 | 2021-4 | LXV | 07:00-08:45 | Ad | B | AVIR','REGOLARE VIRTUAL BASE 03 | 2021-ABR | LXV | 07:00-08:45 | Adultos | GRUPO B | AULA VIRTUAL',19,265,3,2,57,'','2021-04-07','2021-04-28',1,15,70,1,0,1,0,1,0,0,'07:00:00','08:45:00',9,17,381),(498,'REG-VIR-BAS-3 | 2021-4 | LXV | 11:30-13:15 | Ad | - | AVIR','REGOLARE VIRTUAL BASE 03 | 2021-ABR | LXV | 11:30-13:15 | Adultos | GRUPO - | AULA VIRTUAL',19,265,1,2,47,'','2021-04-07','2021-04-28',1,15,70,1,0,1,0,1,0,0,'11:30:00','13:15:00',9,17,382),(499,'REG-VIR-BAS-4 | 2021-4 | LXV | 07:00-08:45 | Ad | - | AVIR','REGOLARE VIRTUAL BASE 04 | 2021-ABR | LXV | 07:00-08:45 | Adultos | GRUPO - | AULA VIRTUAL',19,266,1,2,7,'','2021-04-07','2021-04-28',1,15,70,1,0,1,0,1,0,0,'07:00:00','08:45:00',9,17,383),(501,'REG-VIR-BAS-5 | 2021-4 | LXV | 07:00-08:45 | Ad | - | AVIR','REGOLARE VIRTUAL BASE 05 | 2021-ABR | LXV | 07:00-08:45 | Adultos | GRUPO - | AULA VIRTUAL',19,267,1,2,35,'','2021-04-07','2021-04-28',1,15,70,1,0,1,0,1,0,0,'07:00:00','08:45:00',9,17,385),(502,'REG-VIR-BAS-6 | 2021-4 | LXV | 07:00-08:45 | Ad | A | AVIR','REGOLARE VIRTUAL BASE 06 | 2021-ABR | LXV | 07:00-08:45 | Adultos | GRUPO A | AULA VIRTUAL',19,268,2,2,22,'','2021-04-07','2021-04-28',1,15,70,1,0,1,0,1,0,0,'07:00:00','08:45:00',9,17,386),(504,'REG-VIR-BAS-7 | 2021-4 | LXV | 07:00-08:45 | Ad | - | AVIR','REGOLARE VIRTUAL BASE 07 | 2021-ABR | LXV | 07:00-08:45 | Adultos | GRUPO - | AULA VIRTUAL',19,269,1,2,61,'','2021-04-07','2021-04-28',1,15,70,1,0,1,0,1,0,0,'07:00:00','08:45:00',9,17,387),(505,'REG-VIR-BAS-8 | 2021-4 | LXV | 07:00-08:45 | Ad | - | AVIR','REGOLARE VIRTUAL BASE 08 | 2021-ABR | LXV | 07:00-08:45 | Adultos | GRUPO - | AULA VIRTUAL',19,270,1,2,10,'','2021-04-07','2021-04-28',1,15,70,1,0,1,0,1,0,0,'07:00:00','08:45:00',9,17,388),(506,'REG-VIR-BAS-9 | 2021-4 | LXV | 07:00-08:45 | Ad | - | AVIR','REGOLARE VIRTUAL BASE 09 | 2021-ABR | LXV | 07:00-08:45 | Adultos | GRUPO - | AULA VIRTUAL',19,271,1,2,16,'','2021-04-07','2021-04-28',1,15,70,1,0,1,0,1,0,0,'07:00:00','08:45:00',9,17,389),(508,'INT-VIR-ITM-4 | 2021-4 | LMXJV | 19:00-21:00 | Ad | B | AVIR','INTENSIVO VIRTUAL INTERMEDIO 04 | 2021-ABR | L-V | 19:00-21:00 | Adultos | GRUPO B | AULA VIRTUAL',19,257,3,2,15,'','2021-04-06','2021-04-28',1,15,70,1,1,1,1,1,0,0,'19:00:00','21:00:00',7,34,343),(509,'REG-VIR-BAS-1 | 2021-4 | S | 08:30-13:15 | Ad | A | AVIR','REGOLARE VIRTUAL BASE 01 | 2021-ABR | S | 08:30-13:15 | Adultos | GRUPO A | AULA VIRTUAL',19,263,2,2,45,'','2021-04-10','2021-05-08',1,15,70,0,0,0,0,0,1,0,'08:30:00','13:15:00',9,17,391),(510,'REG-VIR-BAS-1 | 2021-4 | S | 08:30-13:15 | Ad | B | AVIR','REGOLARE VIRTUAL BASE 01 | 2021-ABR | S | 08:30-13:15 | Adultos | GRUPO B | AULA VIRTUAL',19,263,3,2,39,'','2021-04-10','2021-05-08',1,15,70,0,0,0,0,0,1,0,'08:30:00','13:15:00',9,17,391),(511,'REG-VIR-BAS-1 | 2021-4 | S | 14:00-18:45 | Ad | A | AVIR','REGOLARE VIRTUAL BASE 01 | 2021-ABR | S | 14:00-18:45 | Adultos | GRUPO A | AULA VIRTUAL',19,263,2,2,57,'','2021-04-10','2021-05-08',1,15,70,0,0,0,0,0,1,0,'14:00:00','18:45:00',9,17,392),(512,'REG-VIR-BAS-1 | 2021-4 | S | 14:00-18:45 | Ad | B | AVIR','REGOLARE VIRTUAL BASE 01 | 2021-ABR | S | 14:00-18:45 | Adultos | GRUPO B | AULA VIRTUAL',19,263,3,2,42,'','2021-04-10','2021-05-08',1,15,70,0,0,0,0,0,1,0,'14:00:00','18:45:00',9,17,392),(513,'REG-VIR-BAS-2 | 2021-4 | S | 08:30-13:15 | Ad | A | AVIR','REGOLARE VIRTUAL BASE 02 | 2021-ABR | S | 08:30-13:15 | Adultos | GRUPO A | AULA VIRTUAL',19,264,2,2,16,'','2021-04-10','2021-05-08',1,15,70,0,0,0,0,0,1,0,'08:30:00','13:15:00',9,17,393),(515,'REG-VIR-BAS-3 | 2021-4 | S | 08:30-13:15 | Ad | - | AVIR','REGOLARE VIRTUAL BASE 03 | 2021-ABR | S | 08:30-13:15 | Adultos | GRUPO - | AULA VIRTUAL',19,265,1,2,20,'','2021-04-10','2021-05-08',1,15,70,0,0,0,0,0,1,0,'08:30:00','13:15:00',9,17,395),(516,'REG-VIR-BAS-4 | 2021-4 | S | 08:30-13:15 | Ad | A | AVIR','REGOLARE VIRTUAL BASE 04 | 2021-ABR | S | 08:30-13:15 | Adultos | GRUPO A | AULA VIRTUAL',19,266,2,2,11,'','2021-04-10','2021-05-08',1,15,70,0,0,0,0,0,1,0,'08:30:00','13:15:00',9,17,397),(517,'REG-VIR-BAS-6 | 2021-4 | S | 08:30-13:15 | Ad | - | AVIR','REGOLARE VIRTUAL BASE 06 | 2021-ABR | S | 08:30-13:15 | Adultos | GRUPO - | AULA VIRTUAL',19,268,1,2,12,'','2021-04-10','2021-05-08',1,15,70,0,0,0,0,0,1,0,'08:30:00','13:15:00',9,17,398),(518,'REG-VIR-BAS-8 | 2021-4 | S | 08:30-13:15 | Ad | A | AVIR','REGOLARE VIRTUAL BASE 08 | 2021-ABR | S | 08:30-13:15 | Adultos | GRUPO A | AULA VIRTUAL',19,270,2,2,37,'','2021-04-10','2021-05-08',1,15,70,0,0,0,0,0,1,0,'08:30:00','13:15:00',9,17,399),(519,'REG-VIR-BAS-8 | 2021-4 | S | 08:30-13:15 | Ad | B | AVIR','REGOLARE VIRTUAL BASE 08 | 2021-ABR | S | 08:30-13:15 | Adultos | GRUPO B | AULA VIRTUAL',19,270,3,2,54,'','2021-04-10','2021-05-08',1,15,70,0,0,0,0,0,1,0,'08:30:00','13:15:00',9,17,399),(520,'REG-VIR-ITM-8 | 2021-4 | S | 08:30-13:15 | Ad | - | AVIR','REGOLARE VIRTUAL INTERMEDIO 08 | 2021-ABR | S | 08:30-13:15 | Adultos | GRUPO - | AULA VIRTUAL',19,280,1,2,10,'','2021-04-10','2021-05-08',1,15,70,0,0,0,0,0,1,0,'08:30:00','13:15:00',9,17,400),(521,'REG-VIR-ADV-1 | 2021-4 | S | 08:30-13:15 | Ad | - | AVIR','REGOLARE VIRTUAL AVANZATO 01 | 2021-ABR | S | 08:30-13:15 | Adultos | GRUPO - | AULA VIRTUAL',19,283,1,2,52,'','2021-04-10','2021-05-08',1,15,70,0,0,0,0,0,1,0,'08:30:00','13:15:00',9,17,401),(522,'REG-VIR-ADV-3 | 2021-4 | S | 08:30-13:15 | Ad | A | AVIR','REGOLARE VIRTUAL AVANZATO 03 | 2021-ABR | S | 08:30-13:15 | Adultos | GRUPO A | AULA VIRTUAL',19,285,2,2,33,'','2021-04-10','2021-05-08',1,15,70,0,0,0,0,0,1,0,'08:30:00','13:15:00',9,17,402),(523,'REG-VIR-ADV-3 | 2021-4 | S | 08:30-13:15 | Ad | B | AVIR','REGOLARE VIRTUAL AVANZATO 03 | 2021-ABR | S | 08:30-13:15 | Adultos | GRUPO B | AULA VIRTUAL',19,285,3,2,5,'','2021-04-10','2021-05-08',1,15,70,0,0,0,0,0,1,0,'08:30:00','13:15:00',9,17,402),(524,'REG-VIR-BAS-4 | 2021-4 | S | 08:30-13:15 | Ad | B | AVIR','REGOLARE VIRTUAL BASE 04 | 2021-ABR | S | 08:30-13:15 | Adultos | GRUPO B | AULA VIRTUAL',19,266,3,2,21,'','2021-04-10','2021-05-08',1,15,70,0,0,0,0,0,1,0,'08:30:00','13:15:00',9,17,397),(525,'REG-VIR-BAS-2 | 2021-4 | S | 08:30-13:15 | Ad | B | AVIR','REGOLARE VIRTUAL BASE 02 | 2021-ABR | S | 08:30-13:15 | Adultos | GRUPO B | AULA VIRTUAL',19,264,3,2,57,'','2021-04-10','2021-05-08',1,15,70,0,0,0,0,0,1,0,'08:30:00','13:15:00',9,17,393);

--
-- Table structure for table `como_nos_conociste`
--

CREATE TABLE `como_nos_conociste` (
  `Id_cnq` int(15) NOT NULL AUTO_INCREMENT,
  `Abr_cnq` varchar(5) COLLATE utf8_spanish_ci DEFAULT NULL,
  `Des_cnq` varchar(100) COLLATE utf8_spanish_ci DEFAULT NULL,
  PRIMARY KEY (`Id_cnq`)
) ENGINE=InnoDB AUTO_INCREMENT=8 DEFAULT CHARSET=utf8 COLLATE=utf8_spanish_ci;

--
-- Dumping data for table `como_nos_conociste`
--

INSERT INTO `como_nos_conociste` (`Id_cnq`, `Abr_cnq`, `Des_cnq`) VALUES (1,'PER','PERIÓDICOS'),(2,'WEB','SITIO WEB'),(3,'AMI','AMIGOS'),(4,'FACE','FACEBOOK'),(5,'FAM','FAMILIAR'),(6,'OTRO','OTROS'),(7,'N/I','NO INFORMADO');

--
-- Table structure for table `condicion_detalle_de_cursos_prematricula`
--

CREATE TABLE `condicion_detalle_de_cursos_prematricula` (
  `Id_cond` int(15) NOT NULL AUTO_INCREMENT,
  `Abr_cond` varchar(6) COLLATE utf8_spanish_ci NOT NULL,
  `Des_cond` varchar(30) COLLATE utf8_spanish_ci NOT NULL,
  PRIMARY KEY (`Id_cond`)
) ENGINE=InnoDB AUTO_INCREMENT=9 DEFAULT CHARSET=utf8 COLLATE=utf8_spanish_ci;

--
-- Dumping data for table `condicion_detalle_de_cursos_prematricula`
--

INSERT INTO `condicion_detalle_de_cursos_prematricula` (`Id_cond`, `Abr_cond`, `Des_cond`) VALUES (1,'CUR','CURSANDO'),(2,'APRO','APROBADO'),(3,'DESA','DESAPROBADO'),(4,'DESI','DESAPROBADO POR INASISTENCIA'),(5,'RET','RETIRADO'),(6,'NOPAGO','NO PAGÓ'),(7,'APRS','APROBADO SECRETARÍA');

--
-- Table structure for table `convenios`
--

CREATE TABLE `convenios` (
  `Id_con` int(15) NOT NULL AUTO_INCREMENT,
  `Abr_con` varchar(6) CHARACTER SET utf8 COLLATE utf8_spanish_ci NOT NULL,
  `Des_con` varchar(75) CHARACTER SET utf8 COLLATE utf8_spanish_ci NOT NULL,
  `Sta_con` int(15) NOT NULL,
  `Dscto_con` decimal(15,2) DEFAULT NULL,
  `Not_con` varchar(1000) CHARACTER SET utf8 COLLATE utf8_spanish_ci DEFAULT NULL,
  PRIMARY KEY (`Id_con`),
  KEY `Sta_con` (`Sta_con`),
  CONSTRAINT `convenios_ibfk_1` FOREIGN KEY (`Sta_con`) REFERENCES `status_de_convenios` (`Id_sta`)
) ENGINE=InnoDB AUTO_INCREMENT=6 DEFAULT CHARSET=utf8;

--
-- Dumping data for table `convenios`
--

INSERT INTO `convenios` (`Id_con`, `Abr_con`, `Des_con`, `Sta_con`, `Dscto_con`, `Not_con`) VALUES (1,'S/C','SIN CONVENIO',1,0.00,''),(2,'XS.C.','CONVENIO CERO',2,0.00,'REGISTRO DE PRUEBA'),(4,'XBC100','BECA TOTAL',1,100.00,'Becas 100%'),(5,'XBC50','MEDIA BECA',1,50.00,'Becas 50 %');

--
-- Table structure for table `cursos`
--

CREATE TABLE `cursos` (
  `Id_cur` int(15) NOT NULL AUTO_INCREMENT,
  `Abr_cur` varchar(15) COLLATE utf8_spanish_ci NOT NULL,
  `Des_cur` varchar(75) COLLATE utf8_spanish_ci NOT NULL,
  `Niv_cur` int(20) NOT NULL,
  `Sniv_cur` int(10) NOT NULL,
  `Pre_cur` decimal(10,2) NOT NULL,
  `Mod_cur` int(15) NOT NULL,
  `HabCon_cur` int(1) NOT NULL,
  `Tip_cur` int(15) NOT NULL,
  `Not_cur` varchar(1000) COLLATE utf8_spanish_ci DEFAULT NULL,
  `Lib_cur` varchar(50) COLLATE utf8_spanish_ci DEFAULT NULL,
  `Und_cur` varchar(50) COLLATE utf8_spanish_ci DEFAULT NULL,
  `Sta_cur` int(15) NOT NULL,
  `HabPrma_cur` int(1) NOT NULL,
  `Stip_cur` int(15) NOT NULL,
  `SgteNivSni_cur` int(15) NOT NULL,
  PRIMARY KEY (`Id_cur`),
  KEY `Niv_cur` (`Niv_cur`),
  KEY `Mod_cur` (`Mod_cur`),
  KEY `Tip_cur` (`Tip_cur`),
  KEY `Sta_cur` (`Sta_cur`),
  KEY `Stip_cur` (`Stip_cur`),
  CONSTRAINT `cursos_ibfk_1` FOREIGN KEY (`Niv_cur`) REFERENCES `niveles_de_cursos` (`Id_niv`),
  CONSTRAINT `cursos_ibfk_2` FOREIGN KEY (`Mod_cur`) REFERENCES `modalidades_de_cursos` (`Id_mod`),
  CONSTRAINT `cursos_ibfk_3` FOREIGN KEY (`Tip_cur`) REFERENCES `tipos_de_cursos` (`Id_tip`),
  CONSTRAINT `cursos_ibfk_4` FOREIGN KEY (`Sta_cur`) REFERENCES `status_de_cursos` (`Id_sta`),
  CONSTRAINT `cursos_ibfk_5` FOREIGN KEY (`Stip_cur`) REFERENCES `subtipos_de_cursos` (`Id_stip`)
) ENGINE=InnoDB AUTO_INCREMENT=334 DEFAULT CHARSET=utf8 COLLATE=utf8_spanish_ci;

--
-- Dumping data for table `cursos`
--

INSERT INTO `cursos` (`Id_cur`, `Abr_cur`, `Des_cur`, `Niv_cur`, `Sniv_cur`, `Pre_cur`, `Mod_cur`, `HabCon_cur`, `Tip_cur`, `Not_cur`, `Lib_cur`, `Und_cur`, `Sta_cur`, `HabPrma_cur`, `Stip_cur`, `SgteNivSni_cur`) VALUES (1,'BASE','BASE',1,0,0.00,1,0,2,'','-','-',1,1,3,263),(193,'SIN-PRE-BAS-1','SUPER INTENSIVO PRESENCIAL BASE 01',1,1,0.00,3,1,1,'','ESPRESSO 1','(1-5)',1,1,3,194),(194,'SIN-PRE-BAS-2','SUPER INTENSIVO PRESENCIAL BASE 02',1,2,0.00,3,1,1,'','ESPRESSO 1','(6-10)',1,1,1,195),(195,'SIN-PRE-BAS-3','SUPER INTENSIVO PRESENCIAL BASE 03',1,3,0.00,3,1,1,'','ESPRESSO 2','(1-5)',1,1,1,196),(196,'SIN-PRE-BAS-4','SUPER INTENSIVO PRESENCIAL BASE 04',1,4,0.00,3,1,1,'','ESPRESSO 2','(6-10)',1,1,1,197),(197,'SIN-PRE-ITM-1','SUPER INTENSIVO PRESENCIAL INTERMEDIO 01',2,1,0.00,3,1,1,'','ESPRESSO 3','(1-5)',1,1,1,198),(198,'SIN-PRE-ITM-2','SUPER INTENSIVO PRESENCIAL INTERMEDIO 02',2,2,0.00,3,1,1,'','ESPRESSO 3','(6-10)',1,1,1,199),(199,'SIN-PRE-ITM-3','SUPER INTENSIVO PRESENCIAL INTERMEDIO 03',2,3,0.00,3,1,1,'','MAGARI B2','(1-5)',1,1,1,200),(200,'SIN-PRE-ITM-4','SUPER INTENSIVO PRESENCIAL INTERMEDIO 04',2,4,0.00,3,1,1,'','MAGARI B2','(6-9)',1,1,1,293),(201,'INT-PRE-BAS-1','INTENSIVO PRESENCIAL BASE 01',1,1,0.00,2,1,1,'','ESPRESSO 1','(1-4)',1,1,3,202),(202,'INT-PRE-BAS-2','INTENSIVO PRESENCIAL BASE 02',1,2,0.00,2,1,1,'','ESPRESSO 1','(5-8)',1,1,1,203),(203,'INT-PRE-BAS-3','INTENSIVO PRESENCIAL BASE 03',1,3,0.00,2,1,1,'','ESPRESSO 1 / ESPRESSO 2','(9-10 / 1-2)',1,1,1,204),(204,'INT-PRE-BAS-4','INTENSIVO PRESENCIAL BASE 04',1,4,0.00,2,1,1,'','ESPRESSO 2','(3-6)',1,1,1,205),(205,'INT-PRE-BAS-5','INTENSIVO PRESENCIAL BASE 05',1,5,0.00,2,1,1,'','ESPRESSO 2','(7-10)',1,1,1,206),(206,'INT-PRE-ITM-1','INTENSIVO PRESENCIAL INTERMEDIO 01',2,1,0.00,2,1,1,'','ESPRESSO 3','(1-4)',1,1,1,207),(207,'INT-PRE-ITM-2','INTENSIVO PRESENCIAL INTERMEDIO 02',2,2,0.00,2,1,1,'','ESPRESSO 3','(5-8)',1,1,1,208),(208,'INT-PRE-ITM-3','INTENSIVO PRESENCIAL INTERMEDIO 03',2,3,0.00,2,1,1,'','ESPRESSO 3 /MAGARI B2','(9-10 / 1-2)',1,1,1,209),(209,'INT-PRE-ITM-4','INTENSIVO PRESENCIAL INTERMEDIO 04',2,4,0.00,2,1,1,'','MAGARI B2','(3-6)',1,1,1,210),(210,'INT-PRE-ITM-5','INTENSIVO PRESENCIAL INTERMEDIO 05',2,5,0.00,2,1,1,'','MAGARI B2','(6-9)',1,1,1,211),(211,'INT-PRE-ADV-1','INTENSIVO PRESENCIAL AVANZATO 01',3,1,0.00,2,1,1,'','MAGARI C1/C2','(10-12)',1,1,1,212),(212,'INT-PRE-ADV-2','INTENSIVO PRESENCIAL AVANZATO 02',3,2,0.00,2,1,1,'','MAGARI C1/C2','(13-15)',1,1,1,213),(213,'INT-PRE-ADV-3','INTENSIVO PRESENCIAL AVANZATO 03',3,3,0.00,2,1,1,'','MAGARI C1/C2','(16-18)',1,1,1,214),(214,'INT-PRE-ADV-4','INTENSIVO PRESENCIAL AVANZATO 04',3,4,0.00,2,1,1,'','MAGARI C1/C2','(19-21)',1,1,1,293),(215,'REG-PRE-BAS-1','REGOLARE PRESENCIAL BASE 01',1,1,0.00,1,1,1,'','ESPRESSO 1','(1-2)',1,1,3,216),(216,'REG-PRE-BAS-2','REGOLARE PRESENCIAL BASE 02',1,2,0.00,1,1,1,'','ESPRESSO 1','(3-4)',1,1,1,217),(217,'REG-PRE-BAS-3','REGOLARE PRESENCIAL BASE 03',1,3,0.00,1,1,1,'','ESPRESSO 1','(5-6)',1,1,1,218),(218,'REG-PRE-BAS-4','REGOLARE PRESENCIAL BASE 04',1,4,0.00,1,1,1,'','ESPRESSO 1','(7-8)',1,1,1,219),(219,'REG-PRE-BAS-5','REGOLARE PRESENCIAL BASE 05',1,5,0.00,1,1,1,'','ESPRESSO 1','(9-10)',1,1,1,220),(220,'REG-PRE-BAS-6','REGOLARE PRESENCIAL BASE 06',1,6,0.00,1,1,1,'','ESPRESSO 2','(1-2)',1,1,1,221),(221,'REG-PRE-BAS-7','REGOLARE PRESENCIAL BASE 07',1,7,0.00,1,1,1,'','ESPRESSO 2','(3-4)',1,1,1,222),(222,'REG-PRE-BAS-8','REGOLARE PRESENCIAL BASE 08',1,8,0.00,1,1,1,'','ESPRESSO 2','(5-6)',1,1,1,223),(223,'REG-PRE-BAS-9','REGOLARE PRESENCIAL BASE 09',1,9,0.00,1,1,1,'','ESPRESSO 2','(7-8)',1,1,1,224),(224,'REG-PRE-BAS-10','REGOLARE PRESENCIAL BASE 10',1,10,0.00,1,1,1,'','ESPRESSO 2','(9-10)',1,1,1,225),(225,'REG-PRE-ITM-1','REGOLARE PRESENCIAL INTERMEDIO 01',2,1,0.00,1,1,1,'','ESPRESSO 3','(1-2)',1,1,1,226),(226,'REG-PRE-ITM-2','REGOLARE PRESENCIAL INTERMEDIO 02',2,2,0.00,1,1,1,'','ESPRESSO 3','(3-4)',1,1,1,227),(227,'REG-PRE-ITM-3','REGOLARE PRESENCIAL INTERMEDIO 03',2,3,0.00,1,1,1,'','ESPRESSO 3','(5-6)',1,1,1,228),(228,'REG-PRE-ITM-4','REGOLARE PRESENCIAL INTERMEDIO 04',2,4,0.00,1,1,1,'','ESPRESSO 3','(7-8)',1,1,1,229),(229,'REG-PRE-ITM-5','REGOLARE PRESENCIAL INTERMEDIO 05',2,5,0.00,1,1,1,'','ESPRESSO 3','(9-10)',1,1,1,230),(230,'REG-PRE-ITM-6','REGOLARE PRESENCIAL INTERMEDIO 06',2,6,0.00,1,1,1,'','MAGARI B2','(1-2)',1,1,1,231),(231,'REG-PRE-ITM-7','REGOLARE PRESENCIAL INTERMEDIO 07',2,7,0.00,1,1,1,'','MAGARI B2','(3-4)',1,1,1,232),(232,'REG-PRE-ITM-8','REGOLARE PRESENCIAL INTERMEDIO 08',2,8,0.00,1,1,1,'','MAGARI B2','(5-6)',1,1,1,233),(233,'REG-PRE-ITM-9','REGOLARE PRESENCIAL INTERMEDIO 09',2,9,0.00,1,1,1,'','MAGARI B2','(7-8)',1,1,1,234),(234,'REG-PRE-ITM-10','REGOLARE PRESENCIAL INTERMEDIO 10',2,10,0.00,1,1,1,'','MAGARI B2','(9)',1,1,1,235),(235,'REG-PRE-ADV-1','REGOLARE PRESENCIAL AVANZATO 01',3,1,0.00,1,1,1,'','MAGARI C1/C2','(10-11)',1,1,1,236),(236,'REG-PRE-ADV-2','REGOLARE PRESENCIAL AVANZATO 02',3,2,0.00,1,1,1,'','MAGARI C1/C2','(12-13)',1,1,1,237),(237,'REG-PRE-ADV-3','REGOLARE PRESENCIAL AVANZATO 03',3,3,0.00,1,1,1,'','MAGARI C1/C2','(14-15)',1,1,1,238),(238,'REG-PRE-ADV-4','REGOLARE PRESENCIAL AVANZATO 04',3,4,0.00,1,1,1,'','MAGARI C1/C2','(16-17)',1,1,1,239),(239,'REG-PRE-ADV-5','REGOLARE PRESENCIAL AVANZATO 05',3,5,0.00,1,1,1,'','MAGARI C1/C2','(18-19)',1,1,1,240),(240,'REG-PRE-ADV-6','REGOLARE PRESENCIAL AVANZATO 06',3,6,0.00,1,1,1,'','MAGARI C1/C2','(20-21)',1,1,1,293),(241,'SIN-VIR-BAS-1','SUPER INTENSIVO VIRTUAL BASE 01',1,1,360.00,3,0,2,'','ESPRESSO 1','(1-5)',1,1,3,242),(242,'SIN-VIR-BAS-2','SUPER INTENSIVO VIRTUAL BASE 02',1,2,360.00,3,0,2,'','ESPRESSO 1','(6-10)',1,1,1,243),(243,'SIN-VIR-BAS-3','SUPER INTENSIVO VIRTUAL BASE 03',1,3,360.00,3,0,2,'','ESPRESSO 2','(1-5)',1,1,1,244),(244,'SIN-VIR-BAS-4','SUPER INTENSIVO VIRTUAL BASE 04',1,4,360.00,3,0,2,'','ESPRESSO 2','(6-10)',1,1,1,245),(245,'SIN-VIR-ITM-1','SUPER INTENSIVO VIRTUAL INTERMEDIO 01',2,1,360.00,3,0,2,'','ESPRESSO 3','(1-5)',1,1,1,246),(246,'SIN-VIR-ITM-2','SUPER INTENSIVO VIRTUAL INTERMEDIO 02',2,2,360.00,3,0,2,'','ESPRESSO 3','(6-10)',1,1,1,247),(247,'SIN-VIR-ITM-3','SUPER INTENSIVO VIRTUAL INTERMEDIO 03',2,3,360.00,3,0,2,'','MAGARI B2','(1-5)',1,1,1,248),(248,'SIN-VIR-ITM-4','SUPER INTENSIVO VIRTUAL INTERMEDIO 04',2,4,360.00,3,0,2,'','MAGARI B2','(6-9)',1,1,1,1),(249,'INT-VIR-BAS-1','INTENSIVO VIRTUAL BASE 01',1,1,300.00,2,0,2,'','ESPRESSO 1','(1-4)',1,1,3,250),(250,'INT-VIR-BAS-2','INTENSIVO VIRTUAL BASE 02',1,2,300.00,2,0,2,'','ESPRESSO 1','(5-8)',1,1,1,251),(251,'INT-VIR-BAS-3','INTENSIVO VIRTUAL BASE 03',1,3,300.00,2,0,2,'','ESPRESSO 1 / ESPRESSO 2','(9-10 / 1-2)',1,1,1,252),(252,'INT-VIR-BAS-4','INTENSIVO VIRTUAL BASE 04',1,4,300.00,2,0,2,'','ESPRESSO 2','(3-6)',1,1,1,253),(253,'INT-VIR-BAS-5','INTENSIVO VIRTUAL BASE 05',1,5,300.00,2,0,2,'','ESPRESSO 2','(7-10)',1,1,1,254),(254,'INT-VIR-ITM-1','INTENSIVO VIRTUAL INTERMEDIO 01',2,1,300.00,2,0,2,'','ESPRESSO 3','(1-4)',1,1,1,255),(255,'INT-VIR-ITM-2','INTENSIVO VIRTUAL INTERMEDIO 02',2,2,300.00,2,0,2,'','ESPRESSO 3','(5-8)',1,1,1,256),(256,'INT-VIR-ITM-3','INTENSIVO VIRTUAL INTERMEDIO 03',2,3,300.00,2,0,2,'','ESPRESSO 3 /MAGARI B2','(9-10 / 1-2)',1,1,1,257),(257,'INT-VIR-ITM-4','INTENSIVO VIRTUAL INTERMEDIO 04',2,4,300.00,2,0,2,'','MAGARI B2','(3-6)',1,1,1,258),(258,'INT-VIR-ITM-5','INTENSIVO VIRTUAL INTERMEDIO 05',2,5,300.00,2,0,2,'','MAGARI B2','(6-9)',1,1,1,259),(259,'INT-VIR-ADV-1','INTENSIVO VIRTUAL AVANZATO 01',3,1,290.00,2,0,2,'','MAGARI C1/C2','(10-12)',1,1,1,260),(260,'INT-VIR-ADV-2','INTENSIVO VIRTUAL AVANZATO 02',3,2,290.00,2,0,2,'','MAGARI C1/C2','(13-15)',1,1,1,261),(261,'INT-VIR-ADV-3','INTENSIVO VIRTUAL AVANZATO 03',3,3,290.00,2,0,2,'','MAGARI C1/C2','(16-18)',1,1,1,262),(262,'INT-VIR-ADV-4','INTENSIVO VIRTUAL AVANZATO 04',3,4,290.00,2,0,2,'','MAGARI C1/C2','(19-21)',1,1,1,1),(263,'REG-VIR-BAS-1','REGOLARE VIRTUAL BASE 01',1,1,180.00,1,0,2,'','ESPRESSO 1','(1-2)',1,1,3,264),(264,'REG-VIR-BAS-2','REGOLARE VIRTUAL BASE 02',1,2,180.00,1,0,2,'','ESPRESSO 1','(3-4)',1,1,1,265),(265,'REG-VIR-BAS-3','REGOLARE VIRTUAL BASE 03',1,3,180.00,1,0,2,'','ESPRESSO 1','(5-6)',1,1,1,266),(266,'REG-VIR-BAS-4','REGOLARE VIRTUAL BASE 04',1,4,180.00,1,0,2,'','ESPRESSO 1','(7-8)',1,1,1,267),(267,'REG-VIR-BAS-5','REGOLARE VIRTUAL BASE 05',1,5,180.00,1,0,2,'','ESPRESSO 1','(9-10)',1,1,1,268),(268,'REG-VIR-BAS-6','REGOLARE VIRTUAL BASE 06',1,6,180.00,1,0,2,'','ESPRESSO 2','(1-2)',1,1,1,269),(269,'REG-VIR-BAS-7','REGOLARE VIRTUAL BASE 07',1,7,180.00,1,0,2,'','ESPRESSO 2','(3-4)',1,1,1,270),(270,'REG-VIR-BAS-8','REGOLARE VIRTUAL BASE 08',1,8,180.00,1,0,2,'','ESPRESSO 2','(5-6)',1,1,1,271),(271,'REG-VIR-BAS-9','REGOLARE VIRTUAL BASE 09',1,9,180.00,1,0,2,'','ESPRESSO 2','(7-8)',1,1,1,272),(272,'REG-VIR-BAS-10','REGOLARE VIRTUAL BASE 10',1,10,180.00,1,0,2,'','ESPRESSO 2','(9-10)',1,1,1,273),(273,'REG-VIR-ITM-1','REGOLARE VIRTUAL INTERMEDIO 01',2,1,180.00,1,0,2,'','ESPRESSO 3','(1-2)',1,1,1,274),(274,'REG-VIR-ITM-2','REGOLARE VIRTUAL INTERMEDIO 02',2,2,180.00,1,0,2,'','ESPRESSO 3','(3-4)',1,1,1,275),(275,'REG-VIR-ITM-3','REGOLARE VIRTUAL INTERMEDIO 03',2,3,180.00,1,0,2,'','ESPRESSO 3','(5-6)',1,1,1,276),(276,'REG-VIR-ITM-4','REGOLARE VIRTUAL INTERMEDIO 04',2,4,180.00,1,0,2,'','ESPRESSO 3','(7-8)',1,1,1,277),(277,'REG-VIR-ITM-5','REGOLARE VIRTUAL INTERMEDIO 05',2,5,180.00,1,0,2,'','ESPRESSO 3','(9-10)',1,1,1,278),(278,'REG-VIR-ITM-6','REGOLARE VIRTUAL INTERMEDIO 06',2,6,180.00,1,0,2,'','MAGARI B2','(1-2)',1,1,1,279),(279,'REG-VIR-ITM-7','REGOLARE VIRTUAL INTERMEDIO 07',2,7,180.00,1,0,2,'','MAGARI B2','(3-4)',1,1,1,280),(280,'REG-VIR-ITM-8','REGOLARE VIRTUAL INTERMEDIO 08',2,8,180.00,1,0,2,'','MAGARI B2','(5-6)',1,1,1,281),(281,'REG-VIR-ITM-9','REGOLARE VIRTUAL INTERMEDIO 09',2,9,180.00,1,0,2,'','MAGARI B2','(7-8)',1,1,1,282),(282,'REG-VIR-ITM-10','REGOLARE VIRTUAL INTERMEDIO 10',2,10,180.00,1,0,2,'','MAGARI B2','(9)',1,1,1,283),(283,'REG-VIR-ADV-1','REGOLARE VIRTUAL AVANZATO 01',3,1,180.00,1,0,2,'','MAGARI C1/C2','(10-11)',1,1,1,284),(284,'REG-VIR-ADV-2','REGOLARE VIRTUAL AVANZATO 02',3,2,180.00,1,0,2,'','MAGARI C1/C2','(12-13)',1,1,1,285),(285,'REG-VIR-ADV-3','REGOLARE VIRTUAL AVANZATO 03',3,3,180.00,1,0,2,'','MAGARI C1/C2','(14-15)',1,1,1,286),(286,'REG-VIR-ADV-4','REGOLARE VIRTUAL AVANZATO 04',3,4,180.00,1,0,2,'','MAGARI C1/C2','(16-17)',1,1,1,287),(287,'REG-VIR-ADV-5','REGOLARE VIRTUAL AVANZATO 05',3,5,180.00,1,0,2,'','MAGARI C1/C2','(18-19)',1,1,1,288),(288,'REG-VIR-ADV-6','REGOLARE VIRTUAL AVANZATO 06',3,6,180.00,1,0,2,'','MAGARI C1/C2','(20-21)',1,1,1,1),(293,'BAM VIR L1-1','BAMBINI VIRTUALE LIBRO 1 - 1',4,1,290.00,6,0,2,'','LIBRO 1 ','1',1,1,3,294),(294,'BAM VIR L1-2','BAMBINI VIRTUALE LIBRO 1 - 2',4,2,290.00,6,0,2,'','LIBRO 1 ','2',1,1,1,295),(295,'BAM VIR L1-3','BAMBINI VIRTUALE LIBRO 1 - 3',4,3,290.00,6,0,2,'','LIBRO 1 ','3',1,1,1,296),(296,'BAM VIR L1-4','BAMBINI VIRTUALE LIBRO 1 - 4',4,4,290.00,6,0,2,'','LIBRO 1 ','4',1,1,1,297),(297,'BAM VIR 1-5','BAMBINI VIRTUALE LIBRO 1 - 5',4,5,290.00,6,0,2,'','LIBRO 1 ','5',1,1,1,298),(298,'BAM VIR L1-6','BAMBINI VIRTUALE LIBRO 1 - 6',4,6,290.00,6,0,2,'','LIBRO 1 ','6',1,1,1,299),(299,'BAM VIR L2-1','BAMBINI VIRTUALE LIBRO 2 - 1',5,1,290.00,6,0,2,'','LIBRO 2','1',1,1,1,300),(300,'BAM VIR L2-2','BAMBINI VIRTUALE LIBRO 2 - 2',5,2,290.00,6,0,2,'','LIBRO 2','2',1,1,1,301),(301,'BAM VIR L2-3','BAMBINI VIRTUALE LIBRO 2 - 3',5,3,290.00,6,0,2,'','LIBRO 2','3',1,1,1,302),(302,'BAM VIR L2-4','BAMBINI VIRTUALE LIBRO 2 - 4',5,4,290.00,6,0,2,'','LIBRO 2','4',1,1,1,303),(303,'BAM VIR L2-5','BAMBINI VIRTUALE LIBRO 2 - 5',5,5,290.00,6,0,2,'','LIBRO 2','5',1,1,1,304),(304,'BAM VIR L2-6','BAMBINI VIRTUALE LIBRO 2 - 6',5,6,290.00,6,0,2,'','LIBRO 2','6',1,1,1,322),(305,'RAG VIR L1-1','RAGAZZI VIRTUALE LIBRO 1 - 1',4,1,290.00,7,0,2,'','LIBRO 1 ','1',1,1,3,306),(306,'RAG VIR L1-2','RAGAZZI VIRTUALE LIBRO 1 - 2',4,2,290.00,7,0,2,'','LIBRO 1','2',1,1,1,307),(307,'RAG VIR L1-3','RAGAZZI VIRTUALE LIBRO 1 - 3',4,3,290.00,7,0,2,'','LIBRO 1 ','3',1,1,1,308),(308,'RAG VIR L1-4','RAGAZZI VIRTUALE LIBRO 1 - 4',4,4,290.00,7,0,2,'','LIBRO 1 ','4',1,1,1,309),(309,'RAG VIR L1-5','RAGAZZI VIRTUALE LIBRO 1 - 5',4,5,290.00,7,0,2,'','LIBRO 1 ','5',1,1,1,310),(310,'RAG VIR L1-6','RAGAZZI VIRTUALE LIBRO 1 - 6',4,6,290.00,7,0,2,'','LIBRO 1 ','6',1,1,1,311),(311,'RAG VIR L2-1','RAGAZZI VIRTUALE LIBRO 2 - 1',5,1,290.00,7,0,2,'','LIBRO 2','1',1,1,1,312),(312,'RAG VIR L2-2','RAGAZZI VIRTUALE LIBRO 2 - 2',5,2,290.00,7,0,2,'','LIBRO 2','2',1,1,1,313),(313,'RAG VIR L2-3','RAGAZZI VIRTUALE LIBRO 2 - 3',5,3,290.00,7,0,2,'','LIBRO 2','3',1,1,1,314),(314,'RAG VIR L2-4','RAGAZZI VIRTUALE LIBRO 2 - 4',5,4,290.00,7,0,2,'','LIBRO 2','4',1,1,1,315),(315,'RAG VIR L2-5','RAGAZZI VIRTUALE LIBRO 2 - 5',5,5,290.00,7,0,2,'','LIBRO 2','5',1,1,1,316),(316,'RAG VIR L2-6','RAGAZZI VIRTUALE LIBRO 2 - 6',5,6,290.00,7,0,2,'','LIBRO 2','6',1,1,1,329),(317,'BAM VIR L3-6','BAMBINI VIRTUALE LIBRO 3 - 6',6,6,290.00,6,0,2,'','LIBRO 3','6',1,1,1,293),(318,'BAM VIR L3-5','BAMBINI VIRTUALE LIBRO 3 - 5',6,5,290.00,6,0,2,'','LIBRO 3','5',1,1,1,317),(319,'BAM VIR L3-4','BAMBINI VIRTUALE LIBRO 3 - 4',6,4,290.00,6,0,2,'','LIBRO 3','4',1,1,1,318),(320,'BAM VIR L3-3','BAMBINI VIRTUALE LIBRO 3 - 3',6,3,290.00,6,0,2,'','LIBRO 3','3',1,1,1,319),(321,'BAM VIR L3-2','BAMBINI VIRTUALE LIBRO 3 - 2',6,2,290.00,6,0,2,'','LIBRO 3','2',1,1,1,320),(322,'BMB VIR L3-1','BAMBINI VIRTUALE LIBRO 3 - 1',6,1,290.00,6,0,2,'','LIBRO 3','1',1,1,1,321),(323,'RAG VIR L3-6','RAGAZZI VIRTUALE LIBRO 3 - 6',6,6,290.00,7,0,2,'','LIBRO 3','6',1,1,1,305),(324,'RAG VIR L3-5','RAGAZZI VIRTUALE LIBRO 3 - 5',6,5,290.00,7,0,2,'','LIBRO 3','5',1,1,1,323),(326,'RAG VIR L3-4','RAGAZZI VIRTUALE LIBRO 3 - 4',6,4,290.00,7,0,2,'','LIBRO 3','4',1,1,1,324),(327,'RAG VIR L3-3','RAGAZZI VIRTUALE LIBRO 3 - 3',6,3,290.00,7,0,2,'','LIBRO 3','3',1,1,1,326),(328,'RAG VIR L3-2','RAGAZZI VIRTUALE LIBRO 3 - 2',6,2,290.00,7,0,2,'','LIBRO 3','2',1,1,1,327),(329,'RAG VIR L3-1','RAGAZZI VIRTUALE LIBRO 3 - 1',6,1,290.00,7,0,2,'','LIBRO 3','1',1,1,1,328),(330,'CONVERSA','CORSO DI CONVERSAZIONE E CULTURA ITALIANA',2,1,210.00,4,0,2,'','','',1,1,2,330),(331,'GRAMMA','GRAMMATICA E FONETICA',2,1,210.00,4,0,2,'','','',1,1,2,331);

--
-- Table structure for table `cursos_prematricula`
--

CREATE TABLE `cursos_prematricula` (
  `Id_cprm` int(15) NOT NULL AUTO_INCREMENT,
  `Fin_cprm` date NOT NULL,
  `Ffi_cprm` date NOT NULL,
  `Cur_cprm` int(15) NOT NULL,
  `Cic_cprm` int(15) NOT NULL,
  `Des_cprm` varchar(255) COLLATE utf8_spanish_ci DEFAULT NULL,
  `EdadMin_cprm` int(2) DEFAULT NULL,
  `EdadMax_cprm` int(2) DEFAULT NULL,
  `Hin_cprm` time DEFAULT NULL,
  `Hfi_cprm` time DEFAULT NULL,
  `Lun_cprm` int(1) DEFAULT NULL,
  `Mar_cprm` int(1) DEFAULT NULL,
  `Mie_cprm` int(1) DEFAULT NULL,
  `Jue_cprm` int(1) DEFAULT NULL,
  `Vie_cprm` int(1) DEFAULT NULL,
  `Sab_cprm` int(1) DEFAULT NULL,
  `Dom_cprm` int(1) DEFAULT NULL,
  `FyHPag_cprm` datetime DEFAULT NULL,
  `Fic_cprm` date DEFAULT NULL,
  `Ffc_cprm` date DEFAULT NULL,
  `Hor_cprm` int(5) DEFAULT NULL,
  `Fno_cprm` int(15) DEFAULT NULL,
  PRIMARY KEY (`Id_cprm`),
  KEY `Cur_prma` (`Cur_cprm`),
  KEY `Cic_prma` (`Cic_cprm`),
  KEY `Fno_cprm` (`Fno_cprm`),
  CONSTRAINT `cursos_prematricula_ibfk_1` FOREIGN KEY (`Cur_cprm`) REFERENCES `cursos` (`Id_cur`),
  CONSTRAINT `cursos_prematricula_ibfk_2` FOREIGN KEY (`Cic_cprm`) REFERENCES `ciclos` (`Id_cic`),
  CONSTRAINT `cursos_prematricula_ibfk_3` FOREIGN KEY (`Fno_cprm`) REFERENCES `formula_clases_notas` (`Id_fno`)
) ENGINE=InnoDB AUTO_INCREMENT=512 DEFAULT CHARSET=utf8 COLLATE=utf8_spanish_ci;

--
-- Dumping data for table `cursos_prematricula`
--

INSERT INTO `cursos_prematricula` (`Id_cprm`, `Fin_cprm`, `Ffi_cprm`, `Cur_cprm`, `Cic_cprm`, `Des_cprm`, `EdadMin_cprm`, `EdadMax_cprm`, `Hin_cprm`, `Hfi_cprm`, `Lun_cprm`, `Mar_cprm`, `Mie_cprm`, `Jue_cprm`, `Vie_cprm`, `Sab_cprm`, `Dom_cprm`, `FyHPag_cprm`, `Fic_cprm`, `Ffc_cprm`, `Hor_cprm`, `Fno_cprm`) VALUES (10,'2021-01-01','2021-01-05',241,16,'SUPER INTENSIVO VIRTUAL BASE 1 | 2021-ENE | L-V | 09:30-12:30',15,70,'09:30:00','12:30:00',1,1,1,1,1,0,0,'2021-01-06 00:00:00','2021-01-05','2021-01-25',0,1),(11,'2021-01-01','2021-01-05',242,16,'SUPER INTENSIVO VIRTUAL BASE 2 | 2021-ENE | L-V | 09:30-12:30',15,70,'09:30:00','12:30:00',1,1,1,1,1,0,0,'2021-01-06 00:00:00','2021-01-05','2021-01-25',0,1),(12,'2021-01-01','2021-01-05',243,16,'SUPER INTENSIVO VIRTUAL BASE 3 | 2021-ENE | L-V | 09:30-12:30',15,70,'09:30:00','12:30:00',1,1,1,1,1,0,0,'2021-01-06 00:00:00','2021-01-05','2021-01-25',0,1),(13,'2021-01-01','2021-01-05',244,16,'SUPER INTENSIVO VIRTUAL BASE 4 | 2021-ENE | L-V | 09:30-12:30',15,70,'09:30:00','12:30:00',1,1,1,1,1,0,0,'2021-01-06 00:00:00','2021-01-05','2021-01-25',0,1),(14,'2021-01-01','2021-01-05',245,16,'SUPER INTENSIVO VIRTUAL INTERMEDIO 1 | 2021-ENE | L-V | 09:30-12:30',15,70,'09:30:00','12:30:00',1,1,1,1,1,0,0,'2021-01-06 00:00:00','2021-01-05','2021-01-25',0,1),(15,'2021-01-01','2021-01-05',249,16,'INTENSIVO VIRTUAL BASE 1 | 2021-ENE | L-V | 07:00-09:00',15,70,'07:00:00','09:00:00',1,1,1,1,1,0,0,'2021-01-06 00:00:00','2021-01-05','2021-01-27',0,1),(16,'2021-01-01','2021-01-05',249,16,'INTENSIVO VIRTUAL BASE 1 | 2021-ENE | L-V | 09:30-11:30',15,70,'09:30:00','11:30:00',1,1,1,1,1,0,0,'2021-01-06 00:00:00','2021-01-05','2021-01-27',0,1),(17,'2021-01-01','2021-01-05',249,16,'INTENSIVO VIRTUAL BASE 1 | 2021-ENE | L-V | 14:00-16:00',15,70,'14:00:00','16:00:00',1,1,1,1,1,0,0,'2021-01-06 00:00:00','2021-01-05','2021-01-27',0,1),(18,'2021-01-01','2021-01-05',249,16,'INTENSIVO VIRTUAL BASE 1 | 2021-ENE | L-V | 16:30-18:30',15,70,'16:30:00','18:30:00',1,1,1,1,1,0,0,'2021-01-06 00:00:00','2021-01-05','2021-01-27',0,1),(19,'2021-01-01','2021-01-05',250,16,'INTENSIVO VIRTUAL BASE 2 | 2021-ENE | L-V | 07:00-09:00',15,70,'07:00:00','09:00:00',1,1,1,1,1,0,0,'2021-01-06 00:00:00','2021-01-05','2021-01-27',0,1),(20,'2021-01-01','2021-01-05',250,16,'INTENSIVO VIRTUAL BASE 2 | 2021-ENE | L-V | 16:30-18:30',15,70,'16:30:00','18:30:00',1,1,1,1,1,0,0,'2021-01-06 00:00:00','2021-01-05','2021-01-27',0,1),(21,'2021-01-01','2021-01-31',251,16,'INTENSIVO VIRTUAL BASE 3 | 2021-ENE | L-V | 11:00-13:00',15,70,'11:00:00','13:00:00',1,1,1,1,1,0,0,'2021-01-06 00:00:00','2021-01-05','2021-01-27',0,1),(22,'2021-01-01','2021-01-31',251,16,'INTENSIVO VIRTUAL BASE 3 | 2021-ENE | L-V | 14:00-16:00',15,70,'14:00:00','16:00:00',1,1,1,1,1,0,0,'2021-01-06 00:00:00','2021-01-05','2021-01-27',0,1),(23,'2021-01-01','2021-01-31',251,16,'INTENSIVO VIRTUAL BASE 3 | 2021-ENE | L-V | 16:30-18:30',15,70,'16:30:00','18:30:00',1,1,1,1,1,0,0,'2021-01-06 00:00:00','2021-01-05','2021-01-27',0,1),(24,'2021-01-01','2021-01-05',252,16,'INTENSIVO VIRTUAL BASE 4 | 2021-ENE | L-V | 07:00-09:00',15,70,'07:00:00','09:00:00',1,1,1,1,1,0,0,'2021-01-06 00:00:00','2021-01-05','2021-01-27',0,1),(25,'2021-01-01','2021-01-05',252,16,'INTENSIVO VIRTUAL BASE 4 | 2021-ENE | L-V | 16:30-18:30',15,70,'16:30:00','18:30:00',1,1,1,1,1,0,0,'2021-01-06 00:00:00','2021-01-05','2021-01-27',0,1),(26,'2021-01-01','2021-01-05',252,16,'INTENSIVO VIRTUAL BASE 4 | 2021-ENE | L-V | 14:00-16:00',15,70,'14:00:00','16:00:00',1,1,1,1,1,0,0,'2021-01-06 00:00:00','2021-01-05','2021-01-27',0,1),(27,'2021-01-01','2021-01-05',252,16,'INTENSIVO VIRTUAL BASE 4 | 2021-ENE | L-V | 19:00-21:00',15,70,'19:00:00','21:00:00',1,1,1,1,1,0,0,'2021-01-06 00:00:00','2021-01-05','2021-01-27',0,1),(28,'2021-01-01','2021-01-24',253,16,'INTENSIVO VIRTUAL BASE 5 | 2021-ENE | L-V | 07:00-09:00',15,70,'07:00:00','09:00:00',1,1,1,1,1,0,0,'2021-01-06 00:00:00','2021-01-05','2021-01-27',0,1),(29,'2021-01-01','2021-01-24',253,16,'INTENSIVO VIRTUAL BASE 5 | 2021-ENE | L-V | 16:30-18:30',15,70,'16:30:00','18:30:00',1,1,1,1,1,0,0,'2021-01-06 00:00:00','2021-01-05','2021-01-27',0,1),(30,'2021-01-01','2021-01-05',253,16,'INTENSIVO VIRTUAL BASE 5 | 2021-ENE | L-V | 19:00-21:00',15,70,'19:00:00','21:00:00',1,1,1,1,1,0,0,'2021-01-06 00:00:00','2021-01-05','2021-01-27',0,1),(31,'2021-01-01','2021-01-05',254,16,'INTENSIVO VIRTUAL INTERMEDIO 1 | 2021-ENE | L-V | 07:00-09:00',15,70,'07:00:00','09:00:00',1,1,1,1,1,0,0,'2021-01-06 00:00:00','2021-01-05','2021-01-27',0,1),(32,'2021-01-01','2021-01-05',254,16,'INTENSIVO VIRTUAL INTERMEDIO 1 | 2021-ENE | L-V | 14:00-16:00',15,70,'14:00:00','16:00:00',1,1,1,1,1,0,0,'2021-01-06 00:00:00','2021-01-05','2021-01-27',0,1),(33,'2021-01-01','2021-01-05',254,16,'INTENSIVO VIRTUAL INTERMEDIO 1 | 2021-ENE | L-V | 16:30-18:30',15,70,'16:30:00','18:30:00',1,1,1,1,1,0,0,'2021-01-06 00:00:00','2021-01-05','2021-01-27',0,1),(34,'2021-01-01','2021-01-05',254,16,'INTENSIVO VIRTUAL INTERMEDIO 1 | 2021-ENE | L-V | 19:00-21:00',15,70,'19:00:00','21:00:00',1,1,1,1,1,0,0,'2021-01-06 00:00:00','2021-01-05','2021-01-27',0,1),(35,'2021-01-01','2021-01-05',255,16,'INTENSIVO VIRTUAL INTERMEDIO 2 | 2021-ENE | L-V | 07:00-09:00',15,70,'07:00:00','09:00:00',1,1,1,1,1,0,0,'2021-01-06 00:00:00','2021-01-05','2021-01-27',0,1),(36,'2021-01-01','2021-01-05',255,16,'INTENSIVO VIRTUAL INTERMEDIO 2 | 2021-ENE | L-V | 16:30-18:30',15,70,'16:30:00','18:30:00',1,1,1,1,1,0,0,'2021-01-06 00:00:00','2021-01-05','2021-01-27',0,1),(37,'2021-01-01','2021-01-05',255,16,'INTENSIVO VIRTUAL INTERMEDIO 2 | 2021-ENE | L-V | 19:00-21:00',15,70,'19:00:00','21:00:00',1,1,1,1,1,0,0,'2021-01-06 00:00:00','2021-01-05','2021-01-27',0,1),(38,'2021-01-01','2021-01-05',256,16,'INTENSIVO VIRTUAL INTERMEDIO 3 | 2021-ENE | L-V | 07:00-09:00',15,70,'07:00:00','09:00:00',1,1,1,1,1,0,0,'2021-01-06 00:00:00','2021-01-05','2021-01-27',0,1),(39,'2021-01-01','2021-01-05',256,16,'INTENSIVO VIRTUAL INTERMEDIO 3 | 2021-ENE | L-V | 14:00-16:00',15,70,'14:00:00','16:00:00',1,1,1,1,1,0,0,'2021-01-06 00:00:00','2021-01-05','2021-01-27',0,1),(40,'2021-01-01','2021-01-05',256,16,'INTENSIVO VIRTUAL INTERMEDIO 3 | 2021-ENE | L-V | 19:00-21:00',15,70,'19:00:00','21:00:00',1,1,1,1,1,0,0,'2021-01-06 00:00:00','2021-01-05','2021-01-27',0,1),(41,'2021-01-01','2021-01-05',257,16,'INTENSIVO VIRTUAL INTERMEDIO 4 | 2021-ENE | L-V | 07:00-09:00',15,70,'07:00:00','09:00:00',1,1,1,1,1,0,0,'2021-01-06 00:00:00','2021-01-05','2021-01-27',0,1),(42,'2021-01-01','2021-01-05',257,16,'INTENSIVO VIRTUAL INTERMEDIO 4 | 2021-ENE | L-V | 19:00-21:00',15,70,'19:00:00','21:00:00',1,1,1,1,1,0,0,'2021-01-06 00:00:00','2021-01-05','2021-01-27',0,1),(43,'2021-01-01','2021-01-05',258,16,'INTENSIVO VIRTUAL INTERMEDIO 5 | 2021-ENE | L-V | 19:00-21:00',15,70,'19:00:00','21:00:00',1,1,1,1,1,0,0,'2021-01-06 00:00:00','2021-01-05','2021-01-27',0,1),(44,'2021-01-01','2021-01-05',259,16,'INTENSIVO VIRTUAL AVANZATO 1 | 2021-ENE | L-V | 19:00-21:00',15,70,'19:00:00','21:00:00',1,1,1,1,1,0,0,'2021-01-06 00:00:00','2021-01-05','2021-01-25',0,1),(45,'2021-01-01','2021-01-05',260,16,'INTENSIVO VIRTUAL AVANZATO 2 | 2021-ENE | L-V | 16:30-18:30',15,70,'16:30:00','18:30:00',1,1,1,1,1,0,0,'2021-01-06 00:00:00','2021-01-05','2021-01-25',0,1),(46,'2021-01-01','2021-01-05',260,16,'INTENSIVO VIRTUAL AVANZATO 2 | 2021-ENE | L-V | 19:00-21:00',15,70,'19:00:00','21:00:00',1,1,1,1,1,0,0,'2021-01-06 00:00:00','2021-01-05','2021-01-25',0,1),(47,'2021-01-01','2021-01-05',262,16,'INTENSIVO VIRTUAL AVANZATO 4 | 2021-ENE | L-V | 19:00-21:00',15,70,'19:00:00','21:00:00',1,1,1,1,1,0,0,'2021-01-06 00:00:00','2021-01-05','2021-01-25',0,1),(48,'2021-01-01','2021-01-06',263,16,'REGOLARE VIRTUAL BASE 1 | 2021-ENE | LX | 15:30-18:00',15,70,'15:30:00','18:00:00',1,0,1,0,0,0,0,'2021-01-07 00:00:00','2021-01-06','2021-01-27',0,1),(49,'2021-01-01','2021-01-06',263,16,'REGOLARE VIRTUAL BASE 1 | 2021-ENE | LX | 19:00-21:30',15,70,'19:00:00','21:30:00',1,0,1,0,0,0,0,'2021-01-07 00:00:00','2021-01-06','2021-01-27',0,1),(50,'2021-01-01','2021-01-06',265,16,'REGOLARE VIRTUAL BASE 3 | 2021-ENE | LX | 15:30-18:00',15,70,'15:30:00','18:00:00',1,0,1,0,0,0,0,'2021-01-07 00:00:00','2021-01-06','2021-01-27',0,1),(51,'2021-01-01','2021-01-06',266,16,'REGOLARE VIRTUAL BASE 4 | 2021-ENE | LX | 19:00-21:30',15,70,'19:00:00','21:30:00',1,0,1,0,0,0,0,'2021-01-07 00:00:00','2021-01-06','2021-01-27',0,1),(52,'2021-01-01','2021-01-06',267,16,'REGOLARE VIRTUAL BASE 5 | 2021-ENE | LX | 19:00-21:30',15,70,'19:00:00','21:30:00',1,0,1,0,0,0,0,'2021-01-07 00:00:00','2021-01-06','2021-01-27',0,1),(53,'2021-01-01','2021-01-25',268,16,'REGOLARE VIRTUAL BASE 6 | 2021-ENE | LX | 19:00-21:30',15,70,'19:00:00','21:30:00',1,0,1,0,0,0,0,'2021-01-07 00:00:00','2021-01-06','2021-01-27',0,1),(54,'2021-01-01','2021-01-06',269,16,'REGOLARE VIRTUAL BASE 7 | 2021-ENE | LX | 19:00-21:30',15,70,'19:00:00','21:30:00',1,0,1,0,0,0,0,'2021-01-07 00:00:00','2021-01-06','2021-01-27',0,1),(55,'2021-01-01','2021-01-06',270,16,'REGOLARE VIRTUAL BASE 8 | 2021-ENE | LX | 19:00-21:30',15,70,'19:00:00','21:30:00',1,0,1,0,0,0,0,'2021-01-07 00:00:00','2021-01-06','2021-01-27',0,1),(56,'2021-01-01','2021-01-06',271,16,'REGOLARE VIRTUAL BASE 9 | 2021-ENE | LX | 19:00-21:30',15,70,'19:00:00','21:30:00',1,0,1,0,0,0,0,'2021-01-07 00:00:00','2021-01-06','2021-01-27',0,1),(57,'2021-01-01','2021-01-06',272,16,'REGOLARE VIRTUAL BASE 10 | 2021-ENE | LX | 19:00-21:30',15,70,'19:00:00','21:30:00',1,0,1,0,0,0,0,'2021-01-07 00:00:00','2021-01-06','2021-01-27',0,1),(58,'2021-01-01','2021-01-06',274,16,'REGOLARE VIRTUAL INTERMEDIO 2 | 2021-ENE | LX | 19:00-21:30',15,70,'19:00:00','21:30:00',1,0,1,0,0,0,0,'2021-01-07 00:00:00','2021-01-06','2021-01-27',0,1),(59,'2021-01-01','2021-01-06',278,16,'REGOLARE VIRTUAL INTERMEDIO 6 | 2021-ENE | LX | 19:00-21:30',15,70,'19:00:00','21:30:00',1,0,1,0,0,0,0,'2021-01-07 00:00:00','2021-01-06','2021-01-27',0,1),(60,'2021-01-01','2021-01-06',282,16,'REGOLARE VIRTUAL INTERMEDIO 10 | 2021-ENE | LX | 19:00-21:30',15,70,'19:00:00','21:30:00',1,0,1,0,0,0,0,'2021-01-07 00:00:00','2021-01-06','2021-01-27',0,1),(61,'2021-01-01','2021-01-06',288,16,'REGOLARE VIRTUAL AVANZATO 6 | 2021-ENE | LX | 19:00-21:30',15,70,'19:00:00','21:30:00',1,0,1,0,0,0,0,'2021-01-07 00:00:00','2021-01-06','2021-01-27',0,1),(62,'2021-01-01','2021-01-05',263,16,'REGOLARE VIRTUAL BASE 1 | 2021-ENE | MJ | 19:00-21:30',15,70,'19:00:00','21:30:00',0,1,0,1,0,0,0,'2021-01-06 00:00:00','2021-01-05','2021-01-26',0,1),(63,'2021-01-01','2021-01-05',266,16,'REGOLARE VIRTUAL BASE 4 | 2021-ENE | MJ | 19:00-21:30',15,70,'19:00:00','21:30:00',0,1,0,1,0,0,0,'2021-01-06 00:00:00','2021-01-05','2021-01-26',0,1),(64,'2021-01-01','2021-01-25',267,16,'REGOLARE VIRTUAL BASE 5 | 2021-ENE | MJ | 19:00-21:30',15,70,'19:00:00','21:30:00',0,1,0,1,0,0,0,'2021-01-06 00:00:00','2021-01-05','2021-01-26',0,1),(65,'2021-01-01','2021-01-25',268,16,'REGOLARE VIRTUAL BASE 6 | 2021-ENE | MJ | 19:00-21:30',15,70,'19:00:00','21:30:00',0,1,0,1,0,0,0,'2021-01-06 00:00:00','2021-01-05','2021-01-26',0,1),(66,'2021-01-01','2021-01-05',269,16,'REGOLARE VIRTUAL BASE 7 | 2021-ENE | MJ | 19:00-21:30',15,70,'19:00:00','21:30:00',0,1,0,1,0,0,0,'2021-01-06 00:00:00','2021-01-05','2021-01-26',0,1),(67,'2021-01-01','2021-01-05',270,16,'REGOLARE VIRTUAL BASE 8 | 2021-ENE | MJ | 19:00-21:30',15,70,'19:00:00','21:30:00',0,1,0,1,0,0,0,'2021-01-06 00:00:00','2021-01-05','2021-01-26',0,1),(68,'2021-01-01','2021-01-05',271,16,'REGOLARE VIRTUAL BASE 9 | 2021-ENE | MJ | 19:00-21:30',15,70,'19:00:00','21:30:00',0,1,0,1,0,0,0,'2021-01-06 00:00:00','2021-01-05','2021-01-26',0,1),(69,'2021-01-01','2021-01-05',273,16,'REGOLARE VIRTUAL INTERMEDIO 1 | 2021-ENE | MJ | 19:00-21:30',15,70,'19:00:00','21:30:00',0,1,0,1,0,0,0,'2021-01-06 00:00:00','2021-01-05','2021-01-26',0,1),(70,'2021-01-01','2021-01-05',286,16,'REGOLARE VIRTUAL AVANZATO 4 | 2021-ENE | MJ | 19:00-21:30',15,70,'19:00:00','21:30:00',0,1,0,1,0,0,0,'2021-01-06 00:00:00','2021-01-05','2021-01-26',0,1),(71,'2021-01-01','2021-01-06',263,16,'REGOLARE VIRTUAL BASE 1 | 2021-ENE | LXV | 07:00-08:45',15,70,'07:00:00','08:45:00',1,0,1,0,1,0,0,'2021-01-07 00:00:00','2021-01-06','2021-01-27',0,1),(72,'2021-01-01','2021-01-06',263,16,'REGOLARE VIRTUAL BASE 1 | 2021-ENE | LXV | 11:30-13:15',15,70,'11:30:00','13:15:00',1,0,1,0,1,0,0,'2021-01-07 00:00:00','2021-01-06','2021-01-27',0,1),(73,'2021-01-01','2021-01-06',264,16,'REGOLARE VIRTUAL BASE 2 | 2021-ENE | LXV | 07:00-08:45',15,70,'07:00:00','08:45:00',1,0,1,0,1,0,0,'2021-01-07 00:00:00','2021-01-06','2021-01-27',0,1),(74,'2021-01-01','2021-01-06',265,16,'REGOLARE VIRTUAL BASE 3 | 2021-ENE | LXV | 07:00-08:45',15,70,'07:00:00','08:45:00',1,0,1,0,1,0,0,'2021-01-07 00:00:00','2021-01-06','2021-01-27',0,1),(75,'2021-01-01','2021-01-06',265,16,'REGOLARE VIRTUAL BASE 3 | 2021-ENE | LXV | 11:30-13:15',15,70,'11:30:00','13:15:00',1,0,1,0,1,0,0,'2021-01-07 00:00:00','2021-01-06','2021-01-27',0,1),(76,'2021-01-01','2021-01-06',266,16,'REGOLARE VIRTUAL BASE 4 | 2021-ENE | LXV | 07:00-08:45',15,70,'07:00:00','08:45:00',1,0,1,0,1,0,0,'2021-01-07 00:00:00','2021-01-06','2021-01-27',0,1),(77,'2021-01-01','2021-01-06',267,16,'REGOLARE VIRTUAL BASE 5 | 2021-ENE | LXV | 07:00-08:45',15,70,'07:00:00','08:45:00',1,0,1,0,1,0,0,'2021-01-07 00:00:00','2021-01-06','2021-01-27',0,1),(78,'2021-01-01','2021-01-25',268,16,'REGOLARE VIRTUAL BASE 6 | 2021-ENE | LXV | 07:00-08:45',15,70,'07:00:00','08:45:00',1,0,1,0,1,0,0,'2021-01-07 00:00:00','2021-01-06','2021-01-27',0,1),(79,'2021-01-01','2021-01-06',269,16,'REGOLARE VIRTUAL BASE 7 | 2021-ENE | LXV | 07:00-08:45',15,70,'07:00:00','08:45:00',1,0,1,0,1,0,0,'2021-01-07 00:00:00','2021-01-06','2021-01-27',0,1),(80,'2021-01-01','2021-01-09',263,16,'REGOLARE VIRTUAL BASE 1 | 2021-ENE | S | 08:30-13:15',15,70,'08:30:00','13:15:00',0,0,0,0,0,1,0,'2021-01-10 00:00:00','2021-01-09','2021-01-30',0,1),(82,'2021-01-01','2021-01-09',265,16,'REGOLARE VIRTUAL BASE 3 | 2021-ENE | S | 08:30-13:15',15,70,'08:30:00','13:15:00',0,0,0,0,0,1,0,'2021-01-10 00:00:00','2021-01-09','2021-01-30',0,1),(83,'2021-01-01','2021-01-09',266,16,'REGOLARE VIRTUAL BASE 4 | 2021-ENE | S | 08:30-13:15',15,70,'08:30:00','13:15:00',0,0,0,0,0,1,0,'2021-01-10 00:00:00','2021-01-09','2021-01-30',0,1),(84,'2021-01-01','2021-01-09',267,16,'REGOLARE VIRTUAL BASE 5 | 2021-ENE | S | 08:30-13:15',15,70,'08:30:00','13:15:00',0,0,0,0,0,1,0,'2021-01-10 00:00:00','2021-01-09','2021-01-30',0,1),(85,'2021-01-01','2021-01-09',268,16,'REGOLARE VIRTUAL BASE 6 | 2021-ENE | S | 08:30-13:15',15,70,'08:30:00','13:15:00',0,0,0,0,0,1,0,'2021-01-10 00:00:00','2021-01-09','2021-01-30',0,1),(86,'2021-01-01','2021-01-09',270,16,'REGOLARE VIRTUAL BASE 8 | 2021-ENE | S | 08:30-13:15',15,70,'08:30:00','13:15:00',0,0,0,0,0,1,0,'2021-01-10 00:00:00','2021-01-09','2021-01-30',0,1),(87,'2021-01-01','2021-01-09',274,16,'REGOLARE VIRTUAL INTERMEDIO 2 | 2021-ENE | S | 08:30-13:15',15,70,'08:30:00','13:15:00',0,0,0,0,0,1,0,'2021-01-10 00:00:00','2021-01-09','2021-01-30',0,1),(88,'2021-01-01','2021-01-09',277,16,'REGOLARE VIRTUAL INTERMEDIO 5 | 2021-ENE | S | 08:30-13:15',15,70,'08:30:00','13:15:00',0,0,0,0,0,1,0,'2021-01-10 00:00:00','2021-01-09','2021-01-30',0,1),(89,'2021-01-01','2021-01-09',280,16,'REGOLARE VIRTUAL INTERMEDIO 8 | 2021-ENE | S | 08:30-13:15',15,70,'08:30:00','13:15:00',0,0,0,0,0,1,0,'2021-01-10 00:00:00','2021-01-09','2021-01-30',0,1),(90,'2021-01-01','2021-01-09',282,16,'REGOLARE VIRTUAL INTERMEDIO 10 | 2021-ENE | S | 08:30-13:15',15,70,'08:30:00','13:15:00',0,0,0,0,0,1,0,'2021-01-10 00:00:00','2021-01-09','2021-01-30',0,1),(94,'2021-01-05','2021-01-24',249,16,'INTENSIVO VIRTUAL BASE 1 | 2021-ENE | L-V | 19:00-21:00',18,70,'19:00:00','21:00:00',1,1,1,1,1,0,0,'2021-01-06 00:00:00','2021-01-05','2021-01-25',0,1),(95,'2021-01-05','2021-01-24',263,16,'REGOLARE VIRTUAL BASE 1 | 2021-ENE | S | 08:30-13:15',18,70,'08:30:00','13:15:00',0,0,0,0,0,1,0,'2021-01-06 00:00:00','2021-01-05','2021-01-25',0,1),(98,'2020-12-01','2020-12-31',310,16,'RAGAZZI VIRTUALE LIBRO 1 - 6 | 2021-ENE | S | 11:00-14:00',8,11,'11:00:00','14:00:00',0,0,0,0,0,1,0,'2021-01-12 00:00:00','2021-01-01','2021-01-31',24,1),(99,'2020-12-01','2021-01-05',305,16,'RAGAZZI VIRTUALE LIBRO 1 - 1 | 2021-ENE | MJ | 16:30-18:00',12,15,'16:30:00','18:00:00',0,1,0,1,0,0,0,'2021-01-12 00:00:00','2021-01-01','2021-01-31',24,1),(100,'2020-12-01','2020-12-31',306,16,'RAGAZZI VIRTUALE LIBRO 1 - 2 | 2021-ENE | MJ | 16:30-18:00',12,15,'16:30:00','18:00:00',0,1,0,1,0,0,0,'2021-01-12 00:00:00','2021-01-01','2021-01-31',24,1),(101,'2020-12-01','2020-12-31',307,16,'RAGAZZI VIRTUALE LIBRO 1 - 3 | 2021-ENE | MJ | 16:30-18:00',12,15,'16:30:00','18:00:00',0,1,0,1,0,0,0,'2021-01-12 00:00:00','2021-01-01','2021-01-31',24,1),(102,'2021-01-25','2021-02-02',249,17,'INTENSIVO VIRTUAL BASE 1 | 2021-FEB | L-V | 07:00-09:00',15,70,'07:00:00','09:00:00',1,1,1,1,1,0,0,'2021-02-03 00:00:00','2021-02-02','2021-02-24',34,8),(103,'2021-01-25','2021-02-02',241,17,'SUPER INTENSIVO VIRTUAL BASE 1 | 2021-FEB | L-V | 09:30-12:30',15,70,'09:30:00','12:30:00',1,1,1,1,1,0,0,'2021-02-03 00:00:00','2021-02-02','2021-02-22',45,7),(104,'2021-01-25','2021-02-03',264,17,'REGOLARE VIRTUAL BASE 2 | 2021-FEB | LX | 15:30-18:00',15,70,'15:30:00','18:00:00',1,0,1,0,0,0,0,'2021-02-04 00:00:00','2021-02-03','2021-02-24',17,9),(108,'2021-01-25','2021-02-02',252,17,'INTENSIVO VIRTUAL BASE 4 | 2021-FEB | L-V | 14:00-16:00',15,70,'14:00:00','16:00:00',1,1,1,1,1,0,0,'2021-02-03 00:00:00','2021-02-02','2021-02-24',34,8),(109,'2021-01-25','2021-02-02',252,17,'INTENSIVO VIRTUAL BASE 4 | 2021-FEB | L-V | 19:00-21:00',15,70,'19:00:00','21:00:00',1,1,1,1,1,0,0,'2021-02-03 00:00:00','2021-02-02','2021-02-24',34,8),(110,'2020-12-28','2021-01-04',330,16,'CORSO DI CONVERSAZIONE E CULTURA ITALIANA | 2021-ENE | S | 08:30-10:30',15,70,'08:30:00','10:30:00',0,0,0,0,0,1,0,NULL,'2021-01-09','2021-02-27',16,1),(111,'2020-12-28','2021-01-04',330,16,'CORSO DI CONVERSAZIONE E CULTURA ITALIANA | 2021-ENE | S | 11:00-13:00',15,70,'11:00:00','13:00:00',0,0,0,0,0,1,0,NULL,'2021-01-09','2021-02-27',16,1),(113,'2021-01-25','2021-02-02',242,17,'SUPER INTENSIVO VIRTUAL BASE 2 | 2021-FEB | L-V | 09:30-12:30',15,70,'09:30:00','12:30:00',1,1,1,1,1,0,0,'2021-02-03 00:00:00','2021-02-02','2021-02-22',45,7),(114,'2021-01-25','2021-02-02',243,17,'SUPER INTENSIVO VIRTUAL BASE 3 | 2021-FEB | L-V | 09:30-12:30',15,70,'09:30:00','12:30:00',1,1,1,1,1,0,0,'2021-02-03 00:00:00','2021-02-02','2021-02-22',45,7),(115,'2021-01-25','2021-02-02',244,17,'SUPER INTENSIVO VIRTUAL BASE 4 | 2021-FEB | L-V | 09:30-12:30',15,70,'09:30:00','12:30:00',1,1,1,1,1,0,0,'2021-02-03 00:00:00','2021-02-02','2021-02-22',45,8),(116,'2021-01-25','2021-02-02',245,17,'SUPER INTENSIVO VIRTUAL INTERMEDIO 1 | 2021-FEB | L-V | 09:30-12:30',15,70,'09:30:00','12:30:00',1,1,1,1,1,0,0,'2021-02-03 00:00:00','2021-02-02','2021-02-22',45,7),(117,'2021-01-25','2021-02-02',246,17,'SUPER INTENSIVO VIRTUAL INTERMEDIO 2 | 2021-FEB | L-V | 09:30-12:30',15,70,'09:30:00','12:30:00',1,1,1,1,1,0,0,'2021-02-03 00:00:00','2021-02-02','2021-02-22',45,7),(118,'2021-01-25','2021-02-02',249,17,'INTENSIVO VIRTUAL BASE 1 | 2021-FEB | L-V | 09:30-11:30',15,70,'09:30:00','11:30:00',1,1,1,1,1,0,0,'2021-02-03 00:00:00','2021-02-02','2021-02-24',34,8),(119,'2021-01-25','2021-02-02',249,17,'INTENSIVO VIRTUAL BASE 1 | 2021-FEB | L-V | 14:00-16:00',15,70,'14:00:00','16:00:00',1,1,1,1,1,0,0,'2021-02-03 00:00:00','2021-02-02','2021-02-24',34,8),(120,'2021-01-25','2021-02-02',249,17,'INTENSIVO VIRTUAL BASE 1 | 2021-FEB | L-V | 16:30-18:30',15,70,'16:30:00','18:30:00',1,1,1,1,1,0,0,'2021-02-03 00:00:00','2021-02-02','2021-02-24',34,8),(121,'2021-01-25','2021-01-28',249,17,'INTENSIVO VIRTUAL BASE 1 | 2021-FEB | L-V | 19:00-21:00',15,70,'19:00:00','21:00:00',1,1,1,1,1,0,0,'2021-02-03 00:00:00','2021-02-02','2021-02-24',34,8),(122,'2021-01-25','2021-02-03',263,17,'REGOLARE VIRTUAL BASE 1 | 2021-FEB | LX | 15:30-18:00',15,70,'15:30:00','18:00:00',1,0,1,0,0,0,0,'2021-02-04 00:00:00','2021-02-03','2021-02-24',17,9),(123,'2021-01-25','2021-02-02',250,17,'INTENSIVO VIRTUAL BASE 2 | 2021-FEB | L-V | 07:00-09:00',15,70,'07:00:00','09:00:00',1,1,1,1,1,0,0,'2021-02-03 00:00:00','2021-02-02','2021-02-24',34,8),(124,'2021-01-25','2021-02-02',250,17,'INTENSIVO VIRTUAL BASE 2 | 2021-FEB | L-V | 09:30-11:30',15,70,'09:30:00','11:30:00',1,1,1,1,1,0,0,'2021-02-03 00:00:00','2021-02-02','2021-02-24',34,8),(125,'2021-01-25','2021-02-02',250,17,'INTENSIVO VIRTUAL BASE 2 | 2021-FEB | L-V | 14:00-16:00',15,70,'14:00:00','16:00:00',1,1,1,1,1,0,0,'2021-02-03 00:00:00','2021-02-02','2021-02-24',34,8),(126,'2021-01-25','2021-02-03',264,17,'REGOLARE VIRTUAL BASE 2 | 2021-FEB | LX | 19:00-21:30',15,70,'19:00:00','21:30:00',1,0,1,0,0,0,0,'2021-02-04 00:00:00','2021-02-03','2021-02-24',17,9),(127,'2021-01-25','2021-02-02',250,17,'INTENSIVO VIRTUAL BASE 2 | 2021-FEB | L-V | 16:30-18:30',15,70,'16:30:00','18:30:00',1,1,1,1,1,0,0,'2021-02-03 00:00:00','2021-02-02','2021-02-24',34,8),(128,'2021-01-25','2021-02-03',266,17,'REGOLARE VIRTUAL BASE 4 | 2021-FEB | LX | 15:30-18:00',15,70,'15:30:00','18:00:00',1,0,1,0,0,0,0,'2021-02-04 00:00:00','2021-02-03','2021-02-24',17,9),(129,'2021-01-25','2021-02-03',267,17,'REGOLARE VIRTUAL BASE 5 | 2021-FEB | LX | 19:00-21:30',15,70,'19:00:00','21:30:00',1,0,1,0,0,0,0,'2021-02-04 00:00:00','2021-02-03','2021-02-24',17,9),(130,'2021-01-25','2021-02-02',250,17,'INTENSIVO VIRTUAL BASE 2 | 2021-FEB | L-V | 19:00-21:00',15,70,'19:00:00','21:00:00',1,1,1,1,1,0,0,'2021-02-03 00:00:00','2021-02-02','2021-02-24',34,8),(131,'2021-01-25','2021-02-03',268,17,'REGOLARE VIRTUAL BASE 6 | 2021-FEB | LX | 19:00-21:30',15,70,'19:00:00','21:30:00',1,0,1,0,0,0,0,'2021-02-04 00:00:00','2021-02-03','2021-02-24',17,9),(132,'2021-01-25','2021-02-02',251,17,'INTENSIVO VIRTUAL BASE 3 | 2021-FEB | L-V | 07:00-09:00',15,70,'07:00:00','09:00:00',1,1,1,1,1,0,0,'2021-02-03 00:00:00','2021-02-02','2021-02-24',34,8),(133,'2021-01-25','2021-02-02',251,17,'INTENSIVO VIRTUAL BASE 3 | 2021-FEB | L-V | 16:30-18:30',15,70,'16:30:00','18:30:00',1,1,1,1,1,0,0,'2021-02-03 00:00:00','2021-02-02','2021-02-24',34,8),(134,'2021-01-25','2021-02-03',269,17,'REGOLARE VIRTUAL BASE 7 | 2021-FEB | LX | 19:00-21:30',15,70,'19:00:00','21:30:00',1,0,1,0,0,0,0,'2021-02-04 00:00:00','2021-02-03','2021-02-24',17,9),(135,'2021-01-25','2021-02-03',270,17,'REGOLARE VIRTUAL BASE 8 | 2021-FEB | LX | 19:00-21:30',15,70,'19:00:00','21:30:00',1,0,1,0,0,0,0,'2021-02-04 00:00:00','2021-02-03','2021-02-24',17,9),(136,'2021-01-25','2021-02-02',252,17,'INTENSIVO VIRTUAL BASE 4 | 2021-FEB | L-V | 11:00-13:00',15,70,'11:00:00','13:00:00',1,1,1,1,1,0,0,'2021-02-03 00:00:00','2021-02-02','2021-02-24',34,8),(138,'2021-01-25','2021-02-03',271,17,'REGOLARE VIRTUAL BASE 9 | 2021-FEB | LX | 19:00-21:30',15,70,'19:00:00','21:30:00',1,0,1,0,0,0,0,'2021-02-04 00:00:00','2021-02-03','2021-02-24',17,9),(139,'2021-01-25','2021-02-02',253,17,'INTENSIVO VIRTUAL BASE 5 | 2021-FEB | L-V | 07:00-09:00',15,70,'07:00:00','09:00:00',1,1,1,1,1,0,0,'2021-02-03 00:00:00','2021-02-02','2021-02-24',34,8),(140,'2021-01-25','2021-02-03',272,17,'REGOLARE VIRTUAL BASE 10 | 2021-FEB | LX | 19:00-21:30',15,70,'19:00:00','21:30:00',1,0,1,0,0,0,0,'2021-02-04 00:00:00','2021-02-03','2021-02-24',17,9),(141,'2021-01-25','2021-02-02',253,17,'INTENSIVO VIRTUAL BASE 5 | 2021-FEB | L-V | 14:00-16:00',15,70,'14:00:00','16:00:00',1,1,1,1,1,0,0,'2021-02-03 00:00:00','2021-02-02','2021-02-24',34,8),(142,'2021-01-25','2021-02-03',273,17,'REGOLARE VIRTUAL INTERMEDIO 1 | 2021-FEB | LX | 19:00-21:30',15,70,'19:00:00','21:30:00',1,0,1,0,0,0,0,'2021-02-04 00:00:00','2021-02-03','2021-02-24',17,9),(143,'2021-01-25','2021-02-02',253,17,'INTENSIVO VIRTUAL BASE 5 | 2021-FEB | L-V | 16:30-18:30',15,70,'16:30:00','18:30:00',1,1,1,1,1,0,0,'2021-02-03 00:00:00','2021-02-02','2021-02-24',34,8),(144,'2021-01-25','2021-02-02',253,17,'INTENSIVO VIRTUAL BASE 5 | 2021-FEB | L-V | 19:00-21:00',15,70,'19:00:00','21:00:00',1,1,1,1,1,0,0,'2021-02-03 00:00:00','2021-02-02','2021-02-24',34,8),(145,'2021-01-25','2021-02-02',254,17,'INTENSIVO VIRTUAL INTERMEDIO 1 | 2021-FEB | L-V | 07:00-09:00',15,70,'07:00:00','09:00:00',1,1,1,1,1,0,0,'2021-02-03 00:00:00','2021-02-02','2021-02-24',34,8),(146,'2021-01-25','2021-02-02',254,17,'INTENSIVO VIRTUAL INTERMEDIO 1 | 2021-FEB | L-V | 16:30-18:30',15,70,'16:30:00','18:30:00',1,1,1,1,1,0,0,'2021-02-03 00:00:00','2021-02-02','2021-02-24',34,8),(147,'2021-01-25','2021-02-02',254,17,'INTENSIVO VIRTUAL INTERMEDIO 1 | 2021-FEB | L-V | 19:00-21:00',15,70,'19:00:00','21:00:00',1,1,1,1,1,0,0,'2021-02-03 00:00:00','2021-02-02','2021-02-24',34,8),(148,'2021-01-25','2021-02-02',255,17,'INTENSIVO VIRTUAL INTERMEDIO 2 | 2021-FEB | L-V | 07:00-09:00',15,70,'07:00:00','09:00:00',1,1,1,1,1,0,0,'2021-02-03 00:00:00','2021-02-02','2021-02-24',34,8),(149,'2021-01-25','2021-02-02',255,17,'INTENSIVO VIRTUAL INTERMEDIO 2 | 2021-FEB | L-V | 14:00-16:00',15,7,'14:00:00','16:00:00',1,1,1,1,1,0,0,'2021-02-03 00:00:00','2021-02-02','2021-02-24',34,8),(151,'2021-01-25','2021-02-02',255,17,'INTENSIVO VIRTUAL INTERMEDIO 2 | 2021-FEB | L-V | 16:30-18:30',15,70,'16:30:00','18:30:00',1,1,1,1,1,0,0,'2021-02-03 00:00:00','2021-02-02','2021-02-24',34,8),(152,'2021-01-25','2021-02-02',255,17,'INTENSIVO VIRTUAL INTERMEDIO 2 | 2021-FEB | L-V | 19:00-21:00',15,70,'19:00:00','21:00:00',1,1,1,1,1,0,0,'2021-02-03 00:00:00','2021-02-02','2021-02-24',34,8),(153,'2021-01-25','2021-02-02',256,17,'INTENSIVO VIRTUAL INTERMEDIO 3 | 2021-FEB | L-V | 07:00-09:00',15,70,'07:00:00','09:00:00',1,1,1,1,1,0,0,'2021-02-03 00:00:00','2021-02-02','2021-02-24',34,8),(154,'2021-01-25','2021-02-02',256,17,'INTENSIVO VIRTUAL INTERMEDIO 3 | 2021-FEB | L-V | 16:30-18:30',15,70,'16:30:00','18:30:00',1,1,1,1,1,0,0,'2021-02-03 00:00:00','2021-02-02','2021-02-24',34,8),(155,'2021-01-25','2021-02-02',256,17,'INTENSIVO VIRTUAL INTERMEDIO 3 | 2021-FEB | L-V | 19:00-21:00',15,70,'19:00:00','21:00:00',1,1,1,1,1,0,0,'2021-02-03 00:00:00','2021-02-02','2021-02-24',34,8),(156,'2021-01-25','2021-02-02',257,17,'INTENSIVO VIRTUAL INTERMEDIO 4 | 2021-FEB | L-V | 07:00-09:00',15,70,'07:00:00','09:00:00',1,1,1,1,1,0,0,'2021-02-03 00:00:00','2021-02-02','2021-02-24',34,8),(157,'2021-01-25','2021-02-02',257,17,'INTENSIVO VIRTUAL INTERMEDIO 4 | 2021-FEB | L-V | 14:00-16:00',15,70,'14:00:00','16:00:00',1,1,1,1,1,0,0,'2021-02-03 00:00:00','2021-02-02','2021-02-24',34,8),(158,'2021-01-25','2021-02-02',257,17,'INTENSIVO VIRTUAL INTERMEDIO 4 | 2021-FEB | L-V | 19:00-21:00',15,70,'19:00:00','21:00:00',1,1,1,1,1,0,0,'2021-02-03 00:00:00','2021-02-02','2021-02-24',34,8),(159,'2021-01-25','2021-02-02',258,17,'INTENSIVO VIRTUAL INTERMEDIO 5 | 2021-FEB | L-V | 07:00-09:00',15,70,'07:00:00','09:00:00',1,1,1,1,1,0,0,'2021-02-03 00:00:00','2021-02-02','2021-02-24',34,8),(160,'2021-01-25','2021-02-02',258,17,'INTENSIVO VIRTUAL INTERMEDIO 5 | 2021-FEB | L-V | 19:00-21:00',15,70,'19:00:00','21:00:00',1,1,1,1,1,0,0,'2021-02-03 00:00:00','2021-02-02','2021-02-24',34,8),(161,'2021-01-25','2021-02-02',259,17,'INTENSIVO VIRTUAL AVANZATO 1 | 2021-FEB | L-V | 19:00-21:00',15,70,'19:00:00','21:00:00',1,1,1,1,1,0,0,'2021-02-03 00:00:00','2021-02-02','2021-02-22',30,8),(162,'2021-01-25','2021-02-02',260,17,'INTENSIVO VIRTUAL AVANZATO 2 | 2021-FEB | L-V | 19:00-21:00',15,70,'19:00:00','21:00:00',1,1,1,1,1,0,0,'2021-02-03 00:00:00','2021-02-02','2021-02-22',30,8),(163,'2021-01-25','2021-02-02',261,17,'INTENSIVO VIRTUAL AVANZATO 3 | 2021-FEB | L-V | 16:30-18:30',15,70,'16:30:00','18:30:00',1,1,1,1,1,0,0,'2021-02-03 00:00:00','2021-02-02','2021-02-22',30,8),(164,'2021-01-25','2021-02-02',261,17,'INTENSIVO VIRTUAL AVANZATO 3 | 2021-FEB | L-V | 19:00-21:00',15,70,'19:00:00','21:00:00',1,1,1,1,1,0,0,'2021-02-03 00:00:00','2021-02-02','2021-02-22',30,8),(166,'2021-01-25','2021-02-03',275,17,'REGOLARE VIRTUAL INTERMEDIO 3 | 2021-FEB | LX | 19:00-21:30',15,70,'19:00:00','21:30:00',1,0,1,0,0,0,0,'2021-02-04 00:00:00','2021-02-03','2021-02-24',17,9),(167,'2021-01-25','2021-02-03',279,17,'REGOLARE VIRTUAL INTERMEDIO 7 | 2021-FEB | LX | 19:00-21:30',15,70,'19:00:00','21:30:00',1,0,1,0,0,0,0,'2021-02-04 00:00:00','2021-02-03','2021-02-24',17,9),(168,'2021-01-25','2021-02-03',283,17,'REGOLARE VIRTUAL AVANZATO 1 | 2021-FEB | LX | 19:00-21:30',15,70,'19:00:00','21:30:00',1,0,1,0,0,0,0,'2021-02-04 00:00:00','2021-02-03','2021-02-24',17,9),(169,'2021-01-25','2021-02-02',264,17,'REGOLARE VIRTUAL BASE 2 | 2021-FEB | MJ | 19:00-21:30',15,70,'19:00:00','21:30:00',0,1,0,1,0,0,0,'2021-02-03 00:00:00','2021-02-02','2021-02-23',17,9),(170,'2021-01-25','2021-02-02',267,17,'REGOLARE VIRTUAL BASE 5 | 2021-FEB | MJ | 19:00-21:30',15,70,'19:00:00','21:30:00',0,1,0,1,0,0,0,'2021-02-03 00:00:00','2021-02-02','2021-02-23',17,9),(171,'2021-01-25','2021-02-02',268,17,'REGOLARE VIRTUAL BASE 6 | 2021-FEB | MJ | 19:00-21:30',15,70,'19:00:00','21:30:00',0,1,0,1,0,0,0,'2021-02-03 00:00:00','2021-02-02','2021-02-23',17,9),(172,'2021-01-25','2021-02-02',270,17,'REGOLARE VIRTUAL BASE 8 | 2021-FEB | MJ | 19:00-21:30',15,70,'19:00:00','21:30:00',0,1,0,1,0,0,0,'2021-02-03 00:00:00','2021-02-02','2021-02-23',17,9),(173,'2021-01-25','2021-02-02',271,17,'REGOLARE VIRTUAL BASE 9 | 2021-FEB | MJ | 19:00-21:30',15,70,'19:00:00','21:30:00',0,1,0,1,0,0,0,'2021-02-03 00:00:00','2021-02-02','2021-02-23',17,9),(174,'2021-01-25','2021-02-02',272,17,'REGOLARE VIRTUAL BASE 10 | 2021-FEB | MJ | 19:00-21:30',15,70,'19:00:00','21:30:00',0,1,0,1,0,0,0,'2021-02-03 00:00:00','2021-02-02','2021-02-23',17,9),(175,'2021-01-25','2021-02-02',274,17,'REGOLARE VIRTUAL INTERMEDIO 2 | 2021-FEB | MJ | 19:00-21:30',15,70,'19:00:00','21:30:00',0,1,0,1,0,0,0,'2021-02-03 00:00:00','2021-02-02','2021-02-23',17,9),(176,'2021-01-25','2021-02-02',287,17,'REGOLARE VIRTUAL AVANZATO 5 | 2021-FEB | MJ | 19:00-21:30',15,70,'19:00:00','21:30:00',0,1,0,1,0,0,0,'2021-02-03 00:00:00','2021-02-02','2021-02-23',17,9),(177,'2021-01-25','2021-02-03',263,17,'REGOLARE VIRTUAL BASE 1 | 2021-FEB | LXV | 07:00-08:45',15,70,'07:00:00','08:45:00',1,0,1,0,1,0,0,'2021-02-04 00:00:00','2021-02-03','2021-02-24',17,9),(178,'2021-01-25','2021-02-03',263,17,'REGOLARE VIRTUAL BASE 1 | 2021-FEB | LXV | 11:30-13:15',15,70,'11:30:00','13:15:00',1,0,1,0,1,0,0,'2021-02-04 00:00:00','2021-02-03','2021-02-24',17,9),(179,'2021-01-25','2021-02-03',264,17,'REGOLARE VIRTUAL BASE 2 | 2021-FEB | LXV | 07:00-08:45',15,70,'07:00:00','08:45:00',1,0,1,0,1,0,0,'2021-02-04 00:00:00','2021-02-03','2021-02-24',17,9),(180,'2021-01-25','2021-02-03',264,17,'REGOLARE VIRTUAL BASE 2 | 2021-FEB | LXV | 11:30-13:15',15,70,'11:30:00','13:15:00',1,0,1,0,1,0,0,'2021-02-04 00:00:00','2021-02-03','2021-02-24',17,9),(181,'2021-01-25','2021-02-03',265,17,'REGOLARE VIRTUAL BASE 3 | 2021-FEB | LXV | 07:00-08:45',15,70,'07:00:00','08:45:00',1,0,1,0,1,0,0,'2021-02-04 00:00:00','2021-02-03','2021-02-24',17,9),(182,'2021-01-25','2021-02-03',266,17,'REGOLARE VIRTUAL BASE 4 | 2021-FEB | LXV | 07:00-08:45',15,70,'07:00:00','08:45:00',1,0,1,0,1,0,0,'2021-02-04 00:00:00','2021-02-03','2021-02-24',17,9),(183,'2021-01-25','2021-02-03',266,17,'REGOLARE VIRTUAL BASE 4 | 2021-FEB | LXV | 11:30-13:15',15,70,'11:30:00','13:15:00',1,0,1,0,1,0,0,'2021-02-04 00:00:00','2021-02-03','2021-02-24',17,9),(184,'2021-01-25','2021-02-03',267,17,'REGOLARE VIRTUAL BASE 5 | 2021-FEB | LXV | 07:00-08:45',15,70,'07:00:00','08:45:00',1,0,1,0,1,0,0,'2021-02-04 00:00:00','2021-02-03','2021-02-24',17,9),(185,'2021-01-25','2021-02-03',268,17,'REGOLARE VIRTUAL BASE 6 | 2021-FEB | LXV | 07:00-08:45',15,70,'07:00:00','08:45:00',1,0,1,0,1,0,0,'2021-02-04 00:00:00','2021-02-03','2021-02-24',17,9),(186,'2021-01-25','2021-02-03',269,17,'REGOLARE VIRTUAL BASE 7 | 2021-FEB | LXV | 07:00-08:45',15,70,'07:00:00','08:45:00',1,0,1,0,1,0,0,'2021-02-04 00:00:00','2021-02-03','2021-02-24',17,9),(187,'2021-01-25','2021-02-03',270,17,'REGOLARE VIRTUAL BASE 8 | 2021-FEB | LXV | 07:00-08:45',15,70,'07:00:00','08:45:00',1,0,1,0,1,0,0,'2021-02-04 00:00:00','2021-02-03','2021-02-24',17,9),(189,'2021-01-25','2021-02-06',263,17,'REGOLARE VIRTUAL BASE 1 | 2021-FEB | S | 08:30-13:15',15,70,'08:30:00','13:15:00',0,0,0,0,0,1,0,'2021-02-08 00:00:00','2021-02-06','2021-02-27',17,9),(190,'2021-01-25','2021-02-06',263,17,'REGOLARE VIRTUAL BASE 1 | 2021-FEB | S | 14:00-18:45',15,70,'14:00:00','18:45:00',0,0,0,0,0,1,0,'2021-02-08 00:00:00','2021-02-06','2021-02-27',17,9),(191,'2021-01-25','2021-02-06',264,17,'REGOLARE VIRTUAL BASE 2 | 2021-FEB | S | 08:30-13:15',15,70,'08:30:00','13:15:00',0,0,0,0,0,1,0,'2021-02-08 00:00:00','2021-02-06','2021-02-27',17,9),(193,'2021-01-25','2021-02-06',266,17,'REGOLARE VIRTUAL BASE 4 | 2021-FEB | S | 08:30-13:15',15,70,'08:30:00','13:15:00',0,0,0,0,0,1,0,'2021-02-08 00:00:00','2021-02-06','2021-02-27',17,9),(194,'2021-01-25','2021-02-02',267,17,'REGOLARE VIRTUAL BASE 5 | 2021-FEB | S | 08:30-13:15',15,70,'08:30:00','13:15:00',0,0,0,0,0,1,0,'2021-02-08 00:00:00','2021-02-06','2021-02-27',17,9),(195,'2021-01-25','2021-02-06',268,17,'REGOLARE VIRTUAL BASE 6 | 2021-FEB | S | 08:30-13:15',15,70,'08:30:00','13:15:00',0,0,0,0,0,1,0,'2021-02-08 00:00:00','2021-02-06','2021-02-27',17,9),(196,'2021-01-25','2021-02-06',275,17,'REGOLARE VIRTUAL INTERMEDIO 3 | 2021-FEB | S | 08:30-13:15',15,70,'08:30:00','13:15:00',0,0,0,0,0,1,0,'2021-02-08 00:00:00','2021-02-06','2021-02-27',17,9),(197,'2021-01-25','2021-02-06',278,17,'REGOLARE VIRTUAL INTERMEDIO 6 | 2021-FEB | S | 08:30-13:15',15,70,'08:30:00','13:15:00',0,0,0,0,0,1,0,'2021-02-08 00:00:00','2021-02-06','2021-02-27',17,9),(198,'2021-01-25','2021-02-06',283,17,'REGOLARE VIRTUAL AVANZATO 1 | 2021-FEB | S | 08:30-13:15',15,70,'08:30:00','13:15:00',0,0,0,0,0,1,0,'2021-02-08 00:00:00','2021-02-06','2021-02-27',17,9),(199,'2021-01-25','2021-02-06',281,17,'REGOLARE VIRTUAL INTERMEDIO 9 | 2021-FEB | S | 08:30-13:15',15,70,'08:30:00','13:15:00',0,0,0,0,0,1,0,'2021-02-08 00:00:00','2021-02-06','2021-02-27',17,9),(200,'2021-01-25','2021-02-06',269,17,'REGOLARE VIRTUAL BASE 7 | 2021-FEB | S | 08:30-13:15',15,70,'08:30:00','13:15:00',0,0,0,0,0,1,0,'2021-02-08 00:00:00','2021-02-06','2021-02-27',17,9),(203,'2021-02-20','2021-03-02',241,18,'SUPER INTENSIVO VIRTUAL BASE 1 | 2021-MAR | L-V | 09:30-12:30',15,70,'09:30:00','12:30:00',1,1,1,1,1,0,0,'2021-03-04 00:00:00','2021-03-02','2021-03-22',45,7),(204,'2021-02-20','2021-03-02',242,18,'SUPER INTENSIVO VIRTUAL BASE 2 | 2021-MAR | L-V | 09:30-12:30',15,70,'09:30:00','12:30:00',1,1,1,1,1,0,0,'2021-03-04 00:00:00','2021-03-02','2021-03-22',45,7),(205,'2021-02-20','2021-03-02',243,18,'SUPER INTENSIVO VIRTUAL BASE 3 | 2021-MAR | L-V | 09:30-12:30',15,70,'09:30:00','12:30:00',1,1,1,1,1,0,0,'2021-03-04 00:00:00','2021-03-02','2021-03-22',45,7),(206,'2021-02-20','2021-03-02',245,18,'SUPER INTENSIVO VIRTUAL INTERMEDIO 1 | 2021-MAR | L-V | 09:30-12:30',15,70,'09:30:00','12:30:00',1,1,1,1,1,0,0,'2021-03-04 00:00:00','2021-03-02','2021-03-22',45,7),(207,'2021-02-20','2021-03-02',247,18,'SUPER INTENSIVO VIRTUAL INTERMEDIO 3 | 2021-MAR | L-V | 09:30-12:30',15,70,'09:30:00','12:30:00',1,1,1,1,1,0,0,'2021-03-04 00:00:00','2021-03-02','2021-03-22',45,7),(208,'2021-02-20','2021-03-02',249,18,'INTENSIVO VIRTUAL BASE 1 | 2021-MAR | L-V | 07:00-09:00',15,70,'07:00:00','09:00:00',1,1,1,1,1,0,0,'2021-03-04 00:00:00','2021-03-02','2021-03-24',34,8),(209,'2021-02-20','2021-03-02',249,18,'INTENSIVO VIRTUAL BASE 1 | 2021-MAR | L-V | 09:30-11:30',15,70,'09:30:00','11:30:00',1,1,1,1,1,0,0,'2021-03-04 00:00:00','2021-03-02','2021-03-24',34,8),(210,'2021-02-20','2021-03-02',249,18,'INTENSIVO VIRTUAL BASE 1 | 2021-MAR | L-V | 14:00-16:00',15,70,'14:00:00','16:00:00',1,1,1,1,1,0,0,'2021-03-04 00:00:00','2021-03-02','2021-03-24',34,8),(211,'2021-02-20','2021-03-02',249,18,'INTENSIVO VIRTUAL BASE 1 | 2021-MAR | L-V | 16:30-18:30',15,70,'16:30:00','18:30:00',1,1,1,1,1,0,0,'2021-03-04 00:00:00','2021-03-02','2021-03-24',34,8),(212,'2021-02-20','2021-03-02',249,18,'INTENSIVO VIRTUAL BASE 1 | 2021-MAR | L-V | 19:00-21:00',15,70,'19:00:00','21:00:00',1,1,1,1,1,0,0,'2021-03-04 00:00:00','2021-03-02','2021-03-24',34,8),(213,'2021-02-01','2021-02-17',246,17,'SUPER INTENSIVO VIRTUAL INTERMEDIO 2 | 2021-FEB | L-V | 09:30-12:30',15,70,'09:30:00','12:30:00',1,1,1,1,1,0,0,'2021-02-18 00:00:00','2021-02-04','2021-02-20',45,8),(214,'2021-02-01','2021-02-17',241,17,'SUPER INTENSIVO VIRTUAL BASE 1 | 2021-FEB | L-V | 09:30-12:30',15,70,'09:30:00','12:30:00',1,1,1,1,1,0,0,'2021-02-18 00:00:00','2021-02-05','2021-02-20',45,8),(215,'2021-02-20','2021-03-02',250,18,'INTENSIVO VIRTUAL BASE 2 | 2021-MAR | L-V | 07:00-09:00',15,70,'07:00:00','09:00:00',1,1,1,1,1,0,0,'2021-03-04 00:00:00','2021-03-02','2021-03-24',34,8),(216,'2021-02-20','2021-03-02',250,18,'INTENSIVO VIRTUAL BASE 2 | 2021-MAR | L-V | 09:30-11:30',15,70,'09:30:00','11:30:00',1,1,1,1,1,0,0,'2021-03-04 00:00:00','2021-03-02','2021-03-24',34,8),(217,'2021-02-20','2021-03-02',250,18,'INTENSIVO VIRTUAL BASE 2 | 2021-MAR | L-V | 14:00-16:00',15,70,'14:00:00','16:00:00',1,1,1,1,1,0,0,'2021-03-04 00:00:00','2021-03-02','2021-03-24',34,8),(218,'2021-02-20','2021-03-02',250,18,'INTENSIVO VIRTUAL BASE 2 | 2021-MAR | L-V | 16:30-18:30',15,70,'16:30:00','18:30:00',1,1,1,1,1,0,0,'2021-03-04 00:00:00','2021-03-02','2021-03-24',34,8),(219,'2021-02-20','2021-03-02',250,18,'INTENSIVO VIRTUAL BASE 2 | 2021-MAR | L-V | 19:00-21:00',15,70,'19:00:00','21:00:00',1,1,1,1,1,0,0,'2021-03-04 00:00:00','2021-03-02','2021-03-24',34,8),(220,'2021-02-20','2021-03-02',251,18,'INTENSIVO VIRTUAL BASE 3 | 2021-MAR | L-V | 07:00-09:00',15,70,'07:00:00','09:00:00',1,1,1,1,1,0,0,'2021-03-04 00:00:00','2021-03-02','2021-03-24',34,8),(221,'2021-02-20','2021-03-02',251,18,'INTENSIVO VIRTUAL BASE 3 | 2021-MAR | L-V | 09:30-11:30',15,70,'09:30:00','11:30:00',1,1,1,1,1,0,0,'2021-03-04 00:00:00','2021-03-02','2021-03-24',34,8),(222,'2021-02-20','2021-03-02',251,18,'INTENSIVO VIRTUAL BASE 3 | 2021-MAR | L-V | 14:00-16:00',15,70,'14:00:00','16:00:00',1,1,1,1,1,0,0,'2021-03-04 00:00:00','2021-03-02','2021-03-24',34,8),(223,'2021-02-20','2021-03-02',251,18,'INTENSIVO VIRTUAL BASE 3 | 2021-MAR | L-V | 16:30-18:30',15,70,'16:30:00','18:30:00',1,1,1,1,1,0,0,'2021-03-04 00:00:00','2021-03-02','2021-03-24',34,8),(224,'2021-02-20','2021-03-02',251,18,'INTENSIVO VIRTUAL BASE 3 | 2021-MAR | L-V | 19:00-21:00',15,70,'19:00:00','21:00:00',1,1,1,1,1,0,0,'2021-03-04 00:00:00','2021-03-02','2021-03-24',34,8),(225,'2021-02-20','2021-03-02',252,18,'INTENSIVO VIRTUAL BASE 4 | 2021-MAR | L-V | 07:00-09:00',15,70,'07:00:00','09:00:00',1,1,1,1,1,0,0,'2021-03-04 00:00:00','2021-03-02','2021-03-24',34,8),(226,'2021-02-20','2021-03-02',252,18,'INTENSIVO VIRTUAL BASE 4 | 2021-MAR | L-V | 16:30-18:30',15,70,'16:30:00','18:30:00',1,1,1,1,1,0,0,'2021-03-04 00:00:00','2021-03-02','2021-03-24',34,8),(227,'2021-02-20','2021-03-02',253,18,'INTENSIVO VIRTUAL BASE 5 | 2021-MAR | L-V | 11:00-13:00',15,70,'11:00:00','13:00:00',1,1,1,1,1,0,0,'2021-03-04 00:00:00','2021-03-02','2021-03-24',34,8),(228,'2021-02-20','2021-03-02',253,18,'INTENSIVO VIRTUAL BASE 5 | 2021-MAR | L-V | 14:00-16:00',15,70,'14:00:00','16:00:00',1,1,1,1,1,0,0,'2021-03-04 00:00:00','2021-03-02','2021-03-24',34,8),(229,'2021-02-20','2021-03-02',254,18,'INTENSIVO VIRTUAL INTERMEDIO 1 | 2021-MAR | L-V | 07:00-09:00',15,70,'07:00:00','09:00:00',1,1,1,1,1,0,0,'2021-03-04 00:00:00','2021-03-02','2021-03-24',34,8),(230,'2021-02-20','2021-03-02',254,18,'INTENSIVO VIRTUAL INTERMEDIO 1 | 2021-MAR | L-V | 14:00-16:00',15,70,'14:00:00','16:00:00',1,1,1,1,1,0,0,'2021-03-04 00:00:00','2021-03-02','2021-03-24',34,8),(231,'2021-02-20','2021-03-02',254,18,'INTENSIVO VIRTUAL INTERMEDIO 1 | 2021-MAR | L-V | 16:30-18:30',15,70,'16:30:00','18:30:00',1,1,1,1,1,0,0,'2021-03-04 00:00:00','2021-03-02','2021-03-24',34,8),(232,'2021-02-20','2021-03-02',254,18,'INTENSIVO VIRTUAL INTERMEDIO 1 | 2021-MAR | L-V | 19:00-21:00',15,70,'19:00:00','21:00:00',1,1,1,1,1,0,0,'2021-03-04 00:00:00','2021-03-02','2021-03-24',34,8),(233,'2021-02-20','2021-03-02',255,18,'INTENSIVO VIRTUAL INTERMEDIO 2 | 2021-MAR | L-V | 07:00-09:00',15,70,'07:00:00','09:00:00',1,1,1,1,1,0,0,'2021-03-04 00:00:00','2021-03-02','2021-03-24',34,8),(234,'2021-02-20','2021-03-02',255,18,'INTENSIVO VIRTUAL INTERMEDIO 2 | 2021-MAR | L-V | 19:00-21:00',15,70,'19:00:00','21:00:00',1,1,1,1,1,0,0,'2021-03-04 00:00:00','2021-03-02','2021-03-24',34,8),(235,'2021-02-20','2021-03-02',256,18,'INTENSIVO VIRTUAL INTERMEDIO 3 | 2021-MAR | L-V | 07:00-09:00',15,70,'07:00:00','09:00:00',1,1,1,1,1,0,0,'2021-03-04 00:00:00','2021-03-02','2021-03-24',34,8),(236,'2021-02-20','2021-03-02',256,18,'INTENSIVO VIRTUAL INTERMEDIO 3 | 2021-MAR | L-V | 16:30-18:30',15,70,'16:30:00','18:30:00',1,1,1,1,1,0,0,'2021-03-04 00:00:00','2021-03-02','2021-03-24',34,8),(237,'2021-02-20','2021-03-02',256,18,'INTENSIVO VIRTUAL INTERMEDIO 3 | 2021-MAR | L-V | 19:00-21:00',15,70,'19:00:00','21:00:00',1,1,1,1,1,0,0,'2021-03-04 00:00:00','2021-03-02','2021-03-24',34,8),(238,'2021-02-20','2021-03-02',257,18,'INTENSIVO VIRTUAL INTERMEDIO 4 | 2021-MAR | L-V | 07:00-09:00',15,70,'07:00:00','09:00:00',1,1,1,1,1,0,0,'2021-03-04 00:00:00','2021-03-02','2021-03-24',34,8),(239,'2021-02-20','2021-03-02',257,18,'INTENSIVO VIRTUAL INTERMEDIO 4 | 2021-MAR | L-V | 19:00-21:00',15,70,'19:00:00','21:00:00',1,1,1,1,1,0,0,'2021-03-04 00:00:00','2021-03-02','2021-03-24',34,8),(240,'2021-02-20','2021-03-02',258,18,'INTENSIVO VIRTUAL INTERMEDIO 5 | 2021-MAR | L-V | 07:00-09:00',15,70,'07:00:00','09:00:00',1,1,1,1,1,0,0,'2021-03-04 00:00:00','2021-03-02','2021-03-24',34,8),(241,'2021-02-20','2021-03-02',258,18,'INTENSIVO VIRTUAL INTERMEDIO 5 | 2021-MAR | L-V | 14:00-16:00',15,70,'14:00:00','16:00:00',1,1,1,1,1,0,0,'2021-03-04 00:00:00','2021-03-02','2021-03-24',34,8),(242,'2021-02-20','2021-03-02',258,18,'INTENSIVO VIRTUAL INTERMEDIO 5 | 2021-MAR | L-V | 19:00-21:00',15,70,'19:00:00','21:00:00',1,1,1,1,1,0,0,'2021-03-04 00:00:00','2021-03-02','2021-03-24',34,8),(243,'2021-02-20','2021-03-02',259,18,'INTENSIVO VIRTUAL AVANZATO 1 | 2021-MAR | L-V | 07:00-09:00',15,70,'07:00:00','09:00:00',1,1,1,1,1,0,0,'2021-03-04 00:00:00','2021-03-02','2021-03-22',30,8),(244,'2021-02-20','2021-03-02',259,18,'INTENSIVO VIRTUAL AVANZATO 1 | 2021-MAR | L-V | 19:00-21:00',15,70,'19:00:00','21:00:00',1,1,1,1,1,0,0,'2021-03-04 00:00:00','2021-03-02','2021-03-22',30,8),(245,'2021-02-20','2021-03-02',260,18,'INTENSIVO VIRTUAL AVANZATO 2 | 2021-MAR | L-V | 19:00-21:00',15,70,'19:00:00','21:00:00',1,1,1,1,1,0,0,'2021-03-04 00:00:00','2021-03-02','2021-03-22',30,8),(246,'2021-02-20','2021-03-02',261,18,'INTENSIVO VIRTUAL AVANZATO 3 | 2021-MAR | L-V | 19:00-21:00',15,70,'19:00:00','21:00:00',1,1,1,1,1,0,0,'2021-03-04 00:00:00','2021-03-02','2021-03-22',30,8),(247,'2021-02-20','2021-03-02',262,18,'INTENSIVO VIRTUAL AVANZATO 4 | 2021-MAR | L-V | 16:30-18:30',15,70,'16:30:00','18:30:00',1,1,1,1,1,0,0,'2021-03-04 00:00:00','2021-03-02','2021-03-22',30,8),(248,'2021-02-20','2021-03-02',262,18,'INTENSIVO VIRTUAL AVANZATO 4 | 2021-MAR | L-V | 19:00-21:00',15,70,'19:00:00','21:00:00',1,1,1,1,1,0,0,'2021-03-04 00:00:00','2021-03-02','2021-03-22',30,8),(249,'2021-02-20','2021-03-03',263,18,'REGOLARE VIRTUAL BASE 1 | 2021-MAR | LX | 15:30-18:00',15,70,'15:30:00','18:00:00',1,0,1,0,0,0,0,'2021-03-04 00:00:00','2021-03-03','2021-03-24',17,9),(250,'2021-02-20','2021-03-03',263,18,'REGOLARE VIRTUAL BASE 1 | 2021-MAR | LX | 19:00-21:30',15,70,'19:00:00','21:30:00',1,0,1,0,0,0,0,'2021-03-04 00:00:00','2021-03-03','2021-03-24',17,9),(251,'2021-02-20','2021-03-03',264,18,'REGOLARE VIRTUAL BASE 2 | 2021-MAR | LX | 15:30-18:00',15,70,'15:30:00','18:00:00',1,0,1,0,0,0,0,'2021-03-04 00:00:00','2021-03-03','2021-03-24',17,9),(252,'2021-02-20','2021-03-03',265,18,'REGOLARE VIRTUAL BASE 3 | 2021-MAR | LX | 15:30-18:00',15,70,'15:30:00','18:00:00',1,0,1,0,0,0,0,'2021-03-04 00:00:00','2021-03-03','2021-03-24',17,9),(253,'2021-02-20','2021-03-03',267,18,'REGOLARE VIRTUAL BASE 5 | 2021-MAR | LX | 15:30-18:00',15,70,'15:30:00','18:00:00',1,0,1,0,0,0,0,'2021-03-04 00:00:00','2021-03-03','2021-03-24',17,9),(254,'2021-02-20','2021-03-03',268,18,'REGOLARE VIRTUAL BASE 6 | 2021-MAR | LX | 19:00-21:30',15,70,'19:00:00','21:30:00',1,0,1,0,0,0,0,'2021-03-04 00:00:00','2021-03-03','2021-03-24',17,9),(255,'2021-02-20','2021-03-03',269,18,'REGOLARE VIRTUAL BASE 7 | 2021-MAR | LX | 19:00-21:30',15,70,'19:00:00','21:30:00',1,0,1,0,0,0,0,'2021-03-04 00:00:00','2021-03-03','2021-03-24',17,9),(256,'2021-02-20','2021-03-03',270,18,'REGOLARE VIRTUAL BASE 8 | 2021-MAR | LX | 19:00-21:30',15,70,'19:00:00','21:30:00',1,0,1,0,0,0,0,'2021-03-04 00:00:00','2021-03-03','2021-03-24',17,9),(257,'2021-02-20','2021-03-03',271,18,'REGOLARE VIRTUAL BASE 9 | 2021-MAR | LX | 19:00-21:30',15,70,'19:00:00','21:30:00',1,0,1,0,0,0,0,'2021-03-04 00:00:00','2021-03-03','2021-03-24',17,9),(258,'2021-02-20','2021-03-03',272,18,'REGOLARE VIRTUAL BASE 10 | 2021-MAR | LX | 19:00-21:30',15,70,'19:00:00','21:30:00',1,0,1,0,0,0,0,'2021-03-04 00:00:00','2021-03-03','2021-03-24',17,9),(259,'2021-02-20','2021-03-03',274,18,'REGOLARE VIRTUAL INTERMEDIO 2 | 2021-MAR | LX | 19:00-21:30',15,70,'19:00:00','21:30:00',1,0,1,0,0,0,0,'2021-03-04 00:00:00','2021-03-03','2021-03-24',17,9),(260,'2021-02-20','2021-03-03',276,18,'REGOLARE VIRTUAL INTERMEDIO 4 | 2021-MAR | LX | 19:00-21:30',15,70,'19:00:00','21:30:00',1,0,1,0,0,0,0,'2021-03-04 00:00:00','2021-03-03','2021-03-24',17,9),(261,'2021-02-20','2021-03-03',280,18,'REGOLARE VIRTUAL INTERMEDIO 8 | 2021-MAR | LX | 19:00-21:30',15,70,'19:00:00','21:30:00',1,0,1,0,0,0,0,'2021-03-04 00:00:00','2021-03-03','2021-03-24',17,9),(262,'2021-02-20','2021-03-03',284,18,'REGOLARE VIRTUAL AVANZATO 2 | 2021-MAR | LX | 19:00-21:30',15,70,'19:00:00','21:30:00',1,0,1,0,0,0,0,'2021-03-04 00:00:00','2021-03-03','2021-03-24',17,9),(263,'2021-02-20','2021-03-02',263,18,'REGOLARE VIRTUAL BASE 1 | 2021-MAR | MJ | 19:00-21:30',15,70,'19:00:00','21:30:00',0,1,0,1,0,0,0,'2021-03-03 00:00:00','2021-03-02','2021-03-23',17,9),(264,'2021-02-20','2021-03-02',265,18,'REGOLARE VIRTUAL BASE 3 | 2021-MAR | MJ | 19:00-21:30',15,70,'19:00:00','21:30:00',0,1,0,1,0,0,0,'2021-03-03 00:00:00','2021-03-02','2021-03-23',17,9),(265,'2021-02-20','2021-03-02',268,18,'REGOLARE VIRTUAL BASE 6 | 2021-MAR | MJ | 19:00-21:30',15,70,'19:00:00','21:30:00',0,1,0,1,0,0,0,'2021-03-03 00:00:00','2021-03-02','2021-03-23',17,9),(266,'2021-02-20','2021-03-02',269,18,'REGOLARE VIRTUAL BASE 7 | 2021-MAR | MJ | 19:00-21:30',15,70,'19:00:00','21:30:00',0,1,0,1,0,0,0,'2021-03-03 00:00:00','2021-03-02','2021-03-23',17,9),(267,'2021-02-20','2021-03-02',271,18,'REGOLARE VIRTUAL BASE 9 | 2021-MAR | MJ | 19:00-21:30',15,70,'19:00:00','21:30:00',0,1,0,1,0,0,0,'2021-03-03 00:00:00','2021-03-02','2021-03-23',17,9),(268,'2021-02-20','2021-03-02',272,18,'REGOLARE VIRTUAL BASE 10 | 2021-MAR | MJ | 19:00-21:30',15,70,'19:00:00','21:30:00',0,1,0,1,0,0,0,'2021-03-03 00:00:00','2021-03-02','2021-03-23',17,9),(269,'2021-02-20','2021-03-02',273,18,'REGOLARE VIRTUAL INTERMEDIO 1 | 2021-MAR | MJ | 19:00-21:30',15,70,'19:00:00','21:30:00',0,1,0,1,0,0,0,'2021-03-03 00:00:00','2021-03-02','2021-03-23',0,1),(270,'2021-02-20','2021-03-02',275,18,'REGOLARE VIRTUAL INTERMEDIO 3 | 2021-MAR | MJ | 19:00-21:30',15,70,'19:00:00','21:30:00',0,1,0,1,0,0,0,'2021-03-03 00:00:00','2021-03-02','2021-03-23',17,9),(271,'2021-02-20','2021-03-02',288,18,'REGOLARE VIRTUAL AVANZATO 6 | 2021-MAR | MJ | 19:00-21:30',15,70,'19:00:00','21:30:00',0,1,0,1,0,0,0,'2021-03-03 00:00:00','2021-03-02','2021-03-23',17,9),(272,'2021-02-20','2021-03-03',263,18,'REGOLARE VIRTUAL BASE 1 | 2021-MAR | LXV | 07:00-08:45',15,70,'07:00:00','08:45:00',1,0,1,0,1,0,0,'2021-03-04 00:00:00','2021-03-03','2021-03-24',17,9),(273,'2021-02-20','2021-03-03',263,18,'REGOLARE VIRTUAL BASE 1 | 2021-MAR | LXV | 11:30-13:15',15,70,'11:30:00','13:15:00',1,0,1,0,1,0,0,'2021-03-04 00:00:00','2021-03-03','2021-03-24',17,9),(274,'2021-02-20','2021-03-03',264,18,'REGOLARE VIRTUAL BASE 2 | 2021-MAR | LXV | 07:00-08:45',15,70,'07:00:00','08:45:00',1,0,1,0,1,0,0,'2021-03-04 00:00:00','2021-03-03','2021-03-24',17,9),(275,'2021-02-20','2021-03-03',264,18,'REGOLARE VIRTUAL BASE 2 | 2021-MAR | LXV | 11:30-13:15',15,70,'11:30:00','13:15:00',1,0,1,0,1,0,0,'2021-03-04 00:00:00','2021-03-03','2021-03-24',17,9),(276,'2021-02-20','2021-03-03',265,18,'REGOLARE VIRTUAL BASE 3 | 2021-MAR | LXV | 07:00-08:45',15,70,'07:00:00','08:45:00',1,0,1,0,1,0,0,'2021-03-04 00:00:00','2021-03-03','2021-03-24',17,9),(277,'2021-02-20','2021-03-03',265,18,'REGOLARE VIRTUAL BASE 3 | 2021-MAR | LXV | 11:30-13:15',15,70,'11:30:00','13:15:00',1,0,1,0,1,0,0,'2021-03-04 00:00:00','2021-03-03','2021-03-24',17,9),(278,'2021-02-20','2021-03-03',266,18,'REGOLARE VIRTUAL BASE 4 | 2021-MAR | LXV | 07:00-08:45',15,70,'07:00:00','08:45:00',1,0,1,0,1,0,0,'2021-03-04 00:00:00','2021-03-03','2021-03-24',17,9),(279,'2021-02-20','2021-03-03',267,18,'REGOLARE VIRTUAL BASE 5 | 2021-MAR | LXV | 07:00-08:45',15,70,'07:00:00','08:45:00',1,0,1,0,1,0,0,'2021-03-04 00:00:00','2021-03-03','2021-03-24',17,9),(280,'2021-02-20','2021-03-03',268,18,'REGOLARE VIRTUAL BASE 6 | 2021-MAR | LXV | 07:00-08:45',15,70,'07:00:00','08:45:00',1,0,1,0,1,0,0,'2021-03-04 00:00:00','2021-03-03','2021-03-24',17,9),(281,'2021-02-20','2021-03-03',269,18,'REGOLARE VIRTUAL BASE 7 | 2021-MAR | LXV | 07:00-08:45',15,70,'07:00:00','08:45:00',1,0,1,0,1,0,0,'2021-03-04 00:00:00','2021-03-03','2021-03-24',17,9),(282,'2021-02-20','2021-03-03',270,18,'REGOLARE VIRTUAL BASE 8 | 2021-MAR | LXV | 07:00-08:45',15,70,'07:00:00','08:45:00',1,0,1,0,1,0,0,'2021-03-04 00:00:00','2021-03-03','2021-03-24',17,9),(283,'2021-02-20','2021-03-03',271,18,'REGOLARE VIRTUAL BASE 9 | 2021-MAR | LXV | 07:00-08:45',15,70,'07:00:00','08:45:00',1,0,1,0,1,0,0,'2021-03-04 00:00:00','2021-03-03','2021-03-24',17,9),(284,'2021-02-20','2021-03-06',263,18,'REGOLARE VIRTUAL BASE 1 | 2021-MAR | S | 08:30-13:15',15,70,'08:30:00','13:15:00',0,0,0,0,0,1,0,'2021-03-08 00:00:00','2021-03-06','2021-03-27',17,9),(285,'2021-02-20','2021-03-06',263,18,'REGOLARE VIRTUAL BASE 1 | 2021-MAR | S | 14:00-18:45',15,70,'14:00:00','18:45:00',0,0,0,0,0,1,0,'2021-02-08 00:00:00','2021-03-06','2021-03-27',17,9),(286,'2021-02-20','2021-03-06',264,18,'REGOLARE VIRTUAL BASE 2 | 2021-MAR | S | 08:30-13:15',15,70,'08:30:00','13:15:00',0,0,0,0,0,1,0,'2021-03-08 00:00:00','2021-03-06','2021-03-27',17,9),(287,'2021-02-20','2021-03-06',264,18,'REGOLARE VIRTUAL BASE 2 | 2021-MAR | S | 14:00-18:45',15,70,'14:00:00','18:45:00',0,0,0,0,0,1,0,'2021-03-08 00:00:00','2021-03-06','2021-03-27',17,9),(288,'2021-02-20','2021-03-06',265,18,'REGOLARE VIRTUAL BASE 3 | 2021-MAR | S | 08:30-13:15',15,70,'08:30:00','13:15:00',0,0,0,0,0,1,0,'2021-03-08 00:00:00','2021-03-06','2021-03-27',17,9),(289,'2021-02-20','2021-03-06',267,18,'REGOLARE VIRTUAL BASE 5 | 2021-MAR | S | 08:30-13:15',15,70,'08:30:00','13:15:00',0,0,0,0,0,1,0,'2021-03-08 00:00:00','2021-03-06','2021-03-27',17,9),(290,'2021-02-20','2021-03-06',269,18,'REGOLARE VIRTUAL BASE 7 | 2021-MAR | S | 08:30-13:15',15,70,'08:30:00','13:15:00',0,0,0,0,0,1,0,'2021-03-08 00:00:00','2021-03-06','2021-03-27',17,9),(291,'2021-02-20','2021-03-06',276,18,'REGOLARE VIRTUAL INTERMEDIO 4 | 2021-MAR | S | 08:30-13:15',15,70,'08:30:00','13:15:00',0,0,0,0,0,1,0,'2021-03-08 00:00:00','2021-03-06','2021-03-27',17,9),(292,'2021-02-20','2021-03-06',279,18,'REGOLARE VIRTUAL INTERMEDIO 7 | 2021-MAR | S | 08:30-13:15',15,70,'08:30:00','13:15:00',0,0,0,0,0,1,0,'2021-03-08 00:00:00','2021-03-06','2021-03-27',17,9),(293,'2021-02-20','2021-03-06',282,18,'REGOLARE VIRTUAL INTERMEDIO 10 | 2021-MAR | S | 08:30-13:15',15,70,'08:30:00','13:15:00',0,0,0,0,0,1,0,'2021-03-08 00:00:00','2021-03-06','2021-03-27',0,1),(294,'2021-02-20','2021-03-06',284,18,'REGOLARE VIRTUAL AVANZATO 2 | 2021-MAR | S | 08:30-13:15',15,70,'08:30:00','13:15:00',0,0,0,0,0,1,0,'2021-03-08 00:00:00','2021-03-06','2021-03-27',17,9),(295,'2021-02-20','2021-03-06',293,18,'BAMBINI VIRTUALE LIBRO 1 - 1 | 2021-MAR | S | 08:00-11:00',8,10,'08:00:00','11:00:00',0,0,0,0,0,1,0,'2021-03-08 00:00:00','2021-03-06','2021-05-08',24,9),(296,'2021-02-20','2021-03-06',305,18,'RAGAZZI VIRTUALE LIBRO 1 - 1 | 2021-MAR | S | 11:00-14:00',11,14,'11:00:00','14:00:00',0,0,0,0,0,1,0,'2021-03-08 00:00:00','2021-03-06','2021-05-08',24,9),(297,'2021-02-20','2021-03-02',293,18,'BAMBINI VIRTUALE LIBRO 1 - 1 | 2021-MAR | LX | 16:30-18:00',8,10,'16:30:00','18:00:00',1,0,1,0,0,0,0,'2021-03-03 00:00:00','2021-03-03','2021-04-26',24,9),(298,'2021-02-20','2021-03-02',305,18,'RAGAZZI VIRTUALE LIBRO 1 - 1 | 2021-MAR | LX | 16:30-18:00',11,14,'16:30:00','18:00:00',1,0,1,0,0,0,0,'2021-03-03 00:00:00','2021-03-03','2021-04-26',24,9),(299,'2021-02-20','2021-03-02',306,18,'RAGAZZI VIRTUALE LIBRO 1 - 2 | 2021-MAR | MJ | 16:30-18:00',11,14,'16:30:00','18:00:00',0,1,0,1,0,0,0,'2021-03-03 00:00:00','2021-03-02','2021-04-27',24,9),(300,'2021-02-20','2021-03-02',307,18,'RAGAZZI VIRTUALE LIBRO 1 - 3 | 2021-MAR | MJ | 16:30-18:00',11,14,'16:30:00','18:00:00',0,1,0,1,0,0,0,'2021-03-03 00:00:00','2021-03-02','2021-04-27',24,9),(301,'2021-02-20','2021-03-02',308,18,'RAGAZZI VIRTUALE LIBRO 1 - 4 | 2021-MAR | MJ | 16:30-18:00',11,14,'16:30:00','18:00:00',0,1,0,1,0,0,0,'2021-03-03 00:00:00','2021-03-04','2021-04-29',24,9),(302,'2021-02-20','2021-03-06',330,18,'CORSO DI CONVERSAZIONE E CULTURA ITALIANA | 2021-MAR | S | 08:30-10:30',15,70,'08:30:00','10:30:00',0,0,0,0,0,1,0,'2021-03-08 00:00:00','2021-03-06','2021-05-08',0,1),(303,'2021-02-20','2021-03-06',330,18,'CORSO DI CONVERSAZIONE E CULTURA ITALIANA | 2021-MAR | S | 11:00-13:00',15,70,'11:00:00','13:00:00',0,0,0,0,0,1,0,'2021-03-08 00:00:00','2021-03-06','2021-05-08',0,1),(304,'2021-02-20','2021-03-06',331,18,'GRAMMATICA E FONETICA | 2021-MAR | S | 08:30-10:30',15,70,'08:30:00','10:30:00',0,0,0,0,0,1,0,'2021-03-08 00:00:00','2021-03-06','2021-05-08',0,1),(305,'2021-02-20','2021-03-06',298,18,'BAMBINI VIRTUALE LIBRO 1 - 6 | 2021-MAR | S | 08:00-11:00',8,10,'08:00:00','11:00:00',0,0,0,0,0,1,0,'2021-03-08 00:00:00','2021-03-06','2021-05-08',24,9),(306,'2021-02-20','2021-03-06',311,18,'RAGAZZI VIRTUALE LIBRO 2 - 1 | 2021-MAR | S | 11:00-14:00',10,14,'11:00:00','14:00:00',0,0,0,0,0,1,0,'2021-03-08 00:00:00','2021-03-06','2021-05-08',24,1),(307,'2021-03-20','2021-04-06',241,19,'SUPER INTENSIVO VIRTUAL BASE 01 | 2021-ABR | L-V | 09:30-12:30',15,70,'09:30:00','12:30:00',1,1,1,1,1,0,0,'2021-03-07 00:00:00','2021-04-06','2021-04-26',45,8),(308,'2021-03-20','2021-04-06',241,19,'SUPER INTENSIVO VIRTUAL BASE 01 | 2021-ABR | L-V | 15:30-18:30',15,70,'15:30:00','18:30:00',1,1,1,1,1,0,0,'2021-04-07 00:00:00','2021-04-06','2021-04-26',45,7),(309,'2021-03-20','2021-04-06',242,19,'SUPER INTENSIVO VIRTUAL BASE 02 | 2021-ABR | L-V | 09:30-12:30',15,70,'09:30:00','12:30:00',1,1,1,1,1,0,0,'2021-04-07 00:00:00','2021-04-06','2021-04-26',45,7),(310,'2021-03-20','2021-04-06',243,19,'SUPER INTENSIVO VIRTUAL BASE 03 | 2021-ABR | L-V | 09:30-12:30',15,70,'09:30:00','12:30:00',1,1,1,1,1,0,0,'2021-04-07 00:00:00','2021-04-06','2021-04-26',45,7),(311,'2021-03-20','2021-04-06',244,19,'SUPER INTENSIVO VIRTUAL BASE 04 | 2021-ABR | L-V | 09:30-12:30',15,70,'09:30:00','12:30:00',1,1,1,1,1,0,0,'2021-04-07 00:00:00','2021-04-06','2021-04-26',45,7),(312,'2021-03-20','2021-04-06',246,19,'SUPER INTENSIVO VIRTUAL INTERMEDIO 02 | 2021-ABR | L-V | 09:30-12:30',15,70,'09:30:00','12:30:00',1,1,1,1,1,0,0,'2021-04-07 00:00:00','2021-04-06','2021-04-26',45,7),(313,'2021-03-20','2021-04-06',248,19,'SUPER INTENSIVO VIRTUAL INTERMEDIO 04 | 2021-ABR | L-V | 09:30-12:30',15,70,'09:30:00','12:30:00',1,1,1,1,1,0,0,'2021-04-07 00:00:00','2021-04-06','2021-04-26',45,7),(314,'2021-03-20','2021-04-06',249,19,'INTENSIVO VIRTUAL BASE 01 | 2021-ABR | L-V | 07:00-09:00',15,70,'07:00:00','09:00:00',1,1,1,1,1,0,0,'2021-04-07 00:00:00','2021-04-06','2021-04-28',34,7),(315,'2021-03-20','2021-04-06',249,19,'INTENSIVO VIRTUAL BASE 01 | 2021-ABR | L-V | 09:30-11:30',15,70,'09:30:00','11:30:00',1,1,1,1,1,0,0,'2021-04-07 00:00:00','2021-04-06','2021-04-28',34,7),(316,'2021-03-20','2021-04-06',249,19,'INTENSIVO VIRTUAL BASE 01 | 2021-ABR | L-V | 14:00-16:00',15,70,'14:00:00','16:00:00',1,1,1,1,1,0,0,'2021-04-07 00:00:00','2021-04-06','2021-04-28',34,7),(317,'2021-03-20','2021-04-06',249,19,'INTENSIVO VIRTUAL BASE 01 | 2021-ABR | L-V | 16:30-18:30',15,70,'16:30:00','18:30:00',1,1,1,1,1,0,0,'2021-04-07 00:00:00','2021-04-06','2021-04-28',34,7),(318,'2021-03-20','2021-04-06',250,19,'INTENSIVO VIRTUAL BASE 02 | 2021-ABR | L-V | 07:00-09:00',15,70,'07:00:00','09:00:00',1,1,1,1,1,0,0,'2021-04-07 00:00:00','2021-04-06','2021-04-28',34,7),(319,'2021-03-20','2021-04-06',250,19,'INTENSIVO VIRTUAL BASE 02 | 2021-ABR | L-V | 09:30-11:30',15,70,'09:30:00','11:30:00',1,1,1,1,1,0,0,'2021-04-07 00:00:00','2021-04-06','2021-04-28',34,7),(320,'2021-03-20','2021-04-06',250,19,'INTENSIVO VIRTUAL BASE 02 | 2021-ABR | L-V | 14:00-16:00',15,70,'14:00:00','16:00:00',1,1,1,1,1,0,0,'2021-04-07 00:00:00','2021-04-06','2021-04-28',34,7),(321,'2021-03-20','2021-04-06',250,19,'INTENSIVO VIRTUAL BASE 02 | 2021-ABR | L-V | 16:30-18:30',15,70,'16:30:00','18:30:00',1,1,1,1,1,0,0,'2021-04-07 00:00:00','2021-04-06','2021-04-28',34,7),(322,'2021-03-20','2021-04-06',250,19,'INTENSIVO VIRTUAL BASE 02 | 2021-ABR | L-V | 19:00-21:00',15,70,'19:00:00','21:00:00',1,1,1,1,1,0,0,'2021-04-07 00:00:00','2021-04-06','2021-04-28',34,7),(323,'2021-03-20','2021-04-06',251,19,'INTENSIVO VIRTUAL BASE 03 | 2021-ABR | L-V | 07:00-09:00',15,70,'07:00:00','09:00:00',1,1,1,1,1,0,0,'2021-04-07 00:00:00','2021-04-06','2021-04-28',34,7),(324,'2021-03-20','2021-04-06',251,19,'INTENSIVO VIRTUAL BASE 03 | 2021-ABR | L-V | 09:30-11:30',15,70,'09:30:00','11:30:00',1,1,1,1,1,0,0,'2021-04-07 00:00:00','2021-04-06','2021-04-28',34,7),(325,'2021-03-20','2021-04-06',251,19,'INTENSIVO VIRTUAL BASE 03 | 2021-ABR | L-V | 14:00-16:00',15,70,'14:00:00','16:00:00',1,1,1,1,1,0,0,'2021-04-07 00:00:00','2021-04-06','2021-04-28',34,7),(326,'2021-03-20','2021-04-06',251,19,'INTENSIVO VIRTUAL BASE 03 | 2021-ABR | L-V | 16:30-18:30',15,70,'16:30:00','18:30:00',1,1,1,1,1,0,0,'2021-04-07 00:00:00','2021-04-06','2021-04-28',34,7),(327,'2021-03-20','2021-04-06',251,19,'INTENSIVO VIRTUAL BASE 03 | 2021-ABR | L-V | 19:00-21:00',15,70,'19:00:00','21:00:00',1,1,1,1,1,0,0,'2021-04-07 00:00:00','2021-04-06','2021-04-28',34,7),(328,'2021-03-20','2021-04-06',252,19,'INTENSIVO VIRTUAL BASE 04 | 2021-ABR | L-V | 07:00-09:00',15,70,'07:00:00','09:00:00',1,1,1,1,1,0,0,'2021-04-07 00:00:00','2021-04-06','2021-04-28',34,7),(329,'2021-03-20','2021-04-06',252,19,'INTENSIVO VIRTUAL BASE 04 | 2021-ABR | L-V | 09:30-11:30',15,70,'09:30:00','11:30:00',1,1,1,1,1,0,0,'2021-04-07 00:00:00','2021-04-06','2021-04-28',34,7),(330,'2021-03-20','2021-04-06',252,19,'INTENSIVO VIRTUAL BASE 04 | 2021-ABR | L-V | 14:00-16:00',15,70,'14:00:00','16:00:00',1,1,1,1,1,0,0,'2021-04-07 00:00:00','2021-04-06','2021-04-28',34,7),(331,'2021-03-20','2021-04-06',252,19,'INTENSIVO VIRTUAL BASE 04 | 2021-ABR | L-V | 16:30-18:30',15,70,'16:30:00','18:30:00',1,1,1,1,1,0,0,'2021-04-07 00:00:00','2021-04-06','2021-04-28',34,7),(332,'2021-03-20','2021-04-06',252,19,'INTENSIVO VIRTUAL BASE 04 | 2021-ABR | L-V | 19:00-21:00',15,70,'19:00:00','21:00:00',1,1,1,1,1,0,0,'2021-04-07 00:00:00','2021-04-06','2021-04-28',34,7),(333,'2021-03-20','2021-04-06',253,19,'INTENSIVO VIRTUAL BASE 05 | 2021-ABR | L-V | 07:00-09:00',15,70,'07:00:00','09:00:00',1,1,1,1,1,0,0,'2021-04-07 00:00:00','2021-04-06','2021-04-28',34,7),(334,'2021-03-20','2021-04-06',253,19,'INTENSIVO VIRTUAL BASE 05 | 2021-ABR | L-V | 16:30-18:30',15,70,'16:30:00','18:30:00',1,1,1,1,1,0,0,'2021-04-07 00:00:00','2021-04-06','2021-04-28',34,7),(335,'2021-03-20','2021-04-06',254,19,'INTENSIVO VIRTUAL INTERMEDIO 01 | 2021-ABR | L-V | 11:00-13:00',15,70,'11:00:00','13:00:00',1,1,1,1,1,0,0,'2021-04-07 00:00:00','2021-04-06','2021-04-28',34,7),(336,'2021-03-20','2021-04-06',254,19,'INTENSIVO VIRTUAL INTERMEDIO 01 | 2021-ABR | L-V | 14:00-16:00',15,70,'14:00:00','16:00:00',1,1,1,1,1,0,0,'2021-04-07 00:00:00','2021-04-06','2021-04-28',34,7),(337,'2021-03-20','2021-04-06',255,19,'INTENSIVO VIRTUAL INTERMEDIO 02 | 2021-ABR | L-V | 07:00-09:00',15,70,'07:00:00','09:00:00',1,1,1,1,1,0,0,'2021-04-07 00:00:00','2021-04-06','2021-04-28',34,7),(338,'2021-03-20','2021-04-06',255,19,'INTENSIVO VIRTUAL INTERMEDIO 02 | 2021-ABR | L-V | 16:30-18:30',15,70,'16:30:00','18:30:00',1,1,1,1,1,0,0,'2021-04-07 00:00:00','2021-04-06','2021-04-29',34,7),(339,'2021-03-20','2021-04-06',255,19,'INTENSIVO VIRTUAL INTERMEDIO 02 | 2021-ABR | L-V | 19:00-21:00',15,70,'19:00:00','21:00:00',1,1,1,1,1,0,0,'2021-04-07 00:00:00','2021-04-06','2021-04-28',34,7),(340,'2021-03-20','2021-04-06',256,19,'INTENSIVO VIRTUAL INTERMEDIO 03 | 2021-ABR | L-V | 07:00-09:00',15,70,'07:00:00','09:00:00',1,1,1,1,1,0,0,'2021-04-07 00:00:00','2021-04-06','2021-04-28',34,7),(341,'2021-03-20','2021-04-06',256,19,'INTENSIVO VIRTUAL INTERMEDIO 03 | 2021-ABR | L-V | 19:00-21:00',15,70,'19:00:00','21:00:00',1,1,1,1,1,0,0,'2021-04-07 00:00:00','2021-04-06','2021-04-28',34,7),(342,'2021-03-20','2021-04-06',257,19,'INTENSIVO VIRTUAL INTERMEDIO 04 | 2021-ABR | L-V | 07:00-09:00',15,70,'07:00:00','09:00:00',1,1,1,1,1,0,0,'2021-04-07 00:00:00','2021-04-06','2021-04-28',34,7),(343,'2021-03-20','2021-04-06',257,19,'INTENSIVO VIRTUAL INTERMEDIO 04 | 2021-ABR | L-V | 19:00-21:00',15,70,'19:00:00','21:00:00',1,1,1,1,1,0,0,'2021-04-07 00:00:00','2021-04-06','2021-04-28',34,7),(344,'2021-03-20','2021-04-06',258,19,'INTENSIVO VIRTUAL INTERMEDIO 05 | 2021-ABR | L-V | 07:00-09:00',15,70,'07:00:00','09:00:00',1,1,1,1,1,0,0,'2021-04-07 00:00:00','2021-04-06','2021-04-29',34,7),(345,'2021-03-20','2021-04-06',258,19,'INTENSIVO VIRTUAL INTERMEDIO 05 | 2021-ABR | L-V | 19:00-21:00',15,70,'19:00:00','21:00:00',1,1,1,1,1,0,0,'2021-04-07 00:00:00','2021-04-06','2021-04-28',34,7),(346,'2021-03-20','2021-04-06',259,19,'INTENSIVO VIRTUAL AVANZATO 01 | 2021-ABR | L-V | 07:00-09:00',15,70,'07:00:00','09:00:00',1,1,1,1,1,0,0,'2021-04-07 00:00:00','2021-04-06','2021-04-26',30,7),(347,'2021-03-20','2021-04-06',259,19,'INTENSIVO VIRTUAL AVANZATO 01 | 2021-ABR | L-V | 14:00-16:00',15,70,'14:00:00','16:00:00',1,1,1,1,1,0,0,'2021-04-07 00:00:00','2021-04-06','2021-04-26',30,7),(348,'2021-03-20','2021-04-06',259,19,'INTENSIVO VIRTUAL AVANZATO 01 | 2021-ABR | L-V | 19:00-21:00',15,70,'19:00:00','21:00:00',1,1,1,1,1,0,0,'2021-04-07 00:00:00','2021-04-06','2021-04-26',30,7),(349,'2021-03-20','2021-04-06',260,19,'INTENSIVO VIRTUAL AVANZATO 02 | 2021-ABR | L-V | 07:00-09:00',15,70,'07:00:00','09:00:00',1,1,1,1,1,0,0,'2021-04-07 00:00:00','2021-04-06','2021-04-26',30,7),(350,'2021-03-20','2021-04-06',260,19,'INTENSIVO VIRTUAL AVANZATO 02 | 2021-ABR | L-V | 19:00-21:00',15,70,'19:00:00','21:00:00',1,1,1,1,1,0,0,'2021-04-07 00:00:00','2021-04-06','2021-04-26',30,7),(351,'2021-03-20','2021-04-06',261,19,'INTENSIVO VIRTUAL AVANZATO 03 | 2021-ABR | L-V | 19:00-21:00',15,70,'19:00:00','21:00:00',1,1,1,1,1,0,0,'2021-04-07 00:00:00','2021-04-06','2021-04-26',30,7),(352,'2021-03-20','2021-04-06',262,19,'INTENSIVO VIRTUAL AVANZATO 04 | 2021-ABR | L-V | 19:00-21:00',15,70,'19:00:00','21:00:00',1,1,1,1,1,0,0,'2021-04-07 00:00:00','2021-04-06','2021-04-26',30,7),(353,'2021-03-20','2021-04-06',263,19,'REGOLARE VIRTUAL BASE 01 | 2021-ABR | MJ | 19:00-21:30',15,70,'19:00:00','21:30:00',0,1,0,1,0,0,0,'2021-04-07 00:00:00','2021-04-06','2021-04-27',17,9),(354,'2021-03-20','2021-04-06',264,19,'REGOLARE VIRTUAL BASE 02 | 2021-ABR | MJ | 19:00-21:30',15,70,'19:00:00','21:30:00',0,1,0,1,0,0,0,'2021-04-07 00:00:00','2021-04-06','2021-04-27',17,9),(355,'2021-03-20','2021-04-06',266,19,'REGOLARE VIRTUAL BASE 04 | 2021-ABR | MJ | 19:00-21:30',15,70,'19:00:00','21:30:00',0,1,0,1,0,0,0,'2021-04-07 00:00:00','2021-04-06','2021-04-27',17,9),(356,'2021-03-20','2021-04-06',269,19,'REGOLARE VIRTUAL BASE 07 | 2021-ABR | MJ | 19:00-21:30',15,70,'19:00:00','21:30:00',0,1,0,1,0,0,0,'2021-04-07 00:00:00','2021-04-06','2021-04-27',17,9),(357,'2021-03-20','2021-04-06',270,19,'REGOLARE VIRTUAL BASE 08 | 2021-ABR | MJ | 19:30-21:30',15,70,'19:30:00','21:30:00',0,1,0,1,0,0,0,'2021-04-07 00:00:00','2021-04-06','2021-04-27',17,9),(358,'2021-03-20','2021-04-06',272,19,'REGOLARE VIRTUAL BASE 10 | 2021-ABR | MJ | 19:00-21:30',15,70,'19:00:00','21:30:00',0,1,0,1,0,0,0,'2021-04-07 00:00:00','2021-04-06','2021-04-27',17,9),(359,'2021-03-20','2021-04-06',273,19,'REGOLARE VIRTUAL INTERMEDIO 01 | 2021-ABR | MJ | 19:00-21:30',15,70,'19:00:00','21:30:00',0,1,0,1,0,0,0,'2021-04-07 00:00:00','2021-04-06','2021-04-27',17,9),(360,'2021-03-20','2021-04-06',274,19,'REGOLARE VIRTUAL INTERMEDIO 02 | 2021-ABR | MJ | 19:00-21:30',15,70,'19:00:00','21:30:00',0,1,0,1,0,0,0,'2021-04-07 00:00:00','2021-04-06','2021-04-27',17,9),(361,'2021-03-20','2021-04-06',276,19,'REGOLARE VIRTUAL INTERMEDIO 04 | 2021-ABR | MJ | 19:00-21:30',15,70,'19:00:00','21:30:00',0,1,0,1,0,0,0,'2021-04-07 00:00:00','2021-04-06','2021-04-27',17,9),(362,'2021-03-20','2021-04-05',263,19,'REGOLARE VIRTUAL BASE 01 | 2021-ABR | LX | 15:30-18:00',15,70,'15:30:00','18:00:00',1,0,1,0,0,0,0,'2021-04-08 00:00:00','2021-04-07','2021-04-28',17,9),(363,'2021-03-20','2021-04-06',264,19,'REGOLARE VIRTUAL BASE 02 | 2021-ABR | LX | 15:30-18:00',15,70,'15:30:00','18:00:00',1,0,1,0,0,0,0,'2021-04-08 00:00:00','2021-04-07','2021-04-28',17,9),(364,'2021-03-20','2021-04-05',264,19,'REGOLARE VIRTUAL BASE 02 | 2021-ABR | LX | 19:00-21:30',15,70,'19:00:00','21:30:00',1,0,1,0,0,0,0,'2021-04-08 00:00:00','2021-04-07','2021-04-28',17,9),(365,'2021-03-20','2021-04-07',265,19,'REGOLARE VIRTUAL BASE 03 | 2021-ABR | LX | 15:30-18:00',15,70,'15:30:00','18:00:00',1,0,1,0,0,0,0,'2021-04-08 00:00:00','2021-04-07','2021-04-28',17,9),(366,'2021-03-20','2021-04-07',266,19,'REGOLARE VIRTUAL BASE 04 | 2021-ABR | LX | 15:30-18:00',15,70,'15:30:00','18:00:00',1,0,1,0,0,0,0,'2021-04-08 00:00:00','2021-04-07','2021-04-28',17,9),(367,'2021-03-20','2021-04-07',268,19,'REGOLARE VIRTUAL BASE 06 | 2021-ABR | LX | 15:30-18:00',15,70,'15:30:00','18:00:00',1,0,1,0,0,0,0,'2021-04-08 00:00:00','2021-04-07','2021-04-28',17,9),(368,'2021-03-20','2021-04-07',269,19,'REGOLARE VIRTUAL BASE 07 | 2021-ABR | LX | 19:00-21:30',15,70,'19:00:00','21:30:00',1,0,1,0,0,0,0,'2021-04-08 00:00:00','2021-04-07','2021-04-28',17,9),(369,'2021-03-20','2021-04-07',270,19,'REGOLARE VIRTUAL BASE 08 | 2021-ABR | LX | 19:00-21:30',15,70,'19:00:00','21:30:00',1,0,1,0,0,0,0,'2021-04-08 00:00:00','2021-04-07','2021-04-28',17,9),(370,'2021-03-20','2021-04-07',271,19,'REGOLARE VIRTUAL BASE 09 | 2021-ABR | LX | 19:00-21:30',15,70,'19:00:00','21:30:00',1,0,1,0,0,0,0,'2021-04-08 00:00:00','2021-04-07','2021-04-28',17,9),(371,'2021-03-20','2021-04-07',272,19,'REGOLARE VIRTUAL BASE 10 | 2021-ABR | LX | 19:00-21:30',15,70,'19:00:00','21:30:00',1,0,1,0,0,0,0,'2021-04-08 00:00:00','2021-04-07','2021-04-28',17,9),(372,'2021-03-20','2021-04-07',273,19,'REGOLARE VIRTUAL INTERMEDIO 01 | 2021-ABR | LX | 19:00-21:30',15,70,'19:00:00','21:30:00',1,0,1,0,0,0,0,'2021-04-08 00:00:00','2021-04-07','2021-04-28',17,9),(373,'2021-03-20','2021-04-05',275,19,'REGOLARE VIRTUAL INTERMEDIO 03 | 2021-ABR | LX | 19:00-21:30',15,70,'19:00:00','21:30:00',1,0,1,0,0,0,0,'2021-04-08 00:00:00','2021-04-07','2021-04-28',17,9),(374,'2021-03-20','2021-04-05',277,19,'REGOLARE VIRTUAL INTERMEDIO 05 | 2021-ABR | LX | 19:00-21:30',15,70,'19:00:00','21:30:00',1,0,1,0,0,0,0,'2021-04-08 00:00:00','2021-04-07','2021-04-28',17,9),(375,'2021-03-20','2021-04-07',281,19,'REGOLARE VIRTUAL INTERMEDIO 09 | 2021-ABR | LX | 19:00-21:30',15,70,'19:00:00','21:30:00',1,0,1,0,0,0,0,'2021-04-08 00:00:00','2021-04-07','2021-04-28',17,9),(376,'2021-03-20','2021-04-07',285,19,'REGOLARE VIRTUAL AVANZATO 03 | 2021-ABR | LX | 19:00-21:30',15,70,'19:00:00','21:30:00',1,0,1,0,0,0,0,'2021-04-08 00:00:00','2021-04-07','2021-04-28',17,9),(377,'2021-03-20','2021-04-05',263,19,'REGOLARE VIRTUAL BASE 01 | 2021-ABR | LXV | 07:00-08:45',15,70,'07:00:00','08:45:00',1,0,1,0,1,0,0,'2021-04-08 00:00:00','2021-04-07','2021-04-28',17,9),(378,'2021-03-20','2021-04-05',263,19,'REGOLARE VIRTUAL BASE 01 | 2021-ABR | LXV | 11:30-13:15',15,70,'11:30:00','13:15:00',1,0,1,0,1,0,0,'2021-04-08 00:00:00','2021-04-07','2021-04-28',17,9),(379,'2021-03-20','2021-04-07',264,19,'REGOLARE VIRTUAL BASE 02 | 2021-ABR | LXV | 07:00-08:45',15,70,'07:00:00','08:45:00',1,0,1,0,1,0,0,'2021-04-08 00:00:00','2021-04-07','2021-04-28',17,9),(380,'2021-03-20','2021-04-07',264,19,'REGOLARE VIRTUAL BASE 02 | 2021-ABR | LXV | 11:30-13:15',15,70,'11:30:00','13:15:00',1,0,1,0,1,0,0,'2021-04-08 00:00:00','2021-04-07','2021-04-28',17,9),(381,'2021-03-20','2021-04-07',265,19,'REGOLARE VIRTUAL BASE 03 | 2021-ABR | LXV | 07:00-08:45',15,70,'07:00:00','08:45:00',1,0,1,0,1,0,0,'2021-04-08 00:00:00','2021-04-07','2021-04-28',17,9),(382,'2021-03-20','2021-04-07',265,19,'REGOLARE VIRTUAL BASE 03 | 2021-ABR | LXV | 11:30-13:15',15,70,'11:30:00','13:15:00',1,0,1,0,1,0,0,'2021-04-08 00:00:00','2021-04-07','2021-04-28',17,9),(383,'2021-03-20','2021-04-07',266,19,'REGOLARE VIRTUAL BASE 04 | 2021-ABR | LXV | 07:00-08:45',15,70,'07:00:00','08:45:00',1,0,1,0,1,0,0,'2021-04-08 00:00:00','2021-04-07','2021-04-28',17,9),(384,'2021-03-20','2021-04-07',266,19,'REGOLARE VIRTUAL BASE 04 | 2021-ABR | LXV | 11:30-13:15',15,70,'11:30:00','13:15:00',1,0,1,0,1,0,0,'2021-04-08 00:00:00','2021-04-07','2021-04-28',17,9),(385,'2021-03-20','2021-04-05',267,19,'REGOLARE VIRTUAL BASE 05 | 2021-ABR | LXV | 07:00-08:45',15,70,'07:00:00','08:45:00',1,0,1,0,1,0,0,'2021-04-08 00:00:00','2021-04-07','2021-04-28',17,9),(386,'2021-03-20','2021-04-05',268,19,'REGOLARE VIRTUAL BASE 06 | 2021-ABR | LXV | 07:00-08:45',15,70,'07:00:00','08:45:00',1,0,1,0,1,0,0,'2021-04-08 00:00:00','2021-04-07','2021-04-28',17,9),(387,'2021-03-20','2021-04-07',269,19,'REGOLARE VIRTUAL BASE 07 | 2021-ABR | LXV | 07:00-08:45',15,70,'07:00:00','08:45:00',1,0,1,0,1,0,0,'2021-04-08 00:00:00','2021-04-07','2021-04-28',17,9),(388,'2021-03-20','2021-04-07',270,19,'REGOLARE VIRTUAL BASE 08 | 2021-ABR | LXV | 07:00-08:45',15,70,'07:00:00','08:45:00',1,0,1,0,1,0,0,'2021-04-08 00:00:00','2021-04-07','2021-04-28',17,9),(389,'2021-03-20','2021-04-07',271,19,'REGOLARE VIRTUAL BASE 09 | 2021-ABR | LXV | 07:00-08:45',15,70,'07:00:00','08:45:00',1,0,1,0,1,0,0,'2021-04-08 00:00:00','2021-04-07','2021-04-28',17,9),(390,'2021-03-20','2021-04-07',272,19,'REGOLARE VIRTUAL BASE 10 | 2021-ABR | LXV | 07:00-08:45',15,70,'07:00:00','08:45:00',1,0,1,0,1,0,0,'2021-04-08 00:00:00','2021-04-07','2021-04-28',17,9),(391,'2021-03-20','2021-04-10',263,19,'REGOLARE VIRTUAL BASE 01 | 2021-ABR | S | 08:30-13:15',15,70,'08:30:00','13:15:00',0,0,0,0,0,1,0,'2021-04-12 00:00:00','2021-04-10','2021-05-08',17,9),(392,'2021-03-20','2021-04-10',263,19,'REGOLARE VIRTUAL BASE 01 | 2021-ABR | S | 14:00-18:45',15,70,'14:00:00','18:45:00',0,0,0,0,0,1,0,'2021-04-12 00:00:00','2021-04-10','2021-05-08',17,9),(393,'2021-03-20','2021-04-10',264,19,'REGOLARE VIRTUAL BASE 02 | 2021-ABR | S | 08:30-13:15',15,70,'08:30:00','13:15:00',0,0,0,0,0,1,0,'2021-04-12 00:00:00','2021-04-10','2021-05-08',17,9),(394,'2021-03-20','2021-04-08',264,19,'REGOLARE VIRTUAL BASE 02 | 2021-ABR | S | 14:00-18:45',15,70,'14:00:00','18:45:00',0,0,0,0,0,1,0,'2021-04-12 00:00:00','2021-04-10','2021-05-08',17,9),(395,'2021-03-20','2021-04-10',265,19,'REGOLARE VIRTUAL BASE 03 | 2021-ABR | S | 08:30-13:15',15,70,'08:30:00','13:15:00',0,0,0,0,0,1,0,'2021-04-12 00:00:00','2021-04-10','2021-05-08',17,9),(396,'2021-03-20','2021-04-08',265,19,'REGOLARE VIRTUAL BASE 03 | 2021-ABR | S | 14:00-18:45',15,70,'14:00:00','18:45:00',0,0,0,0,0,1,0,'2021-04-12 00:00:00','2021-04-10','2021-05-08',17,9),(397,'2021-03-20','2021-04-07',266,19,'REGOLARE VIRTUAL BASE 04 | 2021-ABR | S | 08:30-13:15',15,70,'08:30:00','13:15:00',0,0,0,0,0,1,0,'2021-04-12 00:00:00','2021-04-10','2021-05-08',17,9),(398,'2021-03-20','2021-04-07',268,19,'REGOLARE VIRTUAL BASE 06 | 2021-ABR | S | 08:30-13:15',15,70,'08:30:00','13:15:00',0,0,0,0,0,1,0,'2021-04-12 00:00:00','2021-04-10','2021-05-08',17,9),(399,'2021-03-20','2021-04-10',270,19,'REGOLARE VIRTUAL BASE 08 | 2021-ABR | S | 08:30-13:15',15,70,'08:30:00','13:15:00',0,0,0,0,0,1,0,'2021-04-12 00:00:00','2021-04-10','2021-05-08',17,9),(400,'2021-03-20','2021-04-10',280,19,'REGOLARE VIRTUAL INTERMEDIO 08 | 2021-ABR | S | 08:30-13:15',15,70,'08:30:00','13:15:00',0,0,0,0,0,1,0,'2021-04-12 00:00:00','2021-04-10','2021-05-08',17,9),(401,'2021-03-20','2021-04-10',283,19,'REGOLARE VIRTUAL AVANZATO 01 | 2021-ABR | S | 08:30-13:15',15,70,'08:30:00','13:15:00',0,0,0,0,0,1,0,'2021-04-12 00:00:00','2021-04-10','2021-05-08',17,9),(402,'2021-03-20','2021-04-10',285,19,'REGOLARE VIRTUAL AVANZATO 03 | 2021-ABR | S | 08:30-13:15',15,70,'08:30:00','13:15:00',0,0,0,0,0,1,0,'2021-04-12 00:00:00','2021-04-10','2021-05-08',17,9),(403,'2021-04-20','2021-05-04',241,20,'SUPER INTENSIVO VIRTUAL BASE 01 | 2021-MAY | L-V | 09:30-12:30',15,70,'09:30:00','12:30:00',1,1,1,1,1,0,0,'2021-05-05 00:00:00','2021-05-04','2021-05-24',45,7),(404,'2021-04-20','2021-05-04',241,20,'SUPER INTENSIVO VIRTUAL BASE 01 | 2021-MAY | L-V | 15:30-18:30',15,70,'15:30:00','18:30:00',1,1,1,1,1,0,0,'2021-05-05 00:00:00','2021-05-04','2021-05-24',45,7),(405,'2021-04-20','2021-05-04',242,20,'SUPER INTENSIVO VIRTUAL BASE 02 | 2021-MAY | L-V | 09:30-12:30',15,70,'09:30:00','12:30:00',1,1,1,1,1,0,0,'2021-05-05 00:00:00','2021-05-04','2021-05-24',45,7),(406,'2021-04-20','2021-05-04',242,20,'SUPER INTENSIVO VIRTUAL BASE 02 | 2021-MAY | L-V | 15:30-18:30',15,70,'15:30:00','18:30:00',1,1,1,1,1,0,0,'2021-05-05 00:00:00','2021-05-04','2021-05-24',45,7),(407,'2021-04-20','2021-05-04',243,20,'SUPER INTENSIVO VIRTUAL BASE 03 | 2021-MAY | L-V | 09:30-12:30',15,70,'09:30:00','12:30:00',1,1,1,1,1,0,0,'2021-05-05 00:00:00','2021-05-04','2021-05-24',45,7),(408,'2021-04-20','2021-05-04',244,20,'SUPER INTENSIVO VIRTUAL BASE 04 | 2021-MAY | L-V | 09:30-12:30',15,70,'09:30:00','12:30:00',1,1,1,1,1,0,0,'2021-05-05 00:00:00','2021-05-04','2021-05-24',45,7),(409,'2021-04-20','2021-05-04',245,20,'SUPER INTENSIVO VIRTUAL INTERMEDIO 01 | 2021-MAY | L-V | 09:30-12:30',15,70,'09:30:00','12:30:00',1,1,1,1,1,0,0,'2021-05-05 00:00:00','2021-05-04','2021-05-24',45,7),(410,'2021-04-20','2021-05-04',247,20,'SUPER INTENSIVO VIRTUAL INTERMEDIO 03 | 2021-MAY | L-V | 09:30-12:30',15,70,'09:30:00','12:30:00',1,1,1,1,1,0,0,'2021-05-05 00:00:00','2021-05-04','2021-05-24',45,7),(411,'2021-04-20','2021-05-04',249,20,'INTENSIVO VIRTUAL BASE 01 | 2021-MAY | L-V | 07:00-09:00',15,70,'07:00:00','09:00:00',1,1,1,1,1,0,0,'2021-05-05 00:00:00','2021-05-04','2021-05-26',34,8),(412,'2021-04-20','2021-05-04',249,20,'INTENSIVO VIRTUAL BASE 01 | 2021-MAY | L-V | 09:30-11:30',15,70,'09:30:00','11:30:00',1,1,1,1,1,0,0,'2021-05-05 00:00:00','2021-05-04','2021-05-26',34,8),(413,'2021-04-20','2021-05-04',249,20,'INTENSIVO VIRTUAL BASE 01 | 2021-MAY | L-V | 14:00-16:00',15,70,'14:00:00','16:00:00',1,1,1,1,1,0,0,'2021-05-05 00:00:00','2021-05-04','2021-05-26',34,8),(414,'2021-04-20','2021-05-04',249,20,'INTENSIVO VIRTUAL BASE 01 | 2021-MAY | L-V | 16:30-18:30',15,70,'16:30:00','18:30:00',1,1,1,1,1,0,0,'2021-05-05 00:00:00','2021-05-04','2021-05-26',34,8),(415,'2021-04-20','2021-05-04',250,20,'INTENSIVO VIRTUAL BASE 02 | 2021-MAY | L-V | 07:00-09:00',15,70,'07:00:00','09:00:00',1,1,1,1,1,0,0,'2021-05-05 00:00:00','2021-05-04','2021-05-26',34,8),(416,'2021-04-20','2021-05-04',250,20,'INTENSIVO VIRTUAL BASE 02 | 2021-MAY | L-V | 09:30-11:30',15,70,'09:30:00','11:30:00',1,1,1,1,1,0,0,'2021-05-05 00:00:00','2021-05-04','2021-04-26',34,8),(417,'2021-04-20','2021-05-04',250,20,'INTENSIVO VIRTUAL BASE 02 | 2021-MAY | L-V | 14:00-16:00',15,70,'14:00:00','16:00:00',1,1,1,1,1,0,0,'2021-05-05 00:00:00','2021-05-04','2021-04-26',34,8),(418,'2021-04-20','2021-05-04',250,20,'INTENSIVO VIRTUAL BASE 02 | 2021-MAY | L-V | 16:30-18:30',15,70,'16:30:00','18:30:00',1,1,1,1,1,0,0,'2021-05-05 00:00:00','2021-05-04','2021-05-26',34,8),(419,'2021-04-20','2021-05-04',251,20,'INTENSIVO VIRTUAL BASE 03 | 2021-MAY | L-V | 07:00-09:00',15,70,'07:00:00','09:00:00',1,1,1,1,1,0,0,'2021-05-05 00:00:00','2021-05-04','2021-05-26',34,8),(420,'2021-04-20','2021-05-04',251,20,'INTENSIVO VIRTUAL BASE 03 | 2021-MAY | L-V | 09:30-11:30',15,70,'09:30:00','11:30:00',1,1,1,1,1,0,0,'2021-05-05 00:00:00','2021-05-04','2021-05-26',34,8),(421,'2021-04-20','2021-05-04',251,20,'INTENSIVO VIRTUAL BASE 03 | 2021-MAY | L-V | 14:00-16:00',15,70,'14:00:00','16:00:00',1,1,1,1,1,0,0,'2021-05-05 00:00:00','2021-05-04','2021-05-26',34,8),(422,'2021-04-20','2021-05-04',251,20,'INTENSIVO VIRTUAL BASE 03 | 2021-MAY | L-V | 16:30-18:30',15,70,'16:30:00','18:30:00',1,1,1,1,1,0,0,'2021-05-05 00:00:00','2021-05-04','2021-05-26',34,8),(423,'2021-04-20','2021-05-04',251,20,'INTENSIVO VIRTUAL BASE 03 | 2021-MAY | L-V | 19:00-21:00',15,70,'19:00:00','21:00:00',1,1,1,1,1,0,0,'2021-05-05 00:00:00','2021-05-04','2021-05-26',34,8),(424,'2021-04-20','2021-05-04',252,20,'INTENSIVO VIRTUAL BASE 04 | 2021-MAY | L-V | 07:00-09:00',15,70,'07:00:00','09:00:00',1,1,1,1,1,0,0,'2021-05-05 00:00:00','2021-05-04','2021-05-26',34,8),(425,'2021-04-20','2021-05-04',252,20,'INTENSIVO VIRTUAL BASE 04 | 2021-MAY | L-V | 09:30-11:30',15,70,'09:30:00','11:30:00',1,1,1,1,1,0,0,'2021-05-05 00:00:00','2021-05-04','2021-05-26',34,8),(426,'2021-04-20','2021-05-04',252,20,'INTENSIVO VIRTUAL BASE 04 | 2021-MAY | L-V | 14:00-16:00',15,70,'14:00:00','16:00:00',1,1,1,1,1,0,0,'2021-05-05 00:00:00','2021-05-04','2021-05-26',34,8),(427,'2021-04-20','2021-05-04',252,20,'INTENSIVO VIRTUAL BASE 04 | 2021-MAY | L-V | 19:00-21:00',15,70,'19:00:00','21:00:00',1,1,1,1,1,0,0,'2021-05-05 00:00:00','2021-05-04','2021-05-26',34,8),(428,'2021-04-20','2021-05-04',253,20,'INTENSIVO VIRTUAL BASE 05 | 2021-MAY | L-V | 07:00-09:00',15,70,'07:00:00','09:00:00',1,1,1,1,1,0,0,'2021-05-05 00:00:00','2021-05-04','2021-05-26',34,8),(429,'2021-04-20','2021-05-04',253,20,'INTENSIVO VIRTUAL BASE 05 | 2021-MAY | L-V | 09:30-11:30',15,70,'09:30:00','11:30:00',1,1,1,1,1,0,0,'2021-05-05 00:00:00','2021-05-04','2021-05-26',34,8),(430,'2021-04-20','2021-05-04',253,20,'INTENSIVO VIRTUAL BASE 05 | 2021-MAY | L-V | 14:00-16:00',15,70,'14:00:00','16:00:00',1,1,1,1,1,0,0,'2021-05-05 00:00:00','2021-05-04','2021-05-26',34,8),(431,'2021-04-20','2021-05-04',253,20,'INTENSIVO VIRTUAL BASE 05 | 2021-MAY | L-V | 19:00-21:00',15,70,'19:00:00','21:00:00',1,1,1,1,1,0,0,'2021-05-05 00:00:00','2021-05-04','2021-05-26',34,8),(432,'2021-04-20','2021-05-04',254,20,'INTENSIVO VIRTUAL INTERMEDIO 01 | 2021-MAY | L-V | 07:00-09:00',15,70,'07:00:00','09:00:00',1,1,1,1,1,0,0,'2021-05-05 00:00:00','2021-05-04','2021-05-26',34,8),(433,'2021-04-20','2021-05-04',254,20,'INTENSIVO VIRTUAL INTERMEDIO 01 | 2021-MAY | L-V | 16:30-18:30',15,70,'16:30:00','18:30:00',1,1,1,1,1,0,0,'2021-05-05 00:00:00','2021-05-04','2021-05-26',34,8),(434,'2021-04-20','2021-05-04',255,20,'INTENSIVO VIRTUAL INTERMEDIO 02 | 2021-MAY | L-V | 11:00-13:00',15,70,'11:00:00','13:00:00',1,1,1,1,1,0,0,'2021-05-05 00:00:00','2021-05-04','2021-05-26',34,8),(435,'2021-04-20','2021-05-04',255,20,'INTENSIVO VIRTUAL INTERMEDIO 02 | 2021-MAY | L-V | 14:00-16:00',15,70,'14:00:00','16:00:00',1,1,1,1,1,0,0,'2021-05-05 00:00:00','2021-05-04','2021-05-26',34,8),(436,'2021-04-20','2021-05-04',256,20,'INTENSIVO VIRTUAL INTERMEDIO 03 | 2021-MAY | L-V | 07:00-09:00',15,70,'07:00:00','09:00:00',1,1,1,1,1,0,0,'2021-05-05 00:00:00','2021-05-04','2021-05-26',34,8),(437,'2021-04-20','2021-05-04',256,20,'INTENSIVO VIRTUAL INTERMEDIO 03 | 2021-MAY | L-V | 16:30-18:30',15,70,'16:30:00','18:30:00',1,1,1,1,1,0,0,'2021-05-05 00:00:00','2021-05-04','2021-05-26',34,8),(438,'2021-04-20','2021-05-04',256,20,'INTENSIVO VIRTUAL INTERMEDIO 03 | 2021-MAY | L-V | 19:00-21:00',15,70,'19:00:00','21:00:00',1,1,1,1,1,0,0,'2021-05-05 00:00:00','2021-05-04','2021-05-26',34,8),(439,'2021-04-20','2021-05-04',257,20,'INTENSIVO VIRTUAL INTERMEDIO 04 | 2021-MAY | L-V | 07:00-09:00',15,70,'07:00:00','09:00:00',1,1,1,1,1,0,0,'2021-05-05 00:00:00','2021-05-04','2021-05-26',34,8),(440,'2021-04-20','2021-05-04',257,20,'INTENSIVO VIRTUAL INTERMEDIO 04 | 2021-MAY | L-V | 19:00-21:00',15,70,'19:00:00','21:00:00',1,1,1,1,1,0,0,'2021-05-05 00:00:00','2021-05-04','2021-05-26',34,8),(441,'2021-04-20','2021-05-04',258,20,'INTENSIVO VIRTUAL INTERMEDIO 05 | 2021-MAY | L-V | 07:00-09:00',15,70,'07:00:00','09:00:00',1,1,1,1,1,0,0,'2021-05-05 00:00:00','2021-05-04','2021-05-26',34,8),(442,'2021-04-20','2021-05-04',258,20,'INTENSIVO VIRTUAL INTERMEDIO 05 | 2021-MAY | L-V | 19:00-21:00',15,70,'19:00:00','21:00:00',1,1,1,1,1,0,0,'2021-05-05 00:00:00','2021-05-04','2021-05-26',34,8),(443,'2021-04-20','2021-05-04',259,20,'INTENSIVO VIRTUAL AVANZATO 01 | 2021-MAY | L-V | 07:00-09:00',15,70,'07:00:00','09:00:00',1,1,1,1,1,0,0,'2021-05-05 00:00:00','2021-05-04','2021-05-24',30,8),(444,'2021-04-20','2021-05-04',259,20,'INTENSIVO VIRTUAL AVANZATO 01 | 2021-MAY | L-V | 19:00-21:00',15,70,'19:00:00','21:00:00',1,1,1,1,1,0,0,'2021-05-05 00:00:00','2021-05-04','2021-05-24',30,8),(445,'2021-04-20','2021-05-04',260,20,'INTENSIVO VIRTUAL AVANZATO 02 | 2021-MAY | L-V | 07:00-09:00',15,70,'07:00:00','09:00:00',1,1,1,1,1,0,0,'2021-05-05 00:00:00','2021-05-04','2021-05-24',30,8),(446,'2021-04-20','2021-05-04',260,20,'INTENSIVO VIRTUAL AVANZATO 02 | 2021-MAY | L-V | 19:00-21:00',15,70,'19:00:00','21:00:00',1,1,1,1,1,0,0,'2021-05-05 00:00:00','2021-05-04','2021-05-24',30,8),(447,'2021-04-20','2021-05-04',261,20,'INTENSIVO VIRTUAL AVANZATO 03 | 2021-MAY | L-V | 07:00-09:00',15,70,'07:00:00','09:00:00',1,1,1,1,1,0,0,'2021-05-05 00:00:00','2021-05-04','2021-05-24',30,8),(448,'2021-04-20','2021-05-04',261,20,'INTENSIVO VIRTUAL AVANZATO 03 | 2021-MAY | L-V | 19:00-21:00',15,70,'19:00:00','21:00:00',1,1,1,1,1,0,0,'2021-05-05 00:00:00','2021-05-04','2021-05-24',30,8),(449,'2021-04-20','2021-05-04',262,20,'INTENSIVO VIRTUAL AVANZATO 04 | 2021-MAY | L-V | 19:00-21:00',15,70,'19:00:00','21:00:00',1,1,1,1,1,0,0,'2021-05-05 00:00:00','2021-05-04','2021-05-24',30,8),(450,'2021-04-20','2021-05-05',263,20,'REGOLARE VIRTUAL BASE 01 | 2021-MAY | LX | 15:30-18:00',15,70,'15:30:00','18:00:00',1,0,1,0,0,0,0,'2021-05-06 00:00:00','2021-05-05','2021-05-26',17,9),(451,'2021-04-20','2021-05-05',264,20,'REGOLARE VIRTUAL BASE 02 | 2021-MAY | LX | 15:30-18:00',15,70,'15:30:00','18:00:00',1,0,1,0,0,0,0,'2021-05-06 00:00:00','2021-05-05','2021-05-26',17,9),(452,'2021-04-20','2021-05-05',265,20,'REGOLARE VIRTUAL BASE 03 | 2021-MAY | LX | 15:30-18:00',15,70,'15:30:00','18:00:00',1,0,1,0,0,0,0,'2021-05-06 00:00:00','2021-05-05','2021-05-26',17,9),(453,'2021-04-20','2021-05-05',265,20,'REGOLARE VIRTUAL BASE 03 | 2021-MAY | LX | 19:00 - 21:30',15,70,'19:00:00','21:30:00',1,0,1,0,0,0,0,'2021-05-06 00:00:00','2021-05-05','2021-05-26',17,9),(454,'2021-04-20','2021-05-05',266,20,'REGOLARE VIRTUAL BASE 04 | 2021-MAY | LX | 15:30-18:00',15,70,'15:30:00','18:00:00',1,0,1,0,0,0,0,'2021-05-06 00:00:00','2021-05-05','2021-05-26',17,9),(455,'2021-04-20','2021-05-05',269,20,'REGOLARE VIRTUAL BASE 07 | 2021-MAY | LX | 15:30-18:00',15,70,'15:30:00','18:00:00',1,0,1,0,0,0,0,'2021-05-06 00:00:00','2021-05-05','2021-05-26',17,9),(456,'2021-04-20','2021-05-05',270,20,'REGOLARE VIRTUAL BASE 08 | 2021-MAY | LX | 19:00-21:30',15,70,'19:00:00','21:30:00',1,0,1,0,0,0,0,'2021-05-06 00:00:00','2021-05-05','2021-05-26',17,9),(457,'2021-04-20','2021-05-05',271,20,'REGOLARE VIRTUAL BASE 09 | 2021-MAY | LX | 19:00-21:30',15,70,'19:00:00','21:30:00',1,0,1,0,0,0,0,'2021-05-26 00:00:00','2021-05-05','2021-05-26',17,9),(458,'2021-04-20','2021-05-05',272,20,'REGOLARE VIRTUAL BASE 10 | 2021-MAY | LX | 19:00-21:30',15,70,'19:00:00','21:30:00',1,0,1,0,0,0,0,'2021-05-06 00:00:00','2021-05-05','2021-05-26',17,9),(459,'2021-04-20','2021-05-05',273,20,'REGOLARE VIRTUAL INTERMEDIO 01 | 2021-MAY | LX | 19:00-21:30',15,70,'19:00:00','21:30:00',1,0,1,0,0,0,0,'2021-05-06 00:00:00','2021-05-05','2021-05-26',17,9),(460,'2021-04-20','2021-05-05',274,20,'REGOLARE VIRTUAL INTERMEDIO 02 | 2021-MAY | LX | 19:00-21:30',15,70,'19:00:00','21:30:00',1,0,1,0,0,0,0,'2021-05-06 00:00:00','2021-05-05','2021-05-26',17,9),(461,'2021-04-20','2021-05-05',276,20,'REGOLARE VIRTUAL INTERMEDIO 04 | 2021-MAY | LX | 19:00-21:30',15,70,'19:00:00','21:30:00',1,0,1,0,0,0,0,'2021-05-06 00:00:00','2021-05-05','2021-05-26',17,9),(462,'2021-04-20','2021-05-05',278,20,'REGOLARE VIRTUAL INTERMEDIO 06 | 2021-MAY | LX | 19:00-21:30',15,70,'19:00:00','21:30:00',1,0,1,0,0,0,0,'2021-05-06 00:00:00','2021-05-05','2021-05-26',17,9),(463,'2021-04-20','2021-05-05',282,20,'REGOLARE VIRTUAL INTERMEDIO 10 | 2021-MAY | LX | 19:00-21:30',15,70,'19:00:00','21:30:00',1,0,1,0,0,0,0,'2021-05-06 00:00:00','2021-05-05','2021-05-26',17,9),(464,'2021-04-20','2021-05-04',263,20,'REGOLARE VIRTUAL BASE 01 | 2021-MAY | MJ | 19:00-21:30',15,70,'19:00:00','21:30:00',0,1,0,1,0,0,0,'2021-05-05 00:00:00','2021-05-04','2021-05-25',17,9),(465,'2021-04-20','2021-05-04',264,20,'REGOLARE VIRTUAL BASE 02 | 2021-MAY | MJ | 19:00-21:30',15,70,'19:00:00','21:30:00',0,1,0,1,0,0,0,'2021-05-05 00:00:00','2021-05-04','2021-05-25',17,9),(466,'2021-04-20','2021-05-04',265,20,'REGOLARE VIRTUAL BASE 03 | 2021-MAY | MJ | 19:00-21:30',15,70,'19:00:00','21:30:00',0,1,0,1,0,0,0,'2021-05-05 00:00:00','2021-05-04','2021-05-25',17,9),(467,'2021-04-20','2021-05-04',267,20,'REGOLARE VIRTUAL BASE 05 | 2021-MAY | MJ | 19:00-21:30',15,70,'19:00:00','21:30:00',0,1,0,1,0,0,0,'2021-05-05 00:00:00','2021-05-04','2021-05-25',17,9),(468,'2021-04-20','2021-05-04',270,20,'REGOLARE VIRTUAL BASE 08 | 2021-MAY | MJ | 19:00-21:30',15,70,'19:00:00','21:30:00',0,1,0,1,0,0,0,'2021-05-05 00:00:00','2021-05-04','2021-05-25',17,9),(469,'2021-04-20','2021-05-04',271,20,'REGOLARE VIRTUAL BASE 09 | 2021-MAY | MJ | 19:00-21:30',15,70,'19:00:00','21:30:00',0,1,0,1,0,0,0,'2021-05-05 00:00:00','2021-05-04','2021-05-25',17,9),(470,'2021-04-20','2021-05-04',273,20,'REGOLARE VIRTUAL INTERMEDIO 01 | 2021-MAY | MJ | 19:00-21:30',15,70,'19:00:00','21:30:00',0,1,0,1,0,0,0,'2021-05-05 00:00:00','2021-05-04','2021-05-25',17,9),(471,'2021-04-20','2021-05-04',274,20,'REGOLARE VIRTUAL INTERMEDIO 02 | 2021-MAY | MJ | 19:00-21:30',15,70,'19:00:00','21:30:00',0,1,0,1,0,0,0,'2021-05-05 00:00:00','2021-05-04','2021-05-25',17,9),(472,'2021-04-20','2021-05-04',275,20,'REGOLARE VIRTUAL INTERMEDIO 03 | 2021-MAY | MJ | 19:00-21:30',15,70,'19:00:00','21:30:00',0,1,0,1,0,0,0,'2021-05-05 00:00:00','2021-05-04','2021-05-24',17,9),(473,'2021-04-20','2021-05-04',277,20,'REGOLARE VIRTUAL INTERMEDIO 05 | 2021-MAY | MJ | 19:00-21:30',15,70,'19:00:00','21:30:00',0,1,0,1,0,0,0,'2021-05-05 00:00:00','2021-05-04','2021-05-25',17,9),(474,'2021-04-20','2021-05-05',263,20,'REGOLARE VIRTUAL BASE 01 | 2021-MAY | LXV | 07:00-08:45',15,70,'07:00:00','08:45:00',1,0,1,0,1,0,0,'2021-05-06 00:00:00','2021-05-05','2021-05-26',17,9),(475,'2021-04-20','2021-05-05',263,20,'REGOLARE VIRTUAL BASE 01 | 2021-MAY | LXV | 11:30-13:15',15,70,'11:30:00','13:15:00',1,0,1,0,1,0,0,'2021-05-06 00:00:00','2021-05-05','2021-05-26',17,9),(476,'2021-04-20','2021-05-05',264,20,'REGOLARE VIRTUAL BASE 02 | 2021-MAY | LXV | 07:00-08:45',15,70,'07:00:00','08:45:00',1,0,1,0,1,0,0,'2021-05-06 00:00:00','2021-05-05','2021-05-26',17,9),(477,'2021-04-20','2021-05-05',264,20,'REGOLARE VIRTUAL BASE 02 | 2021-MAY | LXV | 11:30-13:15',15,70,'11:30:00','13:15:00',1,0,1,0,1,0,0,'2021-05-06 00:00:00','2021-05-05','2021-05-26',17,9),(478,'2021-04-20','2021-05-05',265,20,'REGOLARE VIRTUAL BASE 03 | 2021-MAY | LXV | 07:00-08:45',15,70,'07:00:00','08:45:00',1,0,1,0,1,0,0,'2021-05-06 00:00:00','2021-05-05','2021-05-26',17,9),(479,'2021-04-20','2021-05-05',265,20,'REGOLARE VIRTUAL BASE 03 | 2021-MAY | LXV | 11:30-13:15',15,70,'11:30:00','13:15:00',1,0,1,0,1,0,0,'2021-05-06 00:00:00','2021-05-05','2021-05-26',17,9),(480,'2021-04-20','2021-05-05',266,20,'REGOLARE VIRTUAL BASE 04 | 2021-MAY | LXV | 07:00 - 08:45',15,70,'07:00:00','08:45:00',1,0,1,0,1,0,0,'2021-05-06 00:00:00','2021-05-05','2021-05-26',17,9),(481,'2021-04-20','2021-05-05',266,20,'REGOLARE VIRTUAL BASE 04 | 2021-MAY | LXV | 11:30-13:15',15,70,'11:30:00','13:15:00',1,0,1,0,1,0,0,'2021-05-06 00:00:00','2021-05-05','2021-05-26',17,9),(482,'2021-04-20','2021-05-05',267,20,'REGOLARE VIRTUAL BASE 05 | 2021-MAY | LXV | 07:00-08:45',15,70,'07:00:00','08:45:00',1,0,1,0,1,0,0,'2021-05-06 00:00:00','2021-05-05','2021-05-26',17,9),(483,'2021-04-20','2021-05-05',268,20,'REGOLARE VIRTUAL BASE 06 | 2021-MAY | LXV | 07:00-08:45',15,70,'07:00:00','08:45:00',1,0,1,0,1,0,0,'2021-05-06 00:00:00','2021-05-05','2021-05-26',17,9),(484,'2021-04-20','2021-05-05',269,20,'REGOLARE VIRTUAL BASE 07 | 2021-MAY | LXV | 07:00-08:45',15,70,'07:00:00','08:45:00',1,0,1,0,1,0,0,'2021-05-06 00:00:00','2021-05-05','2021-05-26',17,9),(485,'2021-04-20','2021-05-05',270,20,'REGOLARE VIRTUAL BASE 08 | 2021-MAY | LXV | 07:00-08:45',15,70,'07:00:00','08:45:00',1,0,1,0,1,0,0,'2021-05-06 00:00:00','2021-05-05','2021-05-26',17,9),(486,'2021-04-20','2021-05-05',271,20,'REGOLARE VIRTUAL BASE 09 | 2021-MAY | LXV | 07:00-08:45',15,70,'07:00:00','08:45:00',1,0,1,0,1,0,0,'2021-05-06 00:00:00','2021-05-05','2021-05-26',17,9),(487,'2021-04-20','2021-05-05',272,20,'REGOLARE VIRTUAL BASE 10 | 2021-MAY | LXV | 07:00-08:45',15,70,'07:00:00','08:45:00',1,0,1,0,1,0,0,'2021-05-06 00:00:00','2021-05-05','2021-05-26',17,9),(488,'2021-04-20','2021-05-15',263,20,'REGOLARE VIRTUAL BASE 01 | 2021-MAY | S | 08:30-13:15',15,70,'08:30:00','13:15:00',0,0,0,0,0,1,0,'2021-05-17 00:00:00','2021-05-15','2021-06-05',17,9),(489,'2021-04-20','2021-05-15',263,20,'REGOLARE VIRTUAL BASE 01 | 2021-MAY | S | 14:00-18:45',15,70,'14:00:00','18:45:00',0,0,0,0,0,1,0,'2021-05-17 00:00:00','2021-05-15','2021-06-05',17,9),(490,'2021-04-20','2021-05-15',264,20,'REGOLARE VIRTUAL BASE 02 | 2021-MAY | S | 08:30-13:15',15,70,'08:30:00','13:15:00',0,0,0,0,0,1,0,'2021-05-17 00:00:00','2021-05-15','2021-06-05',17,9),(491,'2021-04-20','2021-05-15',264,20,'REGOLARE VIRTUAL BASE 02 | 2021-MAY | S | 14:00-18:45',15,70,'14:00:00','18:45:00',0,0,0,0,0,1,0,'2021-05-17 00:00:00','2021-05-15','2021-06-05',17,9),(492,'2021-04-20','2021-05-15',265,20,'REGOLARE VIRTUAL BASE 03 | 2021-MAY | S | 08:30-13:15',15,70,'08:30:00','13:15:00',0,0,0,0,0,1,0,'2021-05-17 00:00:00','2021-05-15','2021-06-05',0,9),(493,'2021-04-20','2021-05-15',266,20,'REGOLARE VIRTUAL BASE 04 | 2021-MAY | S | 08:30-13:15',15,70,'08:30:00','13:15:00',0,0,0,0,0,1,0,'2021-05-17 00:00:00','2021-05-15','2021-06-05',17,9),(494,'2021-04-20','2021-05-15',267,20,'REGOLARE VIRTUAL BASE 05 | 2021-MAY | S | 08:30-13:15',15,70,'08:30:00','13:15:00',0,0,0,0,0,1,0,'2021-05-17 00:00:00','2021-05-15','2021-06-05',17,9),(495,'2021-04-20','2021-05-15',269,20,'REGOLARE VIRTUAL BASE 07 | 2021-MAY | S | 08:30-13:15',15,70,'08:30:00','13:15:00',0,0,0,0,0,1,0,'2021-05-17 00:00:00','2021-05-15','2021-06-05',17,9),(496,'2021-04-20','2021-05-15',271,20,'REGOLARE VIRTUAL BASE 09 | 2021-MAY | S | 08:30-13:15',15,70,'08:30:00','13:15:00',0,0,0,0,0,1,0,'2021-05-17 00:00:00','2021-05-15','2021-06-05',17,9),(497,'2021-04-20','2021-05-15',281,20,'REGOLARE VIRTUAL INTERMEDIO 09 | 2021-MAY | S | 08:30-13:15',15,70,'08:30:00','13:15:00',0,0,0,0,0,1,0,'2021-05-17 00:00:00','2021-05-15','2021-06-05',17,9),(498,'2021-04-20','2021-05-15',284,20,'REGOLARE VIRTUAL AVANZATO 02 | 2021-MAY | S | 08:30-13:15',15,70,'08:30:00','13:15:00',0,0,0,0,0,1,0,'2021-05-17 00:00:00','2021-05-15','2021-06-05',17,9),(499,'2021-04-20','2021-05-15',286,20,'REGOLARE VIRTUAL AVANZATO 04 | 2021-MAY | S | 08:30-13:15',15,70,'08:30:00','13:15:00',0,0,0,0,0,1,0,'2021-05-17 00:00:00','2021-05-15','2021-06-05',17,9),(500,'2021-04-20','2021-05-05',293,20,'BAMBINI VIRTUALE LIBRO 1 - 1 | 2021-MAY | LX | 16:30-18:00',8,10,'16:30:00','18:00:00',1,0,1,0,0,0,0,'2021-05-06 00:00:00','2021-05-05','2021-06-23',24,9),(501,'2021-04-20','2021-05-15',293,20,'BAMBINI VIRTUALE LIBRO 1 - 1 | 2021-MAY | S | 08:00-11:00',8,10,'08:00:00','11:00:00',0,0,0,0,0,1,0,'2021-05-17 00:00:00','2021-05-15','2021-07-03',24,9),(502,'2021-04-20','2021-05-05',305,20,'RAGAZZI VIRTUALE LIBRO 1 - 1 | 2021-MAY | LX | 16:30-18:00',11,14,'16:30:00','18:00:00',1,0,1,0,0,0,0,'2021-05-06 00:00:00','2021-05-05','2021-06-23',24,9),(503,'2021-04-20','2021-05-15',305,20,'RAGAZZI VIRTUALE LIBRO 1 - 1 | 2021-MAY | S | 11:00-14:00',11,14,'11:00:00','14:00:00',0,0,0,0,0,1,0,'2021-05-17 00:00:00','2021-05-15','2021-07-03',17,9),(504,'2021-04-20','2021-05-15',299,20,'BAMBINI VIRTUALE LIBRO 2 - 1 | 2021-MAY | S | 08:00-11:00',8,10,'08:00:00','11:00:00',0,0,0,0,0,1,0,'2021-05-17 00:00:00','2021-05-15','2021-07-03',24,9),(505,'2021-04-20','2021-05-15',306,20,'RAGAZZI VIRTUALE LIBRO 1 - 2 | 2021-MAY | S | 11:00-14:00',11,14,'11:00:00','14:00:00',0,0,0,0,0,1,0,'2021-05-17 00:00:00','2021-05-15','2021-07-03',24,9),(506,'2021-04-20','2021-05-04',307,20,'RAGAZZI VIRTUALE LIBRO 1 - 3 | 2021-MAY | MJ | 16:30-18:00',11,14,'16:30:00','18:00:00',0,1,0,1,0,0,0,'2021-05-05 00:00:00','2021-05-04','2021-06-22',24,9),(507,'2021-04-20','2021-05-04',308,20,'RAGAZZI VIRTUALE LIBRO 1 - 4 | 2021-MAY | MJ | 16:30-18:00',11,14,'16:30:00','18:00:00',0,1,0,1,0,0,0,'2021-05-05 00:00:00','2021-05-04','2021-06-22',24,9),(508,'2021-04-20','2021-05-04',309,20,'RAGAZZI VIRTUALE LIBRO 1 - 5 | 2021-MAY | MJ | 16:30-18:00',11,14,'16:30:00','18:00:00',0,1,0,1,0,0,0,'2021-05-05 00:00:00','2021-05-04','2021-06-22',0,1),(509,'2021-04-20','2021-05-15',330,20,'CORSO DI CONVERSAZIONE E CULTURA ITALIANA | 2021-MAY | S | 08:30-10:30',15,80,'08:30:00','10:30:00',0,0,0,0,0,1,0,'2021-05-17 00:00:00','2021-05-15','2021-07-03',0,1),(510,'2021-04-20','2021-05-15',330,20,'CORSO DI CONVERSAZIONE E CULTURA ITALIANA | 2021-MAY | S | 11:00-13:00',15,80,'11:00:00','13:00:00',0,0,0,0,0,1,0,'2021-05-17 00:00:00','2021-05-15','2021-07-03',0,1),(511,'2021-04-20','2021-05-15',331,20,'GRAMMATICA E FONETICA | 2021-MAY | S | 08:30-10:30',15,70,'08:30:00','10:30:00',0,0,0,0,0,1,0,'2021-05-17 00:00:00','2021-05-15','2021-07-03',0,1);

--
