--
-- Host: localhost    Database: d51e9e5_inst
-- ------------------------------------------------------


--
-- Table structure for table `alumnos_nivel_menos_uno`
--

CREATE TABLE `alumnos_nivel_menos_uno` (
  `Id_alu` int(15) DEFAULT NULL,
  `CursoMenosUno` int(15) DEFAULT NULL
) ENGINE=InnoDB DEFAULT CHARSET=utf8;

--
-- Dumping data for table `alumnos_nivel_menos_uno`
--

INSERT INTO `alumnos_nivel_menos_uno` (`Id_alu`, `CursoMenosUno`) VALUES (2,254),(3,258),(4,287),(6,264),(8,265),(10,257),(11,254),(13,266),(15,268),(16,254),(18,270),(19,281),(20,269),(21,244),(23,256),(24,1),(25,265),(27,252),(28,279),(29,252),(31,269),(32,252),(33,258),(34,254),(37,256),(39,268),(41,266),(42,264),(43,269),(48,279),(54,266),(58,254),(59,264),(61,272),(62,255),(68,261),(70,264),(71,250),(73,279),(76,254),(79,250),(84,281),(88,259),(92,255),(93,264),(99,253),(100,287),(101,254),(102,249),(104,268),(107,267),(108,255),(113,259),(114,269),(116,257),(117,256),(118,250),(122,256),(123,268),(124,281),(125,268),(126,261),(127,267),(129,277),(132,258),(133,1),(137,276),(138,257),(139,252),(142,1),(146,261),(148,281),(150,256),(153,281),(154,257),(155,254),(158,255),(159,273),(160,255),(161,281),(167,287),(168,261),(169,257),(170,285),(172,259),(174,254),(175,256),(176,281),(177,270),(186,272),(187,265),(188,253),(191,258),(192,273),(194,254),(197,255),(198,254),(204,279),(209,281),(210,273),(211,281),(212,277),(220,266),(225,273),(227,254),(231,271),(232,252),(233,244),(235,261),(238,276),(240,254),(245,258),(246,255),(248,1),(249,259),(251,277),(253,264),(255,250),(260,261),(262,259),(264,281),(268,259),(271,270),(272,285),(274,279),(275,253),(276,285),(277,277),(280,266),(281,252),(282,285),(283,285),(284,268),(287,268),(288,271),(289,281),(290,259),(292,287),(293,279),(295,258),(297,285),(298,254),(299,271),(302,252),(303,255),(304,287),(305,255),(306,285),(309,287),(310,265),(313,259),(315,272),(319,271),(323,285),(324,287),(325,287),(326,287),(327,287),(329,273),(332,279),(333,287),(334,287),(335,265),(336,270),(337,254),(338,281),(340,1),(341,285),(342,261),(344,285),(345,251),(346,258),(348,287),(349,281),(350,261),(352,281),(353,281),(355,285),(356,281),(357,273),(358,287),(360,277),(361,279),(364,281),(365,277),(367,259),(370,267),(371,254),(372,281),(373,254),(374,281),(375,287),(376,285),(377,256),(378,281),(382,285),(383,281),(387,251),(388,279),(390,277),(391,269),(393,269),(396,259),(399,277),(404,250),(405,279),(409,287),(410,276),(416,261),(417,287),(420,242),(421,270),(422,267),(426,281),(427,256),(429,285),(429,1),(430,254),(434,267),(436,261),(438,268),(439,287),(441,281),(442,268),(444,279),(445,261),(446,256),(447,254),(448,256),(455,241),(456,281),(458,259),(459,259),(462,281),(463,249),(464,254),(466,277),(467,281),(470,261),(473,281),(474,281),(478,281),(483,279),(484,257),(486,259),(489,279),(496,251),(497,259),(498,255),(499,276),(501,281),(502,269),(505,250),(506,279),(508,281),(509,281),(510,258),(511,279),(512,281),(516,285),(517,256),(520,268),(521,273),(522,267),(523,273),(526,273),(527,1),(531,258),(535,276),(536,243),(538,261),(543,261),(544,281),(547,261),(549,277),(550,255),(553,258),(555,255),(560,268),(561,261),(564,241),(567,281),(568,268),(571,265),(572,254),(573,279),(574,252),(577,259),(580,276),(581,277),(582,254),(583,276),(584,252),(588,277),(589,261),(593,250),(595,253),(597,261),(598,261),(599,273),(600,254),(602,253),(603,276),(604,255),(605,266),(606,272),(607,255),(608,266),(609,255),(611,255),(613,249),(616,265),(620,279),(622,276),(623,261),(624,266),(625,251),(626,259),(627,271),(629,252),(630,254),(632,259),(637,261),(638,272),(639,265),(641,258),(642,259),(645,272),(647,259),(650,268),(651,259),(652,273),(654,273),(659,257),(661,273),(662,261),(666,259),(668,254),(670,255),(671,273),(672,272),(673,270),(675,259),(678,255),(679,258),(680,268),(681,250),(686,256),(688,271),(693,256),(694,256),(696,273),(698,277),(700,258),(701,273),(702,251),(703,266),(704,258),(705,258),(706,259),(708,252),(709,1),(710,273),(711,277),(714,272),(715,255),(717,273),(719,257),(721,259),(724,258),(725,271),(727,261),(728,273),(730,273),(731,259),(732,272),(736,261),(738,258),(739,272),(741,254),(746,254),(747,1),(748,273),(751,254),(758,276),(759,271),(761,1),(766,254),(768,256),(769,254),(772,267),(773,268),(778,272),(779,258),(781,251),(788,267),(789,258),(792,271),(793,271),(794,272),(796,271),(797,253),(798,253),(803,272),(804,272),(806,1),(807,273),(809,268),(810,259),(811,252),(814,258),(817,257),(818,254),(819,257),(820,253),(821,253),(822,251),(828,258),(830,277),(832,257),(834,273),(835,256),(836,254),(837,257),(838,256),(839,256),(841,258),(842,272),(844,253),(845,256),(847,256),(848,257),(849,255),(853,271),(854,271),(855,266),(857,271),(858,259),(862,268),(863,279),(864,281),(865,257),(867,254),(868,250),(869,257),(870,255),(874,253),(875,259),(876,257),(877,271),(879,256),(880,242),(883,255),(884,271),(888,255),(889,250),(891,272),(893,270),(894,270),(896,254),(897,256),(899,256),(902,1),(903,256),(904,270),(906,269),(907,256),(910,273),(914,256),(916,254),(917,269),(918,269),(919,267),(923,1),(923,256),(924,270),(926,270),(929,255),(931,268),(932,267),(933,269),(937,254),(944,256),(945,268),(946,255),(949,256),(951,255),(952,270),(956,279),(957,255),(959,270),(960,256),(961,268),(964,269),(965,270),(967,270),(971,266),(972,256),(973,257),(974,270),(992,256),(998,268),(1006,270),(1009,1),(1010,256),(1015,256),(1028,269),(1029,255),(1032,253),(1036,255),(1040,255),(1043,255),(1044,253),(1046,251),(1051,269),(1053,254),(1055,254),(1058,1),(1061,254),(1065,265),(1067,255),(1070,253),(1072,269),(1074,255),(1076,249),(1078,269),(1080,254),(1082,269),(1083,253),(1084,255),(1085,255),(1086,255),(1087,255),(1088,255),(1089,269),(1091,255),(1094,255),(1095,254),(1096,267),(1099,255),(1102,268),(1104,255),(1113,268),(1114,252),(1115,255),(1117,255),(1125,254),(1126,254),(1127,254),(1129,254),(1130,255),(1131,255),(1132,255),(1133,269),(1134,256),(1139,269),(1141,269),(1146,269),(1147,254),(1148,266),(1152,252),(1153,255),(1158,269),(1160,255),(1163,255),(1164,255),(1166,268),(1167,254),(1171,269),(1173,269),(1175,255),(1177,254),(1179,269),(1182,255),(1183,253),(1184,252),(1185,277),(1186,254),(1187,254),(1189,1),(1189,255),(1194,269),(1196,255),(1198,267),(1199,268),(1203,255),(1206,253),(1208,254),(1210,255),(1212,269),(1216,269),(1219,268),(1221,243),(1227,254),(1229,254),(1231,268),(1233,254),(1234,254),(1235,268),(1236,252),(1237,252),(1239,268),(1243,268),(1244,251),(1245,254),(1247,254),(1250,252),(1255,268),(1256,252),(1257,254),(1260,268),(1262,244),(1266,268),(1272,268),(1274,254),(1276,254),(1283,254),(1284,251),(1285,254),(1286,267),(1287,268),(1290,254),(1291,269),(1292,269),(1294,254),(1296,268),(1297,254),(1298,268),(1299,252),(1301,254),(1302,268),(1303,254),(1311,253),(1312,254),(1316,254),(1317,254),(1319,268),(1324,253),(1325,1),(1325,254),(1327,254),(1328,254),(1330,268),(1331,267),(1332,252),(1333,254),(1337,254),(1343,267),(1347,267),(1348,254),(1351,269),(1353,253),(1357,268),(1359,254),(1360,255),(1361,268),(1363,253),(1365,254),(1369,254),(1370,254),(1372,259),(1374,256),(1379,268),(1380,255),(1381,266),(1384,268),(1386,272),(1388,256),(1389,273),(1392,254),(1393,257),(1395,281),(1399,255),(1402,277),(1407,266),(1408,252),(1412,267),(1414,250),(1415,253),(1421,253),(1423,267),(1425,253),(1426,267),(1430,251),(1431,267),(1432,254),(1433,253),(1434,253),(1435,253),(1440,267),(1442,253),(1443,253),(1444,1),(1444,244),(1445,253),(1447,267),(1448,251),(1449,253),(1450,267),(1451,254),(1452,254),(1453,267),(1455,267),(1456,267),(1457,252),(1458,267),(1461,242),(1463,267),(1464,254),(1464,1),(1465,253),(1467,1),(1469,267),(1471,253),(1473,253),(1475,266),(1478,254),(1479,253),(1482,267),(1484,251),(1485,253),(1488,266),(1489,253),(1491,267),(1492,267),(1493,253),(1494,251),(1496,244),(1497,252),(1498,267),(1500,267),(1503,265),(1506,267),(1507,267),(1508,244),(1510,266),(1511,254),(1512,253),(1517,244),(1518,267),(1519,253),(1520,266),(1524,253),(1525,267),(1526,253),(1529,267),(1530,254),(1531,253),(1532,253),(1533,267),(1537,253),(1539,251),(1541,253),(1542,253),(1546,253),(1549,252),(1550,255),(1551,267),(1557,266),(1558,253),(1561,271),(1562,253),(1563,252),(1564,254),(1570,242),(1574,252),(1575,267),(1576,252),(1577,267),(1578,251),(1579,254),(1581,267),(1582,253),(1583,255),(1584,265),(1585,253),(1586,267),(1588,253),(1595,267),(1596,267),(1597,253),(1599,266),(1601,267),(1605,257),(1607,252),(1611,267),(1614,264),(1615,267),(1616,250),(1617,250),(1619,267),(1620,272),(1625,266),(1626,244),(1628,252),(1633,266),(1634,266),(1635,251),(1636,252),(1637,252),(1639,252),(1641,252),(1642,252),(1643,266),(1644,266),(1645,252),(1646,266),(1647,252),(1648,266),(1651,266),(1653,251),(1654,252),(1657,266),(1659,266),(1661,252),(1662,265),(1663,266),(1667,252),(1668,252),(1671,266),(1672,266),(1673,252),(1675,266),(1676,252),(1680,266),(1682,244),(1684,244),(1686,266),(1687,266),(1688,266),(1689,266),(1690,244),(1692,252),(1693,252),(1697,252),(1699,252),(1701,253),(1702,244),(1703,252),(1705,251),(1706,266),(1708,244),(1709,252),(1710,252),(1712,1),(1714,266),(1718,252),(1719,252),(1721,266),(1722,250),(1726,266),(1728,244),(1730,269),(1731,266),(1735,253),(1738,251),(1743,252),(1744,268),(1746,266),(1747,252),(1749,252),(1750,252),(1753,243),(1754,252),(1755,265),(1758,265),(1759,252),(1760,252),(1761,266),(1762,266),(1764,252),(1766,252),(1767,244),(1769,266),(1772,252),(1773,252),(1775,252),(1777,242),(1778,252),(1780,273),(1782,266),(1784,266),(1785,266),(1788,251),(1789,252),(1790,252),(1792,266),(1793,252),(1794,244),(1795,251),(1796,266),(1797,266),(1799,251),(1800,266),(1801,266),(1802,252),(1804,252),(1805,252),(1806,266),(1807,266),(1808,252),(1810,266),(1813,253),(1814,252),(1815,252),(1819,266),(1820,265),(1823,266),(1825,265),(1826,266),(1829,266),(1830,266),(1831,266),(1832,266),(1833,266),(1834,252),(1836,253),(1838,252),(1840,252),(1841,252),(1846,251),(1852,255),(1855,254),(1856,252),(1858,252),(1861,252),(1862,252),(1865,253),(1866,270),(1868,251),(1869,252),(1871,253),(1875,266),(1876,257),(1877,265),(1879,252),(1881,266),(1882,266),(1883,265),(1885,266),(1888,265),(1889,258),(1890,264),(1892,266),(1893,265),(1894,266),(1895,249),(1897,265),(1898,265),(1899,251),(1900,265),(1901,265),(1902,265),(1904,265),(1905,251),(1906,251),(1907,265),(1908,251),(1909,265),(1911,250),(1912,265),(1914,265),(1915,251),(1917,251),(1918,243),(1919,243),(1921,265),(1922,265),(1923,265),(1925,265),(1926,265),(1928,265),(1929,251),(1930,251),(1931,265),(1934,251),(1936,267),(1940,251),(1941,265),(1942,265),(1943,265),(1945,251),(1946,251),(1954,265),(1955,265),(1956,251),(1957,265),(1958,251),(1959,265),(1963,243),(1966,251),(1967,251),(1970,268),(1971,265),(1972,265),(1973,251),(1974,264),(1975,251),(1977,251),(1981,273),(1983,264),(1984,242),(1985,243),(1986,265),(1987,265),(1990,251),(1992,251),(1994,251),(1996,250),(1997,251),(1998,264),(1999,250),(2000,251),(2001,249),(2002,251),(2004,265),(2005,251),(2006,265),(2007,264),(2009,265),(2010,265),(2013,251),(2015,251),(2017,251),(2018,251),(2019,265),(2020,265),(2021,251),(2022,265),(2023,250),(2025,250),(2026,251),(2027,265),(2029,265),(2030,254),(2035,251),(2036,265),(2038,268),(2039,268),(2040,265),(2041,264),(2042,265),(2045,263),(2047,251),(2051,265),(2053,265),(2055,265),(2056,250),(2062,252),(2063,252),(2066,251),(2067,264),(2068,265),(2071,266),(2073,265),(2074,243),(2076,251),(2077,243),(2078,251),(2079,265),(2081,256),(2082,254),(2083,254),(2084,251),(2085,264),(2086,249),(2087,251),(2088,251),(2093,271),(2094,265),(2100,256),(2102,265),(2103,267),(2104,251),(2106,251),(2107,250),(2112,265),(2113,265),(2115,251),(2117,264),(2119,251),(2120,265),(2121,265),(2123,250),(2124,265),(2125,265),(2126,265),(2127,264),(2128,264),(2130,265),(2131,242),(2132,265),(2135,265),(2136,250),(2137,250),(2138,265),(2139,264),(2140,264),(2142,242),(2144,250),(2145,250),(2147,250),(2150,250),(2151,242),(2152,250),(2158,264),(2159,242),(2162,250),(2164,264),(2165,264),(2166,264),(2168,264),(2169,264),(2170,264),(2172,250),(2173,264),(2174,264),(2175,264),(2176,263),(2177,249),(2178,264),(2179,250),(2180,264),(2181,250),(2182,264),(2186,265),(2187,250),(2188,250),(2189,250),(2190,264),(2191,264),(2192,242),(2193,249),(2194,264),(2195,266),(2198,264),(2199,242),(2200,250),(2201,264),(2202,264),(2204,264),(2206,264),(2208,264),(2209,250),(2210,242),(2211,264),(2212,264),(2213,250),(2214,264),(2216,264),(2217,250),(2218,264),(2221,249),(2222,264),(2223,242),(2224,250),(2225,250),(2226,250),(2227,264),(2230,264),(2231,250),(2232,264),(2233,249),(2234,264),(2235,264),(2236,264),(2237,264),(2238,250),(2240,264),(2241,266),(2242,264),(2245,242),(2246,264),(2247,242),(2249,241),(2252,250),(2253,250),(2254,250),(2255,264),(2257,1),(2258,264),(2259,249),(2260,257),(2261,251),(2262,254),(2263,267),(2264,250),(2265,249),(2266,250),(2267,264),(2268,266),(2270,255),(2271,264),(2272,264),(2273,250),(2274,267),(2276,242),(2277,250),(2278,250),(2279,264),(2280,250),(2281,250),(2284,242),(2286,264),(2287,263),(2289,264),(2290,251),(2291,263),(2294,263),(2295,249),(2296,249),(2297,241),(2298,249),(2299,241),(2300,241),(2301,249),(2302,249),(2303,241),(2304,249),(2305,249),(2306,249),(2307,249),(2308,249),(2309,263),(2311,249),(2312,249),(2313,249),(2314,249),(2315,241),(2316,249),(2317,249),(2320,249),(2321,241),(2322,263),(2323,249),(2324,241),(2325,255),(2326,249),(2327,242),(2328,249),(2330,263),(2331,249),(2332,241),(2333,249),(2334,249),(2335,249),(2336,264),(2338,249),(2339,241),(2543,1),(2544,1),(2545,1),(2546,1),(2547,270),(2548,1),(2549,1),(2550,1),(2551,1),(2552,1),(2553,277),(2554,1),(2555,1),(2556,1),(2557,1),(2558,1),(2559,252),(2560,1),(2561,1),(2562,1),(2563,255),(2564,253),(2565,1),(2566,249),(2567,1),(2568,1),(2569,251),(2570,1),(2571,1),(2572,1),(2573,254),(2574,1),(2575,1),(2576,269),(2577,1),(2578,1),(2579,1),(2580,1),(2581,265),(2582,273),(2583,250),(2584,255),(2585,1),(2586,1),(2587,253),(2588,1),(2589,1),(2590,1),(2591,1),(2592,1),(2593,1),(2594,1),(2595,1),(2596,1),(2597,1),(2598,1),(2599,264),(2600,263),(2601,1),(2602,1),(2603,1),(2604,1),(2605,1),(2606,1),(2607,1),(2608,1),(2609,1),(2610,1),(2611,1),(2612,1),(2613,1),(2614,1),(2615,1),(2616,1),(2617,255),(2618,1),(2619,1),(2620,1),(2621,1),(2622,263),(2623,1),(2624,1),(2625,1),(2626,1),(2627,1),(2628,1),(2629,1),(2630,1),(2631,1),(2632,1),(2633,1),(2634,1),(2635,1),(2636,1),(2637,1),(2638,1),(2639,1),(2640,1),(2641,1),(2642,1),(2643,1),(2644,263),(2645,1),(2646,263),(2647,1),(2648,1),(2649,1),(2650,1),(2651,263),(2652,263),(2653,263),(2654,263),(2655,1),(2656,1),(2657,1),(2658,266),(2659,1),(2660,263),(2661,1),(2662,263),(2663,1),(2664,1),(2665,263),(2666,1),(2667,263),(2668,1),(2669,1),(2670,263),(2671,1),(2671,1),(2672,1),(2673,1),(2674,1),(2675,1),(2676,1),(2677,1),(2678,1),(2679,1),(2680,1),(2681,250),(2682,1),(2683,1),(2684,1),(2685,1),(2686,1),(2687,1),(2688,1),(2689,1),(2690,1),(2691,1),(2692,1),(2693,1),(2694,1),(2695,1),(2696,1),(2697,1),(2698,1),(2699,1),(2700,1),(2701,1),(2702,1),(2703,1),(2704,1),(2705,1),(2706,1),(2707,1),(2708,1),(2709,1),(2710,1),(2711,1),(2712,1),(2713,1),(2714,1),(2715,1),(2716,1),(2717,1),(2718,1),(2719,1),(2720,1),(2721,1),(2722,1),(2723,1),(2724,1),(2725,1),(2726,1),(2727,1),(2728,1),(2729,1),(2730,1),(2731,1),(2732,1),(2733,1),(2734,1),(2735,1),(2736,1),(2737,1),(2738,1),(2739,1),(2740,1),(2741,1),(2742,1),(2743,1),(2744,1),(2745,1),(2746,1),(2747,1),(2748,1),(2749,1),(2750,1),(2751,1),(2752,1),(2753,1),(2754,1),(2755,1),(2756,1),(2757,1),(2758,1),(2759,1),(2760,1),(2761,1),(2762,1),(2763,1),(2764,1),(2765,1),(2766,1),(2767,1),(2768,1),(2769,1),(2770,1),(2771,1),(2772,1),(2773,1),(2774,1),(2775,1),(2776,1),(2777,1),(2778,1),(2779,1),(2780,1),(2781,1),(2782,1),(2783,1),(2784,1),(2785,1),(2786,1),(2787,1),(2788,1),(2789,1),(2790,1),(2791,1),(2792,1),(2793,1),(2794,1),(2795,1),(2796,1),(2797,1),(2798,1),(2799,1),(2800,1),(2801,1),(2802,1),(2803,1),(2804,1),(2805,1),(2806,1),(2807,1),(2808,1),(2809,253),(2810,1),(2811,1),(2812,1),(2813,1),(2814,1),(2815,1),(2816,1),(2817,1),(2818,1),(2819,1),(2820,1),(2821,1),(2822,1),(2823,252),(2824,1),(2825,1),(2826,1),(2827,1),(2828,1),(2829,1),(2830,1),(2831,1),(2832,1),(2833,1),(2834,1),(2835,1),(2836,1),(2837,1),(2838,1),(2839,1),(2840,266),(2841,1),(2842,1),(2843,1),(2844,1),(2845,1),(2846,1),(2847,1),(2848,1),(2849,1),(2850,1),(2851,1),(2852,1),(2853,1),(2854,1),(2855,1),(2856,1),(2857,1),(2858,1),(2859,1),(2860,1),(2861,1),(2862,249),(2863,1),(2864,1),(2865,1),(2866,1),(2867,1),(2868,1),(2869,1),(2870,1),(2871,1),(2872,1),(2873,1),(2874,1),(2875,1),(2876,1),(2877,1),(2878,1),(2879,263),(2880,1),(2881,1),(2882,1),(2883,1),(2884,1),(2885,1),(2886,1),(2887,1),(2888,1),(2889,1),(2890,1),(2891,1),(2892,1),(2893,1),(2894,1),(2895,1),(2896,1),(2897,1),(2898,1),(2899,1),(2900,1),(2901,1),(2902,1),(2903,1),(2904,1),(2905,1),(2906,1),(2907,1),(2908,1),(2909,1),(2910,1),(2911,1),(2912,1),(2913,1),(2914,1),(2915,1),(2916,1),(2917,1),(2918,1),(2919,1),(2920,1),(2921,1),(2922,1),(2923,1),(2924,1),(2925,1),(2926,1),(2927,1),(2928,1),(2929,1),(2930,1),(2931,1),(2932,1),(2933,1),(2934,1),(2935,1),(2936,1),(2937,1),(2938,1),(2939,1),(2940,1),(2941,1),(2942,1),(2943,1),(2944,1),(2945,1),(2946,1),(2947,1),(2948,1),(2949,1),(2950,1),(2951,1),(2952,1),(2953,1),(2954,1),(2955,1),(2956,1),(2957,1),(2958,1),(2959,1),(2960,1),(2961,1),(2962,1),(2963,1),(2964,1),(2965,1),(2966,1),(2967,1),(2968,1),(2969,1),(2970,1),(2971,1),(2972,1),(2973,1),(2974,1),(2975,1),(2976,1),(2977,1),(2978,1),(2979,1),(2980,1),(2981,1),(2982,1),(2983,1),(2984,1),(2985,1),(2986,1),(2987,1),(2988,251),(2989,1),(2990,1),(2991,1),(2992,1),(2993,1),(2994,1),(2995,1),(2996,1),(2997,1),(2998,1),(2999,1),(3000,1),(3001,1),(3002,1),(3003,1),(3004,1),(3005,1),(3006,1),(3007,1),(3008,1),(3009,1),(3010,1),(3011,1),(3012,1),(3013,1),(3014,1),(3015,1),(3016,1),(3017,1),(3018,1),(3019,1),(3020,1),(3021,1),(3022,1),(3023,1),(3024,1);

--
-- Table structure for table `anios`
--

CREATE TABLE `anios` (
  `Des_anio` int(15) NOT NULL AUTO_INCREMENT,
  PRIMARY KEY (`Des_anio`)
) ENGINE=InnoDB AUTO_INCREMENT=2041 DEFAULT CHARSET=utf8 COLLATE=utf8_spanish_ci;

--
-- Dumping data for table `anios`
--

INSERT INTO `anios` (`Des_anio`) VALUES (2000),(2001),(2002),(2003),(2004),(2005),(2006),(2007),(2008),(2009),(2010),(2011),(2012),(2013),(2014),(2015),(2016),(2017),(2018),(2019),(2020),(2021),(2022),(2023),(2024),(2025),(2026),(2027),(2028),(2029),(2030),(2031),(2032),(2033),(2034),(2035),(2036),(2037),(2038),(2039),(2040);

--
-- Table structure for table `asistencia_traslados`
--

CREATE TABLE `asistencia_traslados` (
  `Id_atra` int(15) NOT NULL AUTO_INCREMENT,
  `Clao_atra` int(15) NOT NULL,
  `Clad_atra` int(15) NOT NULL,
  `Alu_atra` int(15) NOT NULL,
  `Sta_atra` int(15) NOT NULL,
  `Tem_atra` varchar(255) COLLATE utf8_spanish_ci NOT NULL,
  `Fec_atra` date NOT NULL,
  `Hin_atra` time NOT NULL,
  `Hfi_atra` time NOT NULL,
  `FecTxt_atra` char(10) COLLATE utf8_spanish_ci NOT NULL,
  `Not_atra` varchar(1000) COLLATE utf8_spanish_ci NOT NULL,
  PRIMARY KEY (`Id_atra`),
  UNIQUE KEY `Clao_atra_Alu_atra_FecTxt_atra` (`Clao_atra`,`Alu_atra`,`FecTxt_atra`)
) ENGINE=InnoDB AUTO_INCREMENT=11 DEFAULT CHARSET=utf8 COLLATE=utf8_spanish_ci;

--
-- Dumping data for table `asistencia_traslados`
--

INSERT INTO `asistencia_traslados` (`Id_atra`, `Clao_atra`, `Clad_atra`, `Alu_atra`, `Sta_atra`, `Tem_atra`, `Fec_atra`, `Hin_atra`, `Hfi_atra`, `FecTxt_atra`, `Not_atra`) VALUES (10,126,193,3309,2,'INIZIO','2021-02-02','08:00:00','09:30:00','12022021','PRUEBA');

--
-- Table structure for table `aulas`
--

CREATE TABLE `aulas` (
  `Id_aula` int(15) NOT NULL AUTO_INCREMENT,
  `Abr_aula` varchar(5) COLLATE utf8_spanish_ci NOT NULL,
  `Des_aula` varchar(50) COLLATE utf8_spanish_ci NOT NULL,
  `Cap_aula` int(10) NOT NULL,
  `Not_aula` varchar(1000) COLLATE utf8_spanish_ci DEFAULT NULL,
  PRIMARY KEY (`Id_aula`)
) ENGINE=InnoDB AUTO_INCREMENT=7 DEFAULT CHARSET=utf8 COLLATE=utf8_spanish_ci;

--
-- Dumping data for table `aulas`
--

INSERT INTO `aulas` (`Id_aula`, `Abr_aula`, `Des_aula`, `Cap_aula`, `Not_aula`) VALUES (2,'AVIR','AULA VIRTUAL',19,'');

--
-- Temporary table structure for view `bank_out_concepts`
--

/*!50001 DROP VIEW IF EXISTS `bank_out_concepts`*/;
/*!50001 CREATE TABLE `bank_out_concepts` (
  `CONCEPT` tinyint NOT NULL
) ENGINE=MyISAM */;

--
-- Temporary table structure for view `bank_out_detail_dscto_prma`
--

/*!50001 DROP VIEW IF EXISTS `bank_out_detail_dscto_prma`*/;
/*!50001 CREATE TABLE `bank_out_detail_dscto_prma` (
  `DETAIL` tinyint NOT NULL,
  `CICLO` tinyint NOT NULL
) ENGINE=MyISAM */;

--
-- Temporary table structure for view `bank_out_detail_imp_prma`
--

/*!50001 DROP VIEW IF EXISTS `bank_out_detail_imp_prma`*/;
/*!50001 CREATE TABLE `bank_out_detail_imp_prma` (
  `DETAIL` tinyint NOT NULL,
  `CICLO` tinyint NOT NULL
) ENGINE=MyISAM */;

--
-- Temporary table structure for view `bank_out_detail_lib_prma`
--

/*!50001 DROP VIEW IF EXISTS `bank_out_detail_lib_prma`*/;
/*!50001 CREATE TABLE `bank_out_detail_lib_prma` (
  `DETAIL` tinyint NOT NULL,
  `CICLO` tinyint NOT NULL
) ENGINE=MyISAM */;

--
-- Temporary table structure for view `bank_out_detail_mat_prma`
--

/*!50001 DROP VIEW IF EXISTS `bank_out_detail_mat_prma`*/;
/*!50001 CREATE TABLE `bank_out_detail_mat_prma` (
  `DETAIL` tinyint NOT NULL,
  `CICLO` tinyint NOT NULL
) ENGINE=MyISAM */;

--
-- Temporary table structure for view `bank_out_detail_mora_prma`
--

/*!50001 DROP VIEW IF EXISTS `bank_out_detail_mora_prma`*/;
/*!50001 CREATE TABLE `bank_out_detail_mora_prma` (
  `DETAIL` tinyint NOT NULL,
  `CICLO` tinyint NOT NULL
) ENGINE=MyISAM */;

--
-- Temporary table structure for view `bank_out_full_csv`
--

/*!50001 DROP VIEW IF EXISTS `bank_out_full_csv`*/;
/*!50001 CREATE TABLE `bank_out_full_csv` (
  `CSV_LINE` tinyint NOT NULL
) ENGINE=MyISAM */;

--
-- Temporary table structure for view `bank_out_header`
--

/*!50001 DROP VIEW IF EXISTS `bank_out_header`*/;
/*!50001 CREATE TABLE `bank_out_header` (
  `CICLO` tinyint NOT NULL,
  `HEADER` tinyint NOT NULL
) ENGINE=MyISAM */;

--
-- Table structure for table `ciclos`
--

CREATE TABLE `ciclos` (
  `Id_cic` int(15) NOT NULL AUTO_INCREMENT,
  `Abr_cic` varchar(8) COLLATE utf8_spanish_ci NOT NULL,
  `Des_cic` varchar(50) COLLATE utf8_spanish_ci NOT NULL,
  `Anio_cic` int(15) NOT NULL,
  `Mes_cic` int(15) NOT NULL,
  `Ord_cic` int(20) NOT NULL,
  `Act_cic` int(1) NOT NULL,
  PRIMARY KEY (`Id_cic`)
) ENGINE=InnoDB AUTO_INCREMENT=28 DEFAULT CHARSET=utf8 COLLATE=utf8_spanish_ci;

--
-- Dumping data for table `ciclos`
--

INSERT INTO `ciclos` (`Id_cic`, `Abr_cic`, `Des_cic`, `Anio_cic`, `Mes_cic`, `Ord_cic`, `Act_cic`) VALUES (16,'2021-1','2021-ENE',2021,1,1,0),(17,'2021-2','2021-FEB',2021,2,13,0),(18,'2021-3','2021-MAR',2021,3,36,0),(19,'2021-4','2021-ABR',2021,4,43,0),(20,'2021-5','2021-MAY',2021,5,44,1),(21,'2021-6','2021-JUN',2021,6,6,0),(22,'2021-7','2021-JUL',2021,7,7,0),(23,'2021-8','2021-AGO',2021,8,8,0),(24,'2021-9','2021-SEP',2021,9,9,0),(25,'2021-10','2021-OCT',2021,10,10,0),(26,'2021-11','2021-NOV',2021,11,11,0),(27,'2021-12','2021-DIC',2021,12,12,0);

--
-- Table structure for table `clases`
--

CREATE TABLE `clases` (
  `Id_cla` int(15) NOT NULL AUTO_INCREMENT,
  `Abr_cla` varchar(60) COLLATE utf8_spanish_ci NOT NULL,
  `Des_cla` varchar(150) COLLATE utf8_spanish_ci NOT NULL,
  `Cic_cla` int(15) NOT NULL,
  `Cur_cla` int(15) NOT NULL,
  `Grp_cla` int(15) NOT NULL,
  `Aula_cla` int(15) NOT NULL,
  `Pro_cla` int(15) DEFAULT NULL,
  `Not_cla` varchar(1000) COLLATE utf8_spanish_ci DEFAULT NULL,
  `Fin_cla` date DEFAULT NULL,
  `Ffi_cla` date DEFAULT NULL,
  `Sta_cla` int(15) NOT NULL,
  `EdadMin_cla` int(11) DEFAULT NULL,
  `EdadMax_cla` int(11) DEFAULT NULL,
  `Lun_cla` int(1) NOT NULL,
  `Mar_cla` int(1) NOT NULL,
  `Mie_cla` int(1) NOT NULL,
  `Jue_cla` int(1) NOT NULL,
  `Vie_cla` int(1) NOT NULL,
  `Sab_cla` int(1) NOT NULL,
  `Dom_cla` int(1) NOT NULL,
  `Hin_cla` time NOT NULL,
  `Hfi_cla` time NOT NULL,
  `Fno_cla` int(15) NOT NULL,
  `Hor_cla` int(5) NOT NULL,
  `Cprm_cla` int(15) NOT NULL,
  PRIMARY KEY (`Id_cla`),
  KEY `Cic_cla` (`Cic_cla`),
  KEY `Cur_cla` (`Cur_cla`),
  KEY `Aula_cla` (`Aula_cla`),
  KEY `Pro_cla` (`Pro_cla`),
  KEY `Sta_cla` (`Sta_cla`),
  KEY `Fno_cla` (`Fno_cla`),
  CONSTRAINT `clases_ibfk_1` FOREIGN KEY (`Cic_cla`) REFERENCES `ciclos` (`Id_cic`),
  CONSTRAINT `clases_ibfk_2` FOREIGN KEY (`Cur_cla`) REFERENCES `cursos` (`Id_cur`),
  CONSTRAINT `clases_ibfk_3` FOREIGN KEY (`Aula_cla`) REFERENCES `aulas` (`Id_aula`),
  CONSTRAINT `clases_ibfk_4` FOREIGN KEY (`Pro_cla`) REFERENCES `profesores` (`Id_pro`),
  CONSTRAINT `clases_ibfk_5` FOREIGN KEY (`Sta_cla`) REFERENCES `status_de_clases` (`Id_sta`),
  CONSTRAINT `clases_ibfk_6` FOREIGN KEY (`Fno_cla`) REFERENCES `formula_clases_notas` (`Id_fno`)
) ENGINE=InnoDB AUTO_INCREMENT=526 DEFAULT CHARSET=utf8 COLLATE=utf8_spanish_ci;

--
-- Dumping data for table `clases`
--

INSERT INTO `clases` (`Id_cla`, `Abr_cla`, `Des_cla`, `Cic_cla`, `Cur_cla`, `Grp_cla`, `Aula_cla`, `Pro_cla`, `Not_cla`, `Fin_cla`, `Ffi_cla`, `Sta_cla`, `EdadMin_cla`, `EdadMax_cla`, `Lun_cla`, `Mar_cla`, `Mie_cla`, `Jue_cla`, `Vie_cla`, `Sab_cla`, `Dom_cla`, `Hin_cla`, `Hfi_cla`, `Fno_cla`, `Hor_cla`, `Cprm_cla`) VALUES (1,'PENDIENTE DE ASIGNAR','PENDIENTE DE ASIGNAR',17,293,1,2,1,'','2022-01-01','2022-01-01',1,15,70,0,0,0,0,0,0,0,'00:00:00','00:00:00',1,0,119),(8,'SIN-VIR-BAS-1 | 2021-1 | A | AVIR | LMXJV | 09:30-12:30 | Ad','SUPER INTENSIVO VIRTUAL BASE 1 | 2021-ENE | GRUPO A | AULA VIRTUAL | L-V | 09:30-12:30 | Adultos',16,241,2,2,6,'','2021-01-05','2021-01-25',1,15,70,1,1,1,1,1,0,0,'09:30:00','12:30:00',7,45,10),(9,'SIN-VIR-BAS-1 | 2021-1 | B | AVIR | LMXJV | 09:30-12:30 | Ad','SUPER INTENSIVO VIRTUAL BASE 1 | 2021-ENE | GRUPO B | AULA VIRTUAL | L-V | 09:30-12:30 | Adultos',16,241,3,2,15,'','2021-01-05','2021-01-25',1,15,70,1,1,1,1,1,0,0,'09:30:00','12:30:00',7,45,10),(10,'SIN-VIR-BAS-2 | 2021-1 | - | AVIR | LMXJV | 09:30-12:30 | Ad','SUPER INTENSIVO VIRTUAL BASE 2 | 2021-ENE | GRUPO - | AULA VIRTUAL | L-V | 09:30-12:30 | Adultos',16,242,1,2,21,'','2021-01-05','2021-01-25',1,15,70,1,1,1,1,1,0,0,'09:30:00','12:30:00',7,45,11),(11,'SIN-VIR-BAS-3 | 2021-1 | - | AVIR | LMXJV | 09:30-12:30 | Ad','SUPER INTENSIVO VIRTUAL BASE 3 | 2021-ENE | GRUPO - | AULA VIRTUAL | L-V | 09:30-12:30 | Adultos',16,243,1,2,22,'','2021-01-05','2021-01-27',1,15,70,1,1,1,1,1,0,0,'09:30:00','12:30:00',7,45,12),(12,'SIN-VIR-BAS-4 | 2021-1 | - | AVIR | LMXJV | 09:30-12:30 | Ad','SUPER INTENSIVO VIRTUAL BASE 4 | 2021-ENE | GRUPO - | AULA VIRTUAL | L-V | 09:30-12:30 | Adultos',16,244,1,2,27,'','2021-01-06','2021-01-26',1,15,70,1,1,1,1,1,0,0,'09:30:00','12:30:00',7,45,13),(13,'SIN-VIR-ITM-1 | 2021-1 | - | AVIR | LMXJV | 09:30-12:30 | Ad','SUPER INTENSIVO VIRTUAL INTERMEDIO 1 | 2021-ENE | GRUPO - | AULA VIRTUAL | L-V | 09:30-12:30 | Adultos',16,245,1,2,33,'','2021-01-05','2021-01-25',1,15,70,1,1,1,1,1,0,0,'09:30:00','12:30:00',7,45,14),(14,'INT-VIR-BAS-1 | 2021-1 | LMXJV | 07:00-09:00 | Ad | A | AVIR','INTENSIVO VIRTUAL BASE 01 | 2021-ENE | L-V | 07:00-09:00 | Adultos | GRUPO A | AULA VIRTUAL',16,249,2,2,30,'','2021-01-05','2021-01-27',1,15,70,1,1,1,1,1,0,0,'07:00:00','09:00:00',8,34,15),(15,'INT-VIR-BAS-1 | 2021-1 | LMXJV | 07:00-09:00 | Ad | B | AVIR','INTENSIVO VIRTUAL BASE 01 | 2021-ENE | L-V | 07:00-09:00 | Adultos | GRUPO B | AULA VIRTUAL',16,249,3,2,45,'','2021-01-05','2021-01-27',1,15,70,1,1,1,1,1,0,0,'07:00:00','09:00:00',8,34,15),(16,'INT-VIR-BAS-1 | 2021-1 | C | AVIR | LMXJV | 07:00-09:00 | Ad','INTENSIVO VIRTUAL BASE 1 | 2021-ENE | GRUPO C | AULA VIRTUAL | L-V | 07:00-09:00 | Adultos',16,249,4,2,49,'','2021-01-05','2021-01-27',1,15,70,1,1,1,1,1,0,0,'07:00:00','09:00:00',8,34,15),(17,'INT-VIR-BAS-2 | 2021-1 | A | AVIR | LMXJV | 07:00-09:00 | Ad','INTENSIVO VIRTUAL BASE 2 | 2021-ENE | GRUPO A | AULA VIRTUAL | L-V | 07:00-09:00 | Adultos',16,250,2,2,11,'','2021-01-05','2021-01-27',1,15,70,1,1,1,1,1,0,0,'07:00:00','09:00:00',8,34,19),(18,'INT-VIR-BAS-2 | 2021-1 | B | AVIR | LMXJV | 07:00-09:00 | Ad','INTENSIVO VIRTUAL BASE 2 | 2021-ENE | GRUPO B | AULA VIRTUAL | L-V | 07:00-09:00 | Adultos',16,250,3,2,40,'','2021-01-05','2021-01-27',1,15,70,1,1,1,1,1,0,0,'07:00:00','09:00:00',8,34,19),(19,'INT-VIR-BAS-2 | 2021-1 | - | AVIR | LMXJV | 16:30-18:30 | Ad','INTENSIVO VIRTUAL BASE 2 | 2021-ENE | GRUPO - | AULA VIRTUAL | L-V | 16:30-18:30 | Adultos',16,250,1,2,24,'','2021-01-05','2021-01-27',1,15,70,1,1,1,1,1,0,0,'16:30:00','18:30:00',8,34,20),(20,'INT-VIR-BAS-1 | 2021-1 | - | AVIR | LMXJV | 14:00-16:00 | Ad','INTENSIVO VIRTUAL BASE 1 | 2021-ENE | GRUPO - | AULA VIRTUAL | L-V | 14:00-16:00 | Adultos',16,249,1,2,7,'','2021-01-05','2021-01-27',1,15,70,1,1,1,1,1,0,0,'14:00:00','16:00:00',8,34,17),(21,'INT-VIR-BAS-3 | 2021-1 | A | AVIR | LMXJV | 11:00-13:00 | Ad','INTENSIVO VIRTUAL BASE 3 | 2021-ENE | GRUPO A | AULA VIRTUAL | L-V | 11:00-13:00 | Adultos',16,251,2,2,31,'','2021-01-05','2021-01-27',1,15,70,1,1,1,1,1,0,0,'11:00:00','13:00:00',8,34,21),(22,'INT-VIR-BAS-3 | 2021-1 | B | AVIR | LMXJV | 11:00-13:00 | Ad','INTENSIVO VIRTUAL BASE 3 | 2021-ENE | GRUPO B | AULA VIRTUAL | L-V | 11:00-13:00 | Adultos',16,251,3,2,47,'','2021-01-05','2021-01-27',1,15,70,1,1,1,1,1,0,0,'11:00:00','13:00:00',8,34,21),(23,'INT-VIR-BAS-3 | 2021-1 | - | AVIR | LMXJV | 14:00-16:00 | Ad','INTENSIVO VIRTUAL BASE 3 | 2021-ENE | GRUPO - | AULA VIRTUAL | L-V | 14:00-16:00 | Adultos',16,251,1,2,21,'','2021-01-05','2021-01-27',1,15,70,1,1,1,1,1,0,0,'14:00:00','16:00:00',8,34,22),(24,'INT-VIR-BAS-4 | 2021-1 | A | AVIR | LMXJV | 07:00-09:00 | Ad','INTENSIVO VIRTUAL BASE 4 | 2021-ENE | GRUPO A | AULA VIRTUAL | L-V | 07:00-09:00 | Adultos',16,252,2,2,53,'','2021-01-05','2021-01-27',1,15,70,1,1,1,1,1,0,0,'07:00:00','09:00:00',8,34,24),(25,'INT-VIR-BAS-4 | 2021-1 | B | AVIR | LMXJV | 07:00-09:00 | Ad','INTENSIVO VIRTUAL BASE 4 | 2021-ENE | GRUPO B | AULA VIRTUAL | L-V | 07:00-09:00 | Adultos',16,252,3,2,39,'','2021-01-05','2021-01-27',1,15,70,1,1,1,1,1,0,0,'07:00:00','09:00:00',8,34,24),(26,'INT-VIR-BAS-4 | 2021-1 | - | AVIR | LMXJV | 14:00-16:00 | Ad','INTENSIVO VIRTUAL BASE 4 | 2021-ENE | GRUPO - | AULA VIRTUAL | L-V | 14:00-16:00 | Adultos',16,252,1,2,22,'','2021-01-05','2021-01-27',1,15,70,1,1,1,1,1,0,0,'14:00:00','16:00:00',8,34,26),(27,'INT-VIR-BAS-5 | 2021-1 | - | AVIR | LMXJV | 16:30-18:30 | Ad','INTENSIVO VIRTUAL BASE 5 | 2021-ENE | GRUPO - | AULA VIRTUAL | L-V | 16:30-18:30 | Adultos',16,253,1,2,7,'','2021-01-06','2021-01-28',1,15,70,1,1,1,1,1,0,0,'16:30:00','18:30:00',8,34,29),(28,'INT-VIR-BAS-5 | 2021-1 | A | AVIR | LMXJV | 19:00-21:00 | Ad','INTENSIVO VIRTUAL BASE 5 | 2021-ENE | GRUPO A | AULA VIRTUAL | L-V | 19:00-21:00 | Adultos',16,253,2,2,15,'','2021-01-05','2021-01-27',1,15,70,1,1,1,1,1,0,0,'19:00:00','21:00:00',8,34,30),(29,'INT-VIR-BAS-5 | 2021-1 | B | AVIR | LMXJV | 19:00-21:00 | Ad','INTENSIVO VIRTUAL BASE 5 | 2021-ENE | GRUPO B | AULA VIRTUAL | L-V | 19:00-21:00 | Adultos',16,253,3,2,16,'','2021-01-05','2021-01-31',1,15,70,1,1,1,1,1,0,0,'19:00:00','21:00:00',8,34,30),(30,'INT-VIR-BAS-5 | 2021-1 | C | AVIR | LMXJV | 19:00-21:00 | Ad','INTENSIVO VIRTUAL BASE 5 | 2021-ENE | GRUPO C | AULA VIRTUAL | L-V | 19:00-21:00 | Adultos',16,253,4,2,40,'','2021-01-05','2021-01-27',1,15,70,1,1,1,1,1,0,0,'19:00:00','21:00:00',8,34,30),(31,'INT-VIR-ITM-1 | 2021-1 | A | AVIR | LMXJV | 07:00-09:00 | Ad','INTENSIVO VIRTUAL INTERMEDIO 1 | 2021-ENE | GRUPO A | AULA VIRTUAL | L-V | 07:00-09:00 | Adultos',16,254,2,2,14,'','2021-01-05','2021-01-27',1,15,70,1,1,1,1,1,0,0,'07:00:00','09:00:00',8,34,31),(32,'INT-VIR-ITM-1 | 2021-1 | B | AVIR | LMXJV | 07:00-09:00 | Ad','INTENSIVO VIRTUAL INTERMEDIO 1 | 2021-ENE | GRUPO B | AULA VIRTUAL | L-V | 07:00-09:00 | Adultos',16,254,3,2,48,'','2021-01-05','2021-01-28',1,15,70,1,1,1,1,1,0,0,'07:00:00','09:00:00',8,34,31),(33,'INT-VIR-ITM-1 | 2021-1 | - | AVIR | LMXJV | 14:00-16:00 | Ad','INTENSIVO VIRTUAL INTERMEDIO 1 | 2021-ENE | GRUPO - | AULA VIRTUAL | L-V | 14:00-16:00 | Adultos',16,254,1,2,32,'','2021-01-05','2021-01-27',1,15,70,1,1,1,1,1,0,0,'14:00:00','16:00:00',8,34,32),(34,'INT-VIR-ITM-2 | 2021-1 | A | AVIR | LMXJV | 07:00-09:00 | Ad','INTENSIVO VIRTUAL INTERMEDIO 2 | 2021-ENE | GRUPO A | AULA VIRTUAL | L-V | 07:00-09:00 | Adultos',16,255,2,2,21,'','2021-01-05','2021-01-27',1,15,70,1,1,1,1,1,0,0,'07:00:00','09:00:00',8,34,35),(35,'INT-VIR-ITM-2 | 2021-1 | B | AVIR | LMXJV | 07:00-09:00 | Ad','INTENSIVO VIRTUAL INTERMEDIO 2 | 2021-ENE | GRUPO B | AULA VIRTUAL | L-V | 07:00-09:00 | Adultos',16,255,3,2,51,'','2021-01-05','2021-01-27',1,15,70,1,1,1,1,1,0,0,'07:00:00','09:00:00',8,34,35),(36,'INT-VIR-ITM-2 | 2021-1 | - | AVIR | LMXJV | 16:30-18:30 | Ad','INTENSIVO VIRTUAL INTERMEDIO 2 | 2021-ENE | GRUPO - | AULA VIRTUAL | L-V | 16:30-18:30 | Adultos',16,255,1,2,14,'','2021-01-05','2021-01-27',1,15,70,1,1,1,1,1,0,0,'16:30:00','18:30:00',8,34,36),(37,'INT-VIR-ITM-3 | 2021-1 | A | AVIR | LMXJV | 07:00-09:00 | Ad','INTENSIVO VIRTUAL INTERMEDIO 3 | 2021-ENE | GRUPO A | AULA VIRTUAL | L-V | 07:00-09:00 | Adultos',16,256,2,2,33,'','2021-01-05','2021-01-27',1,15,70,1,1,1,1,1,0,0,'07:00:00','09:00:00',8,34,38),(38,'INT-VIR-ITM-3 | 2021-1 | B | AVIR | LMXJV | 07:00-09:00 | Ad','INTENSIVO VIRTUAL INTERMEDIO 3 | 2021-ENE | GRUPO B | AULA VIRTUAL | L-V | 07:00-09:00 | Adultos',16,256,3,2,36,'','2021-01-05','2021-01-28',1,15,70,1,1,1,1,1,0,0,'07:00:00','09:00:00',8,34,38),(39,'INT-VIR-ITM-3 | 2021-1 | - | AVIR | LMXJV | 14:00-16:00 | Ad','INTENSIVO VIRTUAL INTERMEDIO 3 | 2021-ENE | GRUPO - | AULA VIRTUAL | L-V | 14:00-16:00 | Adultos',16,256,1,2,25,'','2021-01-05','2021-01-27',1,15,70,1,1,1,1,1,0,0,'14:00:00','16:00:00',8,34,39),(40,'INT-VIR-ITM-4 | 2021-1 | LMXJV | 07:00-09:00 | Ad | A | AVIR','INTENSIVO VIRTUAL INTERMEDIO 4 | 2021-ENE | L-V | 07:00-09:00 | Adultos | GRUPO A | AULA VIRTUAL',16,257,2,2,28,'','2021-01-05','2021-01-27',1,15,70,1,1,1,1,1,0,0,'07:00:00','09:00:00',8,34,41),(41,'INT-VIR-ITM-4 | 2021-1 | B | AVIR | LMXJV | 07:00-09:00 | Ad','INTENSIVO VIRTUAL INTERMEDIO 4 | 2021-ENE | GRUPO B | AULA VIRTUAL | L-V | 07:00-09:00 | Adultos',16,257,3,2,34,'','2021-01-05','2021-01-27',1,15,70,1,1,1,1,1,0,0,'07:00:00','09:00:00',8,34,41),(42,'INT-VIR-ITM-4 | 2021-1 | - | AVIR | LMXJV | 19:00-21:00 | Ad','INTENSIVO VIRTUAL INTERMEDIO 4 | 2021-ENE | GRUPO - | AULA VIRTUAL | L-V | 19:00-21:00 | Adultos',16,257,1,2,25,'','2021-01-05','2021-01-27',1,15,70,1,1,1,1,1,0,0,'19:00:00','21:00:00',8,34,42),(43,'INT-VIR-ITM-5 | 2021-1 | - | AVIR | LMXJV | 19:00-21:00 | Ad','INTENSIVO VIRTUAL INTERMEDIO 5 | 2021-ENE | GRUPO - | AULA VIRTUAL | L-V | 19:00-21:00 | Adultos',16,258,1,2,19,'','2021-01-05','2021-01-27',1,15,70,1,1,1,1,1,0,0,'19:00:00','21:00:00',8,34,43),(44,'INT-VIR-ADV-1 | 2021-1 | A | AVIR | LMXJV | 19:00-21:00 | Ad','INTENSIVO VIRTUAL AVANZATO 1 | 2021-ENE | GRUPO A | AULA VIRTUAL | L-V | 19:00-21:00 | Adultos',16,259,2,2,5,'','2021-01-05','2021-01-25',1,15,70,1,1,1,1,1,0,0,'19:00:00','21:00:00',8,30,44),(45,'INT-VIR-ADV-1 | 2021-1 | B | AVIR | LMXJV | 19:00-21:00 | Ad','INTENSIVO VIRTUAL AVANZATO 1 | 2021-ENE | GRUPO B | AULA VIRTUAL | L-V | 19:00-21:00 | Adultos',16,259,3,2,24,'','2021-01-05','2021-01-25',1,15,70,1,1,1,1,1,0,0,'19:00:00','21:00:00',8,30,44),(46,'INT-VIR-ADV-2 | 2021-1 | - | AVIR | LMXJV | 16:30-18:30 | Ad','INTENSIVO VIRTUAL AVANZATO 2 | 2021-ENE | GRUPO - | AULA VIRTUAL | L-V | 16:30-18:30 | Adultos',16,260,1,2,19,'','2021-01-05','2021-01-25',1,15,70,1,1,1,1,1,0,0,'16:30:00','18:30:00',8,30,45),(47,'INT-VIR-ADV-4 | 2021-1 | A | AVIR | LMXJV | 19:00-21:00 | Ad','INTENSIVO VIRTUAL AVANZATO 4 | 2021-ENE | GRUPO A | AULA VIRTUAL | L-V | 19:00-21:00 | Adultos',16,262,2,2,14,'','2021-01-05','2021-01-25',1,15,70,1,1,1,1,1,0,0,'19:00:00','21:00:00',8,30,47),(48,'INT-VIR-ADV-4 | 2021-1 | B | AVIR | LMXJV | 19:00-21:00 | Ad','INTENSIVO VIRTUAL AVANZATO 4 | 2021-ENE | GRUPO B | AULA VIRTUAL | L-V | 19:00-21:00 | Adultos',16,262,3,2,51,'','2021-01-05','2021-01-25',1,15,70,1,1,1,1,1,0,0,'19:00:00','21:00:00',8,30,47),(49,'REG-VIR-BAS-1 | 2021-1 | - | AVIR | LX | 15:30-18:00 | Ad','REGOLARE VIRTUAL BASE 1 | 2021-ENE | GRUPO - | AULA VIRTUAL | LX | 15:30-18:00 | Adultos',16,263,1,2,38,'','2021-01-06','2021-01-27',1,15,70,1,0,1,0,0,0,0,'15:30:00','18:00:00',9,17,48),(50,'REG-VIR-BAS-1 | 2021-1 | A | AVIR | LX | 19:00-21:30 | Ad','REGOLARE VIRTUAL BASE 1 | 2021-ENE | GRUPO A | AULA VIRTUAL | LX | 19:00-21:30 | Adultos',16,263,2,2,18,'','2021-01-06','2021-01-27',1,15,70,1,0,1,0,0,0,0,'19:00:00','21:30:00',9,17,49),(51,'REG-VIR-BAS-1 | 2021-1 | B | AVIR | LX | 19:00-21:30 | Ad','REGOLARE VIRTUAL BASE 1 | 2021-ENE | GRUPO B | AULA VIRTUAL | LX | 19:00-21:30 | Adultos',16,263,3,2,44,'','2021-01-06','2021-01-27',1,15,70,1,0,1,0,0,0,0,'19:00:00','21:30:00',9,17,49),(52,'REG-VIR-BAS-3 | 2021-1 | - | AVIR | LX | 15:30-18:00 | Ad','REGOLARE VIRTUAL BASE 3 | 2021-ENE | GRUPO - | AULA VIRTUAL | LX | 15:30-18:00 | Adultos',16,265,1,2,47,'','2021-01-06','2021-01-27',1,15,70,1,0,1,0,0,0,0,'15:30:00','18:00:00',9,17,50),(53,'REG-VIR-BAS-4 | 2021-1 | - | AVIR | LX | 19:00-21:30 | Ad','REGOLARE VIRTUAL BASE 4 | 2021-ENE | GRUPO - | AULA VIRTUAL | LX | 19:00-21:30 | Adultos',16,266,1,2,50,'','2021-01-06','2021-01-27',1,15,70,1,0,1,0,0,0,0,'19:00:00','21:30:00',9,17,51),(54,'REG-VIR-BAS-5 | 2021-1 | - | AVIR | LX | 19:00-21:30 | Ad','REGOLARE VIRTUAL BASE 5 | 2021-ENE | GRUPO - | AULA VIRTUAL | LX | 19:00-21:30 | Adultos',16,267,1,2,11,'','2021-01-06','2021-01-27',1,15,70,1,0,1,0,0,0,0,'19:00:00','21:30:00',9,17,52),(55,'REG-VIR-BAS-6 | 2021-1 | - | AVIR | LX | 19:00-21:30 | Ad','REGOLARE VIRTUAL BASE 6 | 2021-ENE | GRUPO - | AULA VIRTUAL | LX | 19:00-21:30 | Adultos',16,268,1,2,12,'','2021-01-06','2021-01-27',1,15,70,1,0,1,0,0,0,0,'19:00:00','21:30:00',9,17,53),(56,'REG-VIR-BAS-7 | 2021-1 | - | AVIR | LX | 19:00-21:30 | Ad','REGOLARE VIRTUAL BASE 7 | 2021-ENE | GRUPO - | AULA VIRTUAL | LX | 19:00-21:30 | Adultos',16,269,1,2,34,'','2021-01-06','2021-01-27',1,15,70,1,0,1,0,0,0,0,'19:00:00','21:30:00',9,17,54),(57,'REG-VIR-BAS-8 | 2021-1 | - | AVIR | LX | 19:00-21:30 | Ad','REGOLARE VIRTUAL BASE 8 | 2021-ENE | GRUPO - | AULA VIRTUAL | LX | 19:00-21:30 | Adultos',16,270,1,2,36,'','2021-01-06','2021-01-27',1,15,70,1,0,1,0,0,0,0,'19:00:00','21:30:00',9,17,55),(58,'REG-VIR-BAS-9 | 2021-1 | - | AVIR | LX | 19:00-21:30 | Ad','REGOLARE VIRTUAL BASE 9 | 2021-ENE | GRUPO - | AULA VIRTUAL | LX | 19:00-21:30 | Adultos',16,271,1,2,48,'','2021-01-06','2021-01-27',1,15,70,1,0,1,0,0,0,0,'19:00:00','21:30:00',9,17,56),(59,'REG-VIR-BAS-10 | 2021-1 | - | AVIR | LX | 19:00-21:30 | Ad','REGOLARE VIRTUAL BASE 10 | 2021-ENE | GRUPO - | AULA VIRTUAL | LX | 19:00-21:30 | Adultos',16,272,1,2,27,'','2021-01-06','2021-01-27',1,15,70,1,0,1,0,0,0,0,'19:00:00','21:30:00',9,17,57),(60,'REG-VIR-ITM-2 | 2021-1 | - | AVIR | LX | 19:00-21:30 | Ad','REGOLARE VIRTUAL INTERMEDIO 2 | 2021-ENE | GRUPO - | AULA VIRTUAL | LX | 19:00-21:30 | Adultos',16,274,1,2,41,'','2021-01-06','2021-01-27',1,15,70,1,0,1,0,0,0,0,'19:00:00','21:30:00',9,17,58),(61,'REG-VIR-ITM-6 | 2021-1 | - | AVIR | LX | 19:00-21:30 | Ad','REGOLARE VIRTUAL INTERMEDIO 6 | 2021-ENE | GRUPO - | AULA VIRTUAL | LX | 19:00-21:30 | Adultos',16,278,1,2,56,'','2021-01-06','2021-01-27',1,15,70,1,0,1,0,0,0,0,'19:00:00','21:30:00',9,17,59),(62,'REG-VIR-ITM-10 | 2021-1 | - | AVIR | LX | 19:00-21:30 | Ad','REGOLARE VIRTUAL INTERMEDIO 10 | 2021-ENE | GRUPO - | AULA VIRTUAL | LX | 19:00-21:30 | Adultos',16,282,1,2,28,'','2021-01-06','2021-01-27',1,15,70,1,0,1,0,0,0,0,'19:00:00','21:30:00',9,17,60),(63,'REG-VIR-ADV-6 | 2021-1 | - | AVIR | LX | 19:00-21:30 | Ad','REGOLARE VIRTUAL AVANZATO 6 | 2021-ENE | GRUPO - | AULA VIRTUAL | LX | 19:00-21:30 | Adultos',16,288,1,2,10,'','2021-01-06','2021-01-27',1,15,70,1,0,1,0,0,0,0,'19:00:00','21:30:00',9,17,61),(64,'INT-VIR-ADV-2 | 2021-1 | - | AVIR | LMXJV | 19:00-21:00 | Ad','INTENSIVO VIRTUAL AVANZATO 2 | 2021-ENE | GRUPO - | AULA VIRTUAL | L-V | 19:00-21:00 | Adultos',16,260,1,2,31,'','2021-01-05','2021-01-27',1,15,70,1,1,1,1,1,0,0,'19:00:00','21:00:00',8,30,46),(66,'INT-VIR-BAS-1 | 2021-1 | - | AVIR | LMXJV | 16:30-18:30 | Ad','INTENSIVO VIRTUAL BASE 1 | 2021-ENE | GRUPO - | AULA VIRTUAL | L-V | 16:30-18:30 | Adultos',16,249,1,2,26,'','2021-01-05','2021-01-28',1,15,70,1,1,1,1,1,0,0,'16:30:00','18:30:00',8,34,18),(67,'INT-VIR-BAS-1 | 2021-1 | A | AVIR | LMXJV | 19:00-21:00 | Ad','INTENSIVO VIRTUAL BASE 1 | 2021-ENE | GRUPO A | AULA VIRTUAL | L-V | 19:00-21:00 | Adultos',16,249,2,2,26,'','2021-01-05','2021-01-28',1,18,70,1,1,1,1,1,0,0,'19:00:00','21:00:00',8,34,94),(68,'INT-VIR-BAS-1 | 2021-1 | B | AVIR | LMXJV | 19:00-21:00 | Ad','INTENSIVO VIRTUAL BASE 1 | 2021-ENE | GRUPO B | AULA VIRTUAL | L-V | 19:00-21:00 | Adultos',16,249,3,2,30,'','2021-01-05','2021-01-25',1,18,70,1,1,1,1,1,0,0,'19:00:00','21:00:00',8,34,94),(69,'INT-VIR-BAS-1 | 2021-1 | C | AVIR | LMXJV | 19:00-21:00 | Ad','INTENSIVO VIRTUAL BASE 1 | 2021-ENE | GRUPO C | AULA VIRTUAL | L-V | 19:00-21:00 | Adultos',16,249,4,2,54,'','2021-01-05','2021-01-27',1,18,70,1,1,1,1,1,0,0,'19:00:00','21:00:00',8,34,94),(70,'INT-VIR-BAS-1 | 2021-1 | A | AVIR | LMXJV | 09:30-11:30 | Ad','INTENSIVO VIRTUAL BASE 1 | 2021-ENE | GRUPO A | AULA VIRTUAL | L-V | 09:30-11:30 | Adultos',16,249,2,2,14,'','2021-01-05','2021-01-27',1,15,70,1,1,1,1,1,0,0,'09:30:00','11:30:00',8,34,16),(71,'INT-VIR-BAS-1 | 2021-1 | B | AVIR | LMXJV | 09:30-11:30 | Ad','INTENSIVO VIRTUAL BASE 1 | 2021-ENE | GRUPO B | AULA VIRTUAL | L-V | 09:30-11:30 | Adultos',16,249,3,2,20,'','2021-01-05','2021-01-27',1,15,70,1,1,1,1,1,0,0,'09:30:00','11:30:00',8,34,16),(72,'INT-VIR-BAS-4 | 2021-1 | - | AVIR | LMXJV | 16:30-18:30 | Ad','INTENSIVO VIRTUAL BASE 4 | 2021-ENE | GRUPO - | AULA VIRTUAL | L-V | 16:30-18:30 | Adultos',16,252,1,2,21,'','2021-01-05','2021-01-27',1,15,70,1,1,1,1,1,0,0,'16:30:00','18:30:00',8,34,25),(73,'INT-VIR-BAS-4 | 2021-1 | - | AVIR | LMXJV | 19:00-21:00 | Ad','INTENSIVO VIRTUAL BASE 4 | 2021-ENE | GRUPO - | AULA VIRTUAL | L-V | 19:00-21:00 | Adultos',16,252,1,2,42,'','2021-01-05','2021-01-27',1,15,70,1,1,1,1,1,0,0,'19:00:00','21:00:00',8,34,27),(74,'INT-VIR-BAS-5 | 2021-1 | A | AVIR | LMXJV | 07:00-09:00 | Ad','INTENSIVO VIRTUAL BASE 5 | 2021-ENE | GRUPO A | AULA VIRTUAL | L-V | 07:00-09:00 | Adultos',16,253,2,2,20,'','2021-01-05','2021-01-27',1,15,70,1,1,1,1,1,0,0,'07:00:00','09:00:00',8,34,28),(75,'INT-VIR-BAS-5 | 2021-1 | B | AVIR | LMXJV | 07:00-09:00 | Ad','INTENSIVO VIRTUAL BASE 5 | 2021-ENE | GRUPO B | AULA VIRTUAL | L-V | 07:00-09:00 | Adultos',16,253,3,2,50,'','2021-01-05','2021-01-27',1,15,70,1,1,1,1,1,0,0,'07:00:00','09:00:00',8,34,28),(76,'INT-VIR-ITM-1 | 2021-1 | - | AVIR | LMXJV | 19:00-21:00 | Ad','INTENSIVO VIRTUAL INTERMEDIO 1 | 2021-ENE | GRUPO - | AULA VIRTUAL | L-V | 19:00-21:00 | Adultos',16,254,1,2,33,'','2021-01-05','2021-01-27',1,15,70,1,1,1,1,1,0,0,'19:00:00','21:00:00',8,34,34),(77,'INT-VIR-ITM-1 | 2021-1 | - | AVIR | LMXJV | 16:30-18:30 | Ad','INTENSIVO VIRTUAL INTERMEDIO 1 | 2021-ENE | GRUPO - | AULA VIRTUAL | L-V | 16:30-18:30 | Adultos',16,254,1,2,41,'','2021-01-05','2021-01-27',1,15,70,1,1,1,1,1,0,0,'16:30:00','18:30:00',8,34,33),(78,'INT-VIR-ITM-2 | 2021-1 | A | AVIR | LMXJV | 19:00-21:00 | Ad','INTENSIVO VIRTUAL INTERMEDIO 2 | 2021-ENE | GRUPO A | AULA VIRTUAL | L-V | 19:00-21:00 | Adultos',16,255,2,2,20,'','2021-01-05','2021-01-27',1,15,70,1,1,1,1,1,0,0,'19:00:00','21:00:00',8,34,37),(79,'INT-VIR-ITM-2 | 2021-1 | B | AVIR | LMXJV | 19:00-21:00 | Ad','INTENSIVO VIRTUAL INTERMEDIO 2 | 2021-ENE | GRUPO B | AULA VIRTUAL | L-V | 19:00-21:00 | Adultos',16,255,3,2,53,'','2021-01-05','2021-01-27',1,15,70,1,1,1,1,1,0,0,'19:00:00','21:00:00',8,34,37),(80,'INT-VIR-ITM-3 | 2021-1 | A | AVIR | LMXJV | 19:00-21:00 | Ad','INTENSIVO VIRTUAL INTERMEDIO 3 | 2021-ENE | GRUPO A | AULA VIRTUAL | L-V | 19:00-21:00 | Adultos',16,256,2,2,46,'','2021-01-05','2021-01-27',1,15,70,1,1,1,1,1,0,0,'19:00:00','21:00:00',8,34,40),(81,'INT-VIR-ITM-3 | 2021-1 | B | AVIR | LMXJV | 19:00-21:00 | Ad','INTENSIVO VIRTUAL INTERMEDIO 3 | 2021-ENE | GRUPO B | AULA VIRTUAL | L-V | 19:00-21:00 | Adultos',16,256,3,2,37,'','2021-01-05','2021-01-27',1,15,70,1,1,1,1,1,0,0,'19:00:00','21:00:00',8,34,40),(82,'REG-VIR-ADV-4 | 2021-1 | - | AVIR | MJ | 19:00-21:30 | Ad','REGOLARE VIRTUAL AVANZATO 4 | 2021-ENE | GRUPO - | AULA VIRTUAL | MJ | 19:00-21:30 | Adultos',16,286,1,2,28,'','2021-01-05','2021-01-26',1,15,70,0,1,0,1,0,0,0,'19:00:00','21:30:00',9,17,70),(83,'REG-VIR-BAS-1 | 2021-1 | A | AVIR | LXV | 11:30-13:15 | Ad','REGOLARE VIRTUAL BASE 1 | 2021-ENE | GRUPO A | AULA VIRTUAL | LXV | 11:30-13:15 | Adultos',16,263,2,2,29,'','2021-01-06','2021-01-27',1,15,70,1,0,1,0,1,0,0,'11:30:00','13:15:00',9,17,72),(84,'REG-VIR-BAS-1 | 2021-1 | B | AVIR | LXV | 11:30-13:15 | Ad','REGOLARE VIRTUAL BASE 1 | 2021-ENE | GRUPO B | AULA VIRTUAL | LXV | 11:30-13:15 | Adultos',16,263,3,2,44,'','2021-01-06','2021-01-27',1,15,70,1,0,1,0,1,0,0,'11:30:00','13:15:00',9,17,72),(85,'REG-VIR-BAS-1 | 2021-1 | A | AVIR | LXV | 07:00-08:45 | Ad','REGOLARE VIRTUAL BASE 1 | 2021-ENE | GRUPO A | AULA VIRTUAL | LXV | 07:00-08:45 | Adultos',16,263,2,2,44,'','2021-01-06','2021-01-27',1,15,70,1,0,1,0,1,0,0,'07:00:00','08:45:00',9,17,71),(86,'REG-VIR-BAS-1 | 2021-1 | B | AVIR | LXV | 07:00-08:45 | Ad','REGOLARE VIRTUAL BASE 1 | 2021-ENE | GRUPO B | AULA VIRTUAL | LXV | 07:00-08:45 | Adultos',16,263,3,2,29,'','2021-01-06','2021-01-27',1,15,70,1,0,1,0,1,0,0,'07:00:00','08:45:00',9,17,71),(87,'REG-VIR-BAS-1 | 2021-1 | A | AVIR | MJ | 19:00-21:30 | Ad','REGOLARE VIRTUAL BASE 1 | 2021-ENE | GRUPO A | AULA VIRTUAL | MJ | 19:00-21:30 | Adultos',16,263,2,2,50,'','2021-01-05','2021-01-26',1,15,70,0,1,0,1,0,0,0,'19:00:00','21:30:00',9,17,62),(88,'REG-VIR-BAS-1 | 2021-1 | B | AVIR | MJ | 19:00-21:30 | Ad','REGOLARE VIRTUAL BASE 1 | 2021-ENE | GRUPO B | AULA VIRTUAL | MJ | 19:00-21:30 | Adultos',16,263,3,2,36,'','2021-01-05','2021-01-26',1,15,70,0,1,0,1,0,0,0,'19:00:00','21:30:00',9,17,62),(90,'REG-VIR-BAS-1 | 2021-1 | A | AVIR | S | 08:30-13:15 | Ad','REGOLARE VIRTUAL BASE 1 | 2021-ENE | GRUPO A | AULA VIRTUAL | S | 08:30-13:15 | Adultos',16,263,2,2,18,'','2021-01-09','2021-01-30',1,15,70,0,0,0,0,0,1,0,'08:30:00','13:15:00',9,17,80),(91,'REG-VIR-BAS-2 | 2021-1 | A | AVIR | LXV | 07:00-08:45 | Ad','REGOLARE VIRTUAL BASE 2 | 2021-ENE | GRUPO A | AULA VIRTUAL | LXV | 07:00-08:45 | Adultos',16,264,2,2,43,'','2021-01-06','2021-01-27',1,15,70,1,0,1,0,1,0,0,'07:00:00','08:45:00',9,17,73),(92,'REG-VIR-BAS-2 | 2021-1 | B | AVIR | LXV | 07:00-08:45 | Ad','REGOLARE VIRTUAL BASE 2 | 2021-ENE | GRUPO B | AULA VIRTUAL | LXV | 07:00-08:45 | Adultos',16,264,3,2,47,'','2021-01-06','2021-01-27',1,15,70,1,0,1,0,1,0,0,'07:00:00','08:45:00',9,17,73),(93,'REG-VIR-BAS-3 | 2021-1 | - | AVIR | S | 08:30-13:15 | Ad','REGOLARE VIRTUAL BASE 3 | 2021-ENE | GRUPO - | AULA VIRTUAL | S | 08:30-13:15 | Adultos',16,265,1,2,11,'','2021-01-09','2021-02-03',1,15,70,0,0,0,0,0,1,0,'08:30:00','13:15:00',9,17,82),(94,'REG-VIR-BAS-3 | 2021-1 | - | AVIR | LXV | 11:30-13:15 | Ad','REGOLARE VIRTUAL BASE 3 | 2021-ENE | GRUPO - | AULA VIRTUAL | LXV | 11:30-13:15 | Adultos',16,265,1,2,11,'','2021-01-06','2021-01-27',1,15,70,1,0,1,0,1,0,0,'11:30:00','13:15:00',9,17,75),(95,'REG-VIR-BAS-4 | 2021-1 | A | AVIR | LXV | 07:00-08:45 | Ad','REGOLARE VIRTUAL BASE 4 | 2021-ENE | GRUPO A | AULA VIRTUAL | LXV | 07:00-08:45 | Adultos',16,266,2,2,35,'','2021-01-06','2021-01-27',1,15,70,1,0,1,0,1,0,0,'07:00:00','08:45:00',9,17,76),(96,'REG-VIR-BAS-3 | 2021-1 | A | AVIR | LXV | 07:00-08:45 | Ad','REGOLARE VIRTUAL BASE 3 | 2021-ENE | GRUPO A | AULA VIRTUAL | LXV | 07:00-08:45 | Adultos',16,265,2,2,57,'','2021-01-06','2021-01-27',1,15,70,1,0,1,0,1,0,0,'07:00:00','08:45:00',9,17,74),(97,'REG-VIR-BAS-3 | 2021-1 | B | AVIR | LXV | 07:00-08:45 | Ad','REGOLARE VIRTUAL BASE 3 | 2021-ENE | GRUPO B | AULA VIRTUAL | LXV | 07:00-08:45 | Adultos',16,265,3,2,54,'','2021-01-06','2021-01-27',1,15,70,1,0,1,0,1,0,0,'07:00:00','08:45:00',9,17,74),(98,'REG-VIR-BAS-4 | 2021-1 | A | AVIR | MJ | 19:00-21:30 | Ad','REGOLARE VIRTUAL BASE 4 | 2021-ENE | GRUPO A | AULA VIRTUAL | MJ | 19:00-21:30 | Adultos',16,266,2,2,11,'','2021-01-05','2021-01-26',1,15,70,0,1,0,1,0,0,0,'19:00:00','21:30:00',9,17,63),(99,'REG-VIR-BAS-4 | 2021-1 | B | AVIR | MJ | 19:00-21:30 | Ad','REGOLARE VIRTUAL BASE 4 | 2021-ENE | GRUPO B | AULA VIRTUAL | MJ | 19:00-21:30 | Adultos',16,266,3,2,18,'','2021-01-05','2021-01-26',1,15,70,0,1,0,1,0,0,0,'19:00:00','21:30:00',9,17,63),(100,'REG-VIR-BAS-4 | 2021-1 | - | AVIR | S | 08:30-13:15 | Ad','REGOLARE VIRTUAL BASE 4 | 2021-ENE | GRUPO - | AULA VIRTUAL | S | 08:30-13:15 | Adultos',16,266,1,2,12,'','2021-01-09','2021-01-30',1,15,70,0,0,0,0,0,1,0,'08:30:00','13:15:00',9,17,83),(101,'REG-VIR-BAS-5 | 2021-1 | - | AVIR | S | 08:30-13:15 | Ad','REGOLARE VIRTUAL BASE 5 | 2021-ENE | GRUPO - | AULA VIRTUAL | S | 08:30-13:15 | Adultos',16,267,1,2,57,'','2021-01-09','2021-01-30',1,15,70,0,0,0,0,0,1,0,'08:30:00','13:15:00',9,17,84),(102,'REG-VIR-BAS-5 | 2021-1 | - | AVIR | LXV | 07:00-08:45 | Ad','REGOLARE VIRTUAL BASE 5 | 2021-ENE | GRUPO - | AULA VIRTUAL | LXV | 07:00-08:45 | Adultos',16,267,1,2,6,'','2021-01-06','2021-01-27',1,15,70,1,0,1,0,1,0,0,'07:00:00','08:45:00',9,17,77),(103,'REG-VIR-BAS-5 | 2021-1 | - | AVIR | MJ | 19:00-21:30 | Ad','REGOLARE VIRTUAL BASE 5 | 2021-ENE | GRUPO - | AULA VIRTUAL | MJ | 19:00-21:30 | Adultos',16,267,1,2,7,'','2021-01-05','2021-01-26',1,15,70,0,1,0,1,0,0,0,'19:00:00','21:30:00',9,17,64),(104,'REG-VIR-BAS-6 | 2021-1 | - | AVIR | S | 08:30-13:15 | Ad','REGOLARE VIRTUAL BASE 6 | 2021-ENE | GRUPO - | AULA VIRTUAL | S | 08:30-13:15 | Adultos',16,268,1,2,20,'','2021-01-09','2021-01-30',1,15,70,0,0,0,0,0,1,0,'08:30:00','13:15:00',9,17,85),(105,'REG-VIR-BAS-6 | 2021-1 | - | AVIR | LXV | 07:00-08:45 | Ad','REGOLARE VIRTUAL BASE 6 | 2021-ENE | GRUPO - | AULA VIRTUAL | LXV | 07:00-08:45 | Adultos',16,268,1,2,19,'','2021-01-06','2021-01-27',1,15,70,1,0,1,0,1,0,0,'07:00:00','08:45:00',9,17,78),(106,'REG-VIR-BAS-7 | 2021-1 | - | AVIR | LXV | 07:00-08:45 | Ad','REGOLARE VIRTUAL BASE 7 | 2021-ENE | GRUPO - | AULA VIRTUAL | LXV | 07:00-08:45 | Adultos',16,269,1,2,32,'','2021-01-06','2021-01-27',1,15,70,1,0,1,0,1,0,0,'07:00:00','08:45:00',9,17,79),(107,'REG-VIR-BAS-7 | 2021-1 | - | AVIR | MJ | 19:00-21:30 | Ad','REGOLARE VIRTUAL BASE 7 | 2021-ENE | GRUPO - | AULA VIRTUAL | MJ | 19:00-21:30 | Adultos',16,269,1,2,12,'','2021-01-05','2021-01-26',1,15,70,0,1,0,1,0,0,0,'19:00:00','21:30:00',9,17,66),(108,'REG-VIR-BAS-8 | 2021-1 | - | AVIR | MJ | 19:00-21:30 | Ad','REGOLARE VIRTUAL BASE 8 | 2021-ENE | GRUPO - | AULA VIRTUAL | MJ | 19:00-21:30 | Adultos',16,270,1,2,22,'','2021-01-05','2021-01-26',1,15,70,0,1,0,1,0,0,0,'19:00:00','21:30:00',9,17,67),(109,'REG-VIR-BAS-9 | 2021-1 | - | AVIR | MJ | 19:00-21:30 | Ad','REGOLARE VIRTUAL BASE 9 | 2021-ENE | GRUPO - | AULA VIRTUAL | MJ | 19:00-21:30 | Adultos',16,271,1,2,41,'','2021-01-05','2021-01-26',1,15,70,0,1,0,1,0,0,0,'19:00:00','21:30:00',9,17,68),(110,'REG-VIR-ITM-1 | 2021-1 | - | AVIR | MJ | 19:00-21:30 | Ad','REGOLARE VIRTUAL INTERMEDIO 1 | 2021-ENE | GRUPO - | AULA VIRTUAL | MJ | 19:00-21:30 | Adultos',16,273,1,2,39,'','2021-01-05','2021-01-26',1,15,70,0,1,0,1,0,0,0,'19:00:00','21:30:00',9,17,69),(111,'REG-VIR-ITM-10 | 2021-1 | S | 08:30-13:15 | Ad | - | AVIR','REGOLARE VIRTUAL INTERMEDIO 10 | 2021-ENE | S | 08:30-13:15 | Adultos | GRUPO - | AULA VIRTUAL',16,282,1,2,22,'','2021-01-09','2021-01-30',1,15,70,0,0,0,0,0,1,0,'08:30:00','13:15:00',9,17,90),(112,'REG-VIR-ITM-2 | 2021-1 | - | AVIR | S | 08:30-13:15 | Ad','REGOLARE VIRTUAL INTERMEDIO 2 | 2021-ENE | GRUPO - | AULA VIRTUAL | S | 08:30-13:15 | Adultos',16,274,1,2,10,'','2021-01-09','2021-01-30',1,15,70,0,0,0,0,0,1,0,'08:30:00','13:15:00',9,17,87),(113,'REG-VIR-ITM-5 | 2021-1 | - | AVIR | S | 08:30-13:15 | Ad','REGOLARE VIRTUAL INTERMEDIO 5 | 2021-ENE | GRUPO - | AULA VIRTUAL | S | 08:30-13:15 | Adultos',16,277,1,2,5,'','2021-01-09','2021-01-30',1,15,70,0,0,0,0,0,1,0,'08:30:00','13:15:00',9,17,88),(114,'REG-VIR-ITM-8 | 2021-1 | - | AVIR | S | 08:30-13:15 | Ad','REGOLARE VIRTUAL INTERMEDIO 8 | 2021-ENE | GRUPO - | AULA VIRTUAL | S | 08:30-13:15 | Adultos',16,280,1,2,33,'','2021-01-09','2021-01-30',1,15,70,0,0,0,0,0,1,0,'08:30:00','13:15:00',9,17,89),(115,'REG-VIR-BAS-1 | 2021-1 | B | AVIR | S | 08:30-13:15 | Ad','REGOLARE VIRTUAL BASE 1 | 2021-ENE | GRUPO B | AULA VIRTUAL | S | 08:30-13:15 | Adultos',16,263,3,2,35,'','2021-01-09','2021-01-30',1,15,70,0,0,0,0,0,1,0,'08:30:00','13:15:00',9,17,80),(116,'RAG VIR L1-3 | 2021-1 | MJ | 16:30-18:00 | Jo | - | AVIR','RAGAZZI VIRTUALE LIBRO 1 - 3 | 2021-ENE | MJ | 16:30-18:00 | Jóvenes | GRUPO - | AULA VIRTUAL',16,307,1,2,29,'','2021-01-05','2021-02-25',1,12,15,0,1,0,1,0,0,0,'16:30:00','18:00:00',10,24,101),(117,'RAG VIR L1-2 | 2021-1 | MJ | 16:30-18:00 | Jo | - | AVIR','RAGAZZI VIRTUALE LIBRO 1 - 2 | 2021-ENE | MJ | 16:30-18:00 | Jóvenes | GRUPO - | AULA VIRTUAL',16,306,1,2,39,'','2021-01-05','2021-02-25',1,12,15,0,1,0,1,0,0,0,'16:30:00','18:00:00',10,24,100),(118,'RAG VIR L1-1 | 2021-1 | MJ | 16:30-18:00 | Jo | A | AVIR','RAGAZZI VIRTUALE LIBRO 1 - 1 | 2021-ENE | MJ | 16:30-18:00 | Jóvenes | GRUPO A | AULA VIRTUAL',16,305,2,2,13,'','2021-01-05','2021-02-25',1,12,15,0,1,0,1,0,0,0,'16:30:00','18:00:00',10,24,99),(119,'RAG VIR L1-6 | 2021-1 | S | 11:00-14:00 | Jo | - | AVIR','RAGAZZI VIRTUALE LIBRO 1 - 6 | 2021-ENE | S | 11:00-14:00 | Jóvenes | GRUPO - | AULA VIRTUAL',16,310,1,2,13,'','2021-01-16','2021-02-27',1,8,11,0,0,0,0,0,1,0,'11:00:00','14:00:00',10,24,98),(120,'RAG VIR L1-1 | 2021-1 | MJ | 16:30-18:00 | Jo | B | AVIR','RAGAZZI VIRTUALE LIBRO 1 - 1 | 2021-ENE | MJ | 16:30-18:00 | Jóvenes | GRUPO B | AULA VIRTUAL',16,305,3,2,37,'','2021-01-05','2021-02-25',1,12,15,0,1,0,1,0,0,0,'16:30:00','18:00:00',10,24,99),(121,'CONVERSA | 2021-1 | - | AVIR | S | 08:30-10:30 | Ad','CORSO DI CONVERSAZIONE E CULTURA ITALIANA | 2021-ENE | GRUPO - | AULA VIRTUAL | S | 08:30-10:30 | Adultos',16,330,1,2,14,'','2021-01-09','2021-02-27',1,15,70,0,0,0,0,0,1,0,'08:30:00','10:30:00',1,16,110),(122,'CONVERSA | 2021-1 | - | AVIR | S | 11:00-13:00 | Ad','CORSO DI CONVERSAZIONE E CULTURA ITALIANA | 2021-ENE | GRUPO - | AULA VIRTUAL | S | 11:00-13:00 | Adultos',16,330,1,2,14,'','2021-01-09','2021-02-27',1,15,70,0,0,0,0,0,1,0,'11:00:00','13:00:00',1,16,111),(124,'INT-VIR-BAS-1 | 2021-2 | A | AVIR | LMXJV | 19:00-21:00 | Ad','INTENSIVO VIRTUAL BASE 1 | 2021-FEB | GRUPO A | AULA VIRTUAL | L-V | 19:00-21:00 | Adultos',17,249,2,2,26,'','2021-02-02','2021-02-24',1,15,70,1,1,1,1,1,0,0,'19:00:00','21:00:00',8,34,121),(125,'INT-VIR-BAS-1 | 2021-2 | B | AVIR | LMXJV | 19:00-21:00 | Ad','INTENSIVO VIRTUAL BASE 1 | 2021-FEB | GRUPO B | AULA VIRTUAL | L-V | 19:00-21:00 | Adultos',17,249,3,2,54,'','2021-02-02','2021-02-24',1,15,70,1,1,1,1,1,0,0,'19:00:00','21:00:00',8,34,121),(126,'INT-VIR-BAS-1 | 2021-2 | C | AVIR | LMXJV | 19:00-21:00 | Ad','INTENSIVO VIRTUAL BASE 1 | 2021-FEB | GRUPO C | AULA VIRTUAL | L-V | 19:00-21:00 | Adultos',17,249,4,2,57,'','2021-02-02','2021-02-24',1,15,70,1,1,1,1,1,0,0,'19:00:00','21:00:00',8,34,121),(127,'REG-VIR-BAS-1 | 2021-2 | S | 14:00-18:45 | Ad | - | AVIR','REGOLARE VIRTUAL BASE 1 | 2021-FEB | S | 14:00-18:45 | Adultos | GRUPO - | AULA VIRTUAL',17,263,1,2,42,'','2021-02-06','2021-02-27',1,15,70,0,0,0,0,0,1,0,'14:00:00','18:45:00',9,17,190),(128,'INT-VIR-BAS-2 | 2021-2 | - | AVIR | LMXJV | 16:30-18:30 | Ad','INTENSIVO VIRTUAL BASE 2 | 2021-FEB | GRUPO - | AULA VIRTUAL | L-V | 16:30-18:30 | Adultos',17,250,1,2,21,'','2021-02-02','2021-02-24',1,15,70,1,1,1,1,1,0,0,'16:30:00','18:30:00',8,34,127),(129,'SIN-VIR-BAS-1 | 2021-2 | A | AVIR | LMXJV | 09:30-12:30 | Ad','SUPER INTENSIVO VIRTUAL BASE 1 | 2021-FEB | GRUPO A | AULA VIRTUAL | L-V | 09:30-12:30 | Adultos',17,241,2,2,6,'','2021-02-02','2021-02-22',1,15,70,1,1,1,1,1,0,0,'09:30:00','12:30:00',7,45,103),(130,'SIN-VIR-BAS-1 | 2021-2 | B | AVIR | LMXJV | 09:30-12:30 | Ad','SUPER INTENSIVO VIRTUAL BASE 1 | 2021-FEB | GRUPO B | AULA VIRTUAL | L-V | 09:30-12:30 | Adultos',17,241,3,2,22,'','2021-02-02','2021-02-22',1,15,70,1,1,1,1,1,0,0,'09:30:00','12:30:00',7,45,103),(131,'SIN-VIR-BAS-1 | 2021-2 | C | AVIR | LMXJV | 09:30-12:30 | Ad','SUPER INTENSIVO VIRTUAL BASE 1 | 2021-FEB | GRUPO C | AULA VIRTUAL | L-V | 09:30-12:30 | Adultos',17,241,4,2,27,'','2021-02-02','2021-02-22',1,15,70,1,1,1,1,1,0,0,'09:30:00','12:30:00',7,45,103),(132,'SIN-VIR-BAS-2 | 2021-2 | A | AVIR | LMXJV | 09:30-12:30 | Ad','SUPER INTENSIVO VIRTUAL BASE 2 | 2021-FEB | GRUPO A | AULA VIRTUAL | L-V | 09:30-12:30 | Adultos',17,242,2,2,15,'','2021-02-02','2021-02-22',1,15,70,1,1,1,1,1,0,0,'09:30:00','12:30:00',7,45,113),(133,'SIN-VIR-BAS-2 | 2021-2 | B | AVIR | LMXJV | 09:30-12:30 | Ad','SUPER INTENSIVO VIRTUAL BASE 2 | 2021-FEB | GRUPO B | AULA VIRTUAL | L-V | 09:30-12:30 | Adultos',17,242,3,2,20,'','2021-02-02','2021-02-22',1,15,70,1,1,1,1,1,0,0,'09:30:00','12:30:00',7,45,113),(135,'SIN-VIR-BAS-4 | 2021-2 | - | AVIR | LMXJV | 09:30-12:30 | Ad','SUPER INTENSIVO VIRTUAL BASE 4 | 2021-FEB | GRUPO - | AULA VIRTUAL | L-V | 09:30-12:30 | Adultos',17,244,1,2,33,'','2021-02-02','2021-02-22',1,15,70,1,1,1,1,1,0,0,'09:30:00','12:30:00',8,45,115),(137,'SIN-VIR-ITM-2 | 2021-2 | - | AVIR | LMXJV | 09:30-12:30 | Ad','SUPER INTENSIVO VIRTUAL INTERMEDIO 2 | 2021-FEB | GRUPO - | AULA VIRTUAL | L-V | 09:30-12:30 | Adultos',17,246,1,2,21,'','2021-02-02','2021-02-22',1,15,70,1,1,1,1,1,0,0,'09:30:00','12:30:00',7,45,117),(138,'INT-VIR-BAS-1 | 2021-2 | A | AVIR | LMXJV | 07:00-09:00 | Ad','INTENSIVO VIRTUAL BASE 1 | 2021-FEB | GRUPO A | AULA VIRTUAL | L-V | 07:00-09:00 | Adultos',17,249,2,2,30,'','2021-02-02','2021-02-24',1,15,70,1,1,1,1,1,0,0,'07:00:00','09:00:00',8,34,102),(139,'INT-VIR-BAS-1 | 2021-2 | B | AVIR | LMXJV | 07:00-09:00 | Ad','INTENSIVO VIRTUAL BASE 1 | 2021-FEB | GRUPO B | AULA VIRTUAL | L-V | 07:00-09:00 | Adultos',17,249,3,2,15,'','2021-02-02','2021-02-24',1,15,70,1,1,1,1,1,0,0,'07:00:00','09:00:00',8,34,102),(140,'INT-VIR-BAS-1 | 2021-2 | A | AVIR | LMXJV | 09:30-11:30 | Ad','INTENSIVO VIRTUAL BASE 1 | 2021-FEB | GRUPO A | AULA VIRTUAL | L-V | 09:30-11:30 | Adultos',17,249,2,2,14,'','2021-02-02','2021-02-24',1,15,70,1,1,1,1,1,0,0,'09:30:00','11:30:00',8,34,118),(141,'INT-VIR-BAS-1 | 2021-2 | B | AVIR | LMXJV | 09:30-11:30 | Ad','INTENSIVO VIRTUAL BASE 1 | 2021-FEB | GRUPO B | AULA VIRTUAL | L-V | 09:30-11:30 | Adultos',17,249,3,2,53,'','2021-02-02','2021-02-24',1,15,70,1,1,1,1,1,0,0,'09:30:00','11:30:00',8,34,118),(142,'INT-VIR-BAS-1 | 2021-2 | C | AVIR | LMXJV | 09:30-11:30 | Ad','INTENSIVO VIRTUAL BASE 1 | 2021-FEB | GRUPO C | AULA VIRTUAL | L-V | 09:30-11:30 | Adultos',17,249,4,2,30,'','2021-02-02','2021-02-24',1,15,70,1,1,1,1,1,0,0,'09:30:00','11:30:00',8,34,118),(143,'INT-VIR-BAS-1 | 2021-2 | - | AVIR | LMXJV | 14:00-16:00 | Ad','INTENSIVO VIRTUAL BASE 1 | 2021-FEB | GRUPO - | AULA VIRTUAL | L-V | 14:00-16:00 | Adultos',17,249,1,2,40,'','2021-02-02','2021-02-24',1,15,70,1,1,1,1,1,0,0,'14:00:00','16:00:00',8,34,119),(144,'INT-VIR-BAS-1 | 2021-2 | A | AVIR | LMXJV | 16:30-18:30 | Ad','INTENSIVO VIRTUAL BASE 1 | 2021-FEB | GRUPO A | AULA VIRTUAL | L-V | 16:30-18:30 | Adultos',17,249,2,2,26,'','2021-02-02','2021-02-24',1,15,70,1,1,1,1,1,0,0,'16:30:00','18:30:00',8,34,120),(145,'INT-VIR-BAS-1 | 2021-2 | B | AVIR | LMXJV | 16:30-18:30 | Ad','INTENSIVO VIRTUAL BASE 1 | 2021-FEB | GRUPO B | AULA VIRTUAL | L-V | 16:30-18:30 | Adultos',17,249,3,2,19,'','2021-02-02','2021-02-24',1,15,70,1,1,1,1,1,0,0,'16:30:00','18:30:00',8,34,120),(146,'INT-VIR-BAS-2 | 2021-2 | A | AVIR | LMXJV | 07:00-09:00 | Ad','INTENSIVO VIRTUAL BASE 2 | 2021-FEB | GRUPO A | AULA VIRTUAL | L-V | 07:00-09:00 | Adultos',17,250,2,2,11,'','2021-02-02','2021-02-24',1,15,70,1,1,1,1,1,0,0,'07:00:00','09:00:00',8,34,123),(147,'INT-VIR-BAS-2 | 2021-2 | LMXJV | 07:00-09:00 | Ad | C | AVIR','INTENSIVO VIRTUAL BASE 2 | 2021-FEB | L-V | 07:00-09:00 | Adultos | GRUPO C | AULA VIRTUAL',17,250,4,2,27,'','2021-02-02','2021-02-24',1,15,70,1,1,1,1,1,0,0,'07:00:00','09:00:00',8,34,123),(148,'INT-VIR-BAS-2 | 2021-2 | B | AVIR | LMXJV | 07:00-09:00 | Ad','INTENSIVO VIRTUAL BASE 2 | 2021-FEB | GRUPO B | AULA VIRTUAL | L-V | 07:00-09:00 | Adultos',17,250,3,2,50,'','2021-02-02','2021-02-24',1,15,70,1,1,1,1,1,0,0,'07:00:00','09:00:00',8,34,123),(149,'INT-VIR-BAS-2 | 2021-2 | A | AVIR | LMXJV | 09:30-11:30 | Ad','INTENSIVO VIRTUAL BASE 2 | 2021-FEB | GRUPO A | AULA VIRTUAL | L-V | 09:30-11:30 | Adultos',17,250,2,2,36,'','2021-02-02','2021-02-24',1,15,70,1,1,1,1,1,0,0,'09:30:00','11:30:00',8,34,124),(150,'INT-VIR-BAS-2 | 2021-2 | B | AVIR | LMXJV | 09:30-11:30 | Ad','INTENSIVO VIRTUAL BASE 2 | 2021-FEB | GRUPO B | AULA VIRTUAL | L-V | 09:30-11:30 | Adultos',17,250,3,2,12,'','2021-02-02','2021-02-24',1,15,70,1,1,1,1,1,0,0,'09:30:00','11:30:00',8,34,124),(151,'INT-VIR-BAS-2 | 2021-2 | A | AVIR | LMXJV | 14:00-16:00 | Ad','INTENSIVO VIRTUAL BASE 2 | 2021-FEB | GRUPO A | AULA VIRTUAL | L-V | 14:00-16:00 | Adultos',17,250,2,2,20,'','2021-02-02','2021-02-24',1,15,70,1,1,1,1,1,0,0,'14:00:00','16:00:00',8,34,125),(153,'REG-VIR-BAS-2 | 2021-2 | - | AVIR | LX | 15:30-18:00 | Ad','REGOLARE VIRTUAL BASE 2 | 2021-FEB | GRUPO - | AULA VIRTUAL | LX | 15:30-18:00 | Adultos',17,264,1,2,57,'','2021-02-03','2021-02-24',1,15,70,1,0,1,0,0,0,0,'15:30:00','18:00:00',9,17,104),(154,'INT-VIR-BAS-2 | 2021-2 | B | AVIR | LMXJV | 14:00-16:00 | Ad','INTENSIVO VIRTUAL BASE 2 | 2021-FEB | GRUPO B | AULA VIRTUAL | L-V | 14:00-16:00 | Adultos',17,250,3,2,7,'','2021-02-02','2021-02-24',1,15,70,1,1,1,1,1,0,0,'14:00:00','16:00:00',8,34,125),(155,'INT-VIR-BAS-2 | 2021-2 | A | AVIR | LMXJV | 19:00-21:00 | Ad','INTENSIVO VIRTUAL BASE 2 | 2021-FEB | GRUPO A | AULA VIRTUAL | L-V | 19:00-21:00 | Adultos',17,250,2,2,59,'','2021-02-02','2021-02-24',1,15,70,1,1,1,1,1,0,0,'19:00:00','21:00:00',8,34,130),(156,'INT-VIR-BAS-2 | 2021-2 | B | AVIR | LMXJV | 19:00-21:00 | Ad','INTENSIVO VIRTUAL BASE 2 | 2021-FEB | GRUPO B | AULA VIRTUAL | L-V | 19:00-21:00 | Adultos',17,250,3,2,18,'','2021-02-02','2021-02-24',1,15,70,1,1,1,1,1,0,0,'19:00:00','21:00:00',8,34,130),(157,'INT-VIR-BAS-3 | 2021-2 | - | AVIR | LMXJV | 07:00-09:00 | Ad','INTENSIVO VIRTUAL BASE 3 | 2021-FEB | GRUPO - | AULA VIRTUAL | L-V | 07:00-09:00 | Adultos',17,251,1,2,44,'','2021-02-02','2021-02-24',1,15,70,1,1,1,1,1,0,0,'07:00:00','09:00:00',8,34,132),(158,'INT-VIR-BAS-3 | 2021-2 | - | AVIR | LMXJV | 16:30-18:30 | Ad','INTENSIVO VIRTUAL BASE 3 | 2021-FEB | GRUPO - | AULA VIRTUAL | L-V | 16:30-18:30 | Adultos',17,251,1,2,14,'','2021-02-02','2021-02-24',1,15,70,1,1,1,1,1,0,0,'16:30:00','18:30:00',8,34,133),(159,'INT-VIR-BAS-4 | 2021-2 | LMXJV | 11:00-13:00 | Ad | A | AVIR','INTENSIVO VIRTUAL BASE 04 | 2021-FEB | L-V | 11:00-13:00 | Adultos | GRUPO A | AULA VIRTUAL',17,252,2,2,28,'','2021-02-02','2021-02-24',1,15,70,1,1,1,1,1,0,0,'11:00:00','13:00:00',8,34,136),(160,'INT-VIR-BAS-4 | 2021-2 | B | AVIR | LMXJV | 11:00-13:00 | Ad','INTENSIVO VIRTUAL BASE 4 | 2021-FEB | GRUPO B | AULA VIRTUAL | L-V | 11:00-13:00 | Adultos',17,252,3,2,47,'','2021-02-02','2021-02-24',1,15,70,1,1,1,1,1,0,0,'11:00:00','13:00:00',8,34,136),(161,'INT-VIR-BAS-4 | 2021-2 | A | AVIR | LMXJV | 14:00-16:00 | Ad','INTENSIVO VIRTUAL BASE 4 | 2021-FEB | GRUPO A | AULA VIRTUAL | L-V | 14:00-16:00 | Adultos',17,252,2,2,27,'','2021-02-02','2021-02-24',1,15,70,1,1,1,1,1,0,0,'14:00:00','16:00:00',8,34,108),(163,'INT-VIR-BAS-5 | 2021-2 | - | AVIR | LMXJV | 07:00-09:00 | Ad','INTENSIVO VIRTUAL BASE 5 | 2021-FEB | GRUPO - | AULA VIRTUAL | L-V | 07:00-09:00 | Adultos',17,253,1,2,20,'','2021-02-02','2021-02-24',1,15,70,1,1,1,1,1,0,0,'07:00:00','09:00:00',8,34,139),(164,'INT-VIR-BAS-5 | 2021-2 | - | AVIR | LMXJV | 14:00-16:00 | Ad','INTENSIVO VIRTUAL BASE 5 | 2021-FEB | GRUPO - | AULA VIRTUAL | L-V | 14:00-16:00 | Adultos',17,253,1,2,25,'','2021-02-02','2021-02-24',1,15,70,1,1,1,1,1,0,0,'14:00:00','16:00:00',8,34,141),(165,'INT-VIR-BAS-5 | 2021-2 | - | AVIR | LMXJV | 16:30-18:30 | Ad','INTENSIVO VIRTUAL BASE 5 | 2021-FEB | GRUPO - | AULA VIRTUAL | L-V | 16:30-18:30 | Adultos',17,253,1,2,22,'','2021-02-02','2021-02-24',1,15,70,1,1,1,1,1,0,0,'16:30:00','18:30:00',8,34,143),(166,'INT-VIR-BAS-5 | 2021-2 | A | AVIR | LMXJV | 19:00-21:00 | Ad','INTENSIVO VIRTUAL BASE 5 | 2021-FEB | GRUPO A | AULA VIRTUAL | L-V | 19:00-21:00 | Adultos',17,253,2,2,52,'','2021-02-02','2021-02-24',1,15,70,1,1,1,1,1,0,0,'19:00:00','21:00:00',8,34,144),(168,'INT-VIR-ITM-1 | 2021-2 | A | AVIR | LMXJV | 07:00-09:00 | Ad','INTENSIVO VIRTUAL INTERMEDIO 1 | 2021-FEB | GRUPO A | AULA VIRTUAL | L-V | 07:00-09:00 | Adultos',17,254,2,2,53,'','2021-02-02','2021-02-24',1,15,70,1,1,1,1,1,0,0,'07:00:00','09:00:00',8,34,145),(169,'INT-VIR-ITM-1 | 2021-2 | LMXJV | 07:00-09:00 | Ad | B | AVIR','INTENSIVO VIRTUAL INTERMEDIO 1 | 2021-FEB | L-V | 07:00-09:00 | Adultos | GRUPO B | AULA VIRTUAL',17,254,3,2,48,'','2021-02-02','2021-02-24',1,15,70,1,1,1,1,1,0,0,'07:00:00','09:00:00',8,34,145),(171,'INT-VIR-ITM-1 | 2021-2 | LMXJV | 19:00-21:00 | Ad | A | AVIR','INTENSIVO VIRTUAL INTERMEDIO 1 | 2021-FEB | L-V | 19:00-21:00 | Adultos | GRUPO A | AULA VIRTUAL',17,254,2,2,37,'','2021-02-02','2021-02-25',1,15,70,1,1,1,1,1,0,0,'19:00:00','21:00:00',8,34,147),(172,'INT-VIR-ITM-1 | 2021-2 | LMXJV | 19:00-21:00 | Ad | B | AVIR','INTENSIVO VIRTUAL INTERMEDIO 1 | 2021-FEB | L-V | 19:00-21:00 | Adultos | GRUPO B | AULA VIRTUAL',17,254,3,2,51,'','2021-02-02','2021-02-25',1,15,70,1,1,1,1,1,0,0,'19:00:00','21:00:00',8,34,147),(173,'INT-VIR-ITM-2 | 2021-2 | A | AVIR | LMXJV | 07:00-09:00 | Ad','INTENSIVO VIRTUAL INTERMEDIO 2 | 2021-FEB | GRUPO A | AULA VIRTUAL | L-V | 07:00-09:00 | Adultos',17,255,2,2,34,'','2021-02-02','2021-02-24',1,15,70,1,1,1,1,1,0,0,'07:00:00','09:00:00',8,34,148),(174,'INT-VIR-ITM-2 | 2021-2 | B | AVIR | LMXJV | 07:00-09:00 | Ad','INTENSIVO VIRTUAL INTERMEDIO 2 | 2021-FEB | GRUPO B | AULA VIRTUAL | L-V | 07:00-09:00 | Adultos',17,255,3,2,36,'','2021-02-02','2021-02-24',1,15,70,1,1,1,1,1,0,0,'07:00:00','09:00:00',8,34,148),(176,'INT-VIR-ITM-2 | 2021-2 | - | AVIR | LMXJV | 16:30-18:30 | Ad','INTENSIVO VIRTUAL INTERMEDIO 2 | 2021-FEB | GRUPO - | AULA VIRTUAL | L-V | 16:30-18:30 | Adultos',17,255,1,2,7,'','2021-02-02','2021-02-24',1,15,70,1,1,1,1,1,0,0,'16:30:00','18:30:00',8,34,151),(177,'INT-VIR-ITM-2 | 2021-2 | A | AVIR | LMXJV | 19:00-21:00 | Ad','INTENSIVO VIRTUAL INTERMEDIO 2 | 2021-FEB | GRUPO A | AULA VIRTUAL | L-V | 19:00-21:00 | Adultos',17,255,2,2,14,'','2021-02-02','2021-02-24',1,15,70,1,1,1,1,1,0,0,'19:00:00','21:00:00',8,34,152),(178,'INT-VIR-ITM-3 | 2021-2 | A | AVIR | LMXJV | 07:00-09:00 | Ad','INTENSIVO VIRTUAL INTERMEDIO 3 | 2021-FEB | GRUPO A | AULA VIRTUAL | L-V | 07:00-09:00 | Adultos',17,256,2,2,33,'','2021-02-02','2021-02-24',1,15,70,1,1,1,1,1,0,0,'07:00:00','09:00:00',8,34,153),(179,'INT-VIR-ITM-3 | 2021-2 | B | AVIR | LMXJV | 07:00-09:00 | Ad','INTENSIVO VIRTUAL INTERMEDIO 3 | 2021-FEB | GRUPO B | AULA VIRTUAL | L-V | 07:00-09:00 | Adultos',17,256,3,2,14,'','2021-02-02','2021-02-24',1,15,70,1,1,1,1,1,0,0,'07:00:00','09:00:00',8,34,153),(181,'INT-VIR-ITM-3 | 2021-2 | A | AVIR | LMXJV | 19:00-21:00 | Ad','INTENSIVO VIRTUAL INTERMEDIO 3 | 2021-FEB | GRUPO A | AULA VIRTUAL | L-V | 19:00-21:00 | Adultos',17,256,2,2,5,'','2021-02-02','2021-02-24',1,15,70,1,1,1,1,1,0,0,'19:00:00','21:00:00',8,34,155),(182,'INT-VIR-ITM-3 | 2021-2 | B | AVIR | LMXJV | 19:00-21:00 | Ad','INTENSIVO VIRTUAL INTERMEDIO 3 | 2021-FEB | GRUPO B | AULA VIRTUAL | L-V | 19:00-21:00 | Adultos',17,256,3,2,20,'','2021-02-02','2021-02-24',1,15,70,1,1,1,1,1,0,0,'19:00:00','21:00:00',8,34,155),(183,'INT-VIR-ITM-4 | 2021-2 | - | AVIR | LMXJV | 07:00-09:00 | Ad','INTENSIVO VIRTUAL INTERMEDIO 4 | 2021-FEB | GRUPO - | AULA VIRTUAL | L-V | 07:00-09:00 | Adultos',17,257,1,2,32,'','2021-02-02','2021-02-24',1,15,70,1,1,1,1,1,0,0,'07:00:00','09:00:00',8,34,156),(184,'INT-VIR-ITM-4 | 2021-2 | - | AVIR | LMXJV | 14:00-16:00 | Ad','INTENSIVO VIRTUAL INTERMEDIO 4 | 2021-FEB | GRUPO - | AULA VIRTUAL | L-V | 14:00-16:00 | Adultos',17,257,1,2,21,'','2021-02-02','2021-02-24',1,15,70,1,1,1,1,1,0,0,'14:00:00','16:00:00',8,34,157),(185,'INT-VIR-ITM-4 | 2021-2 | A | AVIR | LMXJV | 19:00-21:00 | Ad','INTENSIVO VIRTUAL INTERMEDIO 4 | 2021-FEB | GRUPO A | AULA VIRTUAL | L-V | 19:00-21:00 | Adultos',17,257,2,2,25,'','2021-02-02','2021-02-24',1,15,70,1,1,1,1,1,0,0,'19:00:00','21:00:00',8,34,158),(186,'INT-VIR-ITM-4 | 2021-2 | B | AVIR | LMXJV | 19:00-21:00 | Ad','INTENSIVO VIRTUAL INTERMEDIO 4 | 2021-FEB | GRUPO B | AULA VIRTUAL | L-V | 19:00-21:00 | Adultos',17,257,3,2,15,'','2021-02-02','2021-02-25',1,15,70,1,1,1,1,1,0,0,'19:00:00','21:00:00',8,34,158),(187,'INT-VIR-ITM-5 | 2021-2 | - | AVIR | LMXJV | 07:00-09:00 | Ad','INTENSIVO VIRTUAL INTERMEDIO 5 | 2021-FEB | GRUPO - | AULA VIRTUAL | L-V | 07:00-09:00 | Adultos',17,258,1,2,21,'','2021-02-02','2021-02-24',1,15,70,1,1,1,1,1,0,0,'07:00:00','09:00:00',8,34,159),(188,'INT-VIR-ITM-5 | 2021-2 | - | AVIR | LMXJV | 19:00-21:00 | Ad','INTENSIVO VIRTUAL INTERMEDIO 5 | 2021-FEB | GRUPO - | AULA VIRTUAL | L-V | 19:00-21:00 | Adultos',17,258,1,2,19,'','2021-02-02','2021-02-24',1,15,70,1,1,1,1,1,0,0,'19:00:00','21:00:00',8,34,160),(189,'INT-VIR-ADV-1 | 2021-2 | - | AVIR | LMXJV | 19:00-21:00 | Ad','INTENSIVO VIRTUAL AVANZATO 1 | 2021-FEB | GRUPO - | AULA VIRTUAL | L-V | 19:00-21:00 | Adultos',17,259,1,2,34,'','2021-02-02','2021-02-22',1,15,70,1,1,1,1,1,0,0,'19:00:00','21:00:00',8,30,161),(190,'INT-VIR-ADV-2 | 2021-2 | LMXJV | 19:00-21:00 | Ad | A | AVIR','INTENSIVO VIRTUAL AVANZATO 2 | 2021-FEB | L-V | 19:00-21:00 | Adultos | GRUPO A | AULA VIRTUAL',17,260,2,2,33,'','2021-02-02','2021-02-22',1,15,70,1,1,1,1,1,0,0,'19:00:00','21:00:00',8,30,162),(192,'INT-VIR-ADV-3 | 2021-2 | LMXJV | 16:30-18:30 | Ad | - | AVIR','INTENSIVO VIRTUAL AVANZATO 3 | 2021-FEB | L-V | 16:30-18:30 | Adultos | GRUPO - | AULA VIRTUAL',17,261,1,2,24,'','2021-02-02','2021-02-22',1,15,70,1,1,1,1,1,0,0,'16:30:00','18:30:00',8,30,163),(193,'INT-VIR-ADV-3 | 2021-2 | - | AVIR | LMXJV | 19:00-21:00 | AD','INTENSIVO VIRTUAL AVANZATO 3 | 2021-FEB | GRUPO - | AULA VIRTUAL | L-V | 19:00-21:00 | ADULTOS',17,261,1,2,16,'','2021-02-02','2021-02-22',1,15,70,1,1,1,1,1,0,0,'19:00:00','21:00:00',8,30,164),(195,'REG-VIR-BAS-1 | 2021-2 | A | AVIR | LX | 15:30-18:00 | Ad','REGOLARE VIRTUAL BASE 1 | 2021-FEB | GRUPO A | AULA VIRTUAL | LX | 15:30-18:00 | Adultos',17,263,2,2,44,'','2021-02-03','2021-02-24',1,15,70,1,0,1,0,0,0,0,'15:30:00','18:00:00',9,17,122),(196,'REG-VIR-BAS-1 | 2021-2 | B | AVIR | LX | 15:30-18:00 | Ad','REGOLARE VIRTUAL BASE 1 | 2021-FEB | GRUPO B | AULA VIRTUAL | LX | 15:30-18:00 | Adultos',17,263,3,2,45,'','2021-02-03','2021-02-24',1,15,70,1,0,1,0,0,0,0,'15:30:00','18:00:00',9,17,122),(197,'REG-VIR-BAS-1 | 2021-2 | A | AVIR | LXV | 07:00-08:45 | Ad','REGOLARE VIRTUAL BASE 1 | 2021-FEB | GRUPO A | AULA VIRTUAL | LXV | 07:00-08:45 | Adultos',17,263,2,2,43,'','2021-02-03','2021-02-24',1,15,70,1,0,1,0,1,0,0,'07:00:00','08:45:00',9,17,177),(198,'REG-VIR-BAS-1 | 2021-2 | B | AVIR | LXV | 07:00-08:45 | Ad','REGOLARE VIRTUAL BASE 1 | 2021-FEB | GRUPO B | AULA VIRTUAL | LXV | 07:00-08:45 | Adultos',17,263,3,2,45,'','2021-02-03','2021-02-24',1,15,70,1,0,1,0,1,0,0,'07:00:00','08:45:00',9,17,177),(199,'REG-VIR-BAS-1 | 2021-2 | C | AVIR | LXV | 07:00-08:45 | Ad','REGOLARE VIRTUAL BASE 1 | 2021-FEB | GRUPO C | AULA VIRTUAL | LXV | 07:00-08:45 | Adultos',17,263,4,2,59,'','2021-02-03','2021-02-24',1,15,70,1,0,1,0,1,0,0,'07:00:00','08:45:00',9,17,177),(200,'REG-VIR-BAS-1 | 2021-2 | A | AVIR | S | 08:30-13:15 | Ad','REGOLARE VIRTUAL BASE 1 | 2021-FEB | GRUPO A | AULA VIRTUAL | S | 08:30-13:15 | Adultos',17,263,2,2,18,'','2021-02-06','2021-02-27',1,15,70,0,0,0,0,0,1,0,'08:30:00','13:15:00',9,17,189),(201,'REG-VIR-BAS-1 | 2021-2 | B | AVIR | S | 08:30-13:15 | Ad','REGOLARE VIRTUAL BASE 1 | 2021-FEB | GRUPO B | AULA VIRTUAL | S | 08:30-13:15 | Adultos',17,263,3,2,45,'','2021-02-06','2021-02-27',1,15,70,0,0,0,0,0,1,0,'08:30:00','13:15:00',9,17,189),(202,'REG-VIR-BAS-1 | 2021-2 | A | AVIR | LXV | 11:30-13:15 | Ad','REGOLARE VIRTUAL BASE 1 | 2021-FEB | GRUPO A | AULA VIRTUAL | LXV | 11:30-13:15 | Adultos',17,263,2,2,44,'','2021-02-03','2021-02-24',1,15,70,1,0,1,0,1,0,0,'11:30:00','13:15:00',9,17,178),(203,'REG-VIR-BAS-1 | 2021-2 | B | AVIR | LXV | 11:30-13:15 | Ad','REGOLARE VIRTUAL BASE 1 | 2021-FEB | GRUPO B | AULA VIRTUAL | LXV | 11:30-13:15 | Adultos',17,263,3,2,43,'','2021-02-03','2021-02-24',1,15,70,1,0,1,0,1,0,0,'11:30:00','13:15:00',9,17,178),(204,'REG-VIR-BAS-2 | 2021-2 | A | AVIR | MJ | 19:00-21:30 | Ad','REGOLARE VIRTUAL BASE 2 | 2021-FEB | GRUPO A | AULA VIRTUAL | MJ | 19:00-21:30 | Adultos',17,264,2,2,47,'','2021-02-02','2021-02-23',1,15,70,0,1,0,1,0,0,0,'19:00:00','21:30:00',9,17,169),(206,'REG-VIR-BAS-2 | 2021-2 | - | AVIR | LXV | 07:00-08:45 | Ad','REGOLARE VIRTUAL BASE 2 | 2021-FEB | GRUPO - | AULA VIRTUAL | LXV | 07:00-08:45 | Adultos',17,264,1,2,54,'','2021-02-03','2021-02-24',1,15,70,1,0,1,0,1,0,0,'07:00:00','08:45:00',9,17,179),(207,'REG-VIR-BAS-2 | 2021-2 | LXV | 11:30-13:15 | Ad | A | AVIR','REGOLARE VIRTUAL BASE 2 | 2021-FEB | LXV | 11:30-13:15 | Adultos | GRUPO A | AULA VIRTUAL',17,264,2,2,11,'','2021-02-03','2021-02-24',1,15,70,1,0,1,0,1,0,0,'11:30:00','13:15:00',9,17,180),(208,'REG-VIR-BAS-2 | 2021-2 | B | AVIR | LXV | 11:30-13:15 | Ad','REGOLARE VIRTUAL BASE 2 | 2021-FEB | GRUPO B | AULA VIRTUAL | LXV | 11:30-13:15 | Adultos',17,264,3,2,41,'','2021-02-03','2021-02-24',1,15,70,1,0,1,0,1,0,0,'11:30:00','13:15:00',9,17,180),(209,'REG-VIR-BAS-2 | 2021-2 | - | AVIR | S | 08:30-13:15 | Ad','REGOLARE VIRTUAL BASE 2 | 2021-FEB | GRUPO - | AULA VIRTUAL | S | 08:30-13:15 | Adultos',17,264,1,2,59,'','2021-02-06','2021-02-27',1,15,70,0,0,0,0,0,1,0,'08:30:00','13:15:00',9,17,191),(210,'REG-VIR-BAS-3 | 2021-2 | - | AVIR | LXV | 07:00-08:45 | Ad','REGOLARE VIRTUAL BASE 3 | 2021-FEB | GRUPO - | AULA VIRTUAL | LXV | 07:00-08:45 | Adultos',17,265,1,2,57,'','2021-02-03','2021-02-24',1,15,70,1,0,1,0,1,0,0,'07:00:00','08:45:00',9,17,181),(211,'REG-VIR-BAS-4 | 2021-2 | LXV | 07:00-08:45 | Ad | - | AVIR','REGOLARE VIRTUAL BASE 4 | 2021-FEB | LXV | 07:00-08:45 | Adultos | GRUPO - | AULA VIRTUAL',17,266,1,2,28,'','2021-02-03','2021-02-24',1,15,70,1,0,1,0,1,0,0,'07:00:00','08:45:00',9,17,182),(213,'REG-VIR-BAS-4 | 2021-2 | - | AVIR | LX | 15:30-18:00 | Ad','REGOLARE VIRTUAL BASE 4 | 2021-FEB | GRUPO - | AULA VIRTUAL | LX | 15:30-18:00 | Adultos',17,266,1,2,11,'','2021-02-03','2021-02-24',1,15,70,1,0,1,0,0,0,0,'15:30:00','18:00:00',9,17,128),(214,'REG-VIR-BAS-5 | 2021-2 | - | AVIR | LX | 19:00-21:30 | Ad','REGOLARE VIRTUAL BASE 5 | 2021-FEB | GRUPO - | AULA VIRTUAL | LX | 19:00-21:30 | Adultos',17,267,1,2,45,'','2021-02-03','2021-02-24',1,15,70,1,0,1,0,0,0,0,'19:00:00','21:30:00',9,17,129),(215,'REG-VIR-BAS-5 | 2021-2 | LXV | 07:00-08:45 | Ad | - | AVIR','REGOLARE VIRTUAL BASE 5 | 2021-FEB | LXV | 07:00-08:45 | Adultos | GRUPO - | AULA VIRTUAL',17,267,1,2,16,'','2021-02-03','2021-02-24',1,15,70,1,0,1,0,1,0,0,'07:00:00','08:45:00',9,17,184),(217,'REG-VIR-BAS-5 | 2021-2 | - | AVIR | MJ | 19:00-21:30 | Ad','REGOLARE VIRTUAL BASE 5 | 2021-FEB | GRUPO - | AULA VIRTUAL | MJ | 19:00-21:30 | Adultos',17,267,1,2,7,'','2021-02-02','2021-02-23',1,15,70,0,1,0,1,0,0,0,'19:00:00','21:30:00',9,17,170),(218,'REG-VIR-BAS-6 | 2021-2 | - | AVIR | LX | 19:00-21:30 | Ad','REGOLARE VIRTUAL BASE 6 | 2021-FEB | GRUPO - | AULA VIRTUAL | LX | 19:00-21:30 | Adultos',17,268,1,2,42,'','2021-02-03','2021-02-24',1,15,70,1,0,1,0,0,0,0,'19:00:00','21:30:00',9,17,131),(219,'REG-VIR-BAS-6 | 2021-2 | - | AVIR | MJ | 19:00-21:30 | Ad','REGOLARE VIRTUAL BASE 6 | 2021-FEB | GRUPO - | AULA VIRTUAL | MJ | 19:00-21:30 | Adultos',17,268,1,2,12,'','2021-02-02','2021-02-23',1,15,70,0,1,0,1,0,0,0,'19:00:00','21:30:00',9,17,171),(220,'REG-VIR-BAS-6 | 2021-2 | - | AVIR | LXV | 07:00-08:45 | Ad','REGOLARE VIRTUAL BASE 6 | 2021-FEB | GRUPO - | AULA VIRTUAL | LXV | 07:00-08:45 | Adultos',17,268,1,2,22,'','2021-02-03','2021-02-24',1,15,70,1,0,1,0,1,0,0,'07:00:00','08:45:00',9,17,185),(221,'REG-VIR-BAS-6 | 2021-2 | - | AVIR | S | 08:30-13:15 | Ad','REGOLARE VIRTUAL BASE 6 | 2021-FEB | GRUPO - | AULA VIRTUAL | S | 08:30-13:15 | Adultos',17,268,1,2,11,'','2021-02-06','2021-02-27',1,15,70,0,0,0,0,0,1,0,'08:30:00','13:15:00',9,17,195),(222,'REG-VIR-BAS-7 | 2021-2 | - | AVIR | LX | 19:00-21:30 | Ad','REGOLARE VIRTUAL BASE 7 | 2021-FEB | GRUPO - | AULA VIRTUAL | LX | 19:00-21:30 | Adultos',17,269,1,2,50,'','2021-02-03','2021-02-24',1,15,70,1,0,1,0,0,0,0,'19:00:00','21:30:00',9,17,134),(223,'REG-VIR-BAS-7 | 2021-2 | - | AVIR | LXV | 07:00-08:45 | Ad','REGOLARE VIRTUAL BASE 7 | 2021-FEB | GRUPO - | AULA VIRTUAL | LXV | 07:00-08:45 | Adultos',17,269,1,2,6,'','2021-02-03','2021-02-24',1,15,70,1,0,1,0,1,0,0,'07:00:00','08:45:00',9,17,186),(225,'REG-VIR-BAS-8 | 2021-2 | - | AVIR | LX | 19:00-21:30 | Ad','REGOLARE VIRTUAL BASE 8 | 2021-FEB | GRUPO - | AULA VIRTUAL | LX | 19:00-21:30 | Adultos',17,270,1,2,11,'','2021-02-03','2021-02-24',1,15,70,1,0,1,0,0,0,0,'19:00:00','21:30:00',9,17,135),(226,'REG-VIR-BAS-8 | 2021-2 | - | AVIR | LXV | 07:00-08:45 | Ad','REGOLARE VIRTUAL BASE 8 | 2021-FEB | GRUPO - | AULA VIRTUAL | LXV | 07:00-08:45 | Adultos',17,270,1,2,19,'','2021-02-03','2021-02-24',1,15,70,1,0,1,0,1,0,0,'07:00:00','08:45:00',9,17,187),(227,'REG-VIR-BAS-8 | 2021-2 | - | AVIR | MJ | 19:00-21:30 | Ad','REGOLARE VIRTUAL BASE 8 | 2021-FEB | GRUPO - | AULA VIRTUAL | MJ | 19:00-21:30 | Adultos',17,270,1,2,39,'','2021-02-02','2021-02-23',1,15,70,0,1,0,1,0,0,0,'19:00:00','21:30:00',9,17,172),(228,'REG-VIR-BAS-9 | 2021-2 | - | AVIR | LX | 19:00-21:30 | Ad','REGOLARE VIRTUAL BASE 9 | 2021-FEB | GRUPO - | AULA VIRTUAL | LX | 19:00-21:30 | Adultos',17,271,1,2,7,'','2021-02-03','2021-02-24',1,15,70,1,0,1,0,0,0,0,'19:00:00','21:30:00',9,17,138),(229,'REG-VIR-BAS-9 | 2021-2 | - | AVIR | MJ | 19:00-21:30 | Ad','REGOLARE VIRTUAL BASE 9 | 2021-FEB | GRUPO - | AULA VIRTUAL | MJ | 19:00-21:30 | Adultos',17,271,1,2,50,'','2021-02-02','2021-02-23',1,15,70,0,1,0,1,0,0,0,'19:00:00','21:30:00',9,17,173),(231,'REG-VIR-BAS-10 | 2021-2 | - | AVIR | MJ | 19:00-21:30 | Ad','REGOLARE VIRTUAL BASE 10 | 2021-FEB | GRUPO - | AULA VIRTUAL | MJ | 19:00-21:30 | Adultos',17,272,1,2,29,'','2021-02-02','2021-02-23',1,15,70,0,1,0,1,0,0,0,'19:00:00','21:30:00',9,17,174),(232,'REG-VIR-ITM-1 | 2021-2 | - | AVIR | LX | 19:00-21:30 | Ad','REGOLARE VIRTUAL INTERMEDIO 1 | 2021-FEB | GRUPO - | AULA VIRTUAL | LX | 19:00-21:30 | Adultos',17,273,1,2,24,'','2021-02-03','2021-02-24',1,15,70,1,0,1,0,0,0,0,'19:00:00','21:30:00',9,17,142),(233,'REG-VIR-ITM-2 | 2021-2 | MJ | 19:00-21:30 | Ad | - | AVIR','REGOLARE VIRTUAL INTERMEDIO 2 | 2021-FEB | MJ | 19:00-21:30 | Adultos | GRUPO - | AULA VIRTUAL',17,274,1,2,28,'','2021-02-02','2021-02-23',1,15,70,0,1,0,1,0,0,0,'19:00:00','21:30:00',9,17,175),(234,'REG-VIR-ITM-3 | 2021-2 | - | AVIR | LX | 19:00-21:30 | Ad','REGOLARE VIRTUAL INTERMEDIO 3 | 2021-FEB | GRUPO - | AULA VIRTUAL | LX | 19:00-21:30 | Adultos',17,275,1,2,39,'','2021-02-03','2021-02-24',1,15,70,1,0,1,0,0,0,0,'19:00:00','21:30:00',9,17,166),(235,'REG-VIR-ITM-3 | 2021-2 | S | 08:30-13:15 | Ad | - | AVIR','REGOLARE VIRTUAL INTERMEDIO 3 | 2021-FEB | S | 08:30-13:15 | Adultos | GRUPO - | AULA VIRTUAL',17,275,1,2,37,'','2021-02-06','2021-02-27',1,15,70,0,0,0,0,0,1,0,'08:30:00','13:15:00',9,17,196),(236,'REG-VIR-ITM-6 | 2021-2 | - | AVIR | S | 08:30-13:15 | Ad','REGOLARE VIRTUAL INTERMEDIO 6 | 2021-FEB | GRUPO - | AULA VIRTUAL | S | 08:30-13:15 | Adultos',17,278,1,2,10,'','2021-02-06','2021-02-27',1,15,70,0,0,0,0,0,1,0,'08:30:00','13:15:00',9,17,197),(237,'REG-VIR-ITM-7 | 2021-2 | - | AVIR | LX | 19:00-21:30 | Ad','REGOLARE VIRTUAL INTERMEDIO 7 | 2021-FEB | GRUPO - | AULA VIRTUAL | LX | 19:00-21:30 | Adultos',17,279,1,2,56,'','2021-02-03','2021-02-24',1,15,70,1,0,1,0,0,0,0,'19:00:00','21:30:00',9,17,167),(238,'REG-VIR-ITM-9 | 2021-2 | - | AVIR | S | 08:30-13:15 | Ad','REGOLARE VIRTUAL INTERMEDIO 9 | 2021-FEB | GRUPO - | AULA VIRTUAL | S | 08:30-13:15 | Adultos',17,281,1,2,5,'','2021-02-06','2021-02-27',1,15,70,0,0,0,0,0,1,0,'08:30:00','13:15:00',9,17,199),(239,'REG-VIR-ADV-1 | 2021-2 | - | AVIR | LX | 19:00-21:30 | Ad','REGOLARE VIRTUAL AVANZATO 1 | 2021-FEB | GRUPO - | AULA VIRTUAL | LX | 19:00-21:30 | Adultos',17,283,1,2,10,'','2021-02-03','2021-02-24',1,15,70,1,0,1,0,0,0,0,'19:00:00','21:30:00',9,17,168),(240,'REG-VIR-ADV-1 | 2021-2 | - | AVIR | S | 08:30-13:15 | Ad','REGOLARE VIRTUAL AVANZATO 1 | 2021-FEB | GRUPO - | AULA VIRTUAL | S | 08:30-13:15 | Adultos',17,283,1,2,33,'','2021-02-06','2021-02-27',1,15,70,0,0,0,0,0,1,0,'08:30:00','13:15:00',9,17,198),(241,'REG-VIR-ADV-5 | 2021-2 | - | AVIR | MJ | 19:00-21:30 | Ad','REGOLARE VIRTUAL AVANZATO 5 | 2021-FEB | GRUPO - | AULA VIRTUAL | MJ | 19:00-21:30 | Adultos',17,287,1,2,22,'','2021-02-02','2021-02-23',1,15,70,0,1,0,1,0,0,0,'19:00:00','21:30:00',9,17,176),(242,'INT-VIR-ITM-3 | 2021-2 | C | AVIR | LMXJV | 07:00-09:00 | Ad','INTENSIVO VIRTUAL INTERMEDIO 3 | 2021-FEB | GRUPO C | AULA VIRTUAL | L-V | 07:00-09:00 | Adultos',17,256,4,2,41,'','2021-02-02','2021-02-24',1,15,70,1,1,1,1,1,0,0,'07:00:00','09:00:00',8,34,153),(243,'INT-VIR-BAS-4 | 2021-2 | B | AVIR | LMXJV | 14:00-16:00 | Ad','INTENSIVO VIRTUAL BASE 4 | 2021-FEB | GRUPO B | AULA VIRTUAL | L-V | 14:00-16:00 | Adultos',17,252,3,2,34,'','2021-02-02','2021-02-24',1,15,70,1,1,1,1,1,0,0,'14:00:00','16:00:00',8,34,108),(244,'REG-VIR-BAS-2 | 2021-2 | B | AVIR | MJ | 19:00-21:30 | Ad','REGOLARE VIRTUAL BASE 2 | 2021-FEB | GRUPO B | AULA VIRTUAL | MJ | 19:00-21:30 | Adultos',17,264,3,2,41,'','2021-02-02','2021-02-23',1,15,70,0,1,0,1,0,0,0,'19:00:00','21:30:00',9,17,169),(245,'INT-VIR-ITM-2 | 2021-2 | B | AVIR | LMXJV | 19:00-21:00 | Ad','INTENSIVO VIRTUAL INTERMEDIO 2 | 2021-FEB | GRUPO B | AULA VIRTUAL | L-V | 19:00-21:00 | Adultos',17,255,3,2,40,'','2021-02-02','2021-02-24',1,15,70,1,1,1,1,1,0,0,'19:00:00','21:00:00',8,34,152),(246,'REG-VIR-BAS-4 | 2021-2 | - | AVIR | S | 08:30-13:15 | Ad','REGOLARE VIRTUAL BASE 4 | 2021-FEB | GRUPO - | AULA VIRTUAL | S | 08:30-13:15 | Adultos',17,266,1,2,12,'','2021-02-06','2021-02-27',1,15,70,0,0,0,0,0,1,0,'08:30:00','13:15:00',9,17,193),(247,'INT-VIR-ITM-1 | 2021-2 | C | AVIR | LMXJV | 19:00-21:00 | Ad','INTENSIVO VIRTUAL INTERMEDIO 1 | 2021-FEB | GRUPO C | AULA VIRTUAL | L-V | 19:00-21:00 | Adultos',17,254,4,2,27,'se partió el viernes 5/02/2021 a la cuarta clase','2021-02-02','2021-02-24',1,15,70,1,1,1,1,1,0,0,'19:00:00','21:00:00',8,34,147),(248,'REG-VIR-BAS-2 | 2021-2 | B | AVIR | S | 08:30-13:15 | Ad','REGOLARE VIRTUAL BASE 2 | 2021-FEB | GRUPO B | AULA VIRTUAL | S | 08:30-13:15 | Adultos',17,264,3,2,20,'','2021-02-06','2021-02-27',1,15,70,0,0,0,0,0,1,0,'08:30:00','13:15:00',9,17,191),(251,'SIN-VIR-BAS-1 | 2021-3 | LMXJV | 09:30-12:30 | Ad | A | AVIR','SUPER INTENSIVO VIRTUAL BASE 1 | 2021-MAR | L-V | 09:30-12:30 | Adultos | GRUPO A | AULA VIRTUAL',18,241,2,2,21,'','2021-03-02','2021-03-22',1,15,70,1,1,1,1,1,0,0,'09:30:00','12:30:00',7,45,203),(252,'SIN-VIR-BAS-2 | 2021-3 | LMXJV | 09:30-12:30 | Ad | A | AVIR','SUPER INTENSIVO VIRTUAL BASE 2 | 2021-MAR | L-V | 09:30-12:30 | Adultos | GRUPO A | AULA VIRTUAL',18,242,2,2,15,'','2021-03-02','2021-03-22',1,15,70,1,1,1,1,1,0,0,'09:30:00','12:30:00',7,45,204),(253,'SIN-VIR-BAS-3 | 2021-3 | LMXJV | 09:30-12:30 | Ad | A | AVIR','SUPER INTENSIVO VIRTUAL BASE 3 | 2021-MAR | L-V | 09:30-12:30 | Adultos | GRUPO A | AULA VIRTUAL',18,243,2,2,6,'','2021-03-02','2021-03-22',1,15,70,1,1,1,1,1,0,0,'09:30:00','12:30:00',7,45,205),(254,'SIN-VIR-ITM-1 | 2021-3 | LMXJV | 09:30-12:30 | Ad | - | AVIR','SUPER INTENSIVO VIRTUAL INTERMEDIO 1 | 2021-MAR | L-V | 09:30-12:30 | Adultos | GRUPO - | AULA VIRTUAL',18,245,1,2,53,'','2021-03-02','2021-03-22',1,15,70,1,1,1,1,1,0,0,'09:30:00','12:30:00',7,45,206),(255,'SIN-VIR-ITM-3 | 2021-3 | LMXJV | 09:30-12:30 | Ad | - | AVIR','SUPER INTENSIVO VIRTUAL INTERMEDIO 3 | 2021-MAR | L-V | 09:30-12:30 | Adultos | GRUPO - | AULA VIRTUAL',18,247,1,2,22,'','2021-03-02','2021-03-22',1,15,70,1,1,1,1,1,0,0,'09:30:00','12:30:00',7,45,207),(256,'INT-VIR-BAS-1 | 2021-3 | LMXJV | 07:00-09:00 | Ad | A | AVIR','INTENSIVO VIRTUAL BASE 01 | 2021-MAR | L-V | 07:00-09:00 | Adultos | GRUPO A | AULA VIRTUAL',18,249,2,2,44,'Se aplaza de 1 día la fecha de fin de curso por problema con el internet el día 16/03/21','2021-03-02','2021-03-25',1,15,70,1,1,1,1,1,0,0,'07:00:00','09:00:00',8,34,208),(257,'INT-VIR-BAS-1 | 2021-3 | LMXJV | 09:30-11:30 | Ad | A | AVIR','INTENSIVO VIRTUAL BASE 1 | 2021-MAR | L-V | 09:30-11:30 | Adultos | GRUPO A | AULA VIRTUAL',18,249,2,2,59,'','2021-03-02','2021-03-24',1,15,70,1,1,1,1,1,0,0,'09:30:00','11:30:00',8,34,209),(258,'INT-VIR-BAS-1 | 2021-3 | LMXJV | 14:00-16:00 | Ad | - | AVIR','INTENSIVO VIRTUAL BASE 1 | 2021-MAR | L-V | 14:00-16:00 | Adultos | GRUPO - | AULA VIRTUAL',18,249,1,2,59,'','2021-03-02','2021-03-24',1,15,70,1,1,1,1,1,0,0,'14:00:00','16:00:00',8,34,210),(259,'INT-VIR-BAS-1 | 2021-3 | LMXJV | 16:30-18:30 | Ad | A | AVIR','INTENSIVO VIRTUAL BASE 1 | 2021-MAR | L-V | 16:30-18:30 | Adultos | GRUPO A | AULA VIRTUAL',18,249,2,2,26,'','2021-03-02','2021-03-24',1,15,70,1,1,1,1,1,0,0,'16:30:00','18:30:00',8,34,211),(260,'INT-VIR-BAS-1 | 2021-3 | LMXJV | 19:00-21:00 | Ad | A | AVIR','INTENSIVO VIRTUAL BASE 1 | 2021-MAR | L-V | 19:00-21:00 | Adultos | GRUPO A | AULA VIRTUAL',18,249,2,2,26,'','2021-03-02','2021-03-24',1,15,70,1,1,1,1,1,0,0,'19:00:00','21:00:00',8,34,212),(261,'INT-VIR-BAS-2 | 2021-3 | LMXJV | 07:00-09:00 | Ad | A | AVIR','INTENSIVO VIRTUAL BASE 2 | 2021-MAR | L-V | 07:00-09:00 | Adultos | GRUPO A | AULA VIRTUAL',18,250,2,2,27,'','2021-03-02','2021-03-24',1,15,70,1,1,1,1,1,0,0,'07:00:00','09:00:00',8,34,215),(262,'INT-VIR-BAS-2 | 2021-3 | LMXJV | 09:30-11:30 | Ad | A | AVIR','INTENSIVO VIRTUAL BASE 2 | 2021-MAR | L-V | 09:30-11:30 | Adultos | GRUPO A | AULA VIRTUAL',18,250,2,2,14,'','2021-03-02','2021-03-24',1,15,70,1,1,1,1,1,0,0,'09:30:00','11:30:00',8,34,216),(263,'INT-VIR-BAS-2 | 2021-3 | LMXJV | 14:00-16:00 | Ad | - | AVIR','INTENSIVO VIRTUAL BASE 2 | 2021-MAR | L-V | 14:00-16:00 | Adultos | GRUPO - | AULA VIRTUAL',18,250,1,2,47,'','2021-03-02','2021-03-24',1,15,70,1,1,1,1,1,0,0,'14:00:00','16:00:00',8,34,217),(264,'INT-VIR-BAS-2 | 2021-3 | LMXJV | 16:30-18:30 | Ad | - | AVIR','INTENSIVO VIRTUAL BASE 2 | 2021-MAR | L-V | 16:30-18:30 | Adultos | GRUPO - | AULA VIRTUAL',18,250,1,2,21,'','2021-03-02','2021-03-24',1,15,70,1,1,1,1,1,0,0,'16:30:00','18:30:00',8,34,218),(265,'INT-VIR-BAS-2 | 2021-3 | LMXJV | 19:00-21:00 | Ad | A | AVIR','INTENSIVO VIRTUAL BASE 02 | 2021-MAR | L-V | 19:00-21:00 | Adultos | GRUPO A | AULA VIRTUAL',18,250,2,2,27,'','2021-03-02','2021-03-24',1,15,70,1,1,1,1,1,0,0,'19:00:00','21:00:00',8,34,219),(266,'INT-VIR-BAS-3 | 2021-3 | LMXJV | 07:00-09:00 | Ad | A | AVIR','INTENSIVO VIRTUAL BASE 3 | 2021-MAR | L-V | 07:00-09:00 | Adultos | GRUPO A | AULA VIRTUAL',18,251,2,2,50,'','2021-03-02','2021-03-24',1,15,70,1,1,1,1,1,0,0,'07:00:00','09:00:00',8,34,220),(267,'INT-VIR-BAS-3 | 2021-3 | LMXJV | 09:30-11:30 | Ad | A | AVIR','INTENSIVO VIRTUAL BASE 03 | 2021-MAR | L-V | 09:30-11:30 | Adultos | GRUPO A | AULA VIRTUAL',18,251,2,2,11,'','2021-03-02','2021-03-24',1,15,70,1,1,1,1,1,0,0,'09:30:00','11:30:00',8,34,221),(268,'INT-VIR-BAS-3 | 2021-3 | LMXJV | 14:00-16:00 | Ad | - | AVIR','INTENSIVO VIRTUAL BASE 3 | 2021-MAR | L-V | 14:00-16:00 | Adultos | GRUPO - | AULA VIRTUAL',18,251,1,2,22,'','2021-03-02','2021-03-24',1,15,70,1,1,1,1,1,0,0,'14:00:00','16:00:00',8,34,222),(269,'INT-VIR-BAS-3 | 2021-3 | LMXJV | 16:30-18:30 | Ad | - | AVIR','INTENSIVO VIRTUAL BASE 3 | 2021-MAR | L-V | 16:30-18:30 | Adultos | GRUPO - | AULA VIRTUAL',18,251,1,2,33,'','2021-03-02','2021-03-24',1,15,70,1,1,1,1,1,0,0,'16:30:00','18:30:00',8,34,223),(270,'INT-VIR-BAS-3 | 2021-3 | LMXJV | 19:00-21:00 | Ad | A | AVIR','INTENSIVO VIRTUAL BASE 3 | 2021-MAR | L-V | 19:00-21:00 | Adultos | GRUPO A | AULA VIRTUAL',18,251,2,2,50,'','2021-03-02','2021-03-24',1,15,70,1,1,1,1,1,0,0,'19:00:00','21:00:00',8,34,224),(271,'INT-VIR-BAS-4 | 2021-3 | LMXJV | 07:00-09:00 | Ad | A | AVIR','INTENSIVO VIRTUAL BASE 4 | 2021-MAR | L-V | 07:00-09:00 | Adultos | GRUPO A | AULA VIRTUAL',18,252,2,2,11,'','2021-03-02','2021-03-24',1,15,70,1,1,1,1,1,0,0,'07:00:00','09:00:00',8,34,225),(272,'INT-VIR-BAS-4 | 2021-3 | LMXJV | 16:30-18:30 | Ad | - | AVIR','INTENSIVO VIRTUAL BASE 4 | 2021-MAR | L-V | 16:30-18:30 | Adultos | GRUPO - | AULA VIRTUAL',18,252,1,2,14,'','2021-03-02','2021-03-24',1,15,70,1,1,1,1,1,0,0,'16:30:00','18:30:00',8,34,226),(273,'INT-VIR-BAS-5 | 2021-3 | LMXJV | 11:00-13:00 | Ad | A | AVIR','INTENSIVO VIRTUAL BASE 5 | 2021-MAR | L-V | 11:00-13:00 | Adultos | GRUPO A | AULA VIRTUAL',18,253,2,2,30,'','2021-03-02','2021-03-24',1,15,70,1,1,1,1,1,0,0,'11:00:00','13:00:00',8,34,227),(274,'INT-VIR-BAS-5 | 2021-3 | LMXJV | 14:00-16:00 | Ad | - | AVIR','INTENSIVO VIRTUAL BASE 5 | 2021-MAR | L-V | 14:00-16:00 | Adultos | GRUPO - | AULA VIRTUAL',18,253,1,2,21,'','2021-03-02','2021-03-24',1,15,70,1,1,1,1,1,0,0,'14:00:00','16:00:00',8,34,228),(275,'INT-VIR-ITM-1 | 2021-3 | LMXJV | 07:00-09:00 | Ad | - | AVIR','INTENSIVO VIRTUAL INTERMEDIO 01 | 2021-MAR | L-V | 07:00-09:00 | Adultos | GRUPO - | AULA VIRTUAL',18,254,1,2,36,'La profesora no pudo dictar la clase del día 10 de marzo por motivos familiares, se modifica la fecha de fin de curso al 25 de marzo.','2021-03-02','2021-03-25',1,15,70,1,1,1,1,1,0,0,'07:00:00','09:00:00',8,34,229),(277,'INT-VIR-ITM-1 | 2021-3 | LMXJV | 16:30-18:30 | Ad | - | AVIR','INTENSIVO VIRTUAL INTERMEDIO 1 | 2021-MAR | L-V | 16:30-18:30 | Adultos | GRUPO - | AULA VIRTUAL',18,254,1,2,24,'','2021-03-02','2021-03-24',1,15,70,1,1,1,1,1,0,0,'16:30:00','18:30:00',8,34,231),(278,'INT-VIR-ITM-1 | 2021-3 | LMXJV | 19:00-21:00 | Ad | A | AVIR','INTENSIVO VIRTUAL INTERMEDIO 01 | 2021-MAR | L-V | 19:00-21:00 | Adultos | GRUPO A | AULA VIRTUAL',18,254,2,2,15,'Se modifica la fecha de fin de curso al 25 de marzo porque no se ha dictado la clase del 12 de marzo por problemas con internet.','2021-03-02','2021-03-25',1,15,70,1,1,1,1,1,0,0,'19:00:00','21:00:00',8,34,232),(279,'INT-VIR-ITM-2 | 2021-3 | LMXJV | 07:00-09:00 | Ad | A | AVIR','INTENSIVO VIRTUAL INTERMEDIO 2 | 2021-MAR | L-V | 07:00-09:00 | Adultos | GRUPO A | AULA VIRTUAL',18,255,2,2,19,'','2021-03-02','2021-03-24',1,15,70,1,1,1,1,1,0,0,'07:00:00','09:00:00',8,34,233),(280,'INT-VIR-ITM-2 | 2021-3 | LMXJV | 19:00-21:00 | Ad | A | AVIR','INTENSIVO VIRTUAL INTERMEDIO 2 | 2021-MAR | L-V | 19:00-21:00 | Adultos | GRUPO A | AULA VIRTUAL',18,255,2,2,33,'','2021-03-02','2021-03-24',1,15,70,1,1,1,1,1,0,0,'19:00:00','21:00:00',8,34,234),(281,'INT-VIR-ITM-3 | 2021-3 | LMXJV | 07:00-09:00 | Ad | A | AVIR','INTENSIVO VIRTUAL INTERMEDIO 3 | 2021-MAR | L-V | 07:00-09:00 | Adultos | GRUPO A | AULA VIRTUAL',18,256,2,2,33,'','2021-03-02','2021-03-24',1,15,70,1,1,1,1,1,0,0,'07:00:00','09:00:00',8,34,235),(283,'INT-VIR-ITM-3 | 2021-3 | LMXJV | 19:00-21:00 | Ad | A | AVIR','INTENSIVO VIRTUAL INTERMEDIO 03 | 2021-MAR | L-V | 19:00-21:00 | Adultos | GRUPO A | AULA VIRTUAL',18,256,2,2,32,'el día 03 de marzo no pudo dictar clase. El día 18 de marzo no realizó clase por problemas de internet.','2021-03-02','2021-03-26',1,15,70,1,1,1,1,1,0,0,'19:00:00','21:00:00',8,34,237),(284,'INT-VIR-ITM-4 | 2021-3 | LMXJV | 07:00-09:00 | Ad | A | AVIR','INTENSIVO VIRTUAL INTERMEDIO 4 | 2021-MAR | L-V | 07:00-09:00 | Adultos | GRUPO A | AULA VIRTUAL',18,257,2,2,48,'','2021-03-02','2021-03-24',1,15,70,1,1,1,1,1,0,0,'07:00:00','09:00:00',8,34,238),(285,'INT-VIR-ITM-4 | 2021-3 | LMXJV | 19:00-21:00 | Ad | A | AVIR','INTENSIVO VIRTUAL INTERMEDIO 4 | 2021-MAR | L-V | 19:00-21:00 | Adultos | GRUPO A | AULA VIRTUAL',18,257,2,2,16,'','2021-03-02','2021-03-24',1,15,70,1,1,1,1,1,0,0,'19:00:00','21:00:00',8,34,239),(286,'INT-VIR-ITM-5 | 2021-3 | LMXJV | 07:00-09:00 | Ad | A | AVIR','INTENSIVO VIRTUAL INTERMEDIO 5 | 2021-MAR | L-V | 07:00-09:00 | Adultos | GRUPO A | AULA VIRTUAL',18,258,2,2,14,'','2021-03-02','2021-03-24',1,15,70,1,1,1,1,1,0,0,'07:00:00','09:00:00',8,34,240),(287,'INT-VIR-ITM-5 | 2021-3 | LMXJV | 14:00-16:00 | Ad | - | AVIR','INTENSIVO VIRTUAL INTERMEDIO 5 | 2021-MAR | L-V | 14:00-16:00 | Adultos | GRUPO - | AULA VIRTUAL',18,258,1,2,25,'','2021-03-02','2021-03-24',1,15,70,1,1,1,1,1,0,0,'14:00:00','16:00:00',8,34,241),(288,'INT-VIR-ITM-5 | 2021-3 | LMXJV | 19:00-21:00 | Ad | A | AVIR','INTENSIVO VIRTUAL INTERMEDIO 05 | 2021-MAR | L-V | 19:00-21:00 | Adultos | GRUPO A | AULA VIRTUAL',18,258,2,2,14,'','2021-03-02','2021-03-24',1,15,70,1,1,1,1,1,0,0,'19:00:00','21:00:00',8,34,242),(289,'INT-VIR-ADV-1 | 2021-3 | LMXJV | 07:00-09:00 | Ad | - | AVIR','INTENSIVO VIRTUAL AVANZATO 1 | 2021-MAR | L-V | 07:00-09:00 | Adultos | GRUPO - | AULA VIRTUAL',18,259,1,2,34,'','2021-03-02','2021-03-22',1,15,70,1,1,1,1,1,0,0,'07:00:00','09:00:00',8,30,243),(290,'INT-VIR-ADV-1 | 2021-3 | LMXJV | 19:00-21:00 | Ad | - | AVIR','INTENSIVO VIRTUAL AVANZATO 1 | 2021-MAR | L-V | 19:00-21:00 | Adultos | GRUPO - | AULA VIRTUAL',18,259,1,2,51,'','2021-03-02','2021-03-22',1,15,70,1,1,1,1,1,0,0,'19:00:00','21:00:00',8,30,244),(291,'INT-VIR-ADV-2 | 2021-3 | LMXJV | 19:00-21:00 | Ad | - | AVIR','INTENSIVO VIRTUAL AVANZATO 2 | 2021-MAR | L-V | 19:00-21:00 | Adultos | GRUPO - | AULA VIRTUAL',18,260,1,2,24,'','2021-03-02','2021-03-22',1,15,70,1,1,1,1,1,0,0,'19:00:00','21:00:00',8,30,245),(292,'INT-VIR-ADV-3 | 2021-3 | LMXJV | 19:00-21:00 | Ad | A | AVIR','INTENSIVO VIRTUAL AVANZATO 3 | 2021-MAR | L-V | 19:00-21:00 | Adultos | GRUPO A | AULA VIRTUAL',18,261,2,2,5,'','2021-03-02','2021-03-22',1,15,70,1,1,1,1,1,0,0,'19:00:00','21:00:00',8,30,246),(293,'INT-VIR-ADV-4 | 2021-3 | LMXJV | 16:30-18:30 | Ad | - | AVIR','INTENSIVO VIRTUAL AVANZATO 4 | 2021-MAR | L-V | 16:30-18:30 | Adultos | GRUPO - | AULA VIRTUAL',18,262,1,2,19,'','2021-03-02','2021-03-22',1,15,70,1,1,1,1,1,0,0,'16:30:00','18:30:00',8,30,247),(294,'INT-VIR-ADV-4 | 2021-3 | LMXJV | 19:00-21:00 | Ad | - | AVIR','INTENSIVO VIRTUAL AVANZATO 4 | 2021-MAR | L-V | 19:00-21:00 | Adultos | GRUPO - | AULA VIRTUAL',18,262,1,2,19,'','2021-03-02','2021-03-22',1,15,70,1,1,1,1,1,0,0,'19:00:00','21:00:00',8,30,248),(295,'REG-VIR-BAS-1 | 2021-3 | MJ | 19:00-21:30 | Ad | A | AVIR','REGOLARE VIRTUAL BASE 1 | 2021-MAR | MJ | 19:00-21:30 | Adultos | GRUPO A | AULA VIRTUAL',18,263,2,2,40,'','2021-03-02','2021-03-23',1,15,70,0,1,0,1,0,0,0,'19:00:00','21:30:00',9,17,263),(296,'REG-VIR-BAS-3 | 2021-3 | MJ | 19:00-21:30 | Ad | A | AVIR','REGOLARE VIRTUAL BASE 3 | 2021-MAR | MJ | 19:00-21:30 | Adultos | GRUPO A | AULA VIRTUAL',18,265,2,2,12,'','2021-03-02','2021-03-23',1,15,70,0,1,0,1,0,0,0,'19:00:00','21:30:00',9,17,264),(297,'REG-VIR-BAS-6 | 2021-3 | MJ | 19:00-21:30 | Ad | - | AVIR','REGOLARE VIRTUAL BASE 6 | 2021-MAR | MJ | 19:00-21:30 | Adultos | GRUPO - | AULA VIRTUAL',18,268,1,2,29,'','2021-03-02','2021-03-23',1,15,70,0,1,0,1,0,0,0,'19:00:00','21:30:00',9,17,265),(298,'REG-VIR-BAS-7 | 2021-3 | MJ | 19:00-21:30 | Ad | - | AVIR','REGOLARE VIRTUAL BASE 7 | 2021-MAR | MJ | 19:00-21:30 | Adultos | GRUPO - | AULA VIRTUAL',18,269,1,2,7,'','2021-03-02','2021-03-23',1,15,70,0,1,0,1,0,0,0,'19:00:00','21:30:00',9,17,266),(299,'REG-VIR-BAS-9 | 2021-3 | MJ | 19:00-21:30 | Ad | - | AVIR','REGOLARE VIRTUAL BASE 9 | 2021-MAR | MJ | 19:00-21:30 | Adultos | GRUPO - | AULA VIRTUAL',18,271,1,2,28,'','2021-03-02','2021-03-23',1,15,70,0,1,0,1,0,0,0,'19:00:00','21:30:00',9,17,267),(300,'REG-VIR-BAS-10 | 2021-3 | MJ | 19:00-21:30 | Ad | - | AVIR','REGOLARE VIRTUAL BASE 10 | 2021-MAR | MJ | 19:00-21:30 | Adultos | GRUPO - | AULA VIRTUAL',18,272,1,2,39,'','2021-03-02','2021-03-23',1,15,70,0,1,0,1,0,0,0,'19:00:00','21:30:00',9,17,268),(301,'REG-VIR-ITM-1 | 2021-3 | MJ | 19:00-21:30 | Ad | - | AVIR','REGOLARE VIRTUAL INTERMEDIO 01 | 2021-MAR | MJ | 19:00-21:30 | Adultos | GRUPO - | AULA VIRTUAL',18,273,1,2,31,'','2021-03-02','2021-03-23',1,15,70,0,1,0,1,0,0,0,'19:00:00','21:30:00',9,0,269),(302,'REG-VIR-ITM-3 | 2021-3 | MJ | 19:00-21:30 | Ad | - | AVIR','REGOLARE VIRTUAL INTERMEDIO 03 | 2021-MAR | MJ | 19:00-21:30 | Adultos | GRUPO - | AULA VIRTUAL',18,275,1,2,37,'','2021-03-02','2021-03-23',1,15,70,0,1,0,1,0,0,0,'19:00:00','21:30:00',9,17,270),(303,'REG-VIR-ADV-6 | 2021-3 | MJ | 19:00-21:30 | Ad | - | AVIR','REGOLARE VIRTUAL AVANZATO 06 | 2021-MAR | MJ | 19:00-21:30 | Adultos | GRUPO - | AULA VIRTUAL',18,288,1,2,22,'','2021-03-02','2021-03-23',1,15,70,0,1,0,1,0,0,0,'19:00:00','21:30:00',9,17,271),(304,'REG-VIR-BAS-1 | 2021-3 | LX | 15:30-18:00 | Ad | - | AVIR','REGOLARE VIRTUAL BASE 1 | 2021-MAR | LX | 15:30-18:00 | Adultos | GRUPO - | AULA VIRTUAL',18,263,1,2,45,'','2021-03-03','2021-03-24',1,15,70,1,0,1,0,0,0,0,'15:30:00','18:00:00',9,17,249),(305,'REG-VIR-BAS-1 | 2021-3 | LX | 19:00-21:30 | Ad | A | AVIR','REGOLARE VIRTUAL BASE 1 | 2021-MAR | LX | 19:00-21:30 | Adultos | GRUPO A | AULA VIRTUAL',18,263,2,2,12,'','2021-03-03','2021-03-24',1,15,70,1,0,1,0,0,0,0,'19:00:00','21:30:00',9,17,250),(306,'REG-VIR-BAS-2 | 2021-3 | LX | 15:30-18:00 | Ad | - | AVIR','REGOLARE VIRTUAL BASE 2 | 2021-MAR | LX | 15:30-18:00 | Adultos | GRUPO - | AULA VIRTUAL',18,264,1,2,54,'','2021-03-03','2021-03-24',1,15,70,1,0,1,0,0,0,0,'15:30:00','18:00:00',9,17,251),(307,'REG-VIR-BAS-3 | 2021-3 | LX | 15:30-18:00 | Ad | - | AVIR','REGOLARE VIRTUAL BASE 03 | 2021-MAR | LX | 15:30-18:00 | Adultos | GRUPO - | AULA VIRTUAL',18,265,1,2,7,'','2021-03-03','2021-03-24',1,15,70,1,0,1,0,0,0,0,'15:30:00','18:00:00',9,17,252),(308,'REG-VIR-BAS-5 | 2021-3 | LX | 15:30-18:00 | Ad | - | AVIR','REGOLARE VIRTUAL BASE 5 | 2021-MAR | LX | 15:30-18:00 | Adultos | GRUPO - | AULA VIRTUAL',18,267,1,2,38,'','2021-03-03','2021-03-24',1,15,70,1,0,1,0,0,0,0,'15:30:00','18:00:00',9,17,253),(309,'REG-VIR-BAS-6 | 2021-3 | LX | 19:00-21:30 | Ad | - | AVIR','REGOLARE VIRTUAL BASE 6 | 2021-MAR | LX | 19:00-21:30 | Adultos | GRUPO - | AULA VIRTUAL',18,268,1,2,7,'','2021-03-03','2021-03-24',1,15,70,1,0,1,0,0,0,0,'19:00:00','21:30:00',9,17,254),(310,'REG-VIR-BAS-7 | 2021-3 | LX | 19:00-21:30 | Ad | - | AVIR','REGOLARE VIRTUAL BASE 7 | 2021-MAR | LX | 19:00-21:30 | Adultos | GRUPO - | AULA VIRTUAL',18,269,1,2,41,'','2021-03-03','2021-03-24',1,15,70,1,0,1,0,0,0,0,'19:00:00','21:30:00',9,17,255),(311,'REG-VIR-BAS-8 | 2021-3 | LX | 19:00-21:30 | Ad | - | AVIR','REGOLARE VIRTUAL BASE 8 | 2021-MAR | LX | 19:00-21:30 | Adultos | GRUPO - | AULA VIRTUAL',18,270,1,2,40,'','2021-03-03','2021-03-24',1,15,70,1,0,1,0,0,0,0,'19:00:00','21:30:00',9,17,256),(312,'REG-VIR-BAS-9 | 2021-3 | LX | 19:00-21:30 | Ad | - | AVIR','REGOLARE VIRTUAL BASE 9 | 2021-MAR | LX | 19:00-21:30 | Adultos | GRUPO - | AULA VIRTUAL',18,271,1,2,39,'','2021-03-03','2021-03-24',1,15,70,1,0,1,0,0,0,0,'19:00:00','21:30:00',9,17,257),(313,'REG-VIR-BAS-10 | 2021-3 | LX | 19:00-21:30 | Ad | - | AVIR','REGOLARE VIRTUAL BASE 10 | 2021-MAR | LX | 19:00-21:30 | Adultos | GRUPO - | AULA VIRTUAL',18,272,1,2,25,'','2021-03-03','2021-03-24',1,15,70,1,0,1,0,0,0,0,'19:00:00','21:30:00',9,17,258),(314,'REG-VIR-ITM-2 | 2021-3 | LX | 19:00-21:30 | Ad | - | AVIR','REGOLARE VIRTUAL INTERMEDIO 2 | 2021-MAR | LX | 19:00-21:30 | Adultos | GRUPO - | AULA VIRTUAL',18,274,1,2,31,'','2021-03-03','2021-03-24',1,15,70,1,0,1,0,0,0,0,'19:00:00','21:30:00',9,17,259),(315,'REG-VIR-ITM-8 | 2021-3 | LX | 19:00-21:30 | Ad | - | AVIR','REGOLARE VIRTUAL INTERMEDIO 08 | 2021-MAR | LX | 19:00-21:30 | Adultos | GRUPO - | AULA VIRTUAL',18,280,1,2,37,'','2021-03-03','2021-03-24',1,15,70,1,0,1,0,0,0,0,'19:00:00','21:30:00',9,17,261),(316,'REG-VIR-ADV-2 | 2021-3 | LX | 19:00-21:30 | Ad | - | AVIR','REGOLARE VIRTUAL AVANZATO 2 | 2021-MAR | LX | 19:00-21:30 | Adultos | GRUPO - | AULA VIRTUAL',18,284,1,2,56,'','2021-03-03','2021-03-24',1,15,70,1,0,1,0,0,0,0,'19:00:00','21:30:00',9,17,262),(317,'REG-VIR-ITM-4 | 2021-3 | LX | 19:00-21:30 | Ad | - | AVIR','REGOLARE VIRTUAL INTERMEDIO 4 | 2021-MAR | LX | 19:00-21:30 | Adultos | GRUPO - | AULA VIRTUAL',18,276,1,2,10,'','2021-03-03','2021-03-24',1,15,70,1,0,1,0,0,0,0,'19:00:00','21:30:00',9,17,260),(318,'REG-VIR-BAS-1 | 2021-3 | LXV | 07:00-08:45 | Ad | - | AVIR','REGOLARE VIRTUAL BASE 01 | 2021-MAR | LXV | 07:00-08:45 | Adultos | GRUPO - | AULA VIRTUAL',18,263,1,2,57,'','2021-03-03','2021-03-24',1,15,70,1,0,1,0,1,0,0,'07:00:00','08:45:00',9,17,272),(319,'REG-VIR-BAS-1 | 2021-3 | LXV | 11:30-13:15 | Ad | - | AVIR','REGOLARE VIRTUAL BASE 1 | 2021-MAR | LXV | 11:30-13:15 | Adultos | GRUPO - | AULA VIRTUAL',18,263,1,2,20,'','2021-03-03','2021-03-24',1,15,70,1,0,1,0,1,0,0,'11:30:00','13:15:00',9,17,273),(320,'REG-VIR-BAS-2 | 2021-3 | LXV | 07:00-08:45 | Ad | A | AVIR','REGOLARE VIRTUAL BASE 2 | 2021-MAR | LXV | 07:00-08:45 | Adultos | GRUPO A | AULA VIRTUAL',18,264,2,2,35,'','2021-03-03','2021-03-24',1,15,70,1,0,1,0,1,0,0,'07:00:00','08:45:00',9,17,274),(321,'REG-VIR-BAS-2 | 2021-3 | LXV | 11:30-13:15 | Ad | - | AVIR','REGOLARE VIRTUAL BASE 2 | 2021-MAR | LXV | 11:30-13:15 | Adultos | GRUPO - | AULA VIRTUAL',18,264,1,2,57,'','2021-03-03','2021-03-24',1,15,70,1,0,1,0,1,0,0,'11:30:00','13:15:00',9,17,275),(322,'REG-VIR-BAS-3 | 2021-3 | LXV | 07:00-08:45 | Ad | - | AVIR','REGOLARE VIRTUAL BASE 3 | 2021-MAR | LXV | 07:00-08:45 | Adultos | GRUPO - | AULA VIRTUAL',18,265,1,2,43,'','2021-03-03','2021-03-24',1,15,70,1,0,1,0,1,0,0,'07:00:00','08:45:00',9,17,276),(323,'REG-VIR-BAS-3 | 2021-3 | LXV | 11:30-13:15 | Ad | - | AVIR','REGOLARE VIRTUAL BASE 3 | 2021-MAR | LXV | 11:30-13:15 | Adultos | GRUPO - | AULA VIRTUAL',18,265,1,2,43,'','2021-03-03','2021-03-24',1,15,70,1,0,1,0,1,0,0,'11:30:00','13:15:00',9,17,277),(324,'REG-VIR-BAS-4 | 2021-3 | LXV | 07:00-08:45 | Ad | - | AVIR','REGOLARE VIRTUAL BASE 4 | 2021-MAR | LXV | 07:00-08:45 | Adultos | GRUPO - | AULA VIRTUAL',18,266,1,2,6,'','2021-03-03','2021-03-24',1,15,70,1,0,1,0,1,0,0,'07:00:00','08:45:00',9,17,278),(325,'REG-VIR-BAS-5 | 2021-3 | LXV | 07:00-08:45 | Ad | - | AVIR','REGOLARE VIRTUAL BASE 5 | 2021-MAR | LXV | 07:00-08:45 | Adultos | GRUPO - | AULA VIRTUAL',18,267,1,2,38,'','2021-03-03','2021-03-24',1,15,70,1,0,1,0,1,0,0,'07:00:00','08:45:00',9,17,279),(326,'REG-VIR-BAS-6 | 2021-3 | LXV | 07:00-08:45 | Ad | - | AVIR','REGOLARE VIRTUAL BASE 6 | 2021-MAR | LXV | 07:00-08:45 | Adultos | GRUPO - | AULA VIRTUAL',18,268,1,2,22,'','2021-03-03','2021-03-24',1,15,70,1,0,1,0,1,0,0,'07:00:00','08:45:00',9,17,280),(327,'REG-VIR-BAS-7 | 2021-3 | LXV | 07:00-08:45 | Ad | - | AVIR','REGOLARE VIRTUAL BASE 7 | 2021-MAR | LXV | 07:00-08:45 | Adultos | GRUPO - | AULA VIRTUAL',18,269,1,2,32,'','2021-03-03','2021-03-24',1,15,70,1,0,1,0,1,0,0,'07:00:00','08:45:00',9,17,281),(328,'REG-VIR-BAS-8 | 2021-3 | LXV | 07:00-08:45 | Ad | - | AVIR','REGOLARE VIRTUAL BASE 8 | 2021-MAR | LXV | 07:00-08:45 | Adultos | GRUPO - | AULA VIRTUAL',18,270,1,2,53,'','2021-03-03','2021-03-24',1,15,70,1,0,1,0,1,0,0,'07:00:00','08:45:00',9,17,282),(329,'REG-VIR-BAS-9 | 2021-3 | LXV | 07:00-08:45 | Ad | - | AVIR','REGOLARE VIRTUAL BASE 9 | 2021-MAR | LXV | 07:00-08:45 | Adultos | GRUPO - | AULA VIRTUAL',18,271,1,2,10,'','2021-03-03','2021-03-24',1,15,70,1,0,1,0,1,0,0,'07:00:00','08:45:00',9,17,283),(332,'REG-VIR-BAS-1 | 2021-3 | S | 08:30-13:15 | Ad | A | AVIR','REGOLARE VIRTUAL BASE 1 | 2021-MAR | S | 08:30-13:15 | Adultos | GRUPO A | AULA VIRTUAL',18,263,2,2,32,'','2021-03-06','2021-03-27',1,15,70,0,0,0,0,0,1,0,'08:30:00','13:15:00',9,17,284),(333,'REG-VIR-BAS-1 | 2021-3 | S | 08:30-13:15 | Ad | B | AVIR','REGOLARE VIRTUAL BASE 1 | 2021-MAR | S | 08:30-13:15 | Adultos | GRUPO B | AULA VIRTUAL',18,263,3,2,54,'','2021-03-06','2021-03-27',1,15,70,0,0,0,0,0,1,0,'08:30:00','13:15:00',9,17,284),(334,'REG-VIR-BAS-1 | 2021-3 | S | 14:00-18:45 | Ad | - | AVIR','REGOLARE VIRTUAL BASE 1 | 2021-MAR | S | 14:00-18:45 | Adultos | GRUPO - | AULA VIRTUAL',18,263,1,2,42,'','2021-03-06','2021-03-27',1,15,70,0,0,0,0,0,1,0,'14:00:00','18:45:00',9,17,285),(335,'REG-VIR-BAS-2 | 2021-3 | S | 08:30-13:15 | Ad | - | AVIR','REGOLARE VIRTUAL BASE 2 | 2021-MAR | S | 08:30-13:15 | Adultos | GRUPO - | AULA VIRTUAL',18,264,1,2,11,'','2021-03-06','2021-03-27',1,15,70,0,0,0,0,0,1,0,'08:30:00','13:15:00',9,17,286),(336,'REG-VIR-BAS-3 | 2021-3 | S | 08:30-13:15 | Ad | A | AVIR','REGOLARE VIRTUAL BASE 3 | 2021-MAR | S | 08:30-13:15 | Adultos | GRUPO A | AULA VIRTUAL',18,265,2,2,45,'','2021-03-06','2021-03-27',1,15,70,0,0,0,0,0,1,0,'08:30:00','13:15:00',9,17,288),(337,'REG-VIR-BAS-5 | 2021-3 | S | 08:30-13:15 | Ad | - | AVIR','REGOLARE VIRTUAL BASE 5 | 2021-MAR | S | 08:30-13:15 | Adultos | GRUPO - | AULA VIRTUAL',18,267,1,2,57,'','2021-03-06','2021-03-27',1,15,70,0,0,0,0,0,1,0,'08:30:00','13:15:00',9,17,289),(338,'REG-VIR-BAS-7 | 2021-3 | S | 08:30-13:15 | Ad | A | AVIR','REGOLARE VIRTUAL BASE 7 | 2021-MAR | S | 08:30-13:15 | Adultos | GRUPO A | AULA VIRTUAL',18,269,2,2,37,'','2021-03-06','2021-03-27',1,15,70,0,0,0,0,0,1,0,'08:30:00','13:15:00',9,17,290),(339,'REG-VIR-BAS-7 | 2021-3 | S | 08:30-13:15 | Ad | B | AVIR','REGOLARE VIRTUAL BASE 7 | 2021-MAR | S | 08:30-13:15 | Adultos | GRUPO B | AULA VIRTUAL',18,269,3,2,20,'','2021-03-06','2021-03-27',1,15,70,0,0,0,0,0,1,0,'08:30:00','13:15:00',9,17,290),(341,'REG-VIR-ITM-7 | 2021-3 | S | 08:30-13:15 | Ad | - | AVIR','REGOLARE VIRTUAL INTERMEDIO 7 | 2021-MAR | S | 08:30-13:15 | Adultos | GRUPO - | AULA VIRTUAL',18,279,1,2,16,'','2021-03-06','2021-03-27',1,15,70,0,0,0,0,0,1,0,'08:30:00','13:15:00',9,17,292),(342,'REG-VIR-ITM-10 | 2021-3 | S | 08:30-13:15 | Ad | - | AVIR','REGOLARE VIRTUAL INTERMEDIO 10 | 2021-MAR | S | 08:30-13:15 | Adultos | GRUPO - | AULA VIRTUAL',18,282,1,2,21,'','2021-03-06','2021-03-27',1,15,70,0,0,0,0,0,1,0,'08:30:00','13:15:00',9,17,293),(343,'REG-VIR-ADV-2 | 2021-3 | S | 08:30-13:15 | Ad | - | AVIR','REGOLARE VIRTUAL AVANZATO 2 | 2021-MAR | S | 08:30-13:15 | Adultos | GRUPO - | AULA VIRTUAL',18,284,1,2,5,'','2021-03-06','2021-03-27',1,15,70,0,0,0,0,0,1,0,'08:30:00','13:15:00',9,17,294),(345,'BAM VIR L1-6 | 2021-3 | S | 08:00-11:00 | Jo | - | AVIR','BAMBINI VIRTUALE LIBRO 1 - 6 | 2021-MAR | S | 08:00-11:00 | Jóvenes | GRUPO - | AULA VIRTUAL',18,298,1,2,13,'','2021-03-06','2021-05-08',1,8,10,0,0,0,0,0,1,0,'08:00:00','11:00:00',9,24,305),(346,'RAG VIR L1-1 | 2021-3 | S | 11:00-14:00 | Jo | - | AVIR','RAGAZZI VIRTUALE LIBRO 1 - 1 | 2021-MAR | S | 11:00-14:00 | Jóvenes | GRUPO - | AULA VIRTUAL',18,305,1,2,18,'','2021-03-06','2021-05-08',1,11,14,0,0,0,0,0,1,0,'11:00:00','14:00:00',9,24,296),(347,'RAG VIR L1-1 | 2021-3 | LX | 16:30-18:00 | Jo | - | AVIR','RAGAZZI VIRTUALE LIBRO 1 - 1 | 2021-MAR | LX | 16:30-18:00 | Jóvenes | GRUPO - | AULA VIRTUAL',18,305,1,2,37,'','2021-03-03','2021-04-26',1,11,14,1,0,1,0,0,0,0,'16:30:00','18:00:00',9,24,298),(348,'RAG VIR L1-2 | 2021-3 | MJ | 16:30-18:00 | Jo | A | AVIR','RAGAZZI VIRTUALE LIBRO 1 - 2 | 2021-MAR | MJ | 16:30-18:00 | Jóvenes | GRUPO A | AULA VIRTUAL',18,306,2,2,39,'','2021-03-02','2021-04-27',1,11,14,0,1,0,1,0,0,0,'16:30:00','18:00:00',9,24,299),(349,'RAG VIR L1-3 | 2021-3 | MJ | 16:30-18:00 | Jo | - | AVIR','RAGAZZI VIRTUALE LIBRO 1 - 3 | 2021-MAR | MJ | 16:30-18:00 | Jóvenes | GRUPO - | AULA VIRTUAL',18,307,1,2,29,'','2021-03-02','2021-04-27',1,11,14,0,1,0,1,0,0,0,'16:30:00','18:00:00',9,24,300),(350,'RAG VIR L1-4 | 2021-3 | MJ | 16:30-18:00 | Jo | - | AVIR','RAGAZZI VIRTUALE LIBRO 1 - 4 | 2021-MAR | MJ | 16:30-18:00 | Jóvenes | GRUPO - | AULA VIRTUAL',18,308,1,2,37,'','2021-03-02','2021-04-27',1,11,14,0,1,0,1,0,0,0,'16:30:00','18:00:00',9,24,301),(351,'SIN-VIR-BAS-1 | 2021-3 | LMXJV | 09:30-12:30 | Ad | B | AVIR','SUPER INTENSIVO VIRTUAL BASE 1 | 2021-MAR | L-V | 09:30-12:30 | Adultos | GRUPO B | AULA VIRTUAL',18,241,3,2,27,'','2021-03-02','2021-03-22',1,15,70,1,1,1,1,1,0,0,'09:30:00','12:30:00',7,45,203),(352,'SIN-VIR-BAS-2 | 2021-3 | LMXJV | 09:30-12:30 | Ad | B | AVIR','SUPER INTENSIVO VIRTUAL BASE 2 | 2021-MAR | L-V | 09:30-12:30 | Adultos | GRUPO B | AULA VIRTUAL',18,242,3,2,33,'','2021-03-02','2021-03-22',1,15,70,1,1,1,1,1,0,0,'09:30:00','12:30:00',7,45,204),(353,'SIN-VIR-BAS-3 | 2021-3 | LMXJV | 09:30-12:30 | Ad | B | AVIR','SUPER INTENSIVO VIRTUAL BASE 3 | 2021-MAR | L-V | 09:30-12:30 | Adultos | GRUPO B | AULA VIRTUAL',18,243,3,2,28,'','2021-03-02','2021-03-22',1,15,70,1,1,1,1,1,0,0,'09:30:00','12:30:00',7,45,205),(354,'INT-VIR-BAS-1 | 2021-3 | LMXJV | 07:00-09:00 | Ad | B | AVIR','INTENSIVO VIRTUAL BASE 1 | 2021-MAR | L-V | 07:00-09:00 | Adultos | GRUPO B | AULA VIRTUAL',18,249,3,2,30,'','2021-03-02','2021-03-24',1,15,70,1,1,1,1,1,0,0,'07:00:00','09:00:00',8,34,208),(355,'INT-VIR-BAS-1 | 2021-3 | LMXJV | 09:30-11:30 | Ad | B | AVIR','INTENSIVO VIRTUAL BASE 01 | 2021-MAR | L-V | 09:30-11:30 | Adultos | GRUPO B | AULA VIRTUAL',18,249,3,2,20,'','2021-03-02','2021-03-24',1,15,70,1,1,1,1,1,0,0,'09:30:00','11:30:00',8,34,209),(357,'INT-VIR-BAS-1 | 2021-3 | LMXJV | 19:00-21:00 | Ad | B | AVIR','INTENSIVO VIRTUAL BASE 1 | 2021-MAR | L-V | 19:00-21:00 | Adultos | GRUPO B | AULA VIRTUAL',18,249,3,2,18,'','2021-03-02','2021-03-24',1,15,70,1,1,1,1,1,0,0,'19:00:00','21:00:00',8,34,212),(358,'REG-VIR-BAS-3 | 2021-3 | MJ | 19:00-21:30 | Ad | B | AVIR','REGOLARE VIRTUAL BASE 3 | 2021-MAR | MJ | 19:00-21:30 | Adultos | GRUPO B | AULA VIRTUAL',18,265,3,2,35,'','2021-03-02','2021-03-23',1,15,70,0,1,0,1,0,0,0,'19:00:00','21:30:00',9,17,264),(359,'INT-VIR-BAS-1 | 2021-3 | LMXJV | 19:00-21:00 | Ad | C | AVIR','INTENSIVO VIRTUAL BASE 1 | 2021-MAR | L-V | 19:00-21:00 | Adultos | GRUPO C | AULA VIRTUAL',18,249,4,2,38,'','2021-03-02','2021-03-24',1,15,70,1,1,1,1,1,0,0,'19:00:00','21:00:00',8,34,212),(361,'INT-VIR-BAS-5 | 2021-3 | LMXJV | 11:00-13:00 | Ad | B | AVIR','INTENSIVO VIRTUAL BASE 05 | 2021-MAR | L-V | 11:00-13:00 | Adultos | GRUPO B | AULA VIRTUAL',18,253,3,2,7,'','2021-03-02','2021-03-24',1,15,70,1,1,1,1,1,0,0,'11:00:00','13:00:00',8,34,227),(362,'INT-VIR-ITM-1 | 2021-3 | LMXJV | 19:00-21:00 | Ad | B | AVIR','INTENSIVO VIRTUAL INTERMEDIO 1 | 2021-MAR | L-V | 19:00-21:00 | Adultos | GRUPO B | AULA VIRTUAL',18,254,3,2,11,'','2021-03-02','2021-03-24',1,15,70,1,1,1,1,1,0,0,'19:00:00','21:00:00',8,34,232),(363,'INT-VIR-BAS-2 | 2021-3 | LMXJV | 09:30-11:30 | Ad | B | AVIR','INTENSIVO VIRTUAL BASE 2 | 2021-MAR | L-V | 09:30-11:30 | Adultos | GRUPO B | AULA VIRTUAL',18,250,3,2,36,'','2021-03-02','2021-03-24',1,15,70,1,1,1,1,1,0,0,'09:30:00','11:30:00',8,34,216),(364,'INT-VIR-ITM-3 | 2021-3 | LMXJV | 19:00-21:00 | Ad | B | AVIR','INTENSIVO VIRTUAL INTERMEDIO 3 | 2021-MAR | L-V | 19:00-21:00 | Adultos | GRUPO B | AULA VIRTUAL',18,256,3,2,52,'no dictó clase el 3 de marzo-no tuvo internet.','2021-03-02','2021-03-25',1,15,70,1,1,1,1,1,0,0,'19:00:00','21:00:00',8,34,237),(366,'INT-VIR-BAS-2 | 2021-3 | LMXJV | 19:00-21:00 | Ad | B | AVIR','INTENSIVO VIRTUAL BASE 2 | 2021-MAR | L-V | 19:00-21:00 | Adultos | GRUPO B | AULA VIRTUAL',18,250,3,2,42,'','2021-03-02','2021-03-24',1,15,70,1,1,1,1,1,0,0,'19:00:00','21:00:00',8,34,219),(367,'INT-VIR-BAS-2 | 2021-3 | LMXJV | 19:00-21:00 | Ad | C | AVIR','INTENSIVO VIRTUAL BASE 2 | 2021-MAR | L-V | 19:00-21:00 | Adultos | GRUPO C | AULA VIRTUAL',18,250,4,2,57,'','2021-03-02','2021-03-24',1,15,70,1,1,1,1,1,0,0,'19:00:00','21:00:00',8,34,219),(369,'INT-VIR-ITM-5 | 2021-3 | LMXJV | 19:00-21:00 | Ad | B | AVIR','INTENSIVO VIRTUAL INTERMEDIO 5 | 2021-MAR | L-V | 19:00-21:00 | Adultos | GRUPO B | AULA VIRTUAL',18,258,3,2,61,'','2021-03-02','2021-03-24',1,15,70,1,1,1,1,1,0,0,'19:00:00','21:00:00',8,34,242),(372,'INT-VIR-BAS-3 | 2021-3 | LMXJV | 07:00-09:00 | Ad | B | AVIR','INTENSIVO VIRTUAL BASE 3 | 2021-MAR | L-V | 07:00-09:00 | Adultos | GRUPO B | AULA VIRTUAL',18,251,3,2,12,'','2021-03-02','2021-03-24',1,15,70,1,1,1,1,1,0,0,'07:00:00','09:00:00',8,34,220),(374,'INT-VIR-BAS-3 | 2021-3 | LMXJV | 19:00-21:00 | Ad | B | AVIR','INTENSIVO VIRTUAL BASE 3 | 2021-MAR | L-V | 19:00-21:00 | Adultos | GRUPO B | AULA VIRTUAL',18,251,3,2,20,'','2021-03-02','2021-03-24',1,15,70,1,1,1,1,1,0,0,'19:00:00','21:00:00',8,34,224),(375,'INT-VIR-BAS-2 | 2021-3 | LMXJV | 07:00-09:00 | Ad | B | AVIR','INTENSIVO VIRTUAL BASE 2 | 2021-MAR | L-V | 07:00-09:00 | Adultos | GRUPO B | AULA VIRTUAL',18,250,3,2,45,'','2021-03-02','2021-03-24',1,15,70,1,1,1,1,1,0,0,'07:00:00','09:00:00',8,34,215),(376,'INT-VIR-ITM-2 | 2021-3 | LMXJV | 07:00-09:00 | Ad | B | AVIR','INTENSIVO VIRTUAL INTERMEDIO 02 | 2021-MAR | L-V | 07:00-09:00 | Adultos | GRUPO B | AULA VIRTUAL',18,255,3,2,41,'','2021-03-03','2021-03-24',1,15,70,1,1,1,1,1,0,0,'07:00:00','09:00:00',8,34,233),(377,'INT-VIR-ITM-2 | 2021-3 | LMXJV | 19:00-21:00 | Ad | B | AVIR','INTENSIVO VIRTUAL INTERMEDIO 2 | 2021-MAR | L-V | 19:00-21:00 | Adultos | GRUPO B | AULA VIRTUAL',18,255,3,2,34,'','2021-03-02','2021-03-24',1,15,70,1,1,1,1,1,0,0,'19:00:00','21:00:00',8,34,234),(378,'INT-VIR-ITM-3 | 2021-3 | LMXJV | 07:00-09:00 | Ad | B | AVIR','INTENSIVO VIRTUAL INTERMEDIO 3 | 2021-MAR | L-V | 07:00-09:00 | Adultos | GRUPO B | AULA VIRTUAL',18,256,3,2,21,'','2021-03-02','2021-03-24',1,15,70,1,1,1,1,1,0,0,'07:00:00','09:00:00',8,34,235),(379,'CONVERSA | 2021-3 | S | 08:30-10:30 | Ad | - | AVIR','CORSO DI CONVERSAZIONE E CULTURA ITALIANA | 2021-MAR | S | 08:30-10:30 | Adultos | GRUPO - | AULA VIRTUAL',18,330,1,2,22,'','2021-03-06','2021-05-08',1,15,70,0,0,0,0,0,1,0,'08:30:00','10:30:00',1,0,302),(380,'CONVERSA | 2021-3 | S | 11:00-13:00 | Ad | A | AVIR','CORSO DI CONVERSAZIONE E CULTURA ITALIANA | 2021-MAR | S | 11:00-13:00 | Adultos | GRUPO A | AULA VIRTUAL',18,330,2,2,22,'','2021-03-06','2021-05-08',1,15,70,0,0,0,0,0,1,0,'11:00:00','13:00:00',1,0,303),(381,'GRAMMA | 2021-3 | S | 08:30-10:30 | Ad | - | AVIR','GRAMMATICA E FONETICA | 2021-MAR | S | 08:30-10:30 | Adultos | GRUPO - | AULA VIRTUAL',18,331,1,2,14,'','2021-03-06','2021-05-08',1,15,70,0,0,0,0,0,1,0,'08:30:00','10:30:00',1,16,304),(382,'INT-VIR-ITM-4 | 2021-3 | LMXJV | 07:00-09:00 | Ad | B | AVIR','INTENSIVO VIRTUAL INTERMEDIO 4 | 2021-MAR | L-V | 07:00-09:00 | Adultos | GRUPO B | AULA VIRTUAL',18,257,3,2,15,'','2021-03-02','2021-03-24',1,15,70,1,1,1,1,1,0,0,'07:00:00','09:00:00',8,34,238),(384,'REG-VIR-BAS-1 | 2021-3 | MJ | 19:00-21:30 | Ad | B | AVIR','REGOLARE VIRTUAL BASE 1 | 2021-MAR | MJ | 19:00-21:30 | Adultos | GRUPO B | AULA VIRTUAL',18,263,3,2,54,'','2021-03-02','2021-03-23',1,15,70,0,1,0,1,0,0,0,'19:00:00','21:30:00',9,17,263),(385,'REG-VIR-BAS-2 | 2021-3 | LXV | 07:00-08:45 | Ad | B | AVIR','REGOLARE VIRTUAL BASE 2 | 2021-MAR | LXV | 07:00-08:45 | Adultos | GRUPO B | AULA VIRTUAL',18,264,3,2,47,'','2021-03-03','2021-03-24',1,15,70,1,0,1,0,1,0,0,'07:00:00','08:45:00',9,17,274),(386,'REG-VIR-BAS-1 | 2021-3 | LX | 19:00-21:30 | Ad | B | AVIR','REGOLARE VIRTUAL BASE 1 | 2021-MAR | LX | 19:00-21:30 | Adultos | GRUPO B | AULA VIRTUAL',18,263,3,2,47,'','2021-03-03','2021-03-24',1,15,70,1,0,1,0,0,0,0,'19:00:00','21:30:00',9,17,250),(388,'RAG VIR L1-2 | 2021-3 | MJ | 16:30-18:00 | Jo | B | AVIR','RAGAZZI VIRTUALE LIBRO 1 - 2 | 2021-MAR | MJ | 16:30-18:00 | Jóvenes | GRUPO B | AULA VIRTUAL',18,306,3,2,13,'','2021-03-02','2021-04-27',1,11,14,0,1,0,1,0,0,0,'16:30:00','18:00:00',9,24,299),(389,'REG-VIR-BAS-3 | 2021-3 | S | 08:30-13:15 | Ad | B | AVIR','REGOLARE VIRTUAL BASE 3 | 2021-MAR | S | 08:30-13:15 | Adultos | GRUPO B | AULA VIRTUAL',18,265,3,2,10,'','2021-03-06','2021-03-27',1,15,70,0,0,0,0,0,1,0,'08:30:00','13:15:00',9,17,288),(390,'REG-VIR-BAS-2 | 2021-3 | S | 14:00-18:45 | Ad | - | AVIR','REGOLARE VIRTUAL BASE 2 | 2021-MAR | S | 14:00-18:45 | Adultos | GRUPO - | AULA VIRTUAL',18,264,1,2,11,'','2021-03-06','2021-03-27',1,15,70,0,0,0,0,0,1,0,'14:00:00','18:45:00',9,17,287),(391,'RAG VIR L2-1 | 2021-3 | S | 11:00-14:00 | Jo | - | AVIR','RAGAZZI VIRTUALE LIBRO 2 - 1 | 2021-MAR | S | 11:00-14:00 | Jóvenes | GRUPO - | AULA VIRTUAL',18,311,1,2,13,'','2021-03-06','2021-05-08',1,10,14,0,0,0,0,0,1,0,'11:00:00','14:00:00',9,24,306),(393,'SIN-VIR-BAS-1 | 2021-4 | LMXJV | 09:30-12:30 | Ad | A | AVIR','SUPER INTENSIVO VIRTUAL BASE 01 | 2021-ABR | L-V | 09:30-12:30 | Adultos | GRUPO A | AULA VIRTUAL',19,241,2,2,27,'','2021-04-06','2021-04-26',1,15,70,1,1,1,1,1,0,0,'09:30:00','12:30:00',8,45,307),(394,'SIN-VIR-BAS-1 | 2021-4 | LMXJV | 15:30-18:30 | Ad | - | AVIR','SUPER INTENSIVO VIRTUAL BASE 01 | 2021-ABR | L-V | 15:30-18:30 | Adultos | GRUPO - | AULA VIRTUAL',19,241,1,2,21,'','2021-04-06','2021-04-26',1,15,70,1,1,1,1,1,0,0,'15:30:00','18:30:00',7,45,308),(395,'SIN-VIR-BAS-1 | 2021-4 | LMXJV | 09:30-12:30 | Ad | B | AVIR','SUPER INTENSIVO VIRTUAL BASE 01 | 2021-ABR | L-V | 09:30-12:30 | Adultos | GRUPO B | AULA VIRTUAL',19,241,3,2,44,'','2021-04-06','2021-04-26',1,15,70,1,1,1,1,1,0,0,'09:30:00','12:30:00',8,45,307),(396,'SIN-VIR-BAS-2 | 2021-4 | LMXJV | 09:30-12:30 | Ad | - | AVIR','SUPER INTENSIVO VIRTUAL BASE 02 | 2021-ABR | L-V | 09:30-12:30 | Adultos | GRUPO - | AULA VIRTUAL',19,242,1,2,21,'','2021-04-06','2021-04-26',1,15,70,1,1,1,1,1,0,0,'09:30:00','12:30:00',7,45,309),(397,'SIN-VIR-BAS-3 | 2021-4 | LMXJV | 09:30-12:30 | Ad | - | AVIR','SUPER INTENSIVO VIRTUAL BASE 03 | 2021-ABR | L-V | 09:30-12:30 | Adultos | GRUPO - | AULA VIRTUAL',19,243,1,2,6,'','2021-04-06','2021-04-26',1,15,70,1,1,1,1,1,0,0,'09:30:00','12:30:00',7,45,310),(398,'SIN-VIR-BAS-4 | 2021-4 | LMXJV | 09:30-12:30 | Ad | A | AVIR','SUPER INTENSIVO VIRTUAL BASE 04 | 2021-ABR | L-V | 09:30-12:30 | Adultos | GRUPO A | AULA VIRTUAL',19,244,2,2,32,'','2021-04-06','2021-04-26',1,15,70,1,1,1,1,1,0,0,'09:30:00','12:30:00',7,45,311),(399,'SIN-VIR-BAS-4 | 2021-4 | LMXJV | 09:30-12:30 | Ad | B | AVIR','SUPER INTENSIVO VIRTUAL BASE 04 | 2021-ABR | L-V | 09:30-12:30 | Adultos | GRUPO B | AULA VIRTUAL',19,244,3,2,22,'','2021-04-06','2021-04-26',1,15,70,1,1,1,1,1,0,0,'09:30:00','12:30:00',7,45,311),(400,'SIN-VIR-ITM-2 | 2021-4 | LMXJV | 09:30-12:30 | Ad | - | AVIR','SUPER INTENSIVO VIRTUAL INTERMEDIO 02 | 2021-ABR | L-V | 09:30-12:30 | Adultos | GRUPO - | AULA VIRTUAL',19,246,1,2,15,'','2021-04-06','2021-04-26',1,15,70,1,1,1,1,1,0,0,'09:30:00','12:30:00',7,45,312),(401,'SIN-VIR-ITM-4 | 2021-4 | LMXJV | 09:30-12:30 | Ad | - | AVIR','SUPER INTENSIVO VIRTUAL INTERMEDIO 04 | 2021-ABR | L-V | 09:30-12:30 | Adultos | GRUPO - | AULA VIRTUAL',19,248,1,2,33,'','2021-04-06','2021-04-26',1,15,70,1,1,1,1,1,0,0,'09:30:00','12:30:00',7,45,313),(402,'INT-VIR-BAS-1 | 2021-4 | LMXJV | 07:00-09:00 | Ad | A | AVIR','INTENSIVO VIRTUAL BASE 01 | 2021-ABR | L-V | 07:00-09:00 | Adultos | GRUPO A | AULA VIRTUAL',19,249,2,2,30,'','2021-04-06','2021-04-28',1,15,70,1,1,1,1,1,0,0,'07:00:00','09:00:00',7,34,314),(403,'INT-VIR-BAS-1 | 2021-4 | LMXJV | 07:00-09:00 | Ad | B | AVIR','INTENSIVO VIRTUAL BASE 01 | 2021-ABR | L-V | 07:00-09:00 | Adultos | GRUPO B | AULA VIRTUAL',19,249,3,2,45,'','2021-04-06','2021-04-28',1,15,70,1,1,1,1,1,0,0,'07:00:00','09:00:00',7,34,314),(405,'INT-VIR-BAS-1 | 2021-4 | LMXJV | 09:30-11:30 | Ad | A | AVIR','INTENSIVO VIRTUAL BASE 01 | 2021-ABR | L-V | 09:30-11:30 | Adultos | GRUPO A | AULA VIRTUAL',19,249,2,2,30,'','2021-04-06','2021-04-28',1,15,70,1,1,1,1,1,0,0,'09:30:00','11:30:00',7,34,315),(406,'INT-VIR-BAS-1 | 2021-4 | LMXJV | 09:30-11:30 | Ad | B | AVIR','INTENSIVO VIRTUAL BASE 01 | 2021-ABR | L-V | 09:30-11:30 | Adultos | GRUPO B | AULA VIRTUAL',19,249,3,2,59,'','2021-04-06','2021-04-28',1,15,70,1,1,1,1,1,0,0,'09:30:00','11:30:00',7,34,315),(407,'INT-VIR-BAS-1 | 2021-4 | LMXJV | 14:00-16:00 | Ad | A | AVIR','INTENSIVO VIRTUAL BASE 01 | 2021-ABR | L-V | 14:00-16:00 | Adultos | GRUPO A | AULA VIRTUAL',19,249,2,2,34,'','2021-04-06','2021-04-28',1,15,70,1,1,1,1,1,0,0,'14:00:00','16:00:00',7,34,316),(408,'INT-VIR-BAS-1 | 2021-4 | LMXJV | 14:00-16:00 | Ad | B | AVIR','INTENSIVO VIRTUAL BASE 01 | 2021-ABR | L-V | 14:00-16:00 | Adultos | GRUPO B | AULA VIRTUAL',19,249,3,2,40,'','2021-04-06','2021-04-28',1,15,70,1,1,1,1,1,0,0,'14:00:00','16:00:00',7,34,316),(409,'INT-VIR-BAS-1 | 2021-4 | LMXJV | 16:30-18:30 | Ad | A | AVIR','INTENSIVO VIRTUAL BASE 01 | 2021-ABR | L-V | 16:30-18:30 | Adultos | GRUPO A | AULA VIRTUAL',19,249,2,2,26,'','2021-04-06','2021-04-28',1,15,70,1,1,1,1,1,0,0,'16:30:00','18:30:00',7,34,317),(410,'INT-VIR-BAS-1 | 2021-4 | LMXJV | 16:30-18:30 | Ad | B | AVIR','INTENSIVO VIRTUAL BASE 01 | 2021-ABR | L-V | 16:30-18:30 | Adultos | GRUPO B | AULA VIRTUAL',19,249,3,2,40,'','2021-04-06','2021-04-28',1,15,70,1,1,1,1,1,0,0,'16:30:00','18:30:00',7,34,317),(411,'INT-VIR-BAS-2 | 2021-4 | LMXJV | 07:00-09:00 | Ad | A | AVIR','INTENSIVO VIRTUAL BASE 02 | 2021-ABR | L-V | 07:00-09:00 | Adultos | GRUPO A | AULA VIRTUAL',19,250,2,2,11,'','2021-04-06','2021-04-28',1,15,70,1,1,1,1,1,0,0,'07:00:00','09:00:00',7,34,318),(412,'INT-VIR-BAS-2 | 2021-4 | LMXJV | 07:00-09:00 | Ad | B | AVIR','INTENSIVO VIRTUAL BASE 02 | 2021-ABR | L-V | 07:00-09:00 | Adultos | GRUPO B | AULA VIRTUAL',19,250,3,2,50,'','2021-04-06','2021-04-28',1,15,70,1,1,1,1,1,0,0,'07:00:00','09:00:00',7,34,318),(413,'INT-VIR-BAS-2 | 2021-4 | LMXJV | 09:30-11:30 | Ad | A | AVIR','INTENSIVO VIRTUAL BASE 02 | 2021-ABR | L-V | 09:30-11:30 | Adultos | GRUPO A | AULA VIRTUAL',19,250,2,2,38,'El curso inicia un día después por problemas técnicos de la docente.  Se cambia la fecha de inicio y fin de clases.','2021-04-07','2021-04-29',1,15,70,1,1,1,1,1,0,0,'09:30:00','11:30:00',7,34,319),(414,'INT-VIR-BAS-2 | 2021-4 | LMXJV | 09:30-11:30 | Ad | B | AVIR','INTENSIVO VIRTUAL BASE 02 | 2021-ABR | L-V | 09:30-11:30 | Adultos | GRUPO B | AULA VIRTUAL',19,250,3,2,7,'','2021-04-06','2021-04-28',1,15,70,1,1,1,1,1,0,0,'09:30:00','11:30:00',7,34,319),(415,'INT-VIR-BAS-2 | 2021-4 | LMXJV | 14:00-16:00 | Ad | - | AVIR','INTENSIVO VIRTUAL BASE 02 | 2021-ABR | L-V | 14:00-16:00 | Adultos | GRUPO - | AULA VIRTUAL',19,250,1,2,7,'','2021-04-06','2021-04-28',1,15,70,1,1,1,1,1,0,0,'14:00:00','16:00:00',7,34,320),(416,'INT-VIR-BAS-2 | 2021-4 | LMXJV | 16:30-18:30 | Ad | - | AVIR','INTENSIVO VIRTUAL BASE 02 | 2021-ABR | L-V | 16:30-18:30 | Adultos | GRUPO - | AULA VIRTUAL',19,250,1,2,47,'El día 15 de abril se asigna la clase a la prof. Karen Niño, por motivos de salud de la prof. Daniela Perdisci.','2021-04-06','2021-04-28',1,15,70,1,1,1,1,1,0,0,'16:30:00','18:30:00',7,34,321),(417,'INT-VIR-BAS-2 | 2021-4 | LMXJV | 19:00-21:00 | Ad | A | AVIR','INTENSIVO VIRTUAL BASE 02 | 2021-ABR | L-V | 19:00-21:00 | Adultos | GRUPO A | AULA VIRTUAL',19,250,2,2,14,'','2021-04-06','2021-04-28',1,15,70,1,1,1,1,1,0,0,'19:00:00','21:00:00',7,34,322),(418,'INT-VIR-BAS-2 | 2021-4 | LMXJV | 19:00-21:00 | Ad | B | AVIR','INTENSIVO VIRTUAL BASE 02 | 2021-ABR | L-V | 19:00-21:00 | Adultos | GRUPO B | AULA VIRTUAL',19,250,3,2,42,'','2021-04-06','2021-04-28',1,15,70,1,1,1,1,1,0,0,'19:00:00','21:00:00',7,34,322),(419,'INT-VIR-BAS-2 | 2021-4 | LMXJV | 19:00-21:00 | Ad | C | AVIR','INTENSIVO VIRTUAL BASE 02 | 2021-ABR | L-V | 19:00-21:00 | Adultos | GRUPO C | AULA VIRTUAL',19,250,4,2,27,'','2021-04-06','2021-04-28',1,15,70,1,1,1,1,1,0,0,'19:00:00','21:00:00',7,34,322),(420,'INT-VIR-BAS-3 | 2021-4 | LMXJV | 07:00-09:00 | Ad | A | AVIR','INTENSIVO VIRTUAL BASE 03 | 2021-ABR | L-V | 07:00-09:00 | Adultos | GRUPO A | AULA VIRTUAL',19,251,2,2,12,'','2021-04-06','2021-04-28',1,15,70,1,1,1,1,1,0,0,'07:00:00','09:00:00',7,34,323),(421,'INT-VIR-BAS-3 | 2021-4 | LMXJV | 07:00-09:00 | Ad | B | AVIR','INTENSIVO VIRTUAL BASE 03 | 2021-ABR | L-V | 07:00-09:00 | Adultos | GRUPO B | AULA VIRTUAL',19,251,3,2,62,'','2021-04-06','2021-04-28',1,15,70,1,1,1,1,1,0,0,'07:00:00','09:00:00',7,34,323),(422,'INT-VIR-BAS-3 | 2021-4 | LMXJV | 09:30-11:30 | Ad | - | AVIR','INTENSIVO VIRTUAL BASE 03 | 2021-ABR | L-V | 09:30-11:30 | Adultos | GRUPO - | AULA VIRTUAL',19,251,1,2,53,'','2021-04-06','2021-04-28',1,15,70,1,1,1,1,1,0,0,'09:30:00','11:30:00',7,34,324),(423,'INT-VIR-BAS-3 | 2021-4 | LMXJV | 14:00-16:00 | Ad | - | AVIR','INTENSIVO VIRTUAL BASE 03 | 2021-ABR | L-V | 14:00-16:00 | Adultos | GRUPO - | AULA VIRTUAL',19,251,1,2,59,'','2021-04-06','2021-04-28',1,15,70,1,1,1,1,1,0,0,'14:00:00','16:00:00',7,34,325),(425,'INT-VIR-BAS-3 | 2021-4 | LMXJV | 19:00-21:00 | Ad | A | AVIR','INTENSIVO VIRTUAL BASE 03 | 2021-ABR | L-V | 19:00-21:00 | Adultos | GRUPO A | AULA VIRTUAL',19,251,2,2,26,'','2021-04-06','2021-04-28',1,15,70,1,1,1,1,1,0,0,'19:00:00','21:00:00',7,34,327),(426,'INT-VIR-BAS-3 | 2021-4 | LMXJV | 19:00-21:00 | Ad | B | AVIR','INTENSIVO VIRTUAL BASE 03 | 2021-ABR | L-V | 19:00-21:00 | Adultos | GRUPO B | AULA VIRTUAL',19,251,3,2,18,'','2021-04-06','2021-04-28',1,15,70,1,1,1,1,1,0,0,'19:00:00','21:00:00',7,34,327),(427,'INT-VIR-BAS-3 | 2021-4 | LMXJV | 19:00-21:00 | Ad | C | AVIR','INTENSIVO VIRTUAL BASE 03 | 2021-ABR | L-V | 19:00-21:00 | Adultos | GRUPO C | AULA VIRTUAL',19,251,4,2,50,'','2021-04-06','2021-04-28',1,15,70,1,1,1,1,1,0,0,'19:00:00','21:00:00',7,34,327),(428,'INT-VIR-BAS-4 | 2021-4 | LMXJV | 07:00-09:00 | Ad | A | AVIR','INTENSIVO VIRTUAL BASE 04 | 2021-ABR | L-V | 07:00-09:00 | Adultos | GRUPO A | AULA VIRTUAL',19,252,2,2,27,'','2021-04-06','2021-04-28',1,15,70,1,1,1,1,1,0,0,'07:00:00','09:00:00',7,34,328),(429,'INT-VIR-BAS-4 | 2021-4 | LMXJV | 07:00-09:00 | Ad | B | AVIR','INTENSIVO VIRTUAL BASE 04 | 2021-ABR | L-V | 07:00-09:00 | Adultos | GRUPO B | AULA VIRTUAL',19,252,3,2,41,'','2021-04-06','2021-04-28',1,15,70,1,1,1,1,1,0,0,'07:00:00','09:00:00',7,34,328),(430,'INT-VIR-BAS-4 | 2021-4 | LMXJV | 09:30-11:30 | Ad | - | AVIR','INTENSIVO VIRTUAL BASE 04 | 2021-ABR | L-V | 09:30-11:30 | Adultos | GRUPO - | AULA VIRTUAL',19,252,1,2,35,'','2021-04-06','2021-04-28',1,15,70,1,1,1,1,1,0,0,'09:30:00','11:30:00',7,34,329),(431,'INT-VIR-BAS-4 | 2021-4 | LMXJV | 14:00-16:00 | Ad | - | AVIR','INTENSIVO VIRTUAL BASE 04 | 2021-ABR | L-V | 14:00-16:00 | Adultos | GRUPO - | AULA VIRTUAL',19,252,1,2,22,'','2021-04-06','2021-04-28',1,15,70,1,1,1,1,1,0,0,'14:00:00','16:00:00',7,34,330),(433,'INT-VIR-BAS-4 | 2021-4 | LMXJV | 19:00-21:00 | Ad | A | AVIR','INTENSIVO VIRTUAL BASE 04 | 2021-ABR | L-V | 19:00-21:00 | Adultos | GRUPO A | AULA VIRTUAL',19,252,2,2,20,'','2021-04-06','2021-04-28',1,15,70,1,1,1,1,1,0,0,'19:00:00','21:00:00',7,34,332),(434,'INT-VIR-BAS-4 | 2021-4 | LMXJV | 19:00-21:00 | Ad | B | AVIR','INTENSIVO VIRTUAL BASE 04 | 2021-ABR | L-V | 19:00-21:00 | Adultos | GRUPO B | AULA VIRTUAL',19,252,3,2,40,'','2021-04-06','2021-04-28',1,15,70,1,1,1,1,1,0,0,'19:00:00','21:00:00',7,34,332),(435,'INT-VIR-BAS-5 | 2021-4 | LMXJV | 07:00-09:00 | Ad | - | AVIR','INTENSIVO VIRTUAL BASE 05 | 2021-ABR | L-V | 07:00-09:00 | Adultos | GRUPO - | AULA VIRTUAL',19,253,1,2,20,'','2021-04-06','2021-04-28',1,15,70,1,1,1,1,1,0,0,'07:00:00','09:00:00',7,34,333),(436,'INT-VIR-BAS-5 | 2021-4 | LMXJV | 16:30-18:30 | Ad | - | AVIR','INTENSIVO VIRTUAL BASE 05 | 2021-ABR | L-V | 16:30-18:30 | Adultos | GRUPO - | AULA VIRTUAL',19,253,1,2,24,'','2021-04-06','2021-04-28',1,15,70,1,1,1,1,1,0,0,'16:30:00','18:30:00',7,34,334),(437,'INT-VIR-ITM-1 | 2021-4 | LMXJV | 11:00-13:00 | Ad | - | AVIR','INTENSIVO VIRTUAL INTERMEDIO 01 | 2021-ABR | L-V | 11:00-13:00 | Adultos | GRUPO - | AULA VIRTUAL',19,254,1,2,36,'','2021-04-06','2021-04-28',1,15,70,1,1,1,1,1,0,0,'11:00:00','13:00:00',7,34,335),(438,'INT-VIR-ITM-1 | 2021-4 | LMXJV | 14:00-16:00 | Ad | - | AVIR','INTENSIVO VIRTUAL INTERMEDIO 01 | 2021-ABR | L-V | 14:00-16:00 | Adultos | GRUPO - | AULA VIRTUAL',19,254,1,2,25,'','2021-04-06','2021-04-28',1,15,70,1,1,1,1,1,0,0,'14:00:00','16:00:00',7,34,336),(439,'INT-VIR-ITM-2 | 2021-4 | LMXJV | 07:00-09:00 | Ad | - | AVIR','INTENSIVO VIRTUAL INTERMEDIO 02 | 2021-ABR | L-V | 07:00-09:00 | Adultos | GRUPO - | AULA VIRTUAL',19,255,1,2,53,'','2021-04-06','2021-04-28',1,15,70,1,1,1,1,1,0,0,'07:00:00','09:00:00',7,34,337),(440,'INT-VIR-ITM-2 | 2021-4 | LMXJV | 16:30-18:30 | Ad | - | AVIR','INTENSIVO VIRTUAL INTERMEDIO 02 | 2021-ABR | L-V | 16:30-18:30 | Adultos | GRUPO - | AULA VIRTUAL',19,255,1,2,46,'','2021-04-06','2021-04-28',1,15,70,1,1,1,1,1,0,0,'16:30:00','18:30:00',7,34,338),(441,'INT-VIR-ITM-2 | 2021-4 | LMXJV | 19:00-21:00 | Ad | A | AVIR','INTENSIVO VIRTUAL INTERMEDIO 02 | 2021-ABR | L-V | 19:00-21:00 | Adultos | GRUPO A | AULA VIRTUAL',19,255,2,2,46,'','2021-04-06','2021-04-28',1,15,70,1,1,1,1,1,0,0,'19:00:00','21:00:00',7,34,339),(443,'INT-VIR-ITM-3 | 2021-4 | LMXJV | 07:00-09:00 | Ad | A | AVIR','INTENSIVO VIRTUAL INTERMEDIO 03 | 2021-ABR | L-V | 07:00-09:00 | Adultos | GRUPO A | AULA VIRTUAL',19,256,2,2,21,'','2021-04-06','2021-04-28',1,15,70,1,1,1,1,1,0,0,'07:00:00','09:00:00',7,34,340),(444,'INT-VIR-ITM-3 | 2021-4 | LMXJV | 07:00-09:00 | Ad | B | AVIR','INTENSIVO VIRTUAL INTERMEDIO 03 | 2021-ABR | L-V | 07:00-09:00 | Adultos | GRUPO B | AULA VIRTUAL',19,256,3,2,15,'','2021-04-06','2021-04-28',1,15,70,1,1,1,1,1,0,0,'07:00:00','09:00:00',7,34,340),(445,'INT-VIR-ITM-3 | 2021-4 | LMXJV | 19:00-21:00 | Ad | A | AVIR','INTENSIVO VIRTUAL INTERMEDIO 03 | 2021-ABR | L-V | 19:00-21:00 | Adultos | GRUPO A | AULA VIRTUAL',19,256,2,2,16,'E día 7/04 no hubo clase por problemas de internet del profesor, los estudiante decidieron recuperar el sábado 10/04 en el horario 19:00-21:00.','2021-04-06','2021-04-28',1,15,70,1,1,1,1,1,0,0,'19:00:00','21:00:00',7,34,341),(446,'INT-VIR-ITM-3 | 2021-4 | LMXJV | 19:00-21:00 | Ad | B | AVIR','INTENSIVO VIRTUAL INTERMEDIO 03 | 2021-ABR | L-V | 19:00-21:00 | Adultos | GRUPO B | AULA VIRTUAL',19,256,3,2,25,'','2021-04-06','2021-04-28',1,15,70,1,1,1,1,1,0,0,'19:00:00','21:00:00',7,34,341),(448,'INT-VIR-ITM-4 | 2021-4 | LMXJV | 07:00-09:00 | Ad | A | AVIR','INTENSIVO VIRTUAL INTERMEDIO 04 | 2021-ABR | L-V | 07:00-09:00 | Adultos | GRUPO A | AULA VIRTUAL',19,257,2,2,36,'','2021-04-06','2021-04-28',1,15,70,1,1,1,1,1,0,0,'07:00:00','09:00:00',7,34,342),(449,'INT-VIR-ITM-4 | 2021-4 | LMXJV | 07:00-09:00 | Ad | B | AVIR','INTENSIVO VIRTUAL INTERMEDIO 04 | 2021-ABR | L-V | 07:00-09:00 | Adultos | GRUPO B | AULA VIRTUAL',19,257,3,2,48,'','2021-04-06','2021-04-28',1,15,70,1,1,1,1,1,0,0,'07:00:00','09:00:00',7,34,342),(450,'INT-VIR-ITM-4 | 2021-4 | LMXJV | 19:00-21:00 | Ad | A | AVIR','INTENSIVO VIRTUAL INTERMEDIO 04 | 2021-ABR | L-V | 19:00-21:00 | Adultos | GRUPO A | AULA VIRTUAL',19,257,2,2,37,'el curso inicia un día después por problemas técnicos de la prof.  Se actualizan las fechas.','2021-04-07','2021-04-29',1,15,70,1,1,1,1,1,0,0,'19:00:00','21:00:00',7,34,343),(451,'INT-VIR-ITM-5 | 2021-4 | LMXJV | 07:00-09:00 | Ad | A | AVIR','INTENSIVO VIRTUAL INTERMEDIO 05 | 2021-ABR | L-V | 07:00-09:00 | Adultos | GRUPO A | AULA VIRTUAL',19,258,2,2,34,'','2021-04-06','2021-04-28',1,15,70,1,1,1,1,1,0,0,'07:00:00','09:00:00',7,34,344),(452,'INT-VIR-ITM-5 | 2021-4 | LMXJV | 07:00-09:00 | Ad | B | AVIR','INTENSIVO VIRTUAL INTERMEDIO 05 | 2021-ABR | L-V | 07:00-09:00 | Adultos | GRUPO B | AULA VIRTUAL',19,258,3,2,28,'','2021-04-06','2021-04-28',1,15,70,1,1,1,1,1,0,0,'07:00:00','09:00:00',7,34,344),(453,'INT-VIR-ITM-5 | 2021-4 | LMXJV | 19:00-21:00 | Ad | - | AVIR','INTENSIVO VIRTUAL INTERMEDIO 05 | 2021-ABR | L-V | 19:00-21:00 | Adultos | GRUPO - | AULA VIRTUAL',19,258,1,2,61,'','2021-04-06','2021-04-28',1,15,70,1,1,1,1,1,0,0,'19:00:00','21:00:00',7,34,345),(454,'INT-VIR-ADV-1 | 2021-4 | LMXJV | 07:00-09:00 | Ad | - | AVIR','INTENSIVO VIRTUAL AVANZATO 01 | 2021-ABR | L-V | 07:00-09:00 | Adultos | GRUPO - | AULA VIRTUAL',19,259,1,2,33,'','2021-04-06','2021-04-26',1,15,70,1,1,1,1,1,0,0,'07:00:00','09:00:00',7,30,346),(455,'INT-VIR-ADV-1 | 2021-4 | LMXJV | 19:00-21:00 | Ad | - | AVIR','INTENSIVO VIRTUAL AVANZATO 01 | 2021-ABR | L-V | 19:00-21:00 | Adultos | GRUPO - | AULA VIRTUAL',19,259,1,2,33,'','2021-04-06','2021-04-26',1,15,70,1,1,1,1,1,0,0,'19:00:00','21:00:00',7,30,348),(456,'INT-VIR-ADV-2 | 2021-4 | LMXJV | 07:00-09:00 | Ad | - | AVIR','INTENSIVO VIRTUAL AVANZATO 02 | 2021-ABR | L-V | 07:00-09:00 | Adultos | GRUPO - | AULA VIRTUAL',19,260,1,2,14,'','2021-04-06','2021-04-27',1,15,70,1,1,1,1,1,0,0,'07:00:00','09:00:00',7,30,349),(457,'INT-VIR-ADV-2 | 2021-4 | LMXJV | 19:00-21:00 | Ad | - | AVIR','INTENSIVO VIRTUAL AVANZATO 02 | 2021-ABR | L-V | 19:00-21:00 | Adultos | GRUPO - | AULA VIRTUAL',19,260,1,2,24,'','2021-04-06','2021-04-26',1,15,70,1,1,1,1,1,0,0,'19:00:00','21:00:00',7,30,350),(458,'INT-VIR-ADV-3 | 2021-4 | LMXJV | 19:00-21:00 | Ad | - | AVIR','INTENSIVO VIRTUAL AVANZATO 03 | 2021-ABR | L-V | 19:00-21:00 | Adultos | GRUPO - | AULA VIRTUAL',19,261,1,2,34,'','2021-04-06','2021-04-26',1,15,70,1,1,1,1,1,0,0,'19:00:00','21:00:00',7,30,351),(459,'INT-VIR-ADV-4 | 2021-4 | LMXJV | 19:00-21:00 | Ad | - | AVIR','INTENSIVO VIRTUAL AVANZATO 04 | 2021-ABR | L-V | 19:00-21:00 | Adultos | GRUPO - | AULA VIRTUAL',19,262,1,2,5,'','2021-04-06','2021-04-26',1,15,70,1,1,1,1,1,0,0,'19:00:00','21:00:00',7,30,352),(460,'REG-VIR-BAS-1 | 2021-4 | MJ | 19:00-21:30 | Ad | A | AVIR','REGOLARE VIRTUAL BASE 01 | 2021-ABR | MJ | 19:00-21:30 | Adultos | GRUPO A | AULA VIRTUAL',19,263,2,2,47,'','2021-04-06','2021-04-27',1,15,70,0,1,0,1,0,0,0,'19:00:00','21:30:00',9,17,353),(461,'REG-VIR-BAS-1 | 2021-4 | MJ | 19:00-21:30 | Ad | B | AVIR','REGOLARE VIRTUAL BASE 01 | 2021-ABR | MJ | 19:00-21:30 | Adultos | GRUPO B | AULA VIRTUAL',19,263,3,2,54,'','2021-04-06','2021-04-27',1,15,70,0,1,0,1,0,0,0,'19:00:00','21:30:00',9,17,353),(462,'REG-VIR-BAS-1 | 2021-4 | MJ | 19:00-21:30 | Ad | C | AVIR','REGOLARE VIRTUAL BASE 01 | 2021-ABR | MJ | 19:00-21:30 | Adultos | GRUPO C | AULA VIRTUAL',19,263,4,2,57,'','2021-04-06','2021-04-27',1,15,70,0,1,0,1,0,0,0,'19:00:00','21:30:00',9,17,353),(463,'REG-VIR-BAS-2 | 2021-4 | MJ | 19:00-21:30 | Ad | A | AVIR','REGOLARE VIRTUAL BASE 02 | 2021-ABR | MJ | 19:00-21:30 | Adultos | GRUPO A | AULA VIRTUAL',19,264,2,2,11,'','2021-04-06','2021-04-27',1,15,70,0,1,0,1,0,0,0,'19:00:00','21:30:00',9,17,354),(464,'REG-VIR-BAS-2 | 2021-4 | MJ | 19:00-21:30 | Ad | B | AVIR','REGOLARE VIRTUAL BASE 02 | 2021-ABR | MJ | 19:00-21:30 | Adultos | GRUPO B | AULA VIRTUAL',19,264,3,2,35,'','2021-04-06','2021-04-27',1,15,70,0,1,0,1,0,0,0,'19:00:00','21:30:00',9,17,354),(465,'REG-VIR-BAS-4 | 2021-4 | MJ | 19:00-21:30 | Ad | A | AVIR','REGOLARE VIRTUAL BASE 04 | 2021-ABR | MJ | 19:00-21:30 | Adultos | GRUPO A | AULA VIRTUAL',19,266,2,2,31,'','2021-04-06','2021-04-27',1,15,70,0,1,0,1,0,0,0,'19:00:00','21:30:00',9,17,355),(466,'REG-VIR-BAS-4 | 2021-4 | MJ | 19:00-21:30 | Ad | B | AVIR','REGOLARE VIRTUAL BASE 04 | 2021-ABR | MJ | 19:00-21:30 | Adultos | GRUPO B | AULA VIRTUAL',19,266,3,2,7,'','2021-04-06','2021-04-27',1,15,70,0,1,0,1,0,0,0,'19:00:00','21:30:00',9,17,355),(467,'REG-VIR-BAS-7 | 2021-4 | MJ | 19:00-21:30 | Ad | - | AVIR','REGOLARE VIRTUAL BASE 07 | 2021-ABR | MJ | 19:00-21:30 | Adultos | GRUPO - | AULA VIRTUAL',19,269,1,2,32,'','2021-04-06','2021-04-27',1,15,70,0,1,0,1,0,0,0,'19:00:00','21:30:00',9,17,356),(468,'REG-VIR-BAS-8 | 2021-4 | MJ | 19:30-21:30 | Ad | - | AVIR','REGOLARE VIRTUAL BASE 08 | 2021-ABR | MJ | 19:30-21:30 | Adultos | GRUPO - | AULA VIRTUAL',19,270,1,2,28,'','2021-04-06','2021-04-27',1,15,70,0,1,0,1,0,0,0,'19:30:00','21:30:00',9,17,357),(469,'REG-VIR-BAS-10 | 2021-4 | MJ | 19:00-21:30 | Ad | - | AVIR','REGOLARE VIRTUAL BASE 10 | 2021-ABR | MJ | 19:00-21:30 | Adultos | GRUPO - | AULA VIRTUAL',19,272,1,2,41,'','2021-04-06','2021-04-27',1,15,70,0,1,0,1,0,0,0,'19:00:00','21:30:00',9,17,358),(470,'REG-VIR-ITM-1 | 2021-4 | MJ | 19:00-21:30 | Ad | - | AVIR','REGOLARE VIRTUAL INTERMEDIO 01 | 2021-ABR | MJ | 19:00-21:30 | Adultos | GRUPO - | AULA VIRTUAL',19,273,1,2,22,'','2021-04-06','2021-04-27',1,15,70,0,1,0,1,0,0,0,'19:00:00','21:30:00',9,17,359),(471,'REG-VIR-ITM-2 | 2021-4 | MJ | 19:00-21:30 | Ad | - | AVIR','REGOLARE VIRTUAL INTERMEDIO 02 | 2021-ABR | MJ | 19:00-21:30 | Adultos | GRUPO - | AULA VIRTUAL',19,274,1,2,39,'','2021-04-06','2021-04-27',1,15,70,0,1,0,1,0,0,0,'19:00:00','21:30:00',9,17,360),(472,'REG-VIR-ITM-4 | 2021-4 | MJ | 19:00-21:30 | Ad | - | AVIR','REGOLARE VIRTUAL INTERMEDIO 04 | 2021-ABR | MJ | 19:00-21:30 | Adultos | GRUPO - | AULA VIRTUAL',19,276,1,2,51,'','2021-04-06','2021-04-27',1,15,70,0,1,0,1,0,0,0,'19:00:00','21:30:00',9,17,361),(473,'REG-VIR-BAS-1 | 2021-4 | LX | 15:30-18:00 | Ad | A | AVIR','REGOLARE VIRTUAL BASE 01 | 2021-ABR | LX | 15:30-18:00 | Adultos | GRUPO A | AULA VIRTUAL',19,263,2,2,54,'','2021-04-07','2021-04-28',1,15,70,1,0,1,0,0,0,0,'15:30:00','18:00:00',9,17,362),(474,'REG-VIR-BAS-2 | 2021-4 | LX | 15:30-18:00 | Ad | - | AVIR','REGOLARE VIRTUAL BASE 02 | 2021-ABR | LX | 15:30-18:00 | Adultos | GRUPO - | AULA VIRTUAL',19,264,1,2,11,'','2021-04-07','2021-04-28',1,15,70,1,0,1,0,0,0,0,'15:30:00','18:00:00',9,17,363),(475,'REG-VIR-BAS-2 | 2021-4 | LX | 19:00-21:30 | Ad | A | AVIR','REGOLARE VIRTUAL BASE 02 | 2021-ABR | LX | 19:00-21:30 | Adultos | GRUPO A | AULA VIRTUAL',19,264,2,2,44,'','2021-04-07','2021-04-28',1,15,70,1,0,1,0,0,0,0,'19:00:00','21:30:00',9,17,364),(476,'REG-VIR-BAS-3 | 2021-4 | LX | 15:30-18:00 | Ad | - | AVIR','REGOLARE VIRTUAL BASE 03 | 2021-ABR | LX | 15:30-18:00 | Adultos | GRUPO - | AULA VIRTUAL',19,265,1,2,45,'','2021-04-07','2021-04-28',1,15,70,1,0,1,0,0,0,0,'15:30:00','18:00:00',9,17,365),(478,'REG-VIR-BAS-6 | 2021-4 | LX | 15:30-18:00 | Ad | - | AVIR','REGOLARE VIRTUAL BASE 06 | 2021-ABR | LX | 15:30-18:00 | Adultos | GRUPO - | AULA VIRTUAL',19,268,1,2,61,'','2021-04-07','2021-04-28',1,15,70,1,0,1,0,0,0,0,'15:30:00','18:00:00',9,17,367),(479,'REG-VIR-BAS-7 | 2021-4 | LX | 19:00-21:30 | Ad | - | AVIR','REGOLARE VIRTUAL BASE 07 | 2021-ABR | LX | 19:00-21:30 | Adultos | GRUPO - | AULA VIRTUAL',19,269,1,2,11,'','2021-04-07','2021-04-28',1,15,70,1,0,1,0,0,0,0,'19:00:00','21:30:00',9,17,368),(480,'REG-VIR-BAS-8 | 2021-4 | LX | 19:00-21:30 | Ad | - | AVIR','REGOLARE VIRTUAL BASE 08 | 2021-ABR | LX | 19:00-21:30 | Adultos | GRUPO - | AULA VIRTUAL',19,270,1,2,54,'','2021-04-07','2021-04-28',1,15,70,1,0,1,0,0,0,0,'19:00:00','21:30:00',9,17,369),(481,'REG-VIR-BAS-9 | 2021-4 | LX | 19:00-21:30 | Ad | - | AVIR','REGOLARE VIRTUAL BASE 09 | 2021-ABR | LX | 19:00-21:30 | Adultos | GRUPO - | AULA VIRTUAL',19,271,1,2,10,'','2021-04-07','2021-04-28',1,15,70,1,0,1,0,0,0,0,'19:00:00','21:30:00',9,17,370),(482,'REG-VIR-BAS-10 | 2021-4 | LX | 19:00-21:30 | Ad | - | AVIR','REGOLARE VIRTUAL BASE 10 | 2021-ABR | LX | 19:00-21:30 | Adultos | GRUPO - | AULA VIRTUAL',19,272,1,2,12,'','2021-04-07','2021-04-28',1,15,70,1,0,1,0,0,0,0,'19:00:00','21:30:00',9,17,371),(483,'REG-VIR-ITM-1 | 2021-4 | LX | 19:00-21:30 | Ad | A | AVIR','REGOLARE VIRTUAL INTERMEDIO 01 | 2021-ABR | LX | 19:00-21:30 | Adultos | GRUPO A | AULA VIRTUAL',19,273,2,2,28,'','2021-04-07','2021-04-28',1,15,70,1,0,1,0,0,0,0,'19:00:00','21:30:00',9,17,372),(484,'REG-VIR-ITM-1 | 2021-4 | LX | 19:00-21:30 | Ad | B | AVIR','REGOLARE VIRTUAL INTERMEDIO 01 | 2021-ABR | LX | 19:00-21:30 | Adultos | GRUPO B | AULA VIRTUAL',19,273,3,2,41,'','2021-04-07','2021-04-28',1,15,70,1,0,1,0,0,0,0,'19:00:00','21:30:00',9,17,372),(485,'REG-VIR-ITM-3 | 2021-4 | LX | 19:00-21:30 | Ad | - | AVIR','REGOLARE VIRTUAL INTERMEDIO 03 | 2021-ABR | LX | 19:00-21:30 | Adultos | GRUPO - | AULA VIRTUAL',19,275,1,2,56,'','2021-04-07','2021-04-28',1,15,70,1,0,1,0,0,0,0,'19:00:00','21:30:00',9,17,373),(486,'REG-VIR-ITM-5 | 2021-4 | LX | 19:00-21:30 | Ad | - | AVIR','REGOLARE VIRTUAL INTERMEDIO 05 | 2021-ABR | LX | 19:00-21:30 | Adultos | GRUPO - | AULA VIRTUAL',19,277,1,2,51,'','2021-04-07','2021-04-28',1,15,70,1,0,1,0,0,0,0,'19:00:00','21:30:00',9,17,374),(487,'REG-VIR-ITM-9 | 2021-4 | LX | 19:00-21:30 | Ad | - | AVIR','REGOLARE VIRTUAL INTERMEDIO 09 | 2021-ABR | LX | 19:00-21:30 | Adultos | GRUPO - | AULA VIRTUAL',19,281,1,2,52,'','2021-04-07','2021-04-28',1,15,70,1,0,1,0,0,0,0,'19:00:00','21:30:00',9,17,375),(491,'REG-VIR-BAS-1 | 2021-4 | LXV | 07:00-08:45 | Ad | A | AVIR','REGOLARE VIRTUAL BASE 01 | 2021-ABR | LXV | 07:00-08:45 | Adultos | GRUPO A | AULA VIRTUAL',19,263,2,2,43,'','2021-04-07','2021-04-28',1,15,70,1,0,1,0,1,0,0,'07:00:00','08:45:00',9,17,377),(492,'REG-VIR-BAS-1 | 2021-4 | LXV | 07:00-08:45 | Ad | B | AVIR','REGOLARE VIRTUAL BASE 01 | 2021-ABR | LXV | 07:00-08:45 | Adultos | GRUPO B | AULA VIRTUAL',19,263,3,2,47,'','2021-04-07','2021-04-28',1,15,70,1,0,1,0,1,0,0,'07:00:00','08:45:00',9,17,377),(493,'REG-VIR-BAS-1 | 2021-4 | LXV | 11:30-13:15 | Ad | - | AVIR','REGOLARE VIRTUAL BASE 01 | 2021-ABR | LXV | 11:30-13:15 | Adultos | GRUPO - | AULA VIRTUAL',19,263,1,2,43,'','2021-04-07','2021-04-28',1,15,70,1,0,1,0,1,0,0,'11:30:00','13:15:00',9,17,378),(494,'REG-VIR-BAS-2 | 2021-4 | LXV | 07:00-08:45 | Ad | A | AVIR','REGOLARE VIRTUAL BASE 02 | 2021-ABR | LXV | 07:00-08:45 | Adultos | GRUPO A | AULA VIRTUAL',19,264,2,2,38,'','2021-04-07','2021-04-28',1,15,70,1,0,1,0,1,0,0,'07:00:00','08:45:00',9,17,379),(495,'REG-VIR-BAS-2 | 2021-4 | LXV | 11:30-13:15 | Ad | - | AVIR','REGOLARE VIRTUAL BASE 02 | 2021-ABR | LXV | 11:30-13:15 | Adultos | GRUPO - | AULA VIRTUAL',19,264,1,2,57,'','2021-04-07','2021-04-28',1,15,70,1,0,1,0,1,0,0,'11:30:00','13:15:00',9,17,380),(496,'REG-VIR-BAS-3 | 2021-4 | LXV | 07:00-08:45 | Ad | A | AVIR','REGOLARE VIRTUAL BASE 03 | 2021-ABR | LXV | 07:00-08:45 | Adultos | GRUPO A | AULA VIRTUAL',19,265,2,2,6,'','2021-04-07','2021-04-28',1,15,70,1,0,1,0,1,0,0,'07:00:00','08:45:00',9,17,381),(497,'REG-VIR-BAS-3 | 2021-4 | LXV | 07:00-08:45 | Ad | B | AVIR','REGOLARE VIRTUAL BASE 03 | 2021-ABR | LXV | 07:00-08:45 | Adultos | GRUPO B | AULA VIRTUAL',19,265,3,2,57,'','2021-04-07','2021-04-28',1,15,70,1,0,1,0,1,0,0,'07:00:00','08:45:00',9,17,381),(498,'REG-VIR-BAS-3 | 2021-4 | LXV | 11:30-13:15 | Ad | - | AVIR','REGOLARE VIRTUAL BASE 03 | 2021-ABR | LXV | 11:30-13:15 | Adultos | GRUPO - | AULA VIRTUAL',19,265,1,2,47,'','2021-04-07','2021-04-28',1,15,70,1,0,1,0,1,0,0,'11:30:00','13:15:00',9,17,382),(499,'REG-VIR-BAS-4 | 2021-4 | LXV | 07:00-08:45 | Ad | - | AVIR','REGOLARE VIRTUAL BASE 04 | 2021-ABR | LXV | 07:00-08:45 | Adultos | GRUPO - | AULA VIRTUAL',19,266,1,2,7,'','2021-04-07','2021-04-28',1,15,70,1,0,1,0,1,0,0,'07:00:00','08:45:00',9,17,383),(501,'REG-VIR-BAS-5 | 2021-4 | LXV | 07:00-08:45 | Ad | - | AVIR','REGOLARE VIRTUAL BASE 05 | 2021-ABR | LXV | 07:00-08:45 | Adultos | GRUPO - | AULA VIRTUAL',19,267,1,2,35,'','2021-04-07','2021-04-28',1,15,70,1,0,1,0,1,0,0,'07:00:00','08:45:00',9,17,385),(502,'REG-VIR-BAS-6 | 2021-4 | LXV | 07:00-08:45 | Ad | A | AVIR','REGOLARE VIRTUAL BASE 06 | 2021-ABR | LXV | 07:00-08:45 | Adultos | GRUPO A | AULA VIRTUAL',19,268,2,2,22,'','2021-04-07','2021-04-28',1,15,70,1,0,1,0,1,0,0,'07:00:00','08:45:00',9,17,386),(504,'REG-VIR-BAS-7 | 2021-4 | LXV | 07:00-08:45 | Ad | - | AVIR','REGOLARE VIRTUAL BASE 07 | 2021-ABR | LXV | 07:00-08:45 | Adultos | GRUPO - | AULA VIRTUAL',19,269,1,2,61,'','2021-04-07','2021-04-28',1,15,70,1,0,1,0,1,0,0,'07:00:00','08:45:00',9,17,387),(505,'REG-VIR-BAS-8 | 2021-4 | LXV | 07:00-08:45 | Ad | - | AVIR','REGOLARE VIRTUAL BASE 08 | 2021-ABR | LXV | 07:00-08:45 | Adultos | GRUPO - | AULA VIRTUAL',19,270,1,2,10,'','2021-04-07','2021-04-28',1,15,70,1,0,1,0,1,0,0,'07:00:00','08:45:00',9,17,388),(506,'REG-VIR-BAS-9 | 2021-4 | LXV | 07:00-08:45 | Ad | - | AVIR','REGOLARE VIRTUAL BASE 09 | 2021-ABR | LXV | 07:00-08:45 | Adultos | GRUPO - | AULA VIRTUAL',19,271,1,2,16,'','2021-04-07','2021-04-28',1,15,70,1,0,1,0,1,0,0,'07:00:00','08:45:00',9,17,389),(508,'INT-VIR-ITM-4 | 2021-4 | LMXJV | 19:00-21:00 | Ad | B | AVIR','INTENSIVO VIRTUAL INTERMEDIO 04 | 2021-ABR | L-V | 19:00-21:00 | Adultos | GRUPO B | AULA VIRTUAL',19,257,3,2,15,'','2021-04-06','2021-04-28',1,15,70,1,1,1,1,1,0,0,'19:00:00','21:00:00',7,34,343),(509,'REG-VIR-BAS-1 | 2021-4 | S | 08:30-13:15 | Ad | A | AVIR','REGOLARE VIRTUAL BASE 01 | 2021-ABR | S | 08:30-13:15 | Adultos | GRUPO A | AULA VIRTUAL',19,263,2,2,45,'','2021-04-10','2021-05-08',1,15,70,0,0,0,0,0,1,0,'08:30:00','13:15:00',9,17,391),(510,'REG-VIR-BAS-1 | 2021-4 | S | 08:30-13:15 | Ad | B | AVIR','REGOLARE VIRTUAL BASE 01 | 2021-ABR | S | 08:30-13:15 | Adultos | GRUPO B | AULA VIRTUAL',19,263,3,2,39,'','2021-04-10','2021-05-08',1,15,70,0,0,0,0,0,1,0,'08:30:00','13:15:00',9,17,391),(511,'REG-VIR-BAS-1 | 2021-4 | S | 14:00-18:45 | Ad | A | AVIR','REGOLARE VIRTUAL BASE 01 | 2021-ABR | S | 14:00-18:45 | Adultos | GRUPO A | AULA VIRTUAL',19,263,2,2,57,'','2021-04-10','2021-05-08',1,15,70,0,0,0,0,0,1,0,'14:00:00','18:45:00',9,17,392),(512,'REG-VIR-BAS-1 | 2021-4 | S | 14:00-18:45 | Ad | B | AVIR','REGOLARE VIRTUAL BASE 01 | 2021-ABR | S | 14:00-18:45 | Adultos | GRUPO B | AULA VIRTUAL',19,263,3,2,42,'','2021-04-10','2021-05-08',1,15,70,0,0,0,0,0,1,0,'14:00:00','18:45:00',9,17,392),(513,'REG-VIR-BAS-2 | 2021-4 | S | 08:30-13:15 | Ad | A | AVIR','REGOLARE VIRTUAL BASE 02 | 2021-ABR | S | 08:30-13:15 | Adultos | GRUPO A | AULA VIRTUAL',19,264,2,2,16,'','2021-04-10','2021-05-08',1,15,70,0,0,0,0,0,1,0,'08:30:00','13:15:00',9,17,393),(515,'REG-VIR-BAS-3 | 2021-4 | S | 08:30-13:15 | Ad | - | AVIR','REGOLARE VIRTUAL BASE 03 | 2021-ABR | S | 08:30-13:15 | Adultos | GRUPO - | AULA VIRTUAL',19,265,1,2,20,'','2021-04-10','2021-05-08',1,15,70,0,0,0,0,0,1,0,'08:30:00','13:15:00',9,17,395),(516,'REG-VIR-BAS-4 | 2021-4 | S | 08:30-13:15 | Ad | A | AVIR','REGOLARE VIRTUAL BASE 04 | 2021-ABR | S | 08:30-13:15 | Adultos | GRUPO A | AULA VIRTUAL',19,266,2,2,11,'','2021-04-10','2021-05-08',1,15,70,0,0,0,0,0,1,0,'08:30:00','13:15:00',9,17,397),(517,'REG-VIR-BAS-6 | 2021-4 | S | 08:30-13:15 | Ad | - | AVIR','REGOLARE VIRTUAL BASE 06 | 2021-ABR | S | 08:30-13:15 | Adultos | GRUPO - | AULA VIRTUAL',19,268,1,2,12,'','2021-04-10','2021-05-08',1,15,70,0,0,0,0,0,1,0,'08:30:00','13:15:00',9,17,398),(518,'REG-VIR-BAS-8 | 2021-4 | S | 08:30-13:15 | Ad | A | AVIR','REGOLARE VIRTUAL BASE 08 | 2021-ABR | S | 08:30-13:15 | Adultos | GRUPO A | AULA VIRTUAL',19,270,2,2,37,'','2021-04-10','2021-05-08',1,15,70,0,0,0,0,0,1,0,'08:30:00','13:15:00',9,17,399),(519,'REG-VIR-BAS-8 | 2021-4 | S | 08:30-13:15 | Ad | B | AVIR','REGOLARE VIRTUAL BASE 08 | 2021-ABR | S | 08:30-13:15 | Adultos | GRUPO B | AULA VIRTUAL',19,270,3,2,54,'','2021-04-10','2021-05-08',1,15,70,0,0,0,0,0,1,0,'08:30:00','13:15:00',9,17,399),(520,'REG-VIR-ITM-8 | 2021-4 | S | 08:30-13:15 | Ad | - | AVIR','REGOLARE VIRTUAL INTERMEDIO 08 | 2021-ABR | S | 08:30-13:15 | Adultos | GRUPO - | AULA VIRTUAL',19,280,1,2,10,'','2021-04-10','2021-05-08',1,15,70,0,0,0,0,0,1,0,'08:30:00','13:15:00',9,17,400),(521,'REG-VIR-ADV-1 | 2021-4 | S | 08:30-13:15 | Ad | - | AVIR','REGOLARE VIRTUAL AVANZATO 01 | 2021-ABR | S | 08:30-13:15 | Adultos | GRUPO - | AULA VIRTUAL',19,283,1,2,52,'','2021-04-10','2021-05-08',1,15,70,0,0,0,0,0,1,0,'08:30:00','13:15:00',9,17,401),(522,'REG-VIR-ADV-3 | 2021-4 | S | 08:30-13:15 | Ad | A | AVIR','REGOLARE VIRTUAL AVANZATO 03 | 2021-ABR | S | 08:30-13:15 | Adultos | GRUPO A | AULA VIRTUAL',19,285,2,2,33,'','2021-04-10','2021-05-08',1,15,70,0,0,0,0,0,1,0,'08:30:00','13:15:00',9,17,402),(523,'REG-VIR-ADV-3 | 2021-4 | S | 08:30-13:15 | Ad | B | AVIR','REGOLARE VIRTUAL AVANZATO 03 | 2021-ABR | S | 08:30-13:15 | Adultos | GRUPO B | AULA VIRTUAL',19,285,3,2,5,'','2021-04-10','2021-05-08',1,15,70,0,0,0,0,0,1,0,'08:30:00','13:15:00',9,17,402),(524,'REG-VIR-BAS-4 | 2021-4 | S | 08:30-13:15 | Ad | B | AVIR','REGOLARE VIRTUAL BASE 04 | 2021-ABR | S | 08:30-13:15 | Adultos | GRUPO B | AULA VIRTUAL',19,266,3,2,21,'','2021-04-10','2021-05-08',1,15,70,0,0,0,0,0,1,0,'08:30:00','13:15:00',9,17,397),(525,'REG-VIR-BAS-2 | 2021-4 | S | 08:30-13:15 | Ad | B | AVIR','REGOLARE VIRTUAL BASE 02 | 2021-ABR | S | 08:30-13:15 | Adultos | GRUPO B | AULA VIRTUAL',19,264,3,2,57,'','2021-04-10','2021-05-08',1,15,70,0,0,0,0,0,1,0,'08:30:00','13:15:00',9,17,393);

--
-- Table structure for table `como_nos_conociste`
--

CREATE TABLE `como_nos_conociste` (
  `Id_cnq` int(15) NOT NULL AUTO_INCREMENT,
  `Abr_cnq` varchar(5) COLLATE utf8_spanish_ci DEFAULT NULL,
  `Des_cnq` varchar(100) COLLATE utf8_spanish_ci DEFAULT NULL,
  PRIMARY KEY (`Id_cnq`)
) ENGINE=InnoDB AUTO_INCREMENT=8 DEFAULT CHARSET=utf8 COLLATE=utf8_spanish_ci;

--
-- Dumping data for table `como_nos_conociste`
--

INSERT INTO `como_nos_conociste` (`Id_cnq`, `Abr_cnq`, `Des_cnq`) VALUES (1,'PER','PERIÓDICOS'),(2,'WEB','SITIO WEB'),(3,'AMI','AMIGOS'),(4,'FACE','FACEBOOK'),(5,'FAM','FAMILIAR'),(6,'OTRO','OTROS'),(7,'N/I','NO INFORMADO');

--
-- Table structure for table `condicion_detalle_de_cursos_prematricula`
--

CREATE TABLE `condicion_detalle_de_cursos_prematricula` (
  `Id_cond` int(15) NOT NULL AUTO_INCREMENT,
  `Abr_cond` varchar(6) COLLATE utf8_spanish_ci NOT NULL,
  `Des_cond` varchar(30) COLLATE utf8_spanish_ci NOT NULL,
  PRIMARY KEY (`Id_cond`)
) ENGINE=InnoDB AUTO_INCREMENT=9 DEFAULT CHARSET=utf8 COLLATE=utf8_spanish_ci;

--
-- Dumping data for table `condicion_detalle_de_cursos_prematricula`
--

INSERT INTO `condicion_detalle_de_cursos_prematricula` (`Id_cond`, `Abr_cond`, `Des_cond`) VALUES (1,'CUR','CURSANDO'),(2,'APRO','APROBADO'),(3,'DESA','DESAPROBADO'),(4,'DESI','DESAPROBADO POR INASISTENCIA'),(5,'RET','RETIRADO'),(6,'NOPAGO','NO PAGÓ'),(7,'APRS','APROBADO SECRETARÍA');

--
-- Table structure for table `convenios`
--

CREATE TABLE `convenios` (
  `Id_con` int(15) NOT NULL AUTO_INCREMENT,
  `Abr_con` varchar(6) CHARACTER SET utf8 COLLATE utf8_spanish_ci NOT NULL,
  `Des_con` varchar(75) CHARACTER SET utf8 COLLATE utf8_spanish_ci NOT NULL,
  `Sta_con` int(15) NOT NULL,
  `Dscto_con` decimal(15,2) DEFAULT NULL,
  `Not_con` varchar(1000) CHARACTER SET utf8 COLLATE utf8_spanish_ci DEFAULT NULL,
  PRIMARY KEY (`Id_con`),
  KEY `Sta_con` (`Sta_con`),
  CONSTRAINT `convenios_ibfk_1` FOREIGN KEY (`Sta_con`) REFERENCES `status_de_convenios` (`Id_sta`)
) ENGINE=InnoDB AUTO_INCREMENT=6 DEFAULT CHARSET=utf8;

--
-- Dumping data for table `convenios`
--

INSERT INTO `convenios` (`Id_con`, `Abr_con`, `Des_con`, `Sta_con`, `Dscto_con`, `Not_con`) VALUES (1,'S/C','SIN CONVENIO',1,0.00,''),(2,'XS.C.','CONVENIO CERO',2,0.00,'REGISTRO DE PRUEBA'),(4,'XBC100','BECA TOTAL',1,100.00,'Becas 100%'),(5,'XBC50','MEDIA BECA',1,50.00,'Becas 50 %');

--
-- Table structure for table `cursos`
--

CREATE TABLE `cursos` (
  `Id_cur` int(15) NOT NULL AUTO_INCREMENT,
  `Abr_cur` varchar(15) COLLATE utf8_spanish_ci NOT NULL,
  `Des_cur` varchar(75) COLLATE utf8_spanish_ci NOT NULL,
  `Niv_cur` int(20) NOT NULL,
  `Sniv_cur` int(10) NOT NULL,
  `Pre_cur` decimal(10,2) NOT NULL,
  `Mod_cur` int(15) NOT NULL,
  `HabCon_cur` int(1) NOT NULL,
  `Tip_cur` int(15) NOT NULL,
  `Not_cur` varchar(1000) COLLATE utf8_spanish_ci DEFAULT NULL,
  `Lib_cur` varchar(50) COLLATE utf8_spanish_ci DEFAULT NULL,
  `Und_cur` varchar(50) COLLATE utf8_spanish_ci DEFAULT NULL,
  `Sta_cur` int(15) NOT NULL,
  `HabPrma_cur` int(1) NOT NULL,
  `Stip_cur` int(15) NOT NULL,
  `SgteNivSni_cur` int(15) NOT NULL,
  PRIMARY KEY (`Id_cur`),
  KEY `Niv_cur` (`Niv_cur`),
  KEY `Mod_cur` (`Mod_cur`),
  KEY `Tip_cur` (`Tip_cur`),
  KEY `Sta_cur` (`Sta_cur`),
  KEY `Stip_cur` (`Stip_cur`),
  CONSTRAINT `cursos_ibfk_1` FOREIGN KEY (`Niv_cur`) REFERENCES `niveles_de_cursos` (`Id_niv`),
  CONSTRAINT `cursos_ibfk_2` FOREIGN KEY (`Mod_cur`) REFERENCES `modalidades_de_cursos` (`Id_mod`),
  CONSTRAINT `cursos_ibfk_3` FOREIGN KEY (`Tip_cur`) REFERENCES `tipos_de_cursos` (`Id_tip`),
  CONSTRAINT `cursos_ibfk_4` FOREIGN KEY (`Sta_cur`) REFERENCES `status_de_cursos` (`Id_sta`),
  CONSTRAINT `cursos_ibfk_5` FOREIGN KEY (`Stip_cur`) REFERENCES `subtipos_de_cursos` (`Id_stip`)
) ENGINE=InnoDB AUTO_INCREMENT=334 DEFAULT CHARSET=utf8 COLLATE=utf8_spanish_ci;

--
-- Dumping data for table `cursos`
--

INSERT INTO `cursos` (`Id_cur`, `Abr_cur`, `Des_cur`, `Niv_cur`, `Sniv_cur`, `Pre_cur`, `Mod_cur`, `HabCon_cur`, `Tip_cur`, `Not_cur`, `Lib_cur`, `Und_cur`, `Sta_cur`, `HabPrma_cur`, `Stip_cur`, `SgteNivSni_cur`) VALUES (1,'BASE','BASE',1,0,0.00,1,0,2,'','-','-',1,1,3,263),(193,'SIN-PRE-BAS-1','SUPER INTENSIVO PRESENCIAL BASE 01',1,1,0.00,3,1,1,'','ESPRESSO 1','(1-5)',1,1,3,194),(194,'SIN-PRE-BAS-2','SUPER INTENSIVO PRESENCIAL BASE 02',1,2,0.00,3,1,1,'','ESPRESSO 1','(6-10)',1,1,1,195),(195,'SIN-PRE-BAS-3','SUPER INTENSIVO PRESENCIAL BASE 03',1,3,0.00,3,1,1,'','ESPRESSO 2','(1-5)',1,1,1,196),(196,'SIN-PRE-BAS-4','SUPER INTENSIVO PRESENCIAL BASE 04',1,4,0.00,3,1,1,'','ESPRESSO 2','(6-10)',1,1,1,197),(197,'SIN-PRE-ITM-1','SUPER INTENSIVO PRESENCIAL INTERMEDIO 01',2,1,0.00,3,1,1,'','ESPRESSO 3','(1-5)',1,1,1,198),(198,'SIN-PRE-ITM-2','SUPER INTENSIVO PRESENCIAL INTERMEDIO 02',2,2,0.00,3,1,1,'','ESPRESSO 3','(6-10)',1,1,1,199),(199,'SIN-PRE-ITM-3','SUPER INTENSIVO PRESENCIAL INTERMEDIO 03',2,3,0.00,3,1,1,'','MAGARI B2','(1-5)',1,1,1,200),(200,'SIN-PRE-ITM-4','SUPER INTENSIVO PRESENCIAL INTERMEDIO 04',2,4,0.00,3,1,1,'','MAGARI B2','(6-9)',1,1,1,293),(201,'INT-PRE-BAS-1','INTENSIVO PRESENCIAL BASE 01',1,1,0.00,2,1,1,'','ESPRESSO 1','(1-4)',1,1,3,202),(202,'INT-PRE-BAS-2','INTENSIVO PRESENCIAL BASE 02',1,2,0.00,2,1,1,'','ESPRESSO 1','(5-8)',1,1,1,203),(203,'INT-PRE-BAS-3','INTENSIVO PRESENCIAL BASE 03',1,3,0.00,2,1,1,'','ESPRESSO 1 / ESPRESSO 2','(9-10 / 1-2)',1,1,1,204),(204,'INT-PRE-BAS-4','INTENSIVO PRESENCIAL BASE 04',1,4,0.00,2,1,1,'','ESPRESSO 2','(3-6)',1,1,1,205),(205,'INT-PRE-BAS-5','INTENSIVO PRESENCIAL BASE 05',1,5,0.00,2,1,1,'','ESPRESSO 2','(7-10)',1,1,1,206),(206,'INT-PRE-ITM-1','INTENSIVO PRESENCIAL INTERMEDIO 01',2,1,0.00,2,1,1,'','ESPRESSO 3','(1-4)',1,1,1,207),(207,'INT-PRE-ITM-2','INTENSIVO PRESENCIAL INTERMEDIO 02',2,2,0.00,2,1,1,'','ESPRESSO 3','(5-8)',1,1,1,208),(208,'INT-PRE-ITM-3','INTENSIVO PRESENCIAL INTERMEDIO 03',2,3,0.00,2,1,1,'','ESPRESSO 3 /MAGARI B2','(9-10 / 1-2)',1,1,1,209),(209,'INT-PRE-ITM-4','INTENSIVO PRESENCIAL INTERMEDIO 04',2,4,0.00,2,1,1,'','MAGARI B2','(3-6)',1,1,1,210),(210,'INT-PRE-ITM-5','INTENSIVO PRESENCIAL INTERMEDIO 05',2,5,0.00,2,1,1,'','MAGARI B2','(6-9)',1,1,1,211),(211,'INT-PRE-ADV-1','INTENSIVO PRESENCIAL AVANZATO 01',3,1,0.00,2,1,1,'','MAGARI C1/C2','(10-12)',1,1,1,212),(212,'INT-PRE-ADV-2','INTENSIVO PRESENCIAL AVANZATO 02',3,2,0.00,2,1,1,'','MAGARI C1/C2','(13-15)',1,1,1,213),(213,'INT-PRE-ADV-3','INTENSIVO PRESENCIAL AVANZATO 03',3,3,0.00,2,1,1,'','MAGARI C1/C2','(16-18)',1,1,1,214),(214,'INT-PRE-ADV-4','INTENSIVO PRESENCIAL AVANZATO 04',3,4,0.00,2,1,1,'','MAGARI C1/C2','(19-21)',1,1,1,293),(215,'REG-PRE-BAS-1','REGOLARE PRESENCIAL BASE 01',1,1,0.00,1,1,1,'','ESPRESSO 1','(1-2)',1,1,3,216),(216,'REG-PRE-BAS-2','REGOLARE PRESENCIAL BASE 02',1,2,0.00,1,1,1,'','ESPRESSO 1','(3-4)',1,1,1,217),(217,'REG-PRE-BAS-3','REGOLARE PRESENCIAL BASE 03',1,3,0.00,1,1,1,'','ESPRESSO 1','(5-6)',1,1,1,218),(218,'REG-PRE-BAS-4','REGOLARE PRESENCIAL BASE 04',1,4,0.00,1,1,1,'','ESPRESSO 1','(7-8)',1,1,1,219),(219,'REG-PRE-BAS-5','REGOLARE PRESENCIAL BASE 05',1,5,0.00,1,1,1,'','ESPRESSO 1','(9-10)',1,1,1,220),(220,'REG-PRE-BAS-6','REGOLARE PRESENCIAL BASE 06',1,6,0.00,1,1,1,'','ESPRESSO 2','(1-2)',1,1,1,221),(221,'REG-PRE-BAS-7','REGOLARE PRESENCIAL BASE 07',1,7,0.00,1,1,1,'','ESPRESSO 2','(3-4)',1,1,1,222),(222,'REG-PRE-BAS-8','REGOLARE PRESENCIAL BASE 08',1,8,0.00,1,1,1,'','ESPRESSO 2','(5-6)',1,1,1,223),(223,'REG-PRE-BAS-9','REGOLARE PRESENCIAL BASE 09',1,9,0.00,1,1,1,'','ESPRESSO 2','(7-8)',1,1,1,224),(224,'REG-PRE-BAS-10','REGOLARE PRESENCIAL BASE 10',1,10,0.00,1,1,1,'','ESPRESSO 2','(9-10)',1,1,1,225),(225,'REG-PRE-ITM-1','REGOLARE PRESENCIAL INTERMEDIO 01',2,1,0.00,1,1,1,'','ESPRESSO 3','(1-2)',1,1,1,226),(226,'REG-PRE-ITM-2','REGOLARE PRESENCIAL INTERMEDIO 02',2,2,0.00,1,1,1,'','ESPRESSO 3','(3-4)',1,1,1,227),(227,'REG-PRE-ITM-3','REGOLARE PRESENCIAL INTERMEDIO 03',2,3,0.00,1,1,1,'','ESPRESSO 3','(5-6)',1,1,1,228),(228,'REG-PRE-ITM-4','REGOLARE PRESENCIAL INTERMEDIO 04',2,4,0.00,1,1,1,'','ESPRESSO 3','(7-8)',1,1,1,229),(229,'REG-PRE-ITM-5','REGOLARE PRESENCIAL INTERMEDIO 05',2,5,0.00,1,1,1,'','ESPRESSO 3','(9-10)',1,1,1,230),(230,'REG-PRE-ITM-6','REGOLARE PRESENCIAL INTERMEDIO 06',2,6,0.00,1,1,1,'','MAGARI B2','(1-2)',1,1,1,231),(231,'REG-PRE-ITM-7','REGOLARE PRESENCIAL INTERMEDIO 07',2,7,0.00,1,1,1,'','MAGARI B2','(3-4)',1,1,1,232),(232,'REG-PRE-ITM-8','REGOLARE PRESENCIAL INTERMEDIO 08',2,8,0.00,1,1,1,'','MAGARI B2','(5-6)',1,1,1,233),(233,'REG-PRE-ITM-9','REGOLARE PRESENCIAL INTERMEDIO 09',2,9,0.00,1,1,1,'','MAGARI B2','(7-8)',1,1,1,234),(234,'REG-PRE-ITM-10','REGOLARE PRESENCIAL INTERMEDIO 10',2,10,0.00,1,1,1,'','MAGARI B2','(9)',1,1,1,235),(235,'REG-PRE-ADV-1','REGOLARE PRESENCIAL AVANZATO 01',3,1,0.00,1,1,1,'','MAGARI C1/C2','(10-11)',1,1,1,236),(236,'REG-PRE-ADV-2','REGOLARE PRESENCIAL AVANZATO 02',3,2,0.00,1,1,1,'','MAGARI C1/C2','(12-13)',1,1,1,237),(237,'REG-PRE-ADV-3','REGOLARE PRESENCIAL AVANZATO 03',3,3,0.00,1,1,1,'','MAGARI C1/C2','(14-15)',1,1,1,238),(238,'REG-PRE-ADV-4','REGOLARE PRESENCIAL AVANZATO 04',3,4,0.00,1,1,1,'','MAGARI C1/C2','(16-17)',1,1,1,239),(239,'REG-PRE-ADV-5','REGOLARE PRESENCIAL AVANZATO 05',3,5,0.00,1,1,1,'','MAGARI C1/C2','(18-19)',1,1,1,240),(240,'REG-PRE-ADV-6','REGOLARE PRESENCIAL AVANZATO 06',3,6,0.00,1,1,1,'','MAGARI C1/C2','(20-21)',1,1,1,293),(241,'SIN-VIR-BAS-1','SUPER INTENSIVO VIRTUAL BASE 01',1,1,360.00,3,0,2,'','ESPRESSO 1','(1-5)',1,1,3,242),(242,'SIN-VIR-BAS-2','SUPER INTENSIVO VIRTUAL BASE 02',1,2,360.00,3,0,2,'','ESPRESSO 1','(6-10)',1,1,1,243),(243,'SIN-VIR-BAS-3','SUPER INTENSIVO VIRTUAL BASE 03',1,3,360.00,3,0,2,'','ESPRESSO 2','(1-5)',1,1,1,244),(244,'SIN-VIR-BAS-4','SUPER INTENSIVO VIRTUAL BASE 04',1,4,360.00,3,0,2,'','ESPRESSO 2','(6-10)',1,1,1,245),(245,'SIN-VIR-ITM-1','SUPER INTENSIVO VIRTUAL INTERMEDIO 01',2,1,360.00,3,0,2,'','ESPRESSO 3','(1-5)',1,1,1,246),(246,'SIN-VIR-ITM-2','SUPER INTENSIVO VIRTUAL INTERMEDIO 02',2,2,360.00,3,0,2,'','ESPRESSO 3','(6-10)',1,1,1,247),(247,'SIN-VIR-ITM-3','SUPER INTENSIVO VIRTUAL INTERMEDIO 03',2,3,360.00,3,0,2,'','MAGARI B2','(1-5)',1,1,1,248),(248,'SIN-VIR-ITM-4','SUPER INTENSIVO VIRTUAL INTERMEDIO 04',2,4,360.00,3,0,2,'','MAGARI B2','(6-9)',1,1,1,1),(249,'INT-VIR-BAS-1','INTENSIVO VIRTUAL BASE 01',1,1,300.00,2,0,2,'','ESPRESSO 1','(1-4)',1,1,3,250),(250,'INT-VIR-BAS-2','INTENSIVO VIRTUAL BASE 02',1,2,300.00,2,0,2,'','ESPRESSO 1','(5-8)',1,1,1,251),(251,'INT-VIR-BAS-3','INTENSIVO VIRTUAL BASE 03',1,3,300.00,2,0,2,'','ESPRESSO 1 / ESPRESSO 2','(9-10 / 1-2)',1,1,1,252),(252,'INT-VIR-BAS-4','INTENSIVO VIRTUAL BASE 04',1,4,300.00,2,0,2,'','ESPRESSO 2','(3-6)',1,1,1,253),(253,'INT-VIR-BAS-5','INTENSIVO VIRTUAL BASE 05',1,5,300.00,2,0,2,'','ESPRESSO 2','(7-10)',1,1,1,254),(254,'INT-VIR-ITM-1','INTENSIVO VIRTUAL INTERMEDIO 01',2,1,300.00,2,0,2,'','ESPRESSO 3','(1-4)',1,1,1,255),(255,'INT-VIR-ITM-2','INTENSIVO VIRTUAL INTERMEDIO 02',2,2,300.00,2,0,2,'','ESPRESSO 3','(5-8)',1,1,1,256),(256,'INT-VIR-ITM-3','INTENSIVO VIRTUAL INTERMEDIO 03',2,3,300.00,2,0,2,'','ESPRESSO 3 /MAGARI B2','(9-10 / 1-2)',1,1,1,257),(257,'INT-VIR-ITM-4','INTENSIVO VIRTUAL INTERMEDIO 04',2,4,300.00,2,0,2,'','MAGARI B2','(3-6)',1,1,1,258),(258,'INT-VIR-ITM-5','INTENSIVO VIRTUAL INTERMEDIO 05',2,5,300.00,2,0,2,'','MAGARI B2','(6-9)',1,1,1,259),(259,'INT-VIR-ADV-1','INTENSIVO VIRTUAL AVANZATO 01',3,1,290.00,2,0,2,'','MAGARI C1/C2','(10-12)',1,1,1,260),(260,'INT-VIR-ADV-2','INTENSIVO VIRTUAL AVANZATO 02',3,2,290.00,2,0,2,'','MAGARI C1/C2','(13-15)',1,1,1,261),(261,'INT-VIR-ADV-3','INTENSIVO VIRTUAL AVANZATO 03',3,3,290.00,2,0,2,'','MAGARI C1/C2','(16-18)',1,1,1,262),(262,'INT-VIR-ADV-4','INTENSIVO VIRTUAL AVANZATO 04',3,4,290.00,2,0,2,'','MAGARI C1/C2','(19-21)',1,1,1,1),(263,'REG-VIR-BAS-1','REGOLARE VIRTUAL BASE 01',1,1,180.00,1,0,2,'','ESPRESSO 1','(1-2)',1,1,3,264),(264,'REG-VIR-BAS-2','REGOLARE VIRTUAL BASE 02',1,2,180.00,1,0,2,'','ESPRESSO 1','(3-4)',1,1,1,265),(265,'REG-VIR-BAS-3','REGOLARE VIRTUAL BASE 03',1,3,180.00,1,0,2,'','ESPRESSO 1','(5-6)',1,1,1,266),(266,'REG-VIR-BAS-4','REGOLARE VIRTUAL BASE 04',1,4,180.00,1,0,2,'','ESPRESSO 1','(7-8)',1,1,1,267),(267,'REG-VIR-BAS-5','REGOLARE VIRTUAL BASE 05',1,5,180.00,1,0,2,'','ESPRESSO 1','(9-10)',1,1,1,268),(268,'REG-VIR-BAS-6','REGOLARE VIRTUAL BASE 06',1,6,180.00,1,0,2,'','ESPRESSO 2','(1-2)',1,1,1,269),(269,'REG-VIR-BAS-7','REGOLARE VIRTUAL BASE 07',1,7,180.00,1,0,2,'','ESPRESSO 2','(3-4)',1,1,1,270),(270,'REG-VIR-BAS-8','REGOLARE VIRTUAL BASE 08',1,8,180.00,1,0,2,'','ESPRESSO 2','(5-6)',1,1,1,271),(271,'REG-VIR-BAS-9','REGOLARE VIRTUAL BASE 09',1,9,180.00,1,0,2,'','ESPRESSO 2','(7-8)',1,1,1,272),(272,'REG-VIR-BAS-10','REGOLARE VIRTUAL BASE 10',1,10,180.00,1,0,2,'','ESPRESSO 2','(9-10)',1,1,1,273),(273,'REG-VIR-ITM-1','REGOLARE VIRTUAL INTERMEDIO 01',2,1,180.00,1,0,2,'','ESPRESSO 3','(1-2)',1,1,1,274),(274,'REG-VIR-ITM-2','REGOLARE VIRTUAL INTERMEDIO 02',2,2,180.00,1,0,2,'','ESPRESSO 3','(3-4)',1,1,1,275),(275,'REG-VIR-ITM-3','REGOLARE VIRTUAL INTERMEDIO 03',2,3,180.00,1,0,2,'','ESPRESSO 3','(5-6)',1,1,1,276),(276,'REG-VIR-ITM-4','REGOLARE VIRTUAL INTERMEDIO 04',2,4,180.00,1,0,2,'','ESPRESSO 3','(7-8)',1,1,1,277),(277,'REG-VIR-ITM-5','REGOLARE VIRTUAL INTERMEDIO 05',2,5,180.00,1,0,2,'','ESPRESSO 3','(9-10)',1,1,1,278),(278,'REG-VIR-ITM-6','REGOLARE VIRTUAL INTERMEDIO 06',2,6,180.00,1,0,2,'','MAGARI B2','(1-2)',1,1,1,279),(279,'REG-VIR-ITM-7','REGOLARE VIRTUAL INTERMEDIO 07',2,7,180.00,1,0,2,'','MAGARI B2','(3-4)',1,1,1,280),(280,'REG-VIR-ITM-8','REGOLARE VIRTUAL INTERMEDIO 08',2,8,180.00,1,0,2,'','MAGARI B2','(5-6)',1,1,1,281),(281,'REG-VIR-ITM-9','REGOLARE VIRTUAL INTERMEDIO 09',2,9,180.00,1,0,2,'','MAGARI B2','(7-8)',1,1,1,282),(282,'REG-VIR-ITM-10','REGOLARE VIRTUAL INTERMEDIO 10',2,10,180.00,1,0,2,'','MAGARI B2','(9)',1,1,1,283),(283,'REG-VIR-ADV-1','REGOLARE VIRTUAL AVANZATO 01',3,1,180.00,1,0,2,'','MAGARI C1/C2','(10-11)',1,1,1,284),(284,'REG-VIR-ADV-2','REGOLARE VIRTUAL AVANZATO 02',3,2,180.00,1,0,2,'','MAGARI C1/C2','(12-13)',1,1,1,285),(285,'REG-VIR-ADV-3','REGOLARE VIRTUAL AVANZATO 03',3,3,180.00,1,0,2,'','MAGARI C1/C2','(14-15)',1,1,1,286),(286,'REG-VIR-ADV-4','REGOLARE VIRTUAL AVANZATO 04',3,4,180.00,1,0,2,'','MAGARI C1/C2','(16-17)',1,1,1,287),(287,'REG-VIR-ADV-5','REGOLARE VIRTUAL AVANZATO 05',3,5,180.00,1,0,2,'','MAGARI C1/C2','(18-19)',1,1,1,288),(288,'REG-VIR-ADV-6','REGOLARE VIRTUAL AVANZATO 06',3,6,180.00,1,0,2,'','MAGARI C1/C2','(20-21)',1,1,1,1),(293,'BAM VIR L1-1','BAMBINI VIRTUALE LIBRO 1 - 1',4,1,290.00,6,0,2,'','LIBRO 1 ','1',1,1,3,294),(294,'BAM VIR L1-2','BAMBINI VIRTUALE LIBRO 1 - 2',4,2,290.00,6,0,2,'','LIBRO 1 ','2',1,1,1,295),(295,'BAM VIR L1-3','BAMBINI VIRTUALE LIBRO 1 - 3',4,3,290.00,6,0,2,'','LIBRO 1 ','3',1,1,1,296),(296,'BAM VIR L1-4','BAMBINI VIRTUALE LIBRO 1 - 4',4,4,290.00,6,0,2,'','LIBRO 1 ','4',1,1,1,297),(297,'BAM VIR 1-5','BAMBINI VIRTUALE LIBRO 1 - 5',4,5,290.00,6,0,2,'','LIBRO 1 ','5',1,1,1,298),(298,'BAM VIR L1-6','BAMBINI VIRTUALE LIBRO 1 - 6',4,6,290.00,6,0,2,'','LIBRO 1 ','6',1,1,1,299),(299,'BAM VIR L2-1','BAMBINI VIRTUALE LIBRO 2 - 1',5,1,290.00,6,0,2,'','LIBRO 2','1',1,1,1,300),(300,'BAM VIR L2-2','BAMBINI VIRTUALE LIBRO 2 - 2',5,2,290.00,6,0,2,'','LIBRO 2','2',1,1,1,301),(301,'BAM VIR L2-3','BAMBINI VIRTUALE LIBRO 2 - 3',5,3,290.00,6,0,2,'','LIBRO 2','3',1,1,1,302),(302,'BAM VIR L2-4','BAMBINI VIRTUALE LIBRO 2 - 4',5,4,290.00,6,0,2,'','LIBRO 2','4',1,1,1,303),(303,'BAM VIR L2-5','BAMBINI VIRTUALE LIBRO 2 - 5',5,5,290.00,6,0,2,'','LIBRO 2','5',1,1,1,304),(304,'BAM VIR L2-6','BAMBINI VIRTUALE LIBRO 2 - 6',5,6,290.00,6,0,2,'','LIBRO 2','6',1,1,1,322),(305,'RAG VIR L1-1','RAGAZZI VIRTUALE LIBRO 1 - 1',4,1,290.00,7,0,2,'','LIBRO 1 ','1',1,1,3,306),(306,'RAG VIR L1-2','RAGAZZI VIRTUALE LIBRO 1 - 2',4,2,290.00,7,0,2,'','LIBRO 1','2',1,1,1,307),(307,'RAG VIR L1-3','RAGAZZI VIRTUALE LIBRO 1 - 3',4,3,290.00,7,0,2,'','LIBRO 1 ','3',1,1,1,308),(308,'RAG VIR L1-4','RAGAZZI VIRTUALE LIBRO 1 - 4',4,4,290.00,7,0,2,'','LIBRO 1 ','4',1,1,1,309),(309,'RAG VIR L1-5','RAGAZZI VIRTUALE LIBRO 1 - 5',4,5,290.00,7,0,2,'','LIBRO 1 ','5',1,1,1,310),(310,'RAG VIR L1-6','RAGAZZI VIRTUALE LIBRO 1 - 6',4,6,290.00,7,0,2,'','LIBRO 1 ','6',1,1,1,311),(311,'RAG VIR L2-1','RAGAZZI VIRTUALE LIBRO 2 - 1',5,1,290.00,7,0,2,'','LIBRO 2','1',1,1,1,312),(312,'RAG VIR L2-2','RAGAZZI VIRTUALE LIBRO 2 - 2',5,2,290.00,7,0,2,'','LIBRO 2','2',1,1,1,313),(313,'RAG VIR L2-3','RAGAZZI VIRTUALE LIBRO 2 - 3',5,3,290.00,7,0,2,'','LIBRO 2','3',1,1,1,314),(314,'RAG VIR L2-4','RAGAZZI VIRTUALE LIBRO 2 - 4',5,4,290.00,7,0,2,'','LIBRO 2','4',1,1,1,315),(315,'RAG VIR L2-5','RAGAZZI VIRTUALE LIBRO 2 - 5',5,5,290.00,7,0,2,'','LIBRO 2','5',1,1,1,316),(316,'RAG VIR L2-6','RAGAZZI VIRTUALE LIBRO 2 - 6',5,6,290.00,7,0,2,'','LIBRO 2','6',1,1,1,329),(317,'BAM VIR L3-6','BAMBINI VIRTUALE LIBRO 3 - 6',6,6,290.00,6,0,2,'','LIBRO 3','6',1,1,1,293),(318,'BAM VIR L3-5','BAMBINI VIRTUALE LIBRO 3 - 5',6,5,290.00,6,0,2,'','LIBRO 3','5',1,1,1,317),(319,'BAM VIR L3-4','BAMBINI VIRTUALE LIBRO 3 - 4',6,4,290.00,6,0,2,'','LIBRO 3','4',1,1,1,318),(320,'BAM VIR L3-3','BAMBINI VIRTUALE LIBRO 3 - 3',6,3,290.00,6,0,2,'','LIBRO 3','3',1,1,1,319),(321,'BAM VIR L3-2','BAMBINI VIRTUALE LIBRO 3 - 2',6,2,290.00,6,0,2,'','LIBRO 3','2',1,1,1,320),(322,'BMB VIR L3-1','BAMBINI VIRTUALE LIBRO 3 - 1',6,1,290.00,6,0,2,'','LIBRO 3','1',1,1,1,321),(323,'RAG VIR L3-6','RAGAZZI VIRTUALE LIBRO 3 - 6',6,6,290.00,7,0,2,'','LIBRO 3','6',1,1,1,305),(324,'RAG VIR L3-5','RAGAZZI VIRTUALE LIBRO 3 - 5',6,5,290.00,7,0,2,'','LIBRO 3','5',1,1,1,323),(326,'RAG VIR L3-4','RAGAZZI VIRTUALE LIBRO 3 - 4',6,4,290.00,7,0,2,'','LIBRO 3','4',1,1,1,324),(327,'RAG VIR L3-3','RAGAZZI VIRTUALE LIBRO 3 - 3',6,3,290.00,7,0,2,'','LIBRO 3','3',1,1,1,326),(328,'RAG VIR L3-2','RAGAZZI VIRTUALE LIBRO 3 - 2',6,2,290.00,7,0,2,'','LIBRO 3','2',1,1,1,327),(329,'RAG VIR L3-1','RAGAZZI VIRTUALE LIBRO 3 - 1',6,1,290.00,7,0,2,'','LIBRO 3','1',1,1,1,328),(330,'CONVERSA','CORSO DI CONVERSAZIONE E CULTURA ITALIANA',2,1,210.00,4,0,2,'','','',1,1,2,330),(331,'GRAMMA','GRAMMATICA E FONETICA',2,1,210.00,4,0,2,'','','',1,1,2,331);

--
-- Table structure for table `cursos_prematricula`
--

CREATE TABLE `cursos_prematricula` (
  `Id_cprm` int(15) NOT NULL AUTO_INCREMENT,
  `Fin_cprm` date NOT NULL,
  `Ffi_cprm` date NOT NULL,
  `Cur_cprm` int(15) NOT NULL,
  `Cic_cprm` int(15) NOT NULL,
  `Des_cprm` varchar(255) COLLATE utf8_spanish_ci DEFAULT NULL,
  `EdadMin_cprm` int(2) DEFAULT NULL,
  `EdadMax_cprm` int(2) DEFAULT NULL,
  `Hin_cprm` time DEFAULT NULL,
  `Hfi_cprm` time DEFAULT NULL,
  `Lun_cprm` int(1) DEFAULT NULL,
  `Mar_cprm` int(1) DEFAULT NULL,
  `Mie_cprm` int(1) DEFAULT NULL,
  `Jue_cprm` int(1) DEFAULT NULL,
  `Vie_cprm` int(1) DEFAULT NULL,
  `Sab_cprm` int(1) DEFAULT NULL,
  `Dom_cprm` int(1) DEFAULT NULL,
  `FyHPag_cprm` datetime DEFAULT NULL,
  `Fic_cprm` date DEFAULT NULL,
  `Ffc_cprm` date DEFAULT NULL,
  `Hor_cprm` int(5) DEFAULT NULL,
  `Fno_cprm` int(15) DEFAULT NULL,
  PRIMARY KEY (`Id_cprm`),
  KEY `Cur_prma` (`Cur_cprm`),
  KEY `Cic_prma` (`Cic_cprm`),
  KEY `Fno_cprm` (`Fno_cprm`),
  CONSTRAINT `cursos_prematricula_ibfk_1` FOREIGN KEY (`Cur_cprm`) REFERENCES `cursos` (`Id_cur`),
  CONSTRAINT `cursos_prematricula_ibfk_2` FOREIGN KEY (`Cic_cprm`) REFERENCES `ciclos` (`Id_cic`),
  CONSTRAINT `cursos_prematricula_ibfk_3` FOREIGN KEY (`Fno_cprm`) REFERENCES `formula_clases_notas` (`Id_fno`)
) ENGINE=InnoDB AUTO_INCREMENT=512 DEFAULT CHARSET=utf8 COLLATE=utf8_spanish_ci;

--
-- Dumping data for table `cursos_prematricula`
--

INSERT INTO `cursos_prematricula` (`Id_cprm`, `Fin_cprm`, `Ffi_cprm`, `Cur_cprm`, `Cic_cprm`, `Des_cprm`, `EdadMin_cprm`, `EdadMax_cprm`, `Hin_cprm`, `Hfi_cprm`, `Lun_cprm`, `Mar_cprm`, `Mie_cprm`, `Jue_cprm`, `Vie_cprm`, `Sab_cprm`, `Dom_cprm`, `FyHPag_cprm`, `Fic_cprm`, `Ffc_cprm`, `Hor_cprm`, `Fno_cprm`) VALUES (10,'2021-01-01','2021-01-05',241,16,'SUPER INTENSIVO VIRTUAL BASE 1 | 2021-ENE | L-V | 09:30-12:30',15,70,'09:30:00','12:30:00',1,1,1,1,1,0,0,'2021-01-06 00:00:00','2021-01-05','2021-01-25',0,1),(11,'2021-01-01','2021-01-05',242,16,'SUPER INTENSIVO VIRTUAL BASE 2 | 2021-ENE | L-V | 09:30-12:30',15,70,'09:30:00','12:30:00',1,1,1,1,1,0,0,'2021-01-06 00:00:00','2021-01-05','2021-01-25',0,1),(12,'2021-01-01','2021-01-05',243,16,'SUPER INTENSIVO VIRTUAL BASE 3 | 2021-ENE | L-V | 09:30-12:30',15,70,'09:30:00','12:30:00',1,1,1,1,1,0,0,'2021-01-06 00:00:00','2021-01-05','2021-01-25',0,1),(13,'2021-01-01','2021-01-05',244,16,'SUPER INTENSIVO VIRTUAL BASE 4 | 2021-ENE | L-V | 09:30-12:30',15,70,'09:30:00','12:30:00',1,1,1,1,1,0,0,'2021-01-06 00:00:00','2021-01-05','2021-01-25',0,1),(14,'2021-01-01','2021-01-05',245,16,'SUPER INTENSIVO VIRTUAL INTERMEDIO 1 | 2021-ENE | L-V | 09:30-12:30',15,70,'09:30:00','12:30:00',1,1,1,1,1,0,0,'2021-01-06 00:00:00','2021-01-05','2021-01-25',0,1),(15,'2021-01-01','2021-01-05',249,16,'INTENSIVO VIRTUAL BASE 1 | 2021-ENE | L-V | 07:00-09:00',15,70,'07:00:00','09:00:00',1,1,1,1,1,0,0,'2021-01-06 00:00:00','2021-01-05','2021-01-27',0,1),(16,'2021-01-01','2021-01-05',249,16,'INTENSIVO VIRTUAL BASE 1 | 2021-ENE | L-V | 09:30-11:30',15,70,'09:30:00','11:30:00',1,1,1,1,1,0,0,'2021-01-06 00:00:00','2021-01-05','2021-01-27',0,1),(17,'2021-01-01','2021-01-05',249,16,'INTENSIVO VIRTUAL BASE 1 | 2021-ENE | L-V | 14:00-16:00',15,70,'14:00:00','16:00:00',1,1,1,1,1,0,0,'2021-01-06 00:00:00','2021-01-05','2021-01-27',0,1),(18,'2021-01-01','2021-01-05',249,16,'INTENSIVO VIRTUAL BASE 1 | 2021-ENE | L-V | 16:30-18:30',15,70,'16:30:00','18:30:00',1,1,1,1,1,0,0,'2021-01-06 00:00:00','2021-01-05','2021-01-27',0,1),(19,'2021-01-01','2021-01-05',250,16,'INTENSIVO VIRTUAL BASE 2 | 2021-ENE | L-V | 07:00-09:00',15,70,'07:00:00','09:00:00',1,1,1,1,1,0,0,'2021-01-06 00:00:00','2021-01-05','2021-01-27',0,1),(20,'2021-01-01','2021-01-05',250,16,'INTENSIVO VIRTUAL BASE 2 | 2021-ENE | L-V | 16:30-18:30',15,70,'16:30:00','18:30:00',1,1,1,1,1,0,0,'2021-01-06 00:00:00','2021-01-05','2021-01-27',0,1),(21,'2021-01-01','2021-01-31',251,16,'INTENSIVO VIRTUAL BASE 3 | 2021-ENE | L-V | 11:00-13:00',15,70,'11:00:00','13:00:00',1,1,1,1,1,0,0,'2021-01-06 00:00:00','2021-01-05','2021-01-27',0,1),(22,'2021-01-01','2021-01-31',251,16,'INTENSIVO VIRTUAL BASE 3 | 2021-ENE | L-V | 14:00-16:00',15,70,'14:00:00','16:00:00',1,1,1,1,1,0,0,'2021-01-06 00:00:00','2021-01-05','2021-01-27',0,1),(23,'2021-01-01','2021-01-31',251,16,'INTENSIVO VIRTUAL BASE 3 | 2021-ENE | L-V | 16:30-18:30',15,70,'16:30:00','18:30:00',1,1,1,1,1,0,0,'2021-01-06 00:00:00','2021-01-05','2021-01-27',0,1),(24,'2021-01-01','2021-01-05',252,16,'INTENSIVO VIRTUAL BASE 4 | 2021-ENE | L-V | 07:00-09:00',15,70,'07:00:00','09:00:00',1,1,1,1,1,0,0,'2021-01-06 00:00:00','2021-01-05','2021-01-27',0,1),(25,'2021-01-01','2021-01-05',252,16,'INTENSIVO VIRTUAL BASE 4 | 2021-ENE | L-V | 16:30-18:30',15,70,'16:30:00','18:30:00',1,1,1,1,1,0,0,'2021-01-06 00:00:00','2021-01-05','2021-01-27',0,1),(26,'2021-01-01','2021-01-05',252,16,'INTENSIVO VIRTUAL BASE 4 | 2021-ENE | L-V | 14:00-16:00',15,70,'14:00:00','16:00:00',1,1,1,1,1,0,0,'2021-01-06 00:00:00','2021-01-05','2021-01-27',0,1),(27,'2021-01-01','2021-01-05',252,16,'INTENSIVO VIRTUAL BASE 4 | 2021-ENE | L-V | 19:00-21:00',15,70,'19:00:00','21:00:00',1,1,1,1,1,0,0,'2021-01-06 00:00:00','2021-01-05','2021-01-27',0,1),(28,'2021-01-01','2021-01-24',253,16,'INTENSIVO VIRTUAL BASE 5 | 2021-ENE | L-V | 07:00-09:00',15,70,'07:00:00','09:00:00',1,1,1,1,1,0,0,'2021-01-06 00:00:00','2021-01-05','2021-01-27',0,1),(29,'2021-01-01','2021-01-24',253,16,'INTENSIVO VIRTUAL BASE 5 | 2021-ENE | L-V | 16:30-18:30',15,70,'16:30:00','18:30:00',1,1,1,1,1,0,0,'2021-01-06 00:00:00','2021-01-05','2021-01-27',0,1),(30,'2021-01-01','2021-01-05',253,16,'INTENSIVO VIRTUAL BASE 5 | 2021-ENE | L-V | 19:00-21:00',15,70,'19:00:00','21:00:00',1,1,1,1,1,0,0,'2021-01-06 00:00:00','2021-01-05','2021-01-27',0,1),(31,'2021-01-01','2021-01-05',254,16,'INTENSIVO VIRTUAL INTERMEDIO 1 | 2021-ENE | L-V | 07:00-09:00',15,70,'07:00:00','09:00:00',1,1,1,1,1,0,0,'2021-01-06 00:00:00','2021-01-05','2021-01-27',0,1),(32,'2021-01-01','2021-01-05',254,16,'INTENSIVO VIRTUAL INTERMEDIO 1 | 2021-ENE | L-V | 14:00-16:00',15,70,'14:00:00','16:00:00',1,1,1,1,1,0,0,'2021-01-06 00:00:00','2021-01-05','2021-01-27',0,1),(33,'2021-01-01','2021-01-05',254,16,'INTENSIVO VIRTUAL INTERMEDIO 1 | 2021-ENE | L-V | 16:30-18:30',15,70,'16:30:00','18:30:00',1,1,1,1,1,0,0,'2021-01-06 00:00:00','2021-01-05','2021-01-27',0,1),(34,'2021-01-01','2021-01-05',254,16,'INTENSIVO VIRTUAL INTERMEDIO 1 | 2021-ENE | L-V | 19:00-21:00',15,70,'19:00:00','21:00:00',1,1,1,1,1,0,0,'2021-01-06 00:00:00','2021-01-05','2021-01-27',0,1),(35,'2021-01-01','2021-01-05',255,16,'INTENSIVO VIRTUAL INTERMEDIO 2 | 2021-ENE | L-V | 07:00-09:00',15,70,'07:00:00','09:00:00',1,1,1,1,1,0,0,'2021-01-06 00:00:00','2021-01-05','2021-01-27',0,1),(36,'2021-01-01','2021-01-05',255,16,'INTENSIVO VIRTUAL INTERMEDIO 2 | 2021-ENE | L-V | 16:30-18:30',15,70,'16:30:00','18:30:00',1,1,1,1,1,0,0,'2021-01-06 00:00:00','2021-01-05','2021-01-27',0,1),(37,'2021-01-01','2021-01-05',255,16,'INTENSIVO VIRTUAL INTERMEDIO 2 | 2021-ENE | L-V | 19:00-21:00',15,70,'19:00:00','21:00:00',1,1,1,1,1,0,0,'2021-01-06 00:00:00','2021-01-05','2021-01-27',0,1),(38,'2021-01-01','2021-01-05',256,16,'INTENSIVO VIRTUAL INTERMEDIO 3 | 2021-ENE | L-V | 07:00-09:00',15,70,'07:00:00','09:00:00',1,1,1,1,1,0,0,'2021-01-06 00:00:00','2021-01-05','2021-01-27',0,1),(39,'2021-01-01','2021-01-05',256,16,'INTENSIVO VIRTUAL INTERMEDIO 3 | 2021-ENE | L-V | 14:00-16:00',15,70,'14:00:00','16:00:00',1,1,1,1,1,0,0,'2021-01-06 00:00:00','2021-01-05','2021-01-27',0,1),(40,'2021-01-01','2021-01-05',256,16,'INTENSIVO VIRTUAL INTERMEDIO 3 | 2021-ENE | L-V | 19:00-21:00',15,70,'19:00:00','21:00:00',1,1,1,1,1,0,0,'2021-01-06 00:00:00','2021-01-05','2021-01-27',0,1),(41,'2021-01-01','2021-01-05',257,16,'INTENSIVO VIRTUAL INTERMEDIO 4 | 2021-ENE | L-V | 07:00-09:00',15,70,'07:00:00','09:00:00',1,1,1,1,1,0,0,'2021-01-06 00:00:00','2021-01-05','2021-01-27',0,1),(42,'2021-01-01','2021-01-05',257,16,'INTENSIVO VIRTUAL INTERMEDIO 4 | 2021-ENE | L-V | 19:00-21:00',15,70,'19:00:00','21:00:00',1,1,1,1,1,0,0,'2021-01-06 00:00:00','2021-01-05','2021-01-27',0,1),(43,'2021-01-01','2021-01-05',258,16,'INTENSIVO VIRTUAL INTERMEDIO 5 | 2021-ENE | L-V | 19:00-21:00',15,70,'19:00:00','21:00:00',1,1,1,1,1,0,0,'2021-01-06 00:00:00','2021-01-05','2021-01-27',0,1),(44,'2021-01-01','2021-01-05',259,16,'INTENSIVO VIRTUAL AVANZATO 1 | 2021-ENE | L-V | 19:00-21:00',15,70,'19:00:00','21:00:00',1,1,1,1,1,0,0,'2021-01-06 00:00:00','2021-01-05','2021-01-25',0,1),(45,'2021-01-01','2021-01-05',260,16,'INTENSIVO VIRTUAL AVANZATO 2 | 2021-ENE | L-V | 16:30-18:30',15,70,'16:30:00','18:30:00',1,1,1,1,1,0,0,'2021-01-06 00:00:00','2021-01-05','2021-01-25',0,1),(46,'2021-01-01','2021-01-05',260,16,'INTENSIVO VIRTUAL AVANZATO 2 | 2021-ENE | L-V | 19:00-21:00',15,70,'19:00:00','21:00:00',1,1,1,1,1,0,0,'2021-01-06 00:00:00','2021-01-05','2021-01-25',0,1),(47,'2021-01-01','2021-01-05',262,16,'INTENSIVO VIRTUAL AVANZATO 4 | 2021-ENE | L-V | 19:00-21:00',15,70,'19:00:00','21:00:00',1,1,1,1,1,0,0,'2021-01-06 00:00:00','2021-01-05','2021-01-25',0,1),(48,'2021-01-01','2021-01-06',263,16,'REGOLARE VIRTUAL BASE 1 | 2021-ENE | LX | 15:30-18:00',15,70,'15:30:00','18:00:00',1,0,1,0,0,0,0,'2021-01-07 00:00:00','2021-01-06','2021-01-27',0,1),(49,'2021-01-01','2021-01-06',263,16,'REGOLARE VIRTUAL BASE 1 | 2021-ENE | LX | 19:00-21:30',15,70,'19:00:00','21:30:00',1,0,1,0,0,0,0,'2021-01-07 00:00:00','2021-01-06','2021-01-27',0,1),(50,'2021-01-01','2021-01-06',265,16,'REGOLARE VIRTUAL BASE 3 | 2021-ENE | LX | 15:30-18:00',15,70,'15:30:00','18:00:00',1,0,1,0,0,0,0,'2021-01-07 00:00:00','2021-01-06','2021-01-27',0,1),(51,'2021-01-01','2021-01-06',266,16,'REGOLARE VIRTUAL BASE 4 | 2021-ENE | LX | 19:00-21:30',15,70,'19:00:00','21:30:00',1,0,1,0,0,0,0,'2021-01-07 00:00:00','2021-01-06','2021-01-27',0,1),(52,'2021-01-01','2021-01-06',267,16,'REGOLARE VIRTUAL BASE 5 | 2021-ENE | LX | 19:00-21:30',15,70,'19:00:00','21:30:00',1,0,1,0,0,0,0,'2021-01-07 00:00:00','2021-01-06','2021-01-27',0,1),(53,'2021-01-01','2021-01-25',268,16,'REGOLARE VIRTUAL BASE 6 | 2021-ENE | LX | 19:00-21:30',15,70,'19:00:00','21:30:00',1,0,1,0,0,0,0,'2021-01-07 00:00:00','2021-01-06','2021-01-27',0,1),(54,'2021-01-01','2021-01-06',269,16,'REGOLARE VIRTUAL BASE 7 | 2021-ENE | LX | 19:00-21:30',15,70,'19:00:00','21:30:00',1,0,1,0,0,0,0,'2021-01-07 00:00:00','2021-01-06','2021-01-27',0,1),(55,'2021-01-01','2021-01-06',270,16,'REGOLARE VIRTUAL BASE 8 | 2021-ENE | LX | 19:00-21:30',15,70,'19:00:00','21:30:00',1,0,1,0,0,0,0,'2021-01-07 00:00:00','2021-01-06','2021-01-27',0,1),(56,'2021-01-01','2021-01-06',271,16,'REGOLARE VIRTUAL BASE 9 | 2021-ENE | LX | 19:00-21:30',15,70,'19:00:00','21:30:00',1,0,1,0,0,0,0,'2021-01-07 00:00:00','2021-01-06','2021-01-27',0,1),(57,'2021-01-01','2021-01-06',272,16,'REGOLARE VIRTUAL BASE 10 | 2021-ENE | LX | 19:00-21:30',15,70,'19:00:00','21:30:00',1,0,1,0,0,0,0,'2021-01-07 00:00:00','2021-01-06','2021-01-27',0,1),(58,'2021-01-01','2021-01-06',274,16,'REGOLARE VIRTUAL INTERMEDIO 2 | 2021-ENE | LX | 19:00-21:30',15,70,'19:00:00','21:30:00',1,0,1,0,0,0,0,'2021-01-07 00:00:00','2021-01-06','2021-01-27',0,1),(59,'2021-01-01','2021-01-06',278,16,'REGOLARE VIRTUAL INTERMEDIO 6 | 2021-ENE | LX | 19:00-21:30',15,70,'19:00:00','21:30:00',1,0,1,0,0,0,0,'2021-01-07 00:00:00','2021-01-06','2021-01-27',0,1),(60,'2021-01-01','2021-01-06',282,16,'REGOLARE VIRTUAL INTERMEDIO 10 | 2021-ENE | LX | 19:00-21:30',15,70,'19:00:00','21:30:00',1,0,1,0,0,0,0,'2021-01-07 00:00:00','2021-01-06','2021-01-27',0,1),(61,'2021-01-01','2021-01-06',288,16,'REGOLARE VIRTUAL AVANZATO 6 | 2021-ENE | LX | 19:00-21:30',15,70,'19:00:00','21:30:00',1,0,1,0,0,0,0,'2021-01-07 00:00:00','2021-01-06','2021-01-27',0,1),(62,'2021-01-01','2021-01-05',263,16,'REGOLARE VIRTUAL BASE 1 | 2021-ENE | MJ | 19:00-21:30',15,70,'19:00:00','21:30:00',0,1,0,1,0,0,0,'2021-01-06 00:00:00','2021-01-05','2021-01-26',0,1),(63,'2021-01-01','2021-01-05',266,16,'REGOLARE VIRTUAL BASE 4 | 2021-ENE | MJ | 19:00-21:30',15,70,'19:00:00','21:30:00',0,1,0,1,0,0,0,'2021-01-06 00:00:00','2021-01-05','2021-01-26',0,1),(64,'2021-01-01','2021-01-25',267,16,'REGOLARE VIRTUAL BASE 5 | 2021-ENE | MJ | 19:00-21:30',15,70,'19:00:00','21:30:00',0,1,0,1,0,0,0,'2021-01-06 00:00:00','2021-01-05','2021-01-26',0,1),(65,'2021-01-01','2021-01-25',268,16,'REGOLARE VIRTUAL BASE 6 | 2021-ENE | MJ | 19:00-21:30',15,70,'19:00:00','21:30:00',0,1,0,1,0,0,0,'2021-01-06 00:00:00','2021-01-05','2021-01-26',0,1),(66,'2021-01-01','2021-01-05',269,16,'REGOLARE VIRTUAL BASE 7 | 2021-ENE | MJ | 19:00-21:30',15,70,'19:00:00','21:30:00',0,1,0,1,0,0,0,'2021-01-06 00:00:00','2021-01-05','2021-01-26',0,1),(67,'2021-01-01','2021-01-05',270,16,'REGOLARE VIRTUAL BASE 8 | 2021-ENE | MJ | 19:00-21:30',15,70,'19:00:00','21:30:00',0,1,0,1,0,0,0,'2021-01-06 00:00:00','2021-01-05','2021-01-26',0,1),(68,'2021-01-01','2021-01-05',271,16,'REGOLARE VIRTUAL BASE 9 | 2021-ENE | MJ | 19:00-21:30',15,70,'19:00:00','21:30:00',0,1,0,1,0,0,0,'2021-01-06 00:00:00','2021-01-05','2021-01-26',0,1),(69,'2021-01-01','2021-01-05',273,16,'REGOLARE VIRTUAL INTERMEDIO 1 | 2021-ENE | MJ | 19:00-21:30',15,70,'19:00:00','21:30:00',0,1,0,1,0,0,0,'2021-01-06 00:00:00','2021-01-05','2021-01-26',0,1),(70,'2021-01-01','2021-01-05',286,16,'REGOLARE VIRTUAL AVANZATO 4 | 2021-ENE | MJ | 19:00-21:30',15,70,'19:00:00','21:30:00',0,1,0,1,0,0,0,'2021-01-06 00:00:00','2021-01-05','2021-01-26',0,1),(71,'2021-01-01','2021-01-06',263,16,'REGOLARE VIRTUAL BASE 1 | 2021-ENE | LXV | 07:00-08:45',15,70,'07:00:00','08:45:00',1,0,1,0,1,0,0,'2021-01-07 00:00:00','2021-01-06','2021-01-27',0,1),(72,'2021-01-01','2021-01-06',263,16,'REGOLARE VIRTUAL BASE 1 | 2021-ENE | LXV | 11:30-13:15',15,70,'11:30:00','13:15:00',1,0,1,0,1,0,0,'2021-01-07 00:00:00','2021-01-06','2021-01-27',0,1),(73,'2021-01-01','2021-01-06',264,16,'REGOLARE VIRTUAL BASE 2 | 2021-ENE | LXV | 07:00-08:45',15,70,'07:00:00','08:45:00',1,0,1,0,1,0,0,'2021-01-07 00:00:00','2021-01-06','2021-01-27',0,1),(74,'2021-01-01','2021-01-06',265,16,'REGOLARE VIRTUAL BASE 3 | 2021-ENE | LXV | 07:00-08:45',15,70,'07:00:00','08:45:00',1,0,1,0,1,0,0,'2021-01-07 00:00:00','2021-01-06','2021-01-27',0,1),(75,'2021-01-01','2021-01-06',265,16,'REGOLARE VIRTUAL BASE 3 | 2021-ENE | LXV | 11:30-13:15',15,70,'11:30:00','13:15:00',1,0,1,0,1,0,0,'2021-01-07 00:00:00','2021-01-06','2021-01-27',0,1),(76,'2021-01-01','2021-01-06',266,16,'REGOLARE VIRTUAL BASE 4 | 2021-ENE | LXV | 07:00-08:45',15,70,'07:00:00','08:45:00',1,0,1,0,1,0,0,'2021-01-07 00:00:00','2021-01-06','2021-01-27',0,1),(77,'2021-01-01','2021-01-06',267,16,'REGOLARE VIRTUAL BASE 5 | 2021-ENE | LXV | 07:00-08:45',15,70,'07:00:00','08:45:00',1,0,1,0,1,0,0,'2021-01-07 00:00:00','2021-01-06','2021-01-27',0,1),(78,'2021-01-01','2021-01-25',268,16,'REGOLARE VIRTUAL BASE 6 | 2021-ENE | LXV | 07:00-08:45',15,70,'07:00:00','08:45:00',1,0,1,0,1,0,0,'2021-01-07 00:00:00','2021-01-06','2021-01-27',0,1),(79,'2021-01-01','2021-01-06',269,16,'REGOLARE VIRTUAL BASE 7 | 2021-ENE | LXV | 07:00-08:45',15,70,'07:00:00','08:45:00',1,0,1,0,1,0,0,'2021-01-07 00:00:00','2021-01-06','2021-01-27',0,1),(80,'2021-01-01','2021-01-09',263,16,'REGOLARE VIRTUAL BASE 1 | 2021-ENE | S | 08:30-13:15',15,70,'08:30:00','13:15:00',0,0,0,0,0,1,0,'2021-01-10 00:00:00','2021-01-09','2021-01-30',0,1),(82,'2021-01-01','2021-01-09',265,16,'REGOLARE VIRTUAL BASE 3 | 2021-ENE | S | 08:30-13:15',15,70,'08:30:00','13:15:00',0,0,0,0,0,1,0,'2021-01-10 00:00:00','2021-01-09','2021-01-30',0,1),(83,'2021-01-01','2021-01-09',266,16,'REGOLARE VIRTUAL BASE 4 | 2021-ENE | S | 08:30-13:15',15,70,'08:30:00','13:15:00',0,0,0,0,0,1,0,'2021-01-10 00:00:00','2021-01-09','2021-01-30',0,1),(84,'2021-01-01','2021-01-09',267,16,'REGOLARE VIRTUAL BASE 5 | 2021-ENE | S | 08:30-13:15',15,70,'08:30:00','13:15:00',0,0,0,0,0,1,0,'2021-01-10 00:00:00','2021-01-09','2021-01-30',0,1),(85,'2021-01-01','2021-01-09',268,16,'REGOLARE VIRTUAL BASE 6 | 2021-ENE | S | 08:30-13:15',15,70,'08:30:00','13:15:00',0,0,0,0,0,1,0,'2021-01-10 00:00:00','2021-01-09','2021-01-30',0,1),(86,'2021-01-01','2021-01-09',270,16,'REGOLARE VIRTUAL BASE 8 | 2021-ENE | S | 08:30-13:15',15,70,'08:30:00','13:15:00',0,0,0,0,0,1,0,'2021-01-10 00:00:00','2021-01-09','2021-01-30',0,1),(87,'2021-01-01','2021-01-09',274,16,'REGOLARE VIRTUAL INTERMEDIO 2 | 2021-ENE | S | 08:30-13:15',15,70,'08:30:00','13:15:00',0,0,0,0,0,1,0,'2021-01-10 00:00:00','2021-01-09','2021-01-30',0,1),(88,'2021-01-01','2021-01-09',277,16,'REGOLARE VIRTUAL INTERMEDIO 5 | 2021-ENE | S | 08:30-13:15',15,70,'08:30:00','13:15:00',0,0,0,0,0,1,0,'2021-01-10 00:00:00','2021-01-09','2021-01-30',0,1),(89,'2021-01-01','2021-01-09',280,16,'REGOLARE VIRTUAL INTERMEDIO 8 | 2021-ENE | S | 08:30-13:15',15,70,'08:30:00','13:15:00',0,0,0,0,0,1,0,'2021-01-10 00:00:00','2021-01-09','2021-01-30',0,1),(90,'2021-01-01','2021-01-09',282,16,'REGOLARE VIRTUAL INTERMEDIO 10 | 2021-ENE | S | 08:30-13:15',15,70,'08:30:00','13:15:00',0,0,0,0,0,1,0,'2021-01-10 00:00:00','2021-01-09','2021-01-30',0,1),(94,'2021-01-05','2021-01-24',249,16,'INTENSIVO VIRTUAL BASE 1 | 2021-ENE | L-V | 19:00-21:00',18,70,'19:00:00','21:00:00',1,1,1,1,1,0,0,'2021-01-06 00:00:00','2021-01-05','2021-01-25',0,1),(95,'2021-01-05','2021-01-24',263,16,'REGOLARE VIRTUAL BASE 1 | 2021-ENE | S | 08:30-13:15',18,70,'08:30:00','13:15:00',0,0,0,0,0,1,0,'2021-01-06 00:00:00','2021-01-05','2021-01-25',0,1),(98,'2020-12-01','2020-12-31',310,16,'RAGAZZI VIRTUALE LIBRO 1 - 6 | 2021-ENE | S | 11:00-14:00',8,11,'11:00:00','14:00:00',0,0,0,0,0,1,0,'2021-01-12 00:00:00','2021-01-01','2021-01-31',24,1),(99,'2020-12-01','2021-01-05',305,16,'RAGAZZI VIRTUALE LIBRO 1 - 1 | 2021-ENE | MJ | 16:30-18:00',12,15,'16:30:00','18:00:00',0,1,0,1,0,0,0,'2021-01-12 00:00:00','2021-01-01','2021-01-31',24,1),(100,'2020-12-01','2020-12-31',306,16,'RAGAZZI VIRTUALE LIBRO 1 - 2 | 2021-ENE | MJ | 16:30-18:00',12,15,'16:30:00','18:00:00',0,1,0,1,0,0,0,'2021-01-12 00:00:00','2021-01-01','2021-01-31',24,1),(101,'2020-12-01','2020-12-31',307,16,'RAGAZZI VIRTUALE LIBRO 1 - 3 | 2021-ENE | MJ | 16:30-18:00',12,15,'16:30:00','18:00:00',0,1,0,1,0,0,0,'2021-01-12 00:00:00','2021-01-01','2021-01-31',24,1),(102,'2021-01-25','2021-02-02',249,17,'INTENSIVO VIRTUAL BASE 1 | 2021-FEB | L-V | 07:00-09:00',15,70,'07:00:00','09:00:00',1,1,1,1,1,0,0,'2021-02-03 00:00:00','2021-02-02','2021-02-24',34,8),(103,'2021-01-25','2021-02-02',241,17,'SUPER INTENSIVO VIRTUAL BASE 1 | 2021-FEB | L-V | 09:30-12:30',15,70,'09:30:00','12:30:00',1,1,1,1,1,0,0,'2021-02-03 00:00:00','2021-02-02','2021-02-22',45,7),(104,'2021-01-25','2021-02-03',264,17,'REGOLARE VIRTUAL BASE 2 | 2021-FEB | LX | 15:30-18:00',15,70,'15:30:00','18:00:00',1,0,1,0,0,0,0,'2021-02-04 00:00:00','2021-02-03','2021-02-24',17,9),(108,'2021-01-25','2021-02-02',252,17,'INTENSIVO VIRTUAL BASE 4 | 2021-FEB | L-V | 14:00-16:00',15,70,'14:00:00','16:00:00',1,1,1,1,1,0,0,'2021-02-03 00:00:00','2021-02-02','2021-02-24',34,8),(109,'2021-01-25','2021-02-02',252,17,'INTENSIVO VIRTUAL BASE 4 | 2021-FEB | L-V | 19:00-21:00',15,70,'19:00:00','21:00:00',1,1,1,1,1,0,0,'2021-02-03 00:00:00','2021-02-02','2021-02-24',34,8),(110,'2020-12-28','2021-01-04',330,16,'CORSO DI CONVERSAZIONE E CULTURA ITALIANA | 2021-ENE | S | 08:30-10:30',15,70,'08:30:00','10:30:00',0,0,0,0,0,1,0,NULL,'2021-01-09','2021-02-27',16,1),(111,'2020-12-28','2021-01-04',330,16,'CORSO DI CONVERSAZIONE E CULTURA ITALIANA | 2021-ENE | S | 11:00-13:00',15,70,'11:00:00','13:00:00',0,0,0,0,0,1,0,NULL,'2021-01-09','2021-02-27',16,1),(113,'2021-01-25','2021-02-02',242,17,'SUPER INTENSIVO VIRTUAL BASE 2 | 2021-FEB | L-V | 09:30-12:30',15,70,'09:30:00','12:30:00',1,1,1,1,1,0,0,'2021-02-03 00:00:00','2021-02-02','2021-02-22',45,7),(114,'2021-01-25','2021-02-02',243,17,'SUPER INTENSIVO VIRTUAL BASE 3 | 2021-FEB | L-V | 09:30-12:30',15,70,'09:30:00','12:30:00',1,1,1,1,1,0,0,'2021-02-03 00:00:00','2021-02-02','2021-02-22',45,7),(115,'2021-01-25','2021-02-02',244,17,'SUPER INTENSIVO VIRTUAL BASE 4 | 2021-FEB | L-V | 09:30-12:30',15,70,'09:30:00','12:30:00',1,1,1,1,1,0,0,'2021-02-03 00:00:00','2021-02-02','2021-02-22',45,8),(116,'2021-01-25','2021-02-02',245,17,'SUPER INTENSIVO VIRTUAL INTERMEDIO 1 | 2021-FEB | L-V | 09:30-12:30',15,70,'09:30:00','12:30:00',1,1,1,1,1,0,0,'2021-02-03 00:00:00','2021-02-02','2021-02-22',45,7),(117,'2021-01-25','2021-02-02',246,17,'SUPER INTENSIVO VIRTUAL INTERMEDIO 2 | 2021-FEB | L-V | 09:30-12:30',15,70,'09:30:00','12:30:00',1,1,1,1,1,0,0,'2021-02-03 00:00:00','2021-02-02','2021-02-22',45,7),(118,'2021-01-25','2021-02-02',249,17,'INTENSIVO VIRTUAL BASE 1 | 2021-FEB | L-V | 09:30-11:30',15,70,'09:30:00','11:30:00',1,1,1,1,1,0,0,'2021-02-03 00:00:00','2021-02-02','2021-02-24',34,8),(119,'2021-01-25','2021-02-02',249,17,'INTENSIVO VIRTUAL BASE 1 | 2021-FEB | L-V | 14:00-16:00',15,70,'14:00:00','16:00:00',1,1,1,1,1,0,0,'2021-02-03 00:00:00','2021-02-02','2021-02-24',34,8),(120,'2021-01-25','2021-02-02',249,17,'INTENSIVO VIRTUAL BASE 1 | 2021-FEB | L-V | 16:30-18:30',15,70,'16:30:00','18:30:00',1,1,1,1,1,0,0,'2021-02-03 00:00:00','2021-02-02','2021-02-24',34,8),(121,'2021-01-25','2021-01-28',249,17,'INTENSIVO VIRTUAL BASE 1 | 2021-FEB | L-V | 19:00-21:00',15,70,'19:00:00','21:00:00',1,1,1,1,1,0,0,'2021-02-03 00:00:00','2021-02-02','2021-02-24',34,8),(122,'2021-01-25','2021-02-03',263,17,'REGOLARE VIRTUAL BASE 1 | 2021-FEB | LX | 15:30-18:00',15,70,'15:30:00','18:00:00',1,0,1,0,0,0,0,'2021-02-04 00:00:00','2021-02-03','2021-02-24',17,9),(123,'2021-01-25','2021-02-02',250,17,'INTENSIVO VIRTUAL BASE 2 | 2021-FEB | L-V | 07:00-09:00',15,70,'07:00:00','09:00:00',1,1,1,1,1,0,0,'2021-02-03 00:00:00','2021-02-02','2021-02-24',34,8),(124,'2021-01-25','2021-02-02',250,17,'INTENSIVO VIRTUAL BASE 2 | 2021-FEB | L-V | 09:30-11:30',15,70,'09:30:00','11:30:00',1,1,1,1,1,0,0,'2021-02-03 00:00:00','2021-02-02','2021-02-24',34,8),(125,'2021-01-25','2021-02-02',250,17,'INTENSIVO VIRTUAL BASE 2 | 2021-FEB | L-V | 14:00-16:00',15,70,'14:00:00','16:00:00',1,1,1,1,1,0,0,'2021-02-03 00:00:00','2021-02-02','2021-02-24',34,8),(126,'2021-01-25','2021-02-03',264,17,'REGOLARE VIRTUAL BASE 2 | 2021-FEB | LX | 19:00-21:30',15,70,'19:00:00','21:30:00',1,0,1,0,0,0,0,'2021-02-04 00:00:00','2021-02-03','2021-02-24',17,9),(127,'2021-01-25','2021-02-02',250,17,'INTENSIVO VIRTUAL BASE 2 | 2021-FEB | L-V | 16:30-18:30',15,70,'16:30:00','18:30:00',1,1,1,1,1,0,0,'2021-02-03 00:00:00','2021-02-02','2021-02-24',34,8),(128,'2021-01-25','2021-02-03',266,17,'REGOLARE VIRTUAL BASE 4 | 2021-FEB | LX | 15:30-18:00',15,70,'15:30:00','18:00:00',1,0,1,0,0,0,0,'2021-02-04 00:00:00','2021-02-03','2021-02-24',17,9),(129,'2021-01-25','2021-02-03',267,17,'REGOLARE VIRTUAL BASE 5 | 2021-FEB | LX | 19:00-21:30',15,70,'19:00:00','21:30:00',1,0,1,0,0,0,0,'2021-02-04 00:00:00','2021-02-03','2021-02-24',17,9),(130,'2021-01-25','2021-02-02',250,17,'INTENSIVO VIRTUAL BASE 2 | 2021-FEB | L-V | 19:00-21:00',15,70,'19:00:00','21:00:00',1,1,1,1,1,0,0,'2021-02-03 00:00:00','2021-02-02','2021-02-24',34,8),(131,'2021-01-25','2021-02-03',268,17,'REGOLARE VIRTUAL BASE 6 | 2021-FEB | LX | 19:00-21:30',15,70,'19:00:00','21:30:00',1,0,1,0,0,0,0,'2021-02-04 00:00:00','2021-02-03','2021-02-24',17,9),(132,'2021-01-25','2021-02-02',251,17,'INTENSIVO VIRTUAL BASE 3 | 2021-FEB | L-V | 07:00-09:00',15,70,'07:00:00','09:00:00',1,1,1,1,1,0,0,'2021-02-03 00:00:00','2021-02-02','2021-02-24',34,8),(133,'2021-01-25','2021-02-02',251,17,'INTENSIVO VIRTUAL BASE 3 | 2021-FEB | L-V | 16:30-18:30',15,70,'16:30:00','18:30:00',1,1,1,1,1,0,0,'2021-02-03 00:00:00','2021-02-02','2021-02-24',34,8),(134,'2021-01-25','2021-02-03',269,17,'REGOLARE VIRTUAL BASE 7 | 2021-FEB | LX | 19:00-21:30',15,70,'19:00:00','21:30:00',1,0,1,0,0,0,0,'2021-02-04 00:00:00','2021-02-03','2021-02-24',17,9),(135,'2021-01-25','2021-02-03',270,17,'REGOLARE VIRTUAL BASE 8 | 2021-FEB | LX | 19:00-21:30',15,70,'19:00:00','21:30:00',1,0,1,0,0,0,0,'2021-02-04 00:00:00','2021-02-03','2021-02-24',17,9),(136,'2021-01-25','2021-02-02',252,17,'INTENSIVO VIRTUAL BASE 4 | 2021-FEB | L-V | 11:00-13:00',15,70,'11:00:00','13:00:00',1,1,1,1,1,0,0,'2021-02-03 00:00:00','2021-02-02','2021-02-24',34,8),(138,'2021-01-25','2021-02-03',271,17,'REGOLARE VIRTUAL BASE 9 | 2021-FEB | LX | 19:00-21:30',15,70,'19:00:00','21:30:00',1,0,1,0,0,0,0,'2021-02-04 00:00:00','2021-02-03','2021-02-24',17,9),(139,'2021-01-25','2021-02-02',253,17,'INTENSIVO VIRTUAL BASE 5 | 2021-FEB | L-V | 07:00-09:00',15,70,'07:00:00','09:00:00',1,1,1,1,1,0,0,'2021-02-03 00:00:00','2021-02-02','2021-02-24',34,8),(140,'2021-01-25','2021-02-03',272,17,'REGOLARE VIRTUAL BASE 10 | 2021-FEB | LX | 19:00-21:30',15,70,'19:00:00','21:30:00',1,0,1,0,0,0,0,'2021-02-04 00:00:00','2021-02-03','2021-02-24',17,9),(141,'2021-01-25','2021-02-02',253,17,'INTENSIVO VIRTUAL BASE 5 | 2021-FEB | L-V | 14:00-16:00',15,70,'14:00:00','16:00:00',1,1,1,1,1,0,0,'2021-02-03 00:00:00','2021-02-02','2021-02-24',34,8),(142,'2021-01-25','2021-02-03',273,17,'REGOLARE VIRTUAL INTERMEDIO 1 | 2021-FEB | LX | 19:00-21:30',15,70,'19:00:00','21:30:00',1,0,1,0,0,0,0,'2021-02-04 00:00:00','2021-02-03','2021-02-24',17,9),(143,'2021-01-25','2021-02-02',253,17,'INTENSIVO VIRTUAL BASE 5 | 2021-FEB | L-V | 16:30-18:30',15,70,'16:30:00','18:30:00',1,1,1,1,1,0,0,'2021-02-03 00:00:00','2021-02-02','2021-02-24',34,8),(144,'2021-01-25','2021-02-02',253,17,'INTENSIVO VIRTUAL BASE 5 | 2021-FEB | L-V | 19:00-21:00',15,70,'19:00:00','21:00:00',1,1,1,1,1,0,0,'2021-02-03 00:00:00','2021-02-02','2021-02-24',34,8),(145,'2021-01-25','2021-02-02',254,17,'INTENSIVO VIRTUAL INTERMEDIO 1 | 2021-FEB | L-V | 07:00-09:00',15,70,'07:00:00','09:00:00',1,1,1,1,1,0,0,'2021-02-03 00:00:00','2021-02-02','2021-02-24',34,8),(146,'2021-01-25','2021-02-02',254,17,'INTENSIVO VIRTUAL INTERMEDIO 1 | 2021-FEB | L-V | 16:30-18:30',15,70,'16:30:00','18:30:00',1,1,1,1,1,0,0,'2021-02-03 00:00:00','2021-02-02','2021-02-24',34,8),(147,'2021-01-25','2021-02-02',254,17,'INTENSIVO VIRTUAL INTERMEDIO 1 | 2021-FEB | L-V | 19:00-21:00',15,70,'19:00:00','21:00:00',1,1,1,1,1,0,0,'2021-02-03 00:00:00','2021-02-02','2021-02-24',34,8),(148,'2021-01-25','2021-02-02',255,17,'INTENSIVO VIRTUAL INTERMEDIO 2 | 2021-FEB | L-V | 07:00-09:00',15,70,'07:00:00','09:00:00',1,1,1,1,1,0,0,'2021-02-03 00:00:00','2021-02-02','2021-02-24',34,8),(149,'2021-01-25','2021-02-02',255,17,'INTENSIVO VIRTUAL INTERMEDIO 2 | 2021-FEB | L-V | 14:00-16:00',15,7,'14:00:00','16:00:00',1,1,1,1,1,0,0,'2021-02-03 00:00:00','2021-02-02','2021-02-24',34,8),(151,'2021-01-25','2021-02-02',255,17,'INTENSIVO VIRTUAL INTERMEDIO 2 | 2021-FEB | L-V | 16:30-18:30',15,70,'16:30:00','18:30:00',1,1,1,1,1,0,0,'2021-02-03 00:00:00','2021-02-02','2021-02-24',34,8),(152,'2021-01-25','2021-02-02',255,17,'INTENSIVO VIRTUAL INTERMEDIO 2 | 2021-FEB | L-V | 19:00-21:00',15,70,'19:00:00','21:00:00',1,1,1,1,1,0,0,'2021-02-03 00:00:00','2021-02-02','2021-02-24',34,8),(153,'2021-01-25','2021-02-02',256,17,'INTENSIVO VIRTUAL INTERMEDIO 3 | 2021-FEB | L-V | 07:00-09:00',15,70,'07:00:00','09:00:00',1,1,1,1,1,0,0,'2021-02-03 00:00:00','2021-02-02','2021-02-24',34,8),(154,'2021-01-25','2021-02-02',256,17,'INTENSIVO VIRTUAL INTERMEDIO 3 | 2021-FEB | L-V | 16:30-18:30',15,70,'16:30:00','18:30:00',1,1,1,1,1,0,0,'2021-02-03 00:00:00','2021-02-02','2021-02-24',34,8),(155,'2021-01-25','2021-02-02',256,17,'INTENSIVO VIRTUAL INTERMEDIO 3 | 2021-FEB | L-V | 19:00-21:00',15,70,'19:00:00','21:00:00',1,1,1,1,1,0,0,'2021-02-03 00:00:00','2021-02-02','2021-02-24',34,8),(156,'2021-01-25','2021-02-02',257,17,'INTENSIVO VIRTUAL INTERMEDIO 4 | 2021-FEB | L-V | 07:00-09:00',15,70,'07:00:00','09:00:00',1,1,1,1,1,0,0,'2021-02-03 00:00:00','2021-02-02','2021-02-24',34,8),(157,'2021-01-25','2021-02-02',257,17,'INTENSIVO VIRTUAL INTERMEDIO 4 | 2021-FEB | L-V | 14:00-16:00',15,70,'14:00:00','16:00:00',1,1,1,1,1,0,0,'2021-02-03 00:00:00','2021-02-02','2021-02-24',34,8),(158,'2021-01-25','2021-02-02',257,17,'INTENSIVO VIRTUAL INTERMEDIO 4 | 2021-FEB | L-V | 19:00-21:00',15,70,'19:00:00','21:00:00',1,1,1,1,1,0,0,'2021-02-03 00:00:00','2021-02-02','2021-02-24',34,8),(159,'2021-01-25','2021-02-02',258,17,'INTENSIVO VIRTUAL INTERMEDIO 5 | 2021-FEB | L-V | 07:00-09:00',15,70,'07:00:00','09:00:00',1,1,1,1,1,0,0,'2021-02-03 00:00:00','2021-02-02','2021-02-24',34,8),(160,'2021-01-25','2021-02-02',258,17,'INTENSIVO VIRTUAL INTERMEDIO 5 | 2021-FEB | L-V | 19:00-21:00',15,70,'19:00:00','21:00:00',1,1,1,1,1,0,0,'2021-02-03 00:00:00','2021-02-02','2021-02-24',34,8),(161,'2021-01-25','2021-02-02',259,17,'INTENSIVO VIRTUAL AVANZATO 1 | 2021-FEB | L-V | 19:00-21:00',15,70,'19:00:00','21:00:00',1,1,1,1,1,0,0,'2021-02-03 00:00:00','2021-02-02','2021-02-22',30,8),(162,'2021-01-25','2021-02-02',260,17,'INTENSIVO VIRTUAL AVANZATO 2 | 2021-FEB | L-V | 19:00-21:00',15,70,'19:00:00','21:00:00',1,1,1,1,1,0,0,'2021-02-03 00:00:00','2021-02-02','2021-02-22',30,8),(163,'2021-01-25','2021-02-02',261,17,'INTENSIVO VIRTUAL AVANZATO 3 | 2021-FEB | L-V | 16:30-18:30',15,70,'16:30:00','18:30:00',1,1,1,1,1,0,0,'2021-02-03 00:00:00','2021-02-02','2021-02-22',30,8),(164,'2021-01-25','2021-02-02',261,17,'INTENSIVO VIRTUAL AVANZATO 3 | 2021-FEB | L-V | 19:00-21:00',15,70,'19:00:00','21:00:00',1,1,1,1,1,0,0,'2021-02-03 00:00:00','2021-02-02','2021-02-22',30,8),(166,'2021-01-25','2021-02-03',275,17,'REGOLARE VIRTUAL INTERMEDIO 3 | 2021-FEB | LX | 19:00-21:30',15,70,'19:00:00','21:30:00',1,0,1,0,0,0,0,'2021-02-04 00:00:00','2021-02-03','2021-02-24',17,9),(167,'2021-01-25','2021-02-03',279,17,'REGOLARE VIRTUAL INTERMEDIO 7 | 2021-FEB | LX | 19:00-21:30',15,70,'19:00:00','21:30:00',1,0,1,0,0,0,0,'2021-02-04 00:00:00','2021-02-03','2021-02-24',17,9),(168,'2021-01-25','2021-02-03',283,17,'REGOLARE VIRTUAL AVANZATO 1 | 2021-FEB | LX | 19:00-21:30',15,70,'19:00:00','21:30:00',1,0,1,0,0,0,0,'2021-02-04 00:00:00','2021-02-03','2021-02-24',17,9),(169,'2021-01-25','2021-02-02',264,17,'REGOLARE VIRTUAL BASE 2 | 2021-FEB | MJ | 19:00-21:30',15,70,'19:00:00','21:30:00',0,1,0,1,0,0,0,'2021-02-03 00:00:00','2021-02-02','2021-02-23',17,9),(170,'2021-01-25','2021-02-02',267,17,'REGOLARE VIRTUAL BASE 5 | 2021-FEB | MJ | 19:00-21:30',15,70,'19:00:00','21:30:00',0,1,0,1,0,0,0,'2021-02-03 00:00:00','2021-02-02','2021-02-23',17,9),(171,'2021-01-25','2021-02-02',268,17,'REGOLARE VIRTUAL BASE 6 | 2021-FEB | MJ | 19:00-21:30',15,70,'19:00:00','21:30:00',0,1,0,1,0,0,0,'2021-02-03 00:00:00','2021-02-02','2021-02-23',17,9),(172,'2021-01-25','2021-02-02',270,17,'REGOLARE VIRTUAL BASE 8 | 2021-FEB | MJ | 19:00-21:30',15,70,'19:00:00','21:30:00',0,1,0,1,0,0,0,'2021-02-03 00:00:00','2021-02-02','2021-02-23',17,9),(173,'2021-01-25','2021-02-02',271,17,'REGOLARE VIRTUAL BASE 9 | 2021-FEB | MJ | 19:00-21:30',15,70,'19:00:00','21:30:00',0,1,0,1,0,0,0,'2021-02-03 00:00:00','2021-02-02','2021-02-23',17,9),(174,'2021-01-25','2021-02-02',272,17,'REGOLARE VIRTUAL BASE 10 | 2021-FEB | MJ | 19:00-21:30',15,70,'19:00:00','21:30:00',0,1,0,1,0,0,0,'2021-02-03 00:00:00','2021-02-02','2021-02-23',17,9),(175,'2021-01-25','2021-02-02',274,17,'REGOLARE VIRTUAL INTERMEDIO 2 | 2021-FEB | MJ | 19:00-21:30',15,70,'19:00:00','21:30:00',0,1,0,1,0,0,0,'2021-02-03 00:00:00','2021-02-02','2021-02-23',17,9),(176,'2021-01-25','2021-02-02',287,17,'REGOLARE VIRTUAL AVANZATO 5 | 2021-FEB | MJ | 19:00-21:30',15,70,'19:00:00','21:30:00',0,1,0,1,0,0,0,'2021-02-03 00:00:00','2021-02-02','2021-02-23',17,9),(177,'2021-01-25','2021-02-03',263,17,'REGOLARE VIRTUAL BASE 1 | 2021-FEB | LXV | 07:00-08:45',15,70,'07:00:00','08:45:00',1,0,1,0,1,0,0,'2021-02-04 00:00:00','2021-02-03','2021-02-24',17,9),(178,'2021-01-25','2021-02-03',263,17,'REGOLARE VIRTUAL BASE 1 | 2021-FEB | LXV | 11:30-13:15',15,70,'11:30:00','13:15:00',1,0,1,0,1,0,0,'2021-02-04 00:00:00','2021-02-03','2021-02-24',17,9),(179,'2021-01-25','2021-02-03',264,17,'REGOLARE VIRTUAL BASE 2 | 2021-FEB | LXV | 07:00-08:45',15,70,'07:00:00','08:45:00',1,0,1,0,1,0,0,'2021-02-04 00:00:00','2021-02-03','2021-02-24',17,9),(180,'2021-01-25','2021-02-03',264,17,'REGOLARE VIRTUAL BASE 2 | 2021-FEB | LXV | 11:30-13:15',15,70,'11:30:00','13:15:00',1,0,1,0,1,0,0,'2021-02-04 00:00:00','2021-02-03','2021-02-24',17,9),(181,'2021-01-25','2021-02-03',265,17,'REGOLARE VIRTUAL BASE 3 | 2021-FEB | LXV | 07:00-08:45',15,70,'07:00:00','08:45:00',1,0,1,0,1,0,0,'2021-02-04 00:00:00','2021-02-03','2021-02-24',17,9),(182,'2021-01-25','2021-02-03',266,17,'REGOLARE VIRTUAL BASE 4 | 2021-FEB | LXV | 07:00-08:45',15,70,'07:00:00','08:45:00',1,0,1,0,1,0,0,'2021-02-04 00:00:00','2021-02-03','2021-02-24',17,9),(183,'2021-01-25','2021-02-03',266,17,'REGOLARE VIRTUAL BASE 4 | 2021-FEB | LXV | 11:30-13:15',15,70,'11:30:00','13:15:00',1,0,1,0,1,0,0,'2021-02-04 00:00:00','2021-02-03','2021-02-24',17,9),(184,'2021-01-25','2021-02-03',267,17,'REGOLARE VIRTUAL BASE 5 | 2021-FEB | LXV | 07:00-08:45',15,70,'07:00:00','08:45:00',1,0,1,0,1,0,0,'2021-02-04 00:00:00','2021-02-03','2021-02-24',17,9),(185,'2021-01-25','2021-02-03',268,17,'REGOLARE VIRTUAL BASE 6 | 2021-FEB | LXV | 07:00-08:45',15,70,'07:00:00','08:45:00',1,0,1,0,1,0,0,'2021-02-04 00:00:00','2021-02-03','2021-02-24',17,9),(186,'2021-01-25','2021-02-03',269,17,'REGOLARE VIRTUAL BASE 7 | 2021-FEB | LXV | 07:00-08:45',15,70,'07:00:00','08:45:00',1,0,1,0,1,0,0,'2021-02-04 00:00:00','2021-02-03','2021-02-24',17,9),(187,'2021-01-25','2021-02-03',270,17,'REGOLARE VIRTUAL BASE 8 | 2021-FEB | LXV | 07:00-08:45',15,70,'07:00:00','08:45:00',1,0,1,0,1,0,0,'2021-02-04 00:00:00','2021-02-03','2021-02-24',17,9),(189,'2021-01-25','2021-02-06',263,17,'REGOLARE VIRTUAL BASE 1 | 2021-FEB | S | 08:30-13:15',15,70,'08:30:00','13:15:00',0,0,0,0,0,1,0,'2021-02-08 00:00:00','2021-02-06','2021-02-27',17,9),(190,'2021-01-25','2021-02-06',263,17,'REGOLARE VIRTUAL BASE 1 | 2021-FEB | S | 14:00-18:45',15,70,'14:00:00','18:45:00',0,0,0,0,0,1,0,'2021-02-08 00:00:00','2021-02-06','2021-02-27',17,9),(191,'2021-01-25','2021-02-06',264,17,'REGOLARE VIRTUAL BASE 2 | 2021-FEB | S | 08:30-13:15',15,70,'08:30:00','13:15:00',0,0,0,0,0,1,0,'2021-02-08 00:00:00','2021-02-06','2021-02-27',17,9),(193,'2021-01-25','2021-02-06',266,17,'REGOLARE VIRTUAL BASE 4 | 2021-FEB | S | 08:30-13:15',15,70,'08:30:00','13:15:00',0,0,0,0,0,1,0,'2021-02-08 00:00:00','2021-02-06','2021-02-27',17,9),(194,'2021-01-25','2021-02-02',267,17,'REGOLARE VIRTUAL BASE 5 | 2021-FEB | S | 08:30-13:15',15,70,'08:30:00','13:15:00',0,0,0,0,0,1,0,'2021-02-08 00:00:00','2021-02-06','2021-02-27',17,9),(195,'2021-01-25','2021-02-06',268,17,'REGOLARE VIRTUAL BASE 6 | 2021-FEB | S | 08:30-13:15',15,70,'08:30:00','13:15:00',0,0,0,0,0,1,0,'2021-02-08 00:00:00','2021-02-06','2021-02-27',17,9),(196,'2021-01-25','2021-02-06',275,17,'REGOLARE VIRTUAL INTERMEDIO 3 | 2021-FEB | S | 08:30-13:15',15,70,'08:30:00','13:15:00',0,0,0,0,0,1,0,'2021-02-08 00:00:00','2021-02-06','2021-02-27',17,9),(197,'2021-01-25','2021-02-06',278,17,'REGOLARE VIRTUAL INTERMEDIO 6 | 2021-FEB | S | 08:30-13:15',15,70,'08:30:00','13:15:00',0,0,0,0,0,1,0,'2021-02-08 00:00:00','2021-02-06','2021-02-27',17,9),(198,'2021-01-25','2021-02-06',283,17,'REGOLARE VIRTUAL AVANZATO 1 | 2021-FEB | S | 08:30-13:15',15,70,'08:30:00','13:15:00',0,0,0,0,0,1,0,'2021-02-08 00:00:00','2021-02-06','2021-02-27',17,9),(199,'2021-01-25','2021-02-06',281,17,'REGOLARE VIRTUAL INTERMEDIO 9 | 2021-FEB | S | 08:30-13:15',15,70,'08:30:00','13:15:00',0,0,0,0,0,1,0,'2021-02-08 00:00:00','2021-02-06','2021-02-27',17,9),(200,'2021-01-25','2021-02-06',269,17,'REGOLARE VIRTUAL BASE 7 | 2021-FEB | S | 08:30-13:15',15,70,'08:30:00','13:15:00',0,0,0,0,0,1,0,'2021-02-08 00:00:00','2021-02-06','2021-02-27',17,9),(203,'2021-02-20','2021-03-02',241,18,'SUPER INTENSIVO VIRTUAL BASE 1 | 2021-MAR | L-V | 09:30-12:30',15,70,'09:30:00','12:30:00',1,1,1,1,1,0,0,'2021-03-04 00:00:00','2021-03-02','2021-03-22',45,7),(204,'2021-02-20','2021-03-02',242,18,'SUPER INTENSIVO VIRTUAL BASE 2 | 2021-MAR | L-V | 09:30-12:30',15,70,'09:30:00','12:30:00',1,1,1,1,1,0,0,'2021-03-04 00:00:00','2021-03-02','2021-03-22',45,7),(205,'2021-02-20','2021-03-02',243,18,'SUPER INTENSIVO VIRTUAL BASE 3 | 2021-MAR | L-V | 09:30-12:30',15,70,'09:30:00','12:30:00',1,1,1,1,1,0,0,'2021-03-04 00:00:00','2021-03-02','2021-03-22',45,7),(206,'2021-02-20','2021-03-02',245,18,'SUPER INTENSIVO VIRTUAL INTERMEDIO 1 | 2021-MAR | L-V | 09:30-12:30',15,70,'09:30:00','12:30:00',1,1,1,1,1,0,0,'2021-03-04 00:00:00','2021-03-02','2021-03-22',45,7),(207,'2021-02-20','2021-03-02',247,18,'SUPER INTENSIVO VIRTUAL INTERMEDIO 3 | 2021-MAR | L-V | 09:30-12:30',15,70,'09:30:00','12:30:00',1,1,1,1,1,0,0,'2021-03-04 00:00:00','2021-03-02','2021-03-22',45,7),(208,'2021-02-20','2021-03-02',249,18,'INTENSIVO VIRTUAL BASE 1 | 2021-MAR | L-V | 07:00-09:00',15,70,'07:00:00','09:00:00',1,1,1,1,1,0,0,'2021-03-04 00:00:00','2021-03-02','2021-03-24',34,8),(209,'2021-02-20','2021-03-02',249,18,'INTENSIVO VIRTUAL BASE 1 | 2021-MAR | L-V | 09:30-11:30',15,70,'09:30:00','11:30:00',1,1,1,1,1,0,0,'2021-03-04 00:00:00','2021-03-02','2021-03-24',34,8),(210,'2021-02-20','2021-03-02',249,18,'INTENSIVO VIRTUAL BASE 1 | 2021-MAR | L-V | 14:00-16:00',15,70,'14:00:00','16:00:00',1,1,1,1,1,0,0,'2021-03-04 00:00:00','2021-03-02','2021-03-24',34,8),(211,'2021-02-20','2021-03-02',249,18,'INTENSIVO VIRTUAL BASE 1 | 2021-MAR | L-V | 16:30-18:30',15,70,'16:30:00','18:30:00',1,1,1,1,1,0,0,'2021-03-04 00:00:00','2021-03-02','2021-03-24',34,8),(212,'2021-02-20','2021-03-02',249,18,'INTENSIVO VIRTUAL BASE 1 | 2021-MAR | L-V | 19:00-21:00',15,70,'19:00:00','21:00:00',1,1,1,1,1,0,0,'2021-03-04 00:00:00','2021-03-02','2021-03-24',34,8),(213,'2021-02-01','2021-02-17',246,17,'SUPER INTENSIVO VIRTUAL INTERMEDIO 2 | 2021-FEB | L-V | 09:30-12:30',15,70,'09:30:00','12:30:00',1,1,1,1,1,0,0,'2021-02-18 00:00:00','2021-02-04','2021-02-20',45,8),(214,'2021-02-01','2021-02-17',241,17,'SUPER INTENSIVO VIRTUAL BASE 1 | 2021-FEB | L-V | 09:30-12:30',15,70,'09:30:00','12:30:00',1,1,1,1,1,0,0,'2021-02-18 00:00:00','2021-02-05','2021-02-20',45,8),(215,'2021-02-20','2021-03-02',250,18,'INTENSIVO VIRTUAL BASE 2 | 2021-MAR | L-V | 07:00-09:00',15,70,'07:00:00','09:00:00',1,1,1,1,1,0,0,'2021-03-04 00:00:00','2021-03-02','2021-03-24',34,8),(216,'2021-02-20','2021-03-02',250,18,'INTENSIVO VIRTUAL BASE 2 | 2021-MAR | L-V | 09:30-11:30',15,70,'09:30:00','11:30:00',1,1,1,1,1,0,0,'2021-03-04 00:00:00','2021-03-02','2021-03-24',34,8),(217,'2021-02-20','2021-03-02',250,18,'INTENSIVO VIRTUAL BASE 2 | 2021-MAR | L-V | 14:00-16:00',15,70,'14:00:00','16:00:00',1,1,1,1,1,0,0,'2021-03-04 00:00:00','2021-03-02','2021-03-24',34,8),(218,'2021-02-20','2021-03-02',250,18,'INTENSIVO VIRTUAL BASE 2 | 2021-MAR | L-V | 16:30-18:30',15,70,'16:30:00','18:30:00',1,1,1,1,1,0,0,'2021-03-04 00:00:00','2021-03-02','2021-03-24',34,8),(219,'2021-02-20','2021-03-02',250,18,'INTENSIVO VIRTUAL BASE 2 | 2021-MAR | L-V | 19:00-21:00',15,70,'19:00:00','21:00:00',1,1,1,1,1,0,0,'2021-03-04 00:00:00','2021-03-02','2021-03-24',34,8),(220,'2021-02-20','2021-03-02',251,18,'INTENSIVO VIRTUAL BASE 3 | 2021-MAR | L-V | 07:00-09:00',15,70,'07:00:00','09:00:00',1,1,1,1,1,0,0,'2021-03-04 00:00:00','2021-03-02','2021-03-24',34,8),(221,'2021-02-20','2021-03-02',251,18,'INTENSIVO VIRTUAL BASE 3 | 2021-MAR | L-V | 09:30-11:30',15,70,'09:30:00','11:30:00',1,1,1,1,1,0,0,'2021-03-04 00:00:00','2021-03-02','2021-03-24',34,8),(222,'2021-02-20','2021-03-02',251,18,'INTENSIVO VIRTUAL BASE 3 | 2021-MAR | L-V | 14:00-16:00',15,70,'14:00:00','16:00:00',1,1,1,1,1,0,0,'2021-03-04 00:00:00','2021-03-02','2021-03-24',34,8),(223,'2021-02-20','2021-03-02',251,18,'INTENSIVO VIRTUAL BASE 3 | 2021-MAR | L-V | 16:30-18:30',15,70,'16:30:00','18:30:00',1,1,1,1,1,0,0,'2021-03-04 00:00:00','2021-03-02','2021-03-24',34,8),(224,'2021-02-20','2021-03-02',251,18,'INTENSIVO VIRTUAL BASE 3 | 2021-MAR | L-V | 19:00-21:00',15,70,'19:00:00','21:00:00',1,1,1,1,1,0,0,'2021-03-04 00:00:00','2021-03-02','2021-03-24',34,8),(225,'2021-02-20','2021-03-02',252,18,'INTENSIVO VIRTUAL BASE 4 | 2021-MAR | L-V | 07:00-09:00',15,70,'07:00:00','09:00:00',1,1,1,1,1,0,0,'2021-03-04 00:00:00','2021-03-02','2021-03-24',34,8),(226,'2021-02-20','2021-03-02',252,18,'INTENSIVO VIRTUAL BASE 4 | 2021-MAR | L-V | 16:30-18:30',15,70,'16:30:00','18:30:00',1,1,1,1,1,0,0,'2021-03-04 00:00:00','2021-03-02','2021-03-24',34,8),(227,'2021-02-20','2021-03-02',253,18,'INTENSIVO VIRTUAL BASE 5 | 2021-MAR | L-V | 11:00-13:00',15,70,'11:00:00','13:00:00',1,1,1,1,1,0,0,'2021-03-04 00:00:00','2021-03-02','2021-03-24',34,8),(228,'2021-02-20','2021-03-02',253,18,'INTENSIVO VIRTUAL BASE 5 | 2021-MAR | L-V | 14:00-16:00',15,70,'14:00:00','16:00:00',1,1,1,1,1,0,0,'2021-03-04 00:00:00','2021-03-02','2021-03-24',34,8),(229,'2021-02-20','2021-03-02',254,18,'INTENSIVO VIRTUAL INTERMEDIO 1 | 2021-MAR | L-V | 07:00-09:00',15,70,'07:00:00','09:00:00',1,1,1,1,1,0,0,'2021-03-04 00:00:00','2021-03-02','2021-03-24',34,8),(230,'2021-02-20','2021-03-02',254,18,'INTENSIVO VIRTUAL INTERMEDIO 1 | 2021-MAR | L-V | 14:00-16:00',15,70,'14:00:00','16:00:00',1,1,1,1,1,0,0,'2021-03-04 00:00:00','2021-03-02','2021-03-24',34,8),(231,'2021-02-20','2021-03-02',254,18,'INTENSIVO VIRTUAL INTERMEDIO 1 | 2021-MAR | L-V | 16:30-18:30',15,70,'16:30:00','18:30:00',1,1,1,1,1,0,0,'2021-03-04 00:00:00','2021-03-02','2021-03-24',34,8),(232,'2021-02-20','2021-03-02',254,18,'INTENSIVO VIRTUAL INTERMEDIO 1 | 2021-MAR | L-V | 19:00-21:00',15,70,'19:00:00','21:00:00',1,1,1,1,1,0,0,'2021-03-04 00:00:00','2021-03-02','2021-03-24',34,8),(233,'2021-02-20','2021-03-02',255,18,'INTENSIVO VIRTUAL INTERMEDIO 2 | 2021-MAR | L-V | 07:00-09:00',15,70,'07:00:00','09:00:00',1,1,1,1,1,0,0,'2021-03-04 00:00:00','2021-03-02','2021-03-24',34,8),(234,'2021-02-20','2021-03-02',255,18,'INTENSIVO VIRTUAL INTERMEDIO 2 | 2021-MAR | L-V | 19:00-21:00',15,70,'19:00:00','21:00:00',1,1,1,1,1,0,0,'2021-03-04 00:00:00','2021-03-02','2021-03-24',34,8),(235,'2021-02-20','2021-03-02',256,18,'INTENSIVO VIRTUAL INTERMEDIO 3 | 2021-MAR | L-V | 07:00-09:00',15,70,'07:00:00','09:00:00',1,1,1,1,1,0,0,'2021-03-04 00:00:00','2021-03-02','2021-03-24',34,8),(236,'2021-02-20','2021-03-02',256,18,'INTENSIVO VIRTUAL INTERMEDIO 3 | 2021-MAR | L-V | 16:30-18:30',15,70,'16:30:00','18:30:00',1,1,1,1,1,0,0,'2021-03-04 00:00:00','2021-03-02','2021-03-24',34,8),(237,'2021-02-20','2021-03-02',256,18,'INTENSIVO VIRTUAL INTERMEDIO 3 | 2021-MAR | L-V | 19:00-21:00',15,70,'19:00:00','21:00:00',1,1,1,1,1,0,0,'2021-03-04 00:00:00','2021-03-02','2021-03-24',34,8),(238,'2021-02-20','2021-03-02',257,18,'INTENSIVO VIRTUAL INTERMEDIO 4 | 2021-MAR | L-V | 07:00-09:00',15,70,'07:00:00','09:00:00',1,1,1,1,1,0,0,'2021-03-04 00:00:00','2021-03-02','2021-03-24',34,8),(239,'2021-02-20','2021-03-02',257,18,'INTENSIVO VIRTUAL INTERMEDIO 4 | 2021-MAR | L-V | 19:00-21:00',15,70,'19:00:00','21:00:00',1,1,1,1,1,0,0,'2021-03-04 00:00:00','2021-03-02','2021-03-24',34,8),(240,'2021-02-20','2021-03-02',258,18,'INTENSIVO VIRTUAL INTERMEDIO 5 | 2021-MAR | L-V | 07:00-09:00',15,70,'07:00:00','09:00:00',1,1,1,1,1,0,0,'2021-03-04 00:00:00','2021-03-02','2021-03-24',34,8),(241,'2021-02-20','2021-03-02',258,18,'INTENSIVO VIRTUAL INTERMEDIO 5 | 2021-MAR | L-V | 14:00-16:00',15,70,'14:00:00','16:00:00',1,1,1,1,1,0,0,'2021-03-04 00:00:00','2021-03-02','2021-03-24',34,8),(242,'2021-02-20','2021-03-02',258,18,'INTENSIVO VIRTUAL INTERMEDIO 5 | 2021-MAR | L-V | 19:00-21:00',15,70,'19:00:00','21:00:00',1,1,1,1,1,0,0,'2021-03-04 00:00:00','2021-03-02','2021-03-24',34,8),(243,'2021-02-20','2021-03-02',259,18,'INTENSIVO VIRTUAL AVANZATO 1 | 2021-MAR | L-V | 07:00-09:00',15,70,'07:00:00','09:00:00',1,1,1,1,1,0,0,'2021-03-04 00:00:00','2021-03-02','2021-03-22',30,8),(244,'2021-02-20','2021-03-02',259,18,'INTENSIVO VIRTUAL AVANZATO 1 | 2021-MAR | L-V | 19:00-21:00',15,70,'19:00:00','21:00:00',1,1,1,1,1,0,0,'2021-03-04 00:00:00','2021-03-02','2021-03-22',30,8),(245,'2021-02-20','2021-03-02',260,18,'INTENSIVO VIRTUAL AVANZATO 2 | 2021-MAR | L-V | 19:00-21:00',15,70,'19:00:00','21:00:00',1,1,1,1,1,0,0,'2021-03-04 00:00:00','2021-03-02','2021-03-22',30,8),(246,'2021-02-20','2021-03-02',261,18,'INTENSIVO VIRTUAL AVANZATO 3 | 2021-MAR | L-V | 19:00-21:00',15,70,'19:00:00','21:00:00',1,1,1,1,1,0,0,'2021-03-04 00:00:00','2021-03-02','2021-03-22',30,8),(247,'2021-02-20','2021-03-02',262,18,'INTENSIVO VIRTUAL AVANZATO 4 | 2021-MAR | L-V | 16:30-18:30',15,70,'16:30:00','18:30:00',1,1,1,1,1,0,0,'2021-03-04 00:00:00','2021-03-02','2021-03-22',30,8),(248,'2021-02-20','2021-03-02',262,18,'INTENSIVO VIRTUAL AVANZATO 4 | 2021-MAR | L-V | 19:00-21:00',15,70,'19:00:00','21:00:00',1,1,1,1,1,0,0,'2021-03-04 00:00:00','2021-03-02','2021-03-22',30,8),(249,'2021-02-20','2021-03-03',263,18,'REGOLARE VIRTUAL BASE 1 | 2021-MAR | LX | 15:30-18:00',15,70,'15:30:00','18:00:00',1,0,1,0,0,0,0,'2021-03-04 00:00:00','2021-03-03','2021-03-24',17,9),(250,'2021-02-20','2021-03-03',263,18,'REGOLARE VIRTUAL BASE 1 | 2021-MAR | LX | 19:00-21:30',15,70,'19:00:00','21:30:00',1,0,1,0,0,0,0,'2021-03-04 00:00:00','2021-03-03','2021-03-24',17,9),(251,'2021-02-20','2021-03-03',264,18,'REGOLARE VIRTUAL BASE 2 | 2021-MAR | LX | 15:30-18:00',15,70,'15:30:00','18:00:00',1,0,1,0,0,0,0,'2021-03-04 00:00:00','2021-03-03','2021-03-24',17,9),(252,'2021-02-20','2021-03-03',265,18,'REGOLARE VIRTUAL BASE 3 | 2021-MAR | LX | 15:30-18:00',15,70,'15:30:00','18:00:00',1,0,1,0,0,0,0,'2021-03-04 00:00:00','2021-03-03','2021-03-24',17,9),(253,'2021-02-20','2021-03-03',267,18,'REGOLARE VIRTUAL BASE 5 | 2021-MAR | LX | 15:30-18:00',15,70,'15:30:00','18:00:00',1,0,1,0,0,0,0,'2021-03-04 00:00:00','2021-03-03','2021-03-24',17,9),(254,'2021-02-20','2021-03-03',268,18,'REGOLARE VIRTUAL BASE 6 | 2021-MAR | LX | 19:00-21:30',15,70,'19:00:00','21:30:00',1,0,1,0,0,0,0,'2021-03-04 00:00:00','2021-03-03','2021-03-24',17,9),(255,'2021-02-20','2021-03-03',269,18,'REGOLARE VIRTUAL BASE 7 | 2021-MAR | LX | 19:00-21:30',15,70,'19:00:00','21:30:00',1,0,1,0,0,0,0,'2021-03-04 00:00:00','2021-03-03','2021-03-24',17,9),(256,'2021-02-20','2021-03-03',270,18,'REGOLARE VIRTUAL BASE 8 | 2021-MAR | LX | 19:00-21:30',15,70,'19:00:00','21:30:00',1,0,1,0,0,0,0,'2021-03-04 00:00:00','2021-03-03','2021-03-24',17,9),(257,'2021-02-20','2021-03-03',271,18,'REGOLARE VIRTUAL BASE 9 | 2021-MAR | LX | 19:00-21:30',15,70,'19:00:00','21:30:00',1,0,1,0,0,0,0,'2021-03-04 00:00:00','2021-03-03','2021-03-24',17,9),(258,'2021-02-20','2021-03-03',272,18,'REGOLARE VIRTUAL BASE 10 | 2021-MAR | LX | 19:00-21:30',15,70,'19:00:00','21:30:00',1,0,1,0,0,0,0,'2021-03-04 00:00:00','2021-03-03','2021-03-24',17,9),(259,'2021-02-20','2021-03-03',274,18,'REGOLARE VIRTUAL INTERMEDIO 2 | 2021-MAR | LX | 19:00-21:30',15,70,'19:00:00','21:30:00',1,0,1,0,0,0,0,'2021-03-04 00:00:00','2021-03-03','2021-03-24',17,9),(260,'2021-02-20','2021-03-03',276,18,'REGOLARE VIRTUAL INTERMEDIO 4 | 2021-MAR | LX | 19:00-21:30',15,70,'19:00:00','21:30:00',1,0,1,0,0,0,0,'2021-03-04 00:00:00','2021-03-03','2021-03-24',17,9),(261,'2021-02-20','2021-03-03',280,18,'REGOLARE VIRTUAL INTERMEDIO 8 | 2021-MAR | LX | 19:00-21:30',15,70,'19:00:00','21:30:00',1,0,1,0,0,0,0,'2021-03-04 00:00:00','2021-03-03','2021-03-24',17,9),(262,'2021-02-20','2021-03-03',284,18,'REGOLARE VIRTUAL AVANZATO 2 | 2021-MAR | LX | 19:00-21:30',15,70,'19:00:00','21:30:00',1,0,1,0,0,0,0,'2021-03-04 00:00:00','2021-03-03','2021-03-24',17,9),(263,'2021-02-20','2021-03-02',263,18,'REGOLARE VIRTUAL BASE 1 | 2021-MAR | MJ | 19:00-21:30',15,70,'19:00:00','21:30:00',0,1,0,1,0,0,0,'2021-03-03 00:00:00','2021-03-02','2021-03-23',17,9),(264,'2021-02-20','2021-03-02',265,18,'REGOLARE VIRTUAL BASE 3 | 2021-MAR | MJ | 19:00-21:30',15,70,'19:00:00','21:30:00',0,1,0,1,0,0,0,'2021-03-03 00:00:00','2021-03-02','2021-03-23',17,9),(265,'2021-02-20','2021-03-02',268,18,'REGOLARE VIRTUAL BASE 6 | 2021-MAR | MJ | 19:00-21:30',15,70,'19:00:00','21:30:00',0,1,0,1,0,0,0,'2021-03-03 00:00:00','2021-03-02','2021-03-23',17,9),(266,'2021-02-20','2021-03-02',269,18,'REGOLARE VIRTUAL BASE 7 | 2021-MAR | MJ | 19:00-21:30',15,70,'19:00:00','21:30:00',0,1,0,1,0,0,0,'2021-03-03 00:00:00','2021-03-02','2021-03-23',17,9),(267,'2021-02-20','2021-03-02',271,18,'REGOLARE VIRTUAL BASE 9 | 2021-MAR | MJ | 19:00-21:30',15,70,'19:00:00','21:30:00',0,1,0,1,0,0,0,'2021-03-03 00:00:00','2021-03-02','2021-03-23',17,9),(268,'2021-02-20','2021-03-02',272,18,'REGOLARE VIRTUAL BASE 10 | 2021-MAR | MJ | 19:00-21:30',15,70,'19:00:00','21:30:00',0,1,0,1,0,0,0,'2021-03-03 00:00:00','2021-03-02','2021-03-23',17,9),(269,'2021-02-20','2021-03-02',273,18,'REGOLARE VIRTUAL INTERMEDIO 1 | 2021-MAR | MJ | 19:00-21:30',15,70,'19:00:00','21:30:00',0,1,0,1,0,0,0,'2021-03-03 00:00:00','2021-03-02','2021-03-23',0,1),(270,'2021-02-20','2021-03-02',275,18,'REGOLARE VIRTUAL INTERMEDIO 3 | 2021-MAR | MJ | 19:00-21:30',15,70,'19:00:00','21:30:00',0,1,0,1,0,0,0,'2021-03-03 00:00:00','2021-03-02','2021-03-23',17,9),(271,'2021-02-20','2021-03-02',288,18,'REGOLARE VIRTUAL AVANZATO 6 | 2021-MAR | MJ | 19:00-21:30',15,70,'19:00:00','21:30:00',0,1,0,1,0,0,0,'2021-03-03 00:00:00','2021-03-02','2021-03-23',17,9),(272,'2021-02-20','2021-03-03',263,18,'REGOLARE VIRTUAL BASE 1 | 2021-MAR | LXV | 07:00-08:45',15,70,'07:00:00','08:45:00',1,0,1,0,1,0,0,'2021-03-04 00:00:00','2021-03-03','2021-03-24',17,9),(273,'2021-02-20','2021-03-03',263,18,'REGOLARE VIRTUAL BASE 1 | 2021-MAR | LXV | 11:30-13:15',15,70,'11:30:00','13:15:00',1,0,1,0,1,0,0,'2021-03-04 00:00:00','2021-03-03','2021-03-24',17,9),(274,'2021-02-20','2021-03-03',264,18,'REGOLARE VIRTUAL BASE 2 | 2021-MAR | LXV | 07:00-08:45',15,70,'07:00:00','08:45:00',1,0,1,0,1,0,0,'2021-03-04 00:00:00','2021-03-03','2021-03-24',17,9),(275,'2021-02-20','2021-03-03',264,18,'REGOLARE VIRTUAL BASE 2 | 2021-MAR | LXV | 11:30-13:15',15,70,'11:30:00','13:15:00',1,0,1,0,1,0,0,'2021-03-04 00:00:00','2021-03-03','2021-03-24',17,9),(276,'2021-02-20','2021-03-03',265,18,'REGOLARE VIRTUAL BASE 3 | 2021-MAR | LXV | 07:00-08:45',15,70,'07:00:00','08:45:00',1,0,1,0,1,0,0,'2021-03-04 00:00:00','2021-03-03','2021-03-24',17,9),(277,'2021-02-20','2021-03-03',265,18,'REGOLARE VIRTUAL BASE 3 | 2021-MAR | LXV | 11:30-13:15',15,70,'11:30:00','13:15:00',1,0,1,0,1,0,0,'2021-03-04 00:00:00','2021-03-03','2021-03-24',17,9),(278,'2021-02-20','2021-03-03',266,18,'REGOLARE VIRTUAL BASE 4 | 2021-MAR | LXV | 07:00-08:45',15,70,'07:00:00','08:45:00',1,0,1,0,1,0,0,'2021-03-04 00:00:00','2021-03-03','2021-03-24',17,9),(279,'2021-02-20','2021-03-03',267,18,'REGOLARE VIRTUAL BASE 5 | 2021-MAR | LXV | 07:00-08:45',15,70,'07:00:00','08:45:00',1,0,1,0,1,0,0,'2021-03-04 00:00:00','2021-03-03','2021-03-24',17,9),(280,'2021-02-20','2021-03-03',268,18,'REGOLARE VIRTUAL BASE 6 | 2021-MAR | LXV | 07:00-08:45',15,70,'07:00:00','08:45:00',1,0,1,0,1,0,0,'2021-03-04 00:00:00','2021-03-03','2021-03-24',17,9),(281,'2021-02-20','2021-03-03',269,18,'REGOLARE VIRTUAL BASE 7 | 2021-MAR | LXV | 07:00-08:45',15,70,'07:00:00','08:45:00',1,0,1,0,1,0,0,'2021-03-04 00:00:00','2021-03-03','2021-03-24',17,9),(282,'2021-02-20','2021-03-03',270,18,'REGOLARE VIRTUAL BASE 8 | 2021-MAR | LXV | 07:00-08:45',15,70,'07:00:00','08:45:00',1,0,1,0,1,0,0,'2021-03-04 00:00:00','2021-03-03','2021-03-24',17,9),(283,'2021-02-20','2021-03-03',271,18,'REGOLARE VIRTUAL BASE 9 | 2021-MAR | LXV | 07:00-08:45',15,70,'07:00:00','08:45:00',1,0,1,0,1,0,0,'2021-03-04 00:00:00','2021-03-03','2021-03-24',17,9),(284,'2021-02-20','2021-03-06',263,18,'REGOLARE VIRTUAL BASE 1 | 2021-MAR | S | 08:30-13:15',15,70,'08:30:00','13:15:00',0,0,0,0,0,1,0,'2021-03-08 00:00:00','2021-03-06','2021-03-27',17,9),(285,'2021-02-20','2021-03-06',263,18,'REGOLARE VIRTUAL BASE 1 | 2021-MAR | S | 14:00-18:45',15,70,'14:00:00','18:45:00',0,0,0,0,0,1,0,'2021-02-08 00:00:00','2021-03-06','2021-03-27',17,9),(286,'2021-02-20','2021-03-06',264,18,'REGOLARE VIRTUAL BASE 2 | 2021-MAR | S | 08:30-13:15',15,70,'08:30:00','13:15:00',0,0,0,0,0,1,0,'2021-03-08 00:00:00','2021-03-06','2021-03-27',17,9),(287,'2021-02-20','2021-03-06',264,18,'REGOLARE VIRTUAL BASE 2 | 2021-MAR | S | 14:00-18:45',15,70,'14:00:00','18:45:00',0,0,0,0,0,1,0,'2021-03-08 00:00:00','2021-03-06','2021-03-27',17,9),(288,'2021-02-20','2021-03-06',265,18,'REGOLARE VIRTUAL BASE 3 | 2021-MAR | S | 08:30-13:15',15,70,'08:30:00','13:15:00',0,0,0,0,0,1,0,'2021-03-08 00:00:00','2021-03-06','2021-03-27',17,9),(289,'2021-02-20','2021-03-06',267,18,'REGOLARE VIRTUAL BASE 5 | 2021-MAR | S | 08:30-13:15',15,70,'08:30:00','13:15:00',0,0,0,0,0,1,0,'2021-03-08 00:00:00','2021-03-06','2021-03-27',17,9),(290,'2021-02-20','2021-03-06',269,18,'REGOLARE VIRTUAL BASE 7 | 2021-MAR | S | 08:30-13:15',15,70,'08:30:00','13:15:00',0,0,0,0,0,1,0,'2021-03-08 00:00:00','2021-03-06','2021-03-27',17,9),(291,'2021-02-20','2021-03-06',276,18,'REGOLARE VIRTUAL INTERMEDIO 4 | 2021-MAR | S | 08:30-13:15',15,70,'08:30:00','13:15:00',0,0,0,0,0,1,0,'2021-03-08 00:00:00','2021-03-06','2021-03-27',17,9),(292,'2021-02-20','2021-03-06',279,18,'REGOLARE VIRTUAL INTERMEDIO 7 | 2021-MAR | S | 08:30-13:15',15,70,'08:30:00','13:15:00',0,0,0,0,0,1,0,'2021-03-08 00:00:00','2021-03-06','2021-03-27',17,9),(293,'2021-02-20','2021-03-06',282,18,'REGOLARE VIRTUAL INTERMEDIO 10 | 2021-MAR | S | 08:30-13:15',15,70,'08:30:00','13:15:00',0,0,0,0,0,1,0,'2021-03-08 00:00:00','2021-03-06','2021-03-27',0,1),(294,'2021-02-20','2021-03-06',284,18,'REGOLARE VIRTUAL AVANZATO 2 | 2021-MAR | S | 08:30-13:15',15,70,'08:30:00','13:15:00',0,0,0,0,0,1,0,'2021-03-08 00:00:00','2021-03-06','2021-03-27',17,9),(295,'2021-02-20','2021-03-06',293,18,'BAMBINI VIRTUALE LIBRO 1 - 1 | 2021-MAR | S | 08:00-11:00',8,10,'08:00:00','11:00:00',0,0,0,0,0,1,0,'2021-03-08 00:00:00','2021-03-06','2021-05-08',24,9),(296,'2021-02-20','2021-03-06',305,18,'RAGAZZI VIRTUALE LIBRO 1 - 1 | 2021-MAR | S | 11:00-14:00',11,14,'11:00:00','14:00:00',0,0,0,0,0,1,0,'2021-03-08 00:00:00','2021-03-06','2021-05-08',24,9),(297,'2021-02-20','2021-03-02',293,18,'BAMBINI VIRTUALE LIBRO 1 - 1 | 2021-MAR | LX | 16:30-18:00',8,10,'16:30:00','18:00:00',1,0,1,0,0,0,0,'2021-03-03 00:00:00','2021-03-03','2021-04-26',24,9),(298,'2021-02-20','2021-03-02',305,18,'RAGAZZI VIRTUALE LIBRO 1 - 1 | 2021-MAR | LX | 16:30-18:00',11,14,'16:30:00','18:00:00',1,0,1,0,0,0,0,'2021-03-03 00:00:00','2021-03-03','2021-04-26',24,9),(299,'2021-02-20','2021-03-02',306,18,'RAGAZZI VIRTUALE LIBRO 1 - 2 | 2021-MAR | MJ | 16:30-18:00',11,14,'16:30:00','18:00:00',0,1,0,1,0,0,0,'2021-03-03 00:00:00','2021-03-02','2021-04-27',24,9),(300,'2021-02-20','2021-03-02',307,18,'RAGAZZI VIRTUALE LIBRO 1 - 3 | 2021-MAR | MJ | 16:30-18:00',11,14,'16:30:00','18:00:00',0,1,0,1,0,0,0,'2021-03-03 00:00:00','2021-03-02','2021-04-27',24,9),(301,'2021-02-20','2021-03-02',308,18,'RAGAZZI VIRTUALE LIBRO 1 - 4 | 2021-MAR | MJ | 16:30-18:00',11,14,'16:30:00','18:00:00',0,1,0,1,0,0,0,'2021-03-03 00:00:00','2021-03-04','2021-04-29',24,9),(302,'2021-02-20','2021-03-06',330,18,'CORSO DI CONVERSAZIONE E CULTURA ITALIANA | 2021-MAR | S | 08:30-10:30',15,70,'08:30:00','10:30:00',0,0,0,0,0,1,0,'2021-03-08 00:00:00','2021-03-06','2021-05-08',0,1),(303,'2021-02-20','2021-03-06',330,18,'CORSO DI CONVERSAZIONE E CULTURA ITALIANA | 2021-MAR | S | 11:00-13:00',15,70,'11:00:00','13:00:00',0,0,0,0,0,1,0,'2021-03-08 00:00:00','2021-03-06','2021-05-08',0,1),(304,'2021-02-20','2021-03-06',331,18,'GRAMMATICA E FONETICA | 2021-MAR | S | 08:30-10:30',15,70,'08:30:00','10:30:00',0,0,0,0,0,1,0,'2021-03-08 00:00:00','2021-03-06','2021-05-08',0,1),(305,'2021-02-20','2021-03-06',298,18,'BAMBINI VIRTUALE LIBRO 1 - 6 | 2021-MAR | S | 08:00-11:00',8,10,'08:00:00','11:00:00',0,0,0,0,0,1,0,'2021-03-08 00:00:00','2021-03-06','2021-05-08',24,9),(306,'2021-02-20','2021-03-06',311,18,'RAGAZZI VIRTUALE LIBRO 2 - 1 | 2021-MAR | S | 11:00-14:00',10,14,'11:00:00','14:00:00',0,0,0,0,0,1,0,'2021-03-08 00:00:00','2021-03-06','2021-05-08',24,1),(307,'2021-03-20','2021-04-06',241,19,'SUPER INTENSIVO VIRTUAL BASE 01 | 2021-ABR | L-V | 09:30-12:30',15,70,'09:30:00','12:30:00',1,1,1,1,1,0,0,'2021-03-07 00:00:00','2021-04-06','2021-04-26',45,8),(308,'2021-03-20','2021-04-06',241,19,'SUPER INTENSIVO VIRTUAL BASE 01 | 2021-ABR | L-V | 15:30-18:30',15,70,'15:30:00','18:30:00',1,1,1,1,1,0,0,'2021-04-07 00:00:00','2021-04-06','2021-04-26',45,7),(309,'2021-03-20','2021-04-06',242,19,'SUPER INTENSIVO VIRTUAL BASE 02 | 2021-ABR | L-V | 09:30-12:30',15,70,'09:30:00','12:30:00',1,1,1,1,1,0,0,'2021-04-07 00:00:00','2021-04-06','2021-04-26',45,7),(310,'2021-03-20','2021-04-06',243,19,'SUPER INTENSIVO VIRTUAL BASE 03 | 2021-ABR | L-V | 09:30-12:30',15,70,'09:30:00','12:30:00',1,1,1,1,1,0,0,'2021-04-07 00:00:00','2021-04-06','2021-04-26',45,7),(311,'2021-03-20','2021-04-06',244,19,'SUPER INTENSIVO VIRTUAL BASE 04 | 2021-ABR | L-V | 09:30-12:30',15,70,'09:30:00','12:30:00',1,1,1,1,1,0,0,'2021-04-07 00:00:00','2021-04-06','2021-04-26',45,7),(312,'2021-03-20','2021-04-06',246,19,'SUPER INTENSIVO VIRTUAL INTERMEDIO 02 | 2021-ABR | L-V | 09:30-12:30',15,70,'09:30:00','12:30:00',1,1,1,1,1,0,0,'2021-04-07 00:00:00','2021-04-06','2021-04-26',45,7),(313,'2021-03-20','2021-04-06',248,19,'SUPER INTENSIVO VIRTUAL INTERMEDIO 04 | 2021-ABR | L-V | 09:30-12:30',15,70,'09:30:00','12:30:00',1,1,1,1,1,0,0,'2021-04-07 00:00:00','2021-04-06','2021-04-26',45,7),(314,'2021-03-20','2021-04-06',249,19,'INTENSIVO VIRTUAL BASE 01 | 2021-ABR | L-V | 07:00-09:00',15,70,'07:00:00','09:00:00',1,1,1,1,1,0,0,'2021-04-07 00:00:00','2021-04-06','2021-04-28',34,7),(315,'2021-03-20','2021-04-06',249,19,'INTENSIVO VIRTUAL BASE 01 | 2021-ABR | L-V | 09:30-11:30',15,70,'09:30:00','11:30:00',1,1,1,1,1,0,0,'2021-04-07 00:00:00','2021-04-06','2021-04-28',34,7),(316,'2021-03-20','2021-04-06',249,19,'INTENSIVO VIRTUAL BASE 01 | 2021-ABR | L-V | 14:00-16:00',15,70,'14:00:00','16:00:00',1,1,1,1,1,0,0,'2021-04-07 00:00:00','2021-04-06','2021-04-28',34,7),(317,'2021-03-20','2021-04-06',249,19,'INTENSIVO VIRTUAL BASE 01 | 2021-ABR | L-V | 16:30-18:30',15,70,'16:30:00','18:30:00',1,1,1,1,1,0,0,'2021-04-07 00:00:00','2021-04-06','2021-04-28',34,7),(318,'2021-03-20','2021-04-06',250,19,'INTENSIVO VIRTUAL BASE 02 | 2021-ABR | L-V | 07:00-09:00',15,70,'07:00:00','09:00:00',1,1,1,1,1,0,0,'2021-04-07 00:00:00','2021-04-06','2021-04-28',34,7),(319,'2021-03-20','2021-04-06',250,19,'INTENSIVO VIRTUAL BASE 02 | 2021-ABR | L-V | 09:30-11:30',15,70,'09:30:00','11:30:00',1,1,1,1,1,0,0,'2021-04-07 00:00:00','2021-04-06','2021-04-28',34,7),(320,'2021-03-20','2021-04-06',250,19,'INTENSIVO VIRTUAL BASE 02 | 2021-ABR | L-V | 14:00-16:00',15,70,'14:00:00','16:00:00',1,1,1,1,1,0,0,'2021-04-07 00:00:00','2021-04-06','2021-04-28',34,7),(321,'2021-03-20','2021-04-06',250,19,'INTENSIVO VIRTUAL BASE 02 | 2021-ABR | L-V | 16:30-18:30',15,70,'16:30:00','18:30:00',1,1,1,1,1,0,0,'2021-04-07 00:00:00','2021-04-06','2021-04-28',34,7),(322,'2021-03-20','2021-04-06',250,19,'INTENSIVO VIRTUAL BASE 02 | 2021-ABR | L-V | 19:00-21:00',15,70,'19:00:00','21:00:00',1,1,1,1,1,0,0,'2021-04-07 00:00:00','2021-04-06','2021-04-28',34,7),(323,'2021-03-20','2021-04-06',251,19,'INTENSIVO VIRTUAL BASE 03 | 2021-ABR | L-V | 07:00-09:00',15,70,'07:00:00','09:00:00',1,1,1,1,1,0,0,'2021-04-07 00:00:00','2021-04-06','2021-04-28',34,7),(324,'2021-03-20','2021-04-06',251,19,'INTENSIVO VIRTUAL BASE 03 | 2021-ABR | L-V | 09:30-11:30',15,70,'09:30:00','11:30:00',1,1,1,1,1,0,0,'2021-04-07 00:00:00','2021-04-06','2021-04-28',34,7),(325,'2021-03-20','2021-04-06',251,19,'INTENSIVO VIRTUAL BASE 03 | 2021-ABR | L-V | 14:00-16:00',15,70,'14:00:00','16:00:00',1,1,1,1,1,0,0,'2021-04-07 00:00:00','2021-04-06','2021-04-28',34,7),(326,'2021-03-20','2021-04-06',251,19,'INTENSIVO VIRTUAL BASE 03 | 2021-ABR | L-V | 16:30-18:30',15,70,'16:30:00','18:30:00',1,1,1,1,1,0,0,'2021-04-07 00:00:00','2021-04-06','2021-04-28',34,7),(327,'2021-03-20','2021-04-06',251,19,'INTENSIVO VIRTUAL BASE 03 | 2021-ABR | L-V | 19:00-21:00',15,70,'19:00:00','21:00:00',1,1,1,1,1,0,0,'2021-04-07 00:00:00','2021-04-06','2021-04-28',34,7),(328,'2021-03-20','2021-04-06',252,19,'INTENSIVO VIRTUAL BASE 04 | 2021-ABR | L-V | 07:00-09:00',15,70,'07:00:00','09:00:00',1,1,1,1,1,0,0,'2021-04-07 00:00:00','2021-04-06','2021-04-28',34,7),(329,'2021-03-20','2021-04-06',252,19,'INTENSIVO VIRTUAL BASE 04 | 2021-ABR | L-V | 09:30-11:30',15,70,'09:30:00','11:30:00',1,1,1,1,1,0,0,'2021-04-07 00:00:00','2021-04-06','2021-04-28',34,7),(330,'2021-03-20','2021-04-06',252,19,'INTENSIVO VIRTUAL BASE 04 | 2021-ABR | L-V | 14:00-16:00',15,70,'14:00:00','16:00:00',1,1,1,1,1,0,0,'2021-04-07 00:00:00','2021-04-06','2021-04-28',34,7),(331,'2021-03-20','2021-04-06',252,19,'INTENSIVO VIRTUAL BASE 04 | 2021-ABR | L-V | 16:30-18:30',15,70,'16:30:00','18:30:00',1,1,1,1,1,0,0,'2021-04-07 00:00:00','2021-04-06','2021-04-28',34,7),(332,'2021-03-20','2021-04-06',252,19,'INTENSIVO VIRTUAL BASE 04 | 2021-ABR | L-V | 19:00-21:00',15,70,'19:00:00','21:00:00',1,1,1,1,1,0,0,'2021-04-07 00:00:00','2021-04-06','2021-04-28',34,7),(333,'2021-03-20','2021-04-06',253,19,'INTENSIVO VIRTUAL BASE 05 | 2021-ABR | L-V | 07:00-09:00',15,70,'07:00:00','09:00:00',1,1,1,1,1,0,0,'2021-04-07 00:00:00','2021-04-06','2021-04-28',34,7),(334,'2021-03-20','2021-04-06',253,19,'INTENSIVO VIRTUAL BASE 05 | 2021-ABR | L-V | 16:30-18:30',15,70,'16:30:00','18:30:00',1,1,1,1,1,0,0,'2021-04-07 00:00:00','2021-04-06','2021-04-28',34,7),(335,'2021-03-20','2021-04-06',254,19,'INTENSIVO VIRTUAL INTERMEDIO 01 | 2021-ABR | L-V | 11:00-13:00',15,70,'11:00:00','13:00:00',1,1,1,1,1,0,0,'2021-04-07 00:00:00','2021-04-06','2021-04-28',34,7),(336,'2021-03-20','2021-04-06',254,19,'INTENSIVO VIRTUAL INTERMEDIO 01 | 2021-ABR | L-V | 14:00-16:00',15,70,'14:00:00','16:00:00',1,1,1,1,1,0,0,'2021-04-07 00:00:00','2021-04-06','2021-04-28',34,7),(337,'2021-03-20','2021-04-06',255,19,'INTENSIVO VIRTUAL INTERMEDIO 02 | 2021-ABR | L-V | 07:00-09:00',15,70,'07:00:00','09:00:00',1,1,1,1,1,0,0,'2021-04-07 00:00:00','2021-04-06','2021-04-28',34,7),(338,'2021-03-20','2021-04-06',255,19,'INTENSIVO VIRTUAL INTERMEDIO 02 | 2021-ABR | L-V | 16:30-18:30',15,70,'16:30:00','18:30:00',1,1,1,1,1,0,0,'2021-04-07 00:00:00','2021-04-06','2021-04-29',34,7),(339,'2021-03-20','2021-04-06',255,19,'INTENSIVO VIRTUAL INTERMEDIO 02 | 2021-ABR | L-V | 19:00-21:00',15,70,'19:00:00','21:00:00',1,1,1,1,1,0,0,'2021-04-07 00:00:00','2021-04-06','2021-04-28',34,7),(340,'2021-03-20','2021-04-06',256,19,'INTENSIVO VIRTUAL INTERMEDIO 03 | 2021-ABR | L-V | 07:00-09:00',15,70,'07:00:00','09:00:00',1,1,1,1,1,0,0,'2021-04-07 00:00:00','2021-04-06','2021-04-28',34,7),(341,'2021-03-20','2021-04-06',256,19,'INTENSIVO VIRTUAL INTERMEDIO 03 | 2021-ABR | L-V | 19:00-21:00',15,70,'19:00:00','21:00:00',1,1,1,1,1,0,0,'2021-04-07 00:00:00','2021-04-06','2021-04-28',34,7),(342,'2021-03-20','2021-04-06',257,19,'INTENSIVO VIRTUAL INTERMEDIO 04 | 2021-ABR | L-V | 07:00-09:00',15,70,'07:00:00','09:00:00',1,1,1,1,1,0,0,'2021-04-07 00:00:00','2021-04-06','2021-04-28',34,7),(343,'2021-03-20','2021-04-06',257,19,'INTENSIVO VIRTUAL INTERMEDIO 04 | 2021-ABR | L-V | 19:00-21:00',15,70,'19:00:00','21:00:00',1,1,1,1,1,0,0,'2021-04-07 00:00:00','2021-04-06','2021-04-28',34,7),(344,'2021-03-20','2021-04-06',258,19,'INTENSIVO VIRTUAL INTERMEDIO 05 | 2021-ABR | L-V | 07:00-09:00',15,70,'07:00:00','09:00:00',1,1,1,1,1,0,0,'2021-04-07 00:00:00','2021-04-06','2021-04-29',34,7),(345,'2021-03-20','2021-04-06',258,19,'INTENSIVO VIRTUAL INTERMEDIO 05 | 2021-ABR | L-V | 19:00-21:00',15,70,'19:00:00','21:00:00',1,1,1,1,1,0,0,'2021-04-07 00:00:00','2021-04-06','2021-04-28',34,7),(346,'2021-03-20','2021-04-06',259,19,'INTENSIVO VIRTUAL AVANZATO 01 | 2021-ABR | L-V | 07:00-09:00',15,70,'07:00:00','09:00:00',1,1,1,1,1,0,0,'2021-04-07 00:00:00','2021-04-06','2021-04-26',30,7),(347,'2021-03-20','2021-04-06',259,19,'INTENSIVO VIRTUAL AVANZATO 01 | 2021-ABR | L-V | 14:00-16:00',15,70,'14:00:00','16:00:00',1,1,1,1,1,0,0,'2021-04-07 00:00:00','2021-04-06','2021-04-26',30,7),(348,'2021-03-20','2021-04-06',259,19,'INTENSIVO VIRTUAL AVANZATO 01 | 2021-ABR | L-V | 19:00-21:00',15,70,'19:00:00','21:00:00',1,1,1,1,1,0,0,'2021-04-07 00:00:00','2021-04-06','2021-04-26',30,7),(349,'2021-03-20','2021-04-06',260,19,'INTENSIVO VIRTUAL AVANZATO 02 | 2021-ABR | L-V | 07:00-09:00',15,70,'07:00:00','09:00:00',1,1,1,1,1,0,0,'2021-04-07 00:00:00','2021-04-06','2021-04-26',30,7),(350,'2021-03-20','2021-04-06',260,19,'INTENSIVO VIRTUAL AVANZATO 02 | 2021-ABR | L-V | 19:00-21:00',15,70,'19:00:00','21:00:00',1,1,1,1,1,0,0,'2021-04-07 00:00:00','2021-04-06','2021-04-26',30,7),(351,'2021-03-20','2021-04-06',261,19,'INTENSIVO VIRTUAL AVANZATO 03 | 2021-ABR | L-V | 19:00-21:00',15,70,'19:00:00','21:00:00',1,1,1,1,1,0,0,'2021-04-07 00:00:00','2021-04-06','2021-04-26',30,7),(352,'2021-03-20','2021-04-06',262,19,'INTENSIVO VIRTUAL AVANZATO 04 | 2021-ABR | L-V | 19:00-21:00',15,70,'19:00:00','21:00:00',1,1,1,1,1,0,0,'2021-04-07 00:00:00','2021-04-06','2021-04-26',30,7),(353,'2021-03-20','2021-04-06',263,19,'REGOLARE VIRTUAL BASE 01 | 2021-ABR | MJ | 19:00-21:30',15,70,'19:00:00','21:30:00',0,1,0,1,0,0,0,'2021-04-07 00:00:00','2021-04-06','2021-04-27',17,9),(354,'2021-03-20','2021-04-06',264,19,'REGOLARE VIRTUAL BASE 02 | 2021-ABR | MJ | 19:00-21:30',15,70,'19:00:00','21:30:00',0,1,0,1,0,0,0,'2021-04-07 00:00:00','2021-04-06','2021-04-27',17,9),(355,'2021-03-20','2021-04-06',266,19,'REGOLARE VIRTUAL BASE 04 | 2021-ABR | MJ | 19:00-21:30',15,70,'19:00:00','21:30:00',0,1,0,1,0,0,0,'2021-04-07 00:00:00','2021-04-06','2021-04-27',17,9),(356,'2021-03-20','2021-04-06',269,19,'REGOLARE VIRTUAL BASE 07 | 2021-ABR | MJ | 19:00-21:30',15,70,'19:00:00','21:30:00',0,1,0,1,0,0,0,'2021-04-07 00:00:00','2021-04-06','2021-04-27',17,9),(357,'2021-03-20','2021-04-06',270,19,'REGOLARE VIRTUAL BASE 08 | 2021-ABR | MJ | 19:30-21:30',15,70,'19:30:00','21:30:00',0,1,0,1,0,0,0,'2021-04-07 00:00:00','2021-04-06','2021-04-27',17,9),(358,'2021-03-20','2021-04-06',272,19,'REGOLARE VIRTUAL BASE 10 | 2021-ABR | MJ | 19:00-21:30',15,70,'19:00:00','21:30:00',0,1,0,1,0,0,0,'2021-04-07 00:00:00','2021-04-06','2021-04-27',17,9),(359,'2021-03-20','2021-04-06',273,19,'REGOLARE VIRTUAL INTERMEDIO 01 | 2021-ABR | MJ | 19:00-21:30',15,70,'19:00:00','21:30:00',0,1,0,1,0,0,0,'2021-04-07 00:00:00','2021-04-06','2021-04-27',17,9),(360,'2021-03-20','2021-04-06',274,19,'REGOLARE VIRTUAL INTERMEDIO 02 | 2021-ABR | MJ | 19:00-21:30',15,70,'19:00:00','21:30:00',0,1,0,1,0,0,0,'2021-04-07 00:00:00','2021-04-06','2021-04-27',17,9),(361,'2021-03-20','2021-04-06',276,19,'REGOLARE VIRTUAL INTERMEDIO 04 | 2021-ABR | MJ | 19:00-21:30',15,70,'19:00:00','21:30:00',0,1,0,1,0,0,0,'2021-04-07 00:00:00','2021-04-06','2021-04-27',17,9),(362,'2021-03-20','2021-04-05',263,19,'REGOLARE VIRTUAL BASE 01 | 2021-ABR | LX | 15:30-18:00',15,70,'15:30:00','18:00:00',1,0,1,0,0,0,0,'2021-04-08 00:00:00','2021-04-07','2021-04-28',17,9),(363,'2021-03-20','2021-04-06',264,19,'REGOLARE VIRTUAL BASE 02 | 2021-ABR | LX | 15:30-18:00',15,70,'15:30:00','18:00:00',1,0,1,0,0,0,0,'2021-04-08 00:00:00','2021-04-07','2021-04-28',17,9),(364,'2021-03-20','2021-04-05',264,19,'REGOLARE VIRTUAL BASE 02 | 2021-ABR | LX | 19:00-21:30',15,70,'19:00:00','21:30:00',1,0,1,0,0,0,0,'2021-04-08 00:00:00','2021-04-07','2021-04-28',17,9),(365,'2021-03-20','2021-04-07',265,19,'REGOLARE VIRTUAL BASE 03 | 2021-ABR | LX | 15:30-18:00',15,70,'15:30:00','18:00:00',1,0,1,0,0,0,0,'2021-04-08 00:00:00','2021-04-07','2021-04-28',17,9),(366,'2021-03-20','2021-04-07',266,19,'REGOLARE VIRTUAL BASE 04 | 2021-ABR | LX | 15:30-18:00',15,70,'15:30:00','18:00:00',1,0,1,0,0,0,0,'2021-04-08 00:00:00','2021-04-07','2021-04-28',17,9),(367,'2021-03-20','2021-04-07',268,19,'REGOLARE VIRTUAL BASE 06 | 2021-ABR | LX | 15:30-18:00',15,70,'15:30:00','18:00:00',1,0,1,0,0,0,0,'2021-04-08 00:00:00','2021-04-07','2021-04-28',17,9),(368,'2021-03-20','2021-04-07',269,19,'REGOLARE VIRTUAL BASE 07 | 2021-ABR | LX | 19:00-21:30',15,70,'19:00:00','21:30:00',1,0,1,0,0,0,0,'2021-04-08 00:00:00','2021-04-07','2021-04-28',17,9),(369,'2021-03-20','2021-04-07',270,19,'REGOLARE VIRTUAL BASE 08 | 2021-ABR | LX | 19:00-21:30',15,70,'19:00:00','21:30:00',1,0,1,0,0,0,0,'2021-04-08 00:00:00','2021-04-07','2021-04-28',17,9),(370,'2021-03-20','2021-04-07',271,19,'REGOLARE VIRTUAL BASE 09 | 2021-ABR | LX | 19:00-21:30',15,70,'19:00:00','21:30:00',1,0,1,0,0,0,0,'2021-04-08 00:00:00','2021-04-07','2021-04-28',17,9),(371,'2021-03-20','2021-04-07',272,19,'REGOLARE VIRTUAL BASE 10 | 2021-ABR | LX | 19:00-21:30',15,70,'19:00:00','21:30:00',1,0,1,0,0,0,0,'2021-04-08 00:00:00','2021-04-07','2021-04-28',17,9),(372,'2021-03-20','2021-04-07',273,19,'REGOLARE VIRTUAL INTERMEDIO 01 | 2021-ABR | LX | 19:00-21:30',15,70,'19:00:00','21:30:00',1,0,1,0,0,0,0,'2021-04-08 00:00:00','2021-04-07','2021-04-28',17,9),(373,'2021-03-20','2021-04-05',275,19,'REGOLARE VIRTUAL INTERMEDIO 03 | 2021-ABR | LX | 19:00-21:30',15,70,'19:00:00','21:30:00',1,0,1,0,0,0,0,'2021-04-08 00:00:00','2021-04-07','2021-04-28',17,9),(374,'2021-03-20','2021-04-05',277,19,'REGOLARE VIRTUAL INTERMEDIO 05 | 2021-ABR | LX | 19:00-21:30',15,70,'19:00:00','21:30:00',1,0,1,0,0,0,0,'2021-04-08 00:00:00','2021-04-07','2021-04-28',17,9),(375,'2021-03-20','2021-04-07',281,19,'REGOLARE VIRTUAL INTERMEDIO 09 | 2021-ABR | LX | 19:00-21:30',15,70,'19:00:00','21:30:00',1,0,1,0,0,0,0,'2021-04-08 00:00:00','2021-04-07','2021-04-28',17,9),(376,'2021-03-20','2021-04-07',285,19,'REGOLARE VIRTUAL AVANZATO 03 | 2021-ABR | LX | 19:00-21:30',15,70,'19:00:00','21:30:00',1,0,1,0,0,0,0,'2021-04-08 00:00:00','2021-04-07','2021-04-28',17,9),(377,'2021-03-20','2021-04-05',263,19,'REGOLARE VIRTUAL BASE 01 | 2021-ABR | LXV | 07:00-08:45',15,70,'07:00:00','08:45:00',1,0,1,0,1,0,0,'2021-04-08 00:00:00','2021-04-07','2021-04-28',17,9),(378,'2021-03-20','2021-04-05',263,19,'REGOLARE VIRTUAL BASE 01 | 2021-ABR | LXV | 11:30-13:15',15,70,'11:30:00','13:15:00',1,0,1,0,1,0,0,'2021-04-08 00:00:00','2021-04-07','2021-04-28',17,9),(379,'2021-03-20','2021-04-07',264,19,'REGOLARE VIRTUAL BASE 02 | 2021-ABR | LXV | 07:00-08:45',15,70,'07:00:00','08:45:00',1,0,1,0,1,0,0,'2021-04-08 00:00:00','2021-04-07','2021-04-28',17,9),(380,'2021-03-20','2021-04-07',264,19,'REGOLARE VIRTUAL BASE 02 | 2021-ABR | LXV | 11:30-13:15',15,70,'11:30:00','13:15:00',1,0,1,0,1,0,0,'2021-04-08 00:00:00','2021-04-07','2021-04-28',17,9),(381,'2021-03-20','2021-04-07',265,19,'REGOLARE VIRTUAL BASE 03 | 2021-ABR | LXV | 07:00-08:45',15,70,'07:00:00','08:45:00',1,0,1,0,1,0,0,'2021-04-08 00:00:00','2021-04-07','2021-04-28',17,9),(382,'2021-03-20','2021-04-07',265,19,'REGOLARE VIRTUAL BASE 03 | 2021-ABR | LXV | 11:30-13:15',15,70,'11:30:00','13:15:00',1,0,1,0,1,0,0,'2021-04-08 00:00:00','2021-04-07','2021-04-28',17,9),(383,'2021-03-20','2021-04-07',266,19,'REGOLARE VIRTUAL BASE 04 | 2021-ABR | LXV | 07:00-08:45',15,70,'07:00:00','08:45:00',1,0,1,0,1,0,0,'2021-04-08 00:00:00','2021-04-07','2021-04-28',17,9),(384,'2021-03-20','2021-04-07',266,19,'REGOLARE VIRTUAL BASE 04 | 2021-ABR | LXV | 11:30-13:15',15,70,'11:30:00','13:15:00',1,0,1,0,1,0,0,'2021-04-08 00:00:00','2021-04-07','2021-04-28',17,9),(385,'2021-03-20','2021-04-05',267,19,'REGOLARE VIRTUAL BASE 05 | 2021-ABR | LXV | 07:00-08:45',15,70,'07:00:00','08:45:00',1,0,1,0,1,0,0,'2021-04-08 00:00:00','2021-04-07','2021-04-28',17,9),(386,'2021-03-20','2021-04-05',268,19,'REGOLARE VIRTUAL BASE 06 | 2021-ABR | LXV | 07:00-08:45',15,70,'07:00:00','08:45:00',1,0,1,0,1,0,0,'2021-04-08 00:00:00','2021-04-07','2021-04-28',17,9),(387,'2021-03-20','2021-04-07',269,19,'REGOLARE VIRTUAL BASE 07 | 2021-ABR | LXV | 07:00-08:45',15,70,'07:00:00','08:45:00',1,0,1,0,1,0,0,'2021-04-08 00:00:00','2021-04-07','2021-04-28',17,9),(388,'2021-03-20','2021-04-07',270,19,'REGOLARE VIRTUAL BASE 08 | 2021-ABR | LXV | 07:00-08:45',15,70,'07:00:00','08:45:00',1,0,1,0,1,0,0,'2021-04-08 00:00:00','2021-04-07','2021-04-28',17,9),(389,'2021-03-20','2021-04-07',271,19,'REGOLARE VIRTUAL BASE 09 | 2021-ABR | LXV | 07:00-08:45',15,70,'07:00:00','08:45:00',1,0,1,0,1,0,0,'2021-04-08 00:00:00','2021-04-07','2021-04-28',17,9),(390,'2021-03-20','2021-04-07',272,19,'REGOLARE VIRTUAL BASE 10 | 2021-ABR | LXV | 07:00-08:45',15,70,'07:00:00','08:45:00',1,0,1,0,1,0,0,'2021-04-08 00:00:00','2021-04-07','2021-04-28',17,9),(391,'2021-03-20','2021-04-10',263,19,'REGOLARE VIRTUAL BASE 01 | 2021-ABR | S | 08:30-13:15',15,70,'08:30:00','13:15:00',0,0,0,0,0,1,0,'2021-04-12 00:00:00','2021-04-10','2021-05-08',17,9),(392,'2021-03-20','2021-04-10',263,19,'REGOLARE VIRTUAL BASE 01 | 2021-ABR | S | 14:00-18:45',15,70,'14:00:00','18:45:00',0,0,0,0,0,1,0,'2021-04-12 00:00:00','2021-04-10','2021-05-08',17,9),(393,'2021-03-20','2021-04-10',264,19,'REGOLARE VIRTUAL BASE 02 | 2021-ABR | S | 08:30-13:15',15,70,'08:30:00','13:15:00',0,0,0,0,0,1,0,'2021-04-12 00:00:00','2021-04-10','2021-05-08',17,9),(394,'2021-03-20','2021-04-08',264,19,'REGOLARE VIRTUAL BASE 02 | 2021-ABR | S | 14:00-18:45',15,70,'14:00:00','18:45:00',0,0,0,0,0,1,0,'2021-04-12 00:00:00','2021-04-10','2021-05-08',17,9),(395,'2021-03-20','2021-04-10',265,19,'REGOLARE VIRTUAL BASE 03 | 2021-ABR | S | 08:30-13:15',15,70,'08:30:00','13:15:00',0,0,0,0,0,1,0,'2021-04-12 00:00:00','2021-04-10','2021-05-08',17,9),(396,'2021-03-20','2021-04-08',265,19,'REGOLARE VIRTUAL BASE 03 | 2021-ABR | S | 14:00-18:45',15,70,'14:00:00','18:45:00',0,0,0,0,0,1,0,'2021-04-12 00:00:00','2021-04-10','2021-05-08',17,9),(397,'2021-03-20','2021-04-07',266,19,'REGOLARE VIRTUAL BASE 04 | 2021-ABR | S | 08:30-13:15',15,70,'08:30:00','13:15:00',0,0,0,0,0,1,0,'2021-04-12 00:00:00','2021-04-10','2021-05-08',17,9),(398,'2021-03-20','2021-04-07',268,19,'REGOLARE VIRTUAL BASE 06 | 2021-ABR | S | 08:30-13:15',15,70,'08:30:00','13:15:00',0,0,0,0,0,1,0,'2021-04-12 00:00:00','2021-04-10','2021-05-08',17,9),(399,'2021-03-20','2021-04-10',270,19,'REGOLARE VIRTUAL BASE 08 | 2021-ABR | S | 08:30-13:15',15,70,'08:30:00','13:15:00',0,0,0,0,0,1,0,'2021-04-12 00:00:00','2021-04-10','2021-05-08',17,9),(400,'2021-03-20','2021-04-10',280,19,'REGOLARE VIRTUAL INTERMEDIO 08 | 2021-ABR | S | 08:30-13:15',15,70,'08:30:00','13:15:00',0,0,0,0,0,1,0,'2021-04-12 00:00:00','2021-04-10','2021-05-08',17,9),(401,'2021-03-20','2021-04-10',283,19,'REGOLARE VIRTUAL AVANZATO 01 | 2021-ABR | S | 08:30-13:15',15,70,'08:30:00','13:15:00',0,0,0,0,0,1,0,'2021-04-12 00:00:00','2021-04-10','2021-05-08',17,9),(402,'2021-03-20','2021-04-10',285,19,'REGOLARE VIRTUAL AVANZATO 03 | 2021-ABR | S | 08:30-13:15',15,70,'08:30:00','13:15:00',0,0,0,0,0,1,0,'2021-04-12 00:00:00','2021-04-10','2021-05-08',17,9),(403,'2021-04-20','2021-05-04',241,20,'SUPER INTENSIVO VIRTUAL BASE 01 | 2021-MAY | L-V | 09:30-12:30',15,70,'09:30:00','12:30:00',1,1,1,1,1,0,0,'2021-05-05 00:00:00','2021-05-04','2021-05-24',45,7),(404,'2021-04-20','2021-05-04',241,20,'SUPER INTENSIVO VIRTUAL BASE 01 | 2021-MAY | L-V | 15:30-18:30',15,70,'15:30:00','18:30:00',1,1,1,1,1,0,0,'2021-05-05 00:00:00','2021-05-04','2021-05-24',45,7),(405,'2021-04-20','2021-05-04',242,20,'SUPER INTENSIVO VIRTUAL BASE 02 | 2021-MAY | L-V | 09:30-12:30',15,70,'09:30:00','12:30:00',1,1,1,1,1,0,0,'2021-05-05 00:00:00','2021-05-04','2021-05-24',45,7),(406,'2021-04-20','2021-05-04',242,20,'SUPER INTENSIVO VIRTUAL BASE 02 | 2021-MAY | L-V | 15:30-18:30',15,70,'15:30:00','18:30:00',1,1,1,1,1,0,0,'2021-05-05 00:00:00','2021-05-04','2021-05-24',45,7),(407,'2021-04-20','2021-05-04',243,20,'SUPER INTENSIVO VIRTUAL BASE 03 | 2021-MAY | L-V | 09:30-12:30',15,70,'09:30:00','12:30:00',1,1,1,1,1,0,0,'2021-05-05 00:00:00','2021-05-04','2021-05-24',45,7),(408,'2021-04-20','2021-05-04',244,20,'SUPER INTENSIVO VIRTUAL BASE 04 | 2021-MAY | L-V | 09:30-12:30',15,70,'09:30:00','12:30:00',1,1,1,1,1,0,0,'2021-05-05 00:00:00','2021-05-04','2021-05-24',45,7),(409,'2021-04-20','2021-05-04',245,20,'SUPER INTENSIVO VIRTUAL INTERMEDIO 01 | 2021-MAY | L-V | 09:30-12:30',15,70,'09:30:00','12:30:00',1,1,1,1,1,0,0,'2021-05-05 00:00:00','2021-05-04','2021-05-24',45,7),(410,'2021-04-20','2021-05-04',247,20,'SUPER INTENSIVO VIRTUAL INTERMEDIO 03 | 2021-MAY | L-V | 09:30-12:30',15,70,'09:30:00','12:30:00',1,1,1,1,1,0,0,'2021-05-05 00:00:00','2021-05-04','2021-05-24',45,7),(411,'2021-04-20','2021-05-04',249,20,'INTENSIVO VIRTUAL BASE 01 | 2021-MAY | L-V | 07:00-09:00',15,70,'07:00:00','09:00:00',1,1,1,1,1,0,0,'2021-05-05 00:00:00','2021-05-04','2021-05-26',34,8),(412,'2021-04-20','2021-05-04',249,20,'INTENSIVO VIRTUAL BASE 01 | 2021-MAY | L-V | 09:30-11:30',15,70,'09:30:00','11:30:00',1,1,1,1,1,0,0,'2021-05-05 00:00:00','2021-05-04','2021-05-26',34,8),(413,'2021-04-20','2021-05-04',249,20,'INTENSIVO VIRTUAL BASE 01 | 2021-MAY | L-V | 14:00-16:00',15,70,'14:00:00','16:00:00',1,1,1,1,1,0,0,'2021-05-05 00:00:00','2021-05-04','2021-05-26',34,8),(414,'2021-04-20','2021-05-04',249,20,'INTENSIVO VIRTUAL BASE 01 | 2021-MAY | L-V | 16:30-18:30',15,70,'16:30:00','18:30:00',1,1,1,1,1,0,0,'2021-05-05 00:00:00','2021-05-04','2021-05-26',34,8),(415,'2021-04-20','2021-05-04',250,20,'INTENSIVO VIRTUAL BASE 02 | 2021-MAY | L-V | 07:00-09:00',15,70,'07:00:00','09:00:00',1,1,1,1,1,0,0,'2021-05-05 00:00:00','2021-05-04','2021-05-26',34,8),(416,'2021-04-20','2021-05-04',250,20,'INTENSIVO VIRTUAL BASE 02 | 2021-MAY | L-V | 09:30-11:30',15,70,'09:30:00','11:30:00',1,1,1,1,1,0,0,'2021-05-05 00:00:00','2021-05-04','2021-04-26',34,8),(417,'2021-04-20','2021-05-04',250,20,'INTENSIVO VIRTUAL BASE 02 | 2021-MAY | L-V | 14:00-16:00',15,70,'14:00:00','16:00:00',1,1,1,1,1,0,0,'2021-05-05 00:00:00','2021-05-04','2021-04-26',34,8),(418,'2021-04-20','2021-05-04',250,20,'INTENSIVO VIRTUAL BASE 02 | 2021-MAY | L-V | 16:30-18:30',15,70,'16:30:00','18:30:00',1,1,1,1,1,0,0,'2021-05-05 00:00:00','2021-05-04','2021-05-26',34,8),(419,'2021-04-20','2021-05-04',251,20,'INTENSIVO VIRTUAL BASE 03 | 2021-MAY | L-V | 07:00-09:00',15,70,'07:00:00','09:00:00',1,1,1,1,1,0,0,'2021-05-05 00:00:00','2021-05-04','2021-05-26',34,8),(420,'2021-04-20','2021-05-04',251,20,'INTENSIVO VIRTUAL BASE 03 | 2021-MAY | L-V | 09:30-11:30',15,70,'09:30:00','11:30:00',1,1,1,1,1,0,0,'2021-05-05 00:00:00','2021-05-04','2021-05-26',34,8),(421,'2021-04-20','2021-05-04',251,20,'INTENSIVO VIRTUAL BASE 03 | 2021-MAY | L-V | 14:00-16:00',15,70,'14:00:00','16:00:00',1,1,1,1,1,0,0,'2021-05-05 00:00:00','2021-05-04','2021-05-26',34,8),(422,'2021-04-20','2021-05-04',251,20,'INTENSIVO VIRTUAL BASE 03 | 2021-MAY | L-V | 16:30-18:30',15,70,'16:30:00','18:30:00',1,1,1,1,1,0,0,'2021-05-05 00:00:00','2021-05-04','2021-05-26',34,8),(423,'2021-04-20','2021-05-04',251,20,'INTENSIVO VIRTUAL BASE 03 | 2021-MAY | L-V | 19:00-21:00',15,70,'19:00:00','21:00:00',1,1,1,1,1,0,0,'2021-05-05 00:00:00','2021-05-04','2021-05-26',34,8),(424,'2021-04-20','2021-05-04',252,20,'INTENSIVO VIRTUAL BASE 04 | 2021-MAY | L-V | 07:00-09:00',15,70,'07:00:00','09:00:00',1,1,1,1,1,0,0,'2021-05-05 00:00:00','2021-05-04','2021-05-26',34,8),(425,'2021-04-20','2021-05-04',252,20,'INTENSIVO VIRTUAL BASE 04 | 2021-MAY | L-V | 09:30-11:30',15,70,'09:30:00','11:30:00',1,1,1,1,1,0,0,'2021-05-05 00:00:00','2021-05-04','2021-05-26',34,8),(426,'2021-04-20','2021-05-04',252,20,'INTENSIVO VIRTUAL BASE 04 | 2021-MAY | L-V | 14:00-16:00',15,70,'14:00:00','16:00:00',1,1,1,1,1,0,0,'2021-05-05 00:00:00','2021-05-04','2021-05-26',34,8),(427,'2021-04-20','2021-05-04',252,20,'INTENSIVO VIRTUAL BASE 04 | 2021-MAY | L-V | 19:00-21:00',15,70,'19:00:00','21:00:00',1,1,1,1,1,0,0,'2021-05-05 00:00:00','2021-05-04','2021-05-26',34,8),(428,'2021-04-20','2021-05-04',253,20,'INTENSIVO VIRTUAL BASE 05 | 2021-MAY | L-V | 07:00-09:00',15,70,'07:00:00','09:00:00',1,1,1,1,1,0,0,'2021-05-05 00:00:00','2021-05-04','2021-05-26',34,8),(429,'2021-04-20','2021-05-04',253,20,'INTENSIVO VIRTUAL BASE 05 | 2021-MAY | L-V | 09:30-11:30',15,70,'09:30:00','11:30:00',1,1,1,1,1,0,0,'2021-05-05 00:00:00','2021-05-04','2021-05-26',34,8),(430,'2021-04-20','2021-05-04',253,20,'INTENSIVO VIRTUAL BASE 05 | 2021-MAY | L-V | 14:00-16:00',15,70,'14:00:00','16:00:00',1,1,1,1,1,0,0,'2021-05-05 00:00:00','2021-05-04','2021-05-26',34,8),(431,'2021-04-20','2021-05-04',253,20,'INTENSIVO VIRTUAL BASE 05 | 2021-MAY | L-V | 19:00-21:00',15,70,'19:00:00','21:00:00',1,1,1,1,1,0,0,'2021-05-05 00:00:00','2021-05-04','2021-05-26',34,8),(432,'2021-04-20','2021-05-04',254,20,'INTENSIVO VIRTUAL INTERMEDIO 01 | 2021-MAY | L-V | 07:00-09:00',15,70,'07:00:00','09:00:00',1,1,1,1,1,0,0,'2021-05-05 00:00:00','2021-05-04','2021-05-26',34,8),(433,'2021-04-20','2021-05-04',254,20,'INTENSIVO VIRTUAL INTERMEDIO 01 | 2021-MAY | L-V | 16:30-18:30',15,70,'16:30:00','18:30:00',1,1,1,1,1,0,0,'2021-05-05 00:00:00','2021-05-04','2021-05-26',34,8),(434,'2021-04-20','2021-05-04',255,20,'INTENSIVO VIRTUAL INTERMEDIO 02 | 2021-MAY | L-V | 11:00-13:00',15,70,'11:00:00','13:00:00',1,1,1,1,1,0,0,'2021-05-05 00:00:00','2021-05-04','2021-05-26',34,8),(435,'2021-04-20','2021-05-04',255,20,'INTENSIVO VIRTUAL INTERMEDIO 02 | 2021-MAY | L-V | 14:00-16:00',15,70,'14:00:00','16:00:00',1,1,1,1,1,0,0,'2021-05-05 00:00:00','2021-05-04','2021-05-26',34,8),(436,'2021-04-20','2021-05-04',256,20,'INTENSIVO VIRTUAL INTERMEDIO 03 | 2021-MAY | L-V | 07:00-09:00',15,70,'07:00:00','09:00:00',1,1,1,1,1,0,0,'2021-05-05 00:00:00','2021-05-04','2021-05-26',34,8),(437,'2021-04-20','2021-05-04',256,20,'INTENSIVO VIRTUAL INTERMEDIO 03 | 2021-MAY | L-V | 16:30-18:30',15,70,'16:30:00','18:30:00',1,1,1,1,1,0,0,'2021-05-05 00:00:00','2021-05-04','2021-05-26',34,8),(438,'2021-04-20','2021-05-04',256,20,'INTENSIVO VIRTUAL INTERMEDIO 03 | 2021-MAY | L-V | 19:00-21:00',15,70,'19:00:00','21:00:00',1,1,1,1,1,0,0,'2021-05-05 00:00:00','2021-05-04','2021-05-26',34,8),(439,'2021-04-20','2021-05-04',257,20,'INTENSIVO VIRTUAL INTERMEDIO 04 | 2021-MAY | L-V | 07:00-09:00',15,70,'07:00:00','09:00:00',1,1,1,1,1,0,0,'2021-05-05 00:00:00','2021-05-04','2021-05-26',34,8),(440,'2021-04-20','2021-05-04',257,20,'INTENSIVO VIRTUAL INTERMEDIO 04 | 2021-MAY | L-V | 19:00-21:00',15,70,'19:00:00','21:00:00',1,1,1,1,1,0,0,'2021-05-05 00:00:00','2021-05-04','2021-05-26',34,8),(441,'2021-04-20','2021-05-04',258,20,'INTENSIVO VIRTUAL INTERMEDIO 05 | 2021-MAY | L-V | 07:00-09:00',15,70,'07:00:00','09:00:00',1,1,1,1,1,0,0,'2021-05-05 00:00:00','2021-05-04','2021-05-26',34,8),(442,'2021-04-20','2021-05-04',258,20,'INTENSIVO VIRTUAL INTERMEDIO 05 | 2021-MAY | L-V | 19:00-21:00',15,70,'19:00:00','21:00:00',1,1,1,1,1,0,0,'2021-05-05 00:00:00','2021-05-04','2021-05-26',34,8),(443,'2021-04-20','2021-05-04',259,20,'INTENSIVO VIRTUAL AVANZATO 01 | 2021-MAY | L-V | 07:00-09:00',15,70,'07:00:00','09:00:00',1,1,1,1,1,0,0,'2021-05-05 00:00:00','2021-05-04','2021-05-24',30,8),(444,'2021-04-20','2021-05-04',259,20,'INTENSIVO VIRTUAL AVANZATO 01 | 2021-MAY | L-V | 19:00-21:00',15,70,'19:00:00','21:00:00',1,1,1,1,1,0,0,'2021-05-05 00:00:00','2021-05-04','2021-05-24',30,8),(445,'2021-04-20','2021-05-04',260,20,'INTENSIVO VIRTUAL AVANZATO 02 | 2021-MAY | L-V | 07:00-09:00',15,70,'07:00:00','09:00:00',1,1,1,1,1,0,0,'2021-05-05 00:00:00','2021-05-04','2021-05-24',30,8),(446,'2021-04-20','2021-05-04',260,20,'INTENSIVO VIRTUAL AVANZATO 02 | 2021-MAY | L-V | 19:00-21:00',15,70,'19:00:00','21:00:00',1,1,1,1,1,0,0,'2021-05-05 00:00:00','2021-05-04','2021-05-24',30,8),(447,'2021-04-20','2021-05-04',261,20,'INTENSIVO VIRTUAL AVANZATO 03 | 2021-MAY | L-V | 07:00-09:00',15,70,'07:00:00','09:00:00',1,1,1,1,1,0,0,'2021-05-05 00:00:00','2021-05-04','2021-05-24',30,8),(448,'2021-04-20','2021-05-04',261,20,'INTENSIVO VIRTUAL AVANZATO 03 | 2021-MAY | L-V | 19:00-21:00',15,70,'19:00:00','21:00:00',1,1,1,1,1,0,0,'2021-05-05 00:00:00','2021-05-04','2021-05-24',30,8),(449,'2021-04-20','2021-05-04',262,20,'INTENSIVO VIRTUAL AVANZATO 04 | 2021-MAY | L-V | 19:00-21:00',15,70,'19:00:00','21:00:00',1,1,1,1,1,0,0,'2021-05-05 00:00:00','2021-05-04','2021-05-24',30,8),(450,'2021-04-20','2021-05-05',263,20,'REGOLARE VIRTUAL BASE 01 | 2021-MAY | LX | 15:30-18:00',15,70,'15:30:00','18:00:00',1,0,1,0,0,0,0,'2021-05-06 00:00:00','2021-05-05','2021-05-26',17,9),(451,'2021-04-20','2021-05-05',264,20,'REGOLARE VIRTUAL BASE 02 | 2021-MAY | LX | 15:30-18:00',15,70,'15:30:00','18:00:00',1,0,1,0,0,0,0,'2021-05-06 00:00:00','2021-05-05','2021-05-26',17,9),(452,'2021-04-20','2021-05-05',265,20,'REGOLARE VIRTUAL BASE 03 | 2021-MAY | LX | 15:30-18:00',15,70,'15:30:00','18:00:00',1,0,1,0,0,0,0,'2021-05-06 00:00:00','2021-05-05','2021-05-26',17,9),(453,'2021-04-20','2021-05-05',265,20,'REGOLARE VIRTUAL BASE 03 | 2021-MAY | LX | 19:00 - 21:30',15,70,'19:00:00','21:30:00',1,0,1,0,0,0,0,'2021-05-06 00:00:00','2021-05-05','2021-05-26',17,9),(454,'2021-04-20','2021-05-05',266,20,'REGOLARE VIRTUAL BASE 04 | 2021-MAY | LX | 15:30-18:00',15,70,'15:30:00','18:00:00',1,0,1,0,0,0,0,'2021-05-06 00:00:00','2021-05-05','2021-05-26',17,9),(455,'2021-04-20','2021-05-05',269,20,'REGOLARE VIRTUAL BASE 07 | 2021-MAY | LX | 15:30-18:00',15,70,'15:30:00','18:00:00',1,0,1,0,0,0,0,'2021-05-06 00:00:00','2021-05-05','2021-05-26',17,9),(456,'2021-04-20','2021-05-05',270,20,'REGOLARE VIRTUAL BASE 08 | 2021-MAY | LX | 19:00-21:30',15,70,'19:00:00','21:30:00',1,0,1,0,0,0,0,'2021-05-06 00:00:00','2021-05-05','2021-05-26',17,9),(457,'2021-04-20','2021-05-05',271,20,'REGOLARE VIRTUAL BASE 09 | 2021-MAY | LX | 19:00-21:30',15,70,'19:00:00','21:30:00',1,0,1,0,0,0,0,'2021-05-26 00:00:00','2021-05-05','2021-05-26',17,9),(458,'2021-04-20','2021-05-05',272,20,'REGOLARE VIRTUAL BASE 10 | 2021-MAY | LX | 19:00-21:30',15,70,'19:00:00','21:30:00',1,0,1,0,0,0,0,'2021-05-06 00:00:00','2021-05-05','2021-05-26',17,9),(459,'2021-04-20','2021-05-05',273,20,'REGOLARE VIRTUAL INTERMEDIO 01 | 2021-MAY | LX | 19:00-21:30',15,70,'19:00:00','21:30:00',1,0,1,0,0,0,0,'2021-05-06 00:00:00','2021-05-05','2021-05-26',17,9),(460,'2021-04-20','2021-05-05',274,20,'REGOLARE VIRTUAL INTERMEDIO 02 | 2021-MAY | LX | 19:00-21:30',15,70,'19:00:00','21:30:00',1,0,1,0,0,0,0,'2021-05-06 00:00:00','2021-05-05','2021-05-26',17,9),(461,'2021-04-20','2021-05-05',276,20,'REGOLARE VIRTUAL INTERMEDIO 04 | 2021-MAY | LX | 19:00-21:30',15,70,'19:00:00','21:30:00',1,0,1,0,0,0,0,'2021-05-06 00:00:00','2021-05-05','2021-05-26',17,9),(462,'2021-04-20','2021-05-05',278,20,'REGOLARE VIRTUAL INTERMEDIO 06 | 2021-MAY | LX | 19:00-21:30',15,70,'19:00:00','21:30:00',1,0,1,0,0,0,0,'2021-05-06 00:00:00','2021-05-05','2021-05-26',17,9),(463,'2021-04-20','2021-05-05',282,20,'REGOLARE VIRTUAL INTERMEDIO 10 | 2021-MAY | LX | 19:00-21:30',15,70,'19:00:00','21:30:00',1,0,1,0,0,0,0,'2021-05-06 00:00:00','2021-05-05','2021-05-26',17,9),(464,'2021-04-20','2021-05-04',263,20,'REGOLARE VIRTUAL BASE 01 | 2021-MAY | MJ | 19:00-21:30',15,70,'19:00:00','21:30:00',0,1,0,1,0,0,0,'2021-05-05 00:00:00','2021-05-04','2021-05-25',17,9),(465,'2021-04-20','2021-05-04',264,20,'REGOLARE VIRTUAL BASE 02 | 2021-MAY | MJ | 19:00-21:30',15,70,'19:00:00','21:30:00',0,1,0,1,0,0,0,'2021-05-05 00:00:00','2021-05-04','2021-05-25',17,9),(466,'2021-04-20','2021-05-04',265,20,'REGOLARE VIRTUAL BASE 03 | 2021-MAY | MJ | 19:00-21:30',15,70,'19:00:00','21:30:00',0,1,0,1,0,0,0,'2021-05-05 00:00:00','2021-05-04','2021-05-25',17,9),(467,'2021-04-20','2021-05-04',267,20,'REGOLARE VIRTUAL BASE 05 | 2021-MAY | MJ | 19:00-21:30',15,70,'19:00:00','21:30:00',0,1,0,1,0,0,0,'2021-05-05 00:00:00','2021-05-04','2021-05-25',17,9),(468,'2021-04-20','2021-05-04',270,20,'REGOLARE VIRTUAL BASE 08 | 2021-MAY | MJ | 19:00-21:30',15,70,'19:00:00','21:30:00',0,1,0,1,0,0,0,'2021-05-05 00:00:00','2021-05-04','2021-05-25',17,9),(469,'2021-04-20','2021-05-04',271,20,'REGOLARE VIRTUAL BASE 09 | 2021-MAY | MJ | 19:00-21:30',15,70,'19:00:00','21:30:00',0,1,0,1,0,0,0,'2021-05-05 00:00:00','2021-05-04','2021-05-25',17,9),(470,'2021-04-20','2021-05-04',273,20,'REGOLARE VIRTUAL INTERMEDIO 01 | 2021-MAY | MJ | 19:00-21:30',15,70,'19:00:00','21:30:00',0,1,0,1,0,0,0,'2021-05-05 00:00:00','2021-05-04','2021-05-25',17,9),(471,'2021-04-20','2021-05-04',274,20,'REGOLARE VIRTUAL INTERMEDIO 02 | 2021-MAY | MJ | 19:00-21:30',15,70,'19:00:00','21:30:00',0,1,0,1,0,0,0,'2021-05-05 00:00:00','2021-05-04','2021-05-25',17,9),(472,'2021-04-20','2021-05-04',275,20,'REGOLARE VIRTUAL INTERMEDIO 03 | 2021-MAY | MJ | 19:00-21:30',15,70,'19:00:00','21:30:00',0,1,0,1,0,0,0,'2021-05-05 00:00:00','2021-05-04','2021-05-24',17,9),(473,'2021-04-20','2021-05-04',277,20,'REGOLARE VIRTUAL INTERMEDIO 05 | 2021-MAY | MJ | 19:00-21:30',15,70,'19:00:00','21:30:00',0,1,0,1,0,0,0,'2021-05-05 00:00:00','2021-05-04','2021-05-25',17,9),(474,'2021-04-20','2021-05-05',263,20,'REGOLARE VIRTUAL BASE 01 | 2021-MAY | LXV | 07:00-08:45',15,70,'07:00:00','08:45:00',1,0,1,0,1,0,0,'2021-05-06 00:00:00','2021-05-05','2021-05-26',17,9),(475,'2021-04-20','2021-05-05',263,20,'REGOLARE VIRTUAL BASE 01 | 2021-MAY | LXV | 11:30-13:15',15,70,'11:30:00','13:15:00',1,0,1,0,1,0,0,'2021-05-06 00:00:00','2021-05-05','2021-05-26',17,9),(476,'2021-04-20','2021-05-05',264,20,'REGOLARE VIRTUAL BASE 02 | 2021-MAY | LXV | 07:00-08:45',15,70,'07:00:00','08:45:00',1,0,1,0,1,0,0,'2021-05-06 00:00:00','2021-05-05','2021-05-26',17,9),(477,'2021-04-20','2021-05-05',264,20,'REGOLARE VIRTUAL BASE 02 | 2021-MAY | LXV | 11:30-13:15',15,70,'11:30:00','13:15:00',1,0,1,0,1,0,0,'2021-05-06 00:00:00','2021-05-05','2021-05-26',17,9),(478,'2021-04-20','2021-05-05',265,20,'REGOLARE VIRTUAL BASE 03 | 2021-MAY | LXV | 07:00-08:45',15,70,'07:00:00','08:45:00',1,0,1,0,1,0,0,'2021-05-06 00:00:00','2021-05-05','2021-05-26',17,9),(479,'2021-04-20','2021-05-05',265,20,'REGOLARE VIRTUAL BASE 03 | 2021-MAY | LXV | 11:30-13:15',15,70,'11:30:00','13:15:00',1,0,1,0,1,0,0,'2021-05-06 00:00:00','2021-05-05','2021-05-26',17,9),(480,'2021-04-20','2021-05-05',266,20,'REGOLARE VIRTUAL BASE 04 | 2021-MAY | LXV | 07:00 - 08:45',15,70,'07:00:00','08:45:00',1,0,1,0,1,0,0,'2021-05-06 00:00:00','2021-05-05','2021-05-26',17,9),(481,'2021-04-20','2021-05-05',266,20,'REGOLARE VIRTUAL BASE 04 | 2021-MAY | LXV | 11:30-13:15',15,70,'11:30:00','13:15:00',1,0,1,0,1,0,0,'2021-05-06 00:00:00','2021-05-05','2021-05-26',17,9),(482,'2021-04-20','2021-05-05',267,20,'REGOLARE VIRTUAL BASE 05 | 2021-MAY | LXV | 07:00-08:45',15,70,'07:00:00','08:45:00',1,0,1,0,1,0,0,'2021-05-06 00:00:00','2021-05-05','2021-05-26',17,9),(483,'2021-04-20','2021-05-05',268,20,'REGOLARE VIRTUAL BASE 06 | 2021-MAY | LXV | 07:00-08:45',15,70,'07:00:00','08:45:00',1,0,1,0,1,0,0,'2021-05-06 00:00:00','2021-05-05','2021-05-26',17,9),(484,'2021-04-20','2021-05-05',269,20,'REGOLARE VIRTUAL BASE 07 | 2021-MAY | LXV | 07:00-08:45',15,70,'07:00:00','08:45:00',1,0,1,0,1,0,0,'2021-05-06 00:00:00','2021-05-05','2021-05-26',17,9),(485,'2021-04-20','2021-05-05',270,20,'REGOLARE VIRTUAL BASE 08 | 2021-MAY | LXV | 07:00-08:45',15,70,'07:00:00','08:45:00',1,0,1,0,1,0,0,'2021-05-06 00:00:00','2021-05-05','2021-05-26',17,9),(486,'2021-04-20','2021-05-05',271,20,'REGOLARE VIRTUAL BASE 09 | 2021-MAY | LXV | 07:00-08:45',15,70,'07:00:00','08:45:00',1,0,1,0,1,0,0,'2021-05-06 00:00:00','2021-05-05','2021-05-26',17,9),(487,'2021-04-20','2021-05-05',272,20,'REGOLARE VIRTUAL BASE 10 | 2021-MAY | LXV | 07:00-08:45',15,70,'07:00:00','08:45:00',1,0,1,0,1,0,0,'2021-05-06 00:00:00','2021-05-05','2021-05-26',17,9),(488,'2021-04-20','2021-05-15',263,20,'REGOLARE VIRTUAL BASE 01 | 2021-MAY | S | 08:30-13:15',15,70,'08:30:00','13:15:00',0,0,0,0,0,1,0,'2021-05-17 00:00:00','2021-05-15','2021-06-05',17,9),(489,'2021-04-20','2021-05-15',263,20,'REGOLARE VIRTUAL BASE 01 | 2021-MAY | S | 14:00-18:45',15,70,'14:00:00','18:45:00',0,0,0,0,0,1,0,'2021-05-17 00:00:00','2021-05-15','2021-06-05',17,9),(490,'2021-04-20','2021-05-15',264,20,'REGOLARE VIRTUAL BASE 02 | 2021-MAY | S | 08:30-13:15',15,70,'08:30:00','13:15:00',0,0,0,0,0,1,0,'2021-05-17 00:00:00','2021-05-15','2021-06-05',17,9),(491,'2021-04-20','2021-05-15',264,20,'REGOLARE VIRTUAL BASE 02 | 2021-MAY | S | 14:00-18:45',15,70,'14:00:00','18:45:00',0,0,0,0,0,1,0,'2021-05-17 00:00:00','2021-05-15','2021-06-05',17,9),(492,'2021-04-20','2021-05-15',265,20,'REGOLARE VIRTUAL BASE 03 | 2021-MAY | S | 08:30-13:15',15,70,'08:30:00','13:15:00',0,0,0,0,0,1,0,'2021-05-17 00:00:00','2021-05-15','2021-06-05',0,9),(493,'2021-04-20','2021-05-15',266,20,'REGOLARE VIRTUAL BASE 04 | 2021-MAY | S | 08:30-13:15',15,70,'08:30:00','13:15:00',0,0,0,0,0,1,0,'2021-05-17 00:00:00','2021-05-15','2021-06-05',17,9),(494,'2021-04-20','2021-05-15',267,20,'REGOLARE VIRTUAL BASE 05 | 2021-MAY | S | 08:30-13:15',15,70,'08:30:00','13:15:00',0,0,0,0,0,1,0,'2021-05-17 00:00:00','2021-05-15','2021-06-05',17,9),(495,'2021-04-20','2021-05-15',269,20,'REGOLARE VIRTUAL BASE 07 | 2021-MAY | S | 08:30-13:15',15,70,'08:30:00','13:15:00',0,0,0,0,0,1,0,'2021-05-17 00:00:00','2021-05-15','2021-06-05',17,9),(496,'2021-04-20','2021-05-15',271,20,'REGOLARE VIRTUAL BASE 09 | 2021-MAY | S | 08:30-13:15',15,70,'08:30:00','13:15:00',0,0,0,0,0,1,0,'2021-05-17 00:00:00','2021-05-15','2021-06-05',17,9),(497,'2021-04-20','2021-05-15',281,20,'REGOLARE VIRTUAL INTERMEDIO 09 | 2021-MAY | S | 08:30-13:15',15,70,'08:30:00','13:15:00',0,0,0,0,0,1,0,'2021-05-17 00:00:00','2021-05-15','2021-06-05',17,9),(498,'2021-04-20','2021-05-15',284,20,'REGOLARE VIRTUAL AVANZATO 02 | 2021-MAY | S | 08:30-13:15',15,70,'08:30:00','13:15:00',0,0,0,0,0,1,0,'2021-05-17 00:00:00','2021-05-15','2021-06-05',17,9),(499,'2021-04-20','2021-05-15',286,20,'REGOLARE VIRTUAL AVANZATO 04 | 2021-MAY | S | 08:30-13:15',15,70,'08:30:00','13:15:00',0,0,0,0,0,1,0,'2021-05-17 00:00:00','2021-05-15','2021-06-05',17,9),(500,'2021-04-20','2021-05-05',293,20,'BAMBINI VIRTUALE LIBRO 1 - 1 | 2021-MAY | LX | 16:30-18:00',8,10,'16:30:00','18:00:00',1,0,1,0,0,0,0,'2021-05-06 00:00:00','2021-05-05','2021-06-23',24,9),(501,'2021-04-20','2021-05-15',293,20,'BAMBINI VIRTUALE LIBRO 1 - 1 | 2021-MAY | S | 08:00-11:00',8,10,'08:00:00','11:00:00',0,0,0,0,0,1,0,'2021-05-17 00:00:00','2021-05-15','2021-07-03',24,9),(502,'2021-04-20','2021-05-05',305,20,'RAGAZZI VIRTUALE LIBRO 1 - 1 | 2021-MAY | LX | 16:30-18:00',11,14,'16:30:00','18:00:00',1,0,1,0,0,0,0,'2021-05-06 00:00:00','2021-05-05','2021-06-23',24,9),(503,'2021-04-20','2021-05-15',305,20,'RAGAZZI VIRTUALE LIBRO 1 - 1 | 2021-MAY | S | 11:00-14:00',11,14,'11:00:00','14:00:00',0,0,0,0,0,1,0,'2021-05-17 00:00:00','2021-05-15','2021-07-03',17,9),(504,'2021-04-20','2021-05-15',299,20,'BAMBINI VIRTUALE LIBRO 2 - 1 | 2021-MAY | S | 08:00-11:00',8,10,'08:00:00','11:00:00',0,0,0,0,0,1,0,'2021-05-17 00:00:00','2021-05-15','2021-07-03',24,9),(505,'2021-04-20','2021-05-15',306,20,'RAGAZZI VIRTUALE LIBRO 1 - 2 | 2021-MAY | S | 11:00-14:00',11,14,'11:00:00','14:00:00',0,0,0,0,0,1,0,'2021-05-17 00:00:00','2021-05-15','2021-07-03',24,9),(506,'2021-04-20','2021-05-04',307,20,'RAGAZZI VIRTUALE LIBRO 1 - 3 | 2021-MAY | MJ | 16:30-18:00',11,14,'16:30:00','18:00:00',0,1,0,1,0,0,0,'2021-05-05 00:00:00','2021-05-04','2021-06-22',24,9),(507,'2021-04-20','2021-05-04',308,20,'RAGAZZI VIRTUALE LIBRO 1 - 4 | 2021-MAY | MJ | 16:30-18:00',11,14,'16:30:00','18:00:00',0,1,0,1,0,0,0,'2021-05-05 00:00:00','2021-05-04','2021-06-22',24,9),(508,'2021-04-20','2021-05-04',309,20,'RAGAZZI VIRTUALE LIBRO 1 - 5 | 2021-MAY | MJ | 16:30-18:00',11,14,'16:30:00','18:00:00',0,1,0,1,0,0,0,'2021-05-05 00:00:00','2021-05-04','2021-06-22',0,1),(509,'2021-04-20','2021-05-15',330,20,'CORSO DI CONVERSAZIONE E CULTURA ITALIANA | 2021-MAY | S | 08:30-10:30',15,80,'08:30:00','10:30:00',0,0,0,0,0,1,0,'2021-05-17 00:00:00','2021-05-15','2021-07-03',0,1),(510,'2021-04-20','2021-05-15',330,20,'CORSO DI CONVERSAZIONE E CULTURA ITALIANA | 2021-MAY | S | 11:00-13:00',15,80,'11:00:00','13:00:00',0,0,0,0,0,1,0,'2021-05-17 00:00:00','2021-05-15','2021-07-03',0,1),(511,'2021-04-20','2021-05-15',331,20,'GRAMMATICA E FONETICA | 2021-MAY | S | 08:30-10:30',15,70,'08:30:00','10:30:00',0,0,0,0,0,1,0,'2021-05-17 00:00:00','2021-05-15','2021-07-03',0,1);

--
